This is the mail archive of the
gcc-testresults@gcc.gnu.org
mailing list for the GCC project.
Results for 4.6.0 20110129 (experimental) [trunk revision 169388] (GCC) testsuite on mips-unknown-rtems4.11
- From: Joel Sherrill <joel at rtems dot org>
- To: gcc-testresults at gcc dot gnu dot org
- Date: Sun, 30 Jan 2011 17:46:37 -0600
- Subject: Results for 4.6.0 20110129 (experimental) [trunk revision 169388] (GCC) testsuite on mips-unknown-rtems4.11
LAST_UPDATED: Sat Jan 29 16:37:37 UTC 2011 (revision 169388)
Target is mips-unknown-rtems4.11
Host is x86_64-unknown-linux-gnu
=== go tests ===
Running target rtems-mips-jmr3904
WARNING: go.go-torture/execute/array-1.go: (with warnings) -O0
UNRESOLVED: go.go-torture/execute/array-1.go, -O0
WARNING: go.go-torture/execute/array-1.go: (with warnings) -O1
UNRESOLVED: go.go-torture/execute/array-1.go, -O1
WARNING: go.go-torture/execute/array-1.go: (with warnings) -O2
UNRESOLVED: go.go-torture/execute/array-1.go, -O2
WARNING: go.go-torture/execute/array-1.go: (with warnings) -O2 -fomit-frame-pointer -finline-functions
UNRESOLVED: go.go-torture/execute/array-1.go, -O2 -fomit-frame-pointer -finline-functions
WARNING: go.go-torture/execute/array-1.go: (with warnings) -O2 -fomit-frame-pointer -finline-functions -funroll-loops
UNRESOLVED: go.go-torture/execute/array-1.go, -O2 -fomit-frame-pointer -finline-functions -funroll-loops
WARNING: go.go-torture/execute/array-1.go: (with warnings) -O2 -fbounds-check
UNRESOLVED: go.go-torture/execute/array-1.go, -O2 -fbounds-check
WARNING: go.go-torture/execute/array-1.go: (with warnings) -O3 -g
UNRESOLVED: go.go-torture/execute/array-1.go, -O3 -g
WARNING: go.go-torture/execute/array-1.go: (with warnings) -Os
UNRESOLVED: go.go-torture/execute/array-1.go, -Os
WARNING: go.go-torture/execute/array-2.go: (with warnings) -O0
UNRESOLVED: go.go-torture/execute/array-2.go, -O0
WARNING: go.go-torture/execute/array-2.go: (with warnings) -O1
UNRESOLVED: go.go-torture/execute/array-2.go, -O1
WARNING: go.go-torture/execute/array-2.go: (with warnings) -O2
UNRESOLVED: go.go-torture/execute/array-2.go, -O2
WARNING: go.go-torture/execute/array-2.go: (with warnings) -O2 -fomit-frame-pointer -finline-functions
UNRESOLVED: go.go-torture/execute/array-2.go, -O2 -fomit-frame-pointer -finline-functions
WARNING: go.go-torture/execute/array-2.go: (with warnings) -O2 -fomit-frame-pointer -finline-functions -funroll-loops
UNRESOLVED: go.go-torture/execute/array-2.go, -O2 -fomit-frame-pointer -finline-functions -funroll-loops
WARNING: go.go-torture/execute/array-2.go: (with warnings) -O2 -fbounds-check
UNRESOLVED: go.go-torture/execute/array-2.go, -O2 -fbounds-check
WARNING: go.go-torture/execute/array-2.go: (with warnings) -O3 -g
UNRESOLVED: go.go-torture/execute/array-2.go, -O3 -g
WARNING: go.go-torture/execute/array-2.go: (with warnings) -Os
UNRESOLVED: go.go-torture/execute/array-2.go, -Os
WARNING: go.go-torture/execute/chan-1.go: (with warnings) -O0
UNRESOLVED: go.go-torture/execute/chan-1.go, -O0
WARNING: go.go-torture/execute/chan-1.go: (with warnings) -O1
UNRESOLVED: go.go-torture/execute/chan-1.go, -O1
WARNING: go.go-torture/execute/chan-1.go: (with warnings) -O2
UNRESOLVED: go.go-torture/execute/chan-1.go, -O2
WARNING: go.go-torture/execute/chan-1.go: (with warnings) -O2 -fomit-frame-pointer -finline-functions
UNRESOLVED: go.go-torture/execute/chan-1.go, -O2 -fomit-frame-pointer -finline-functions
WARNING: go.go-torture/execute/chan-1.go: (with warnings) -O2 -fomit-frame-pointer -finline-functions -funroll-loops
UNRESOLVED: go.go-torture/execute/chan-1.go, -O2 -fomit-frame-pointer -finline-functions -funroll-loops
WARNING: go.go-torture/execute/chan-1.go: (with warnings) -O2 -fbounds-check
UNRESOLVED: go.go-torture/execute/chan-1.go, -O2 -fbounds-check
WARNING: go.go-torture/execute/chan-1.go: (with warnings) -O3 -g
UNRESOLVED: go.go-torture/execute/chan-1.go, -O3 -g
WARNING: go.go-torture/execute/chan-1.go: (with warnings) -Os
UNRESOLVED: go.go-torture/execute/chan-1.go, -Os
WARNING: go.go-torture/execute/const-1.go: (with warnings) -O0
UNRESOLVED: go.go-torture/execute/const-1.go, -O0
WARNING: go.go-torture/execute/const-1.go: (with warnings) -O1
UNRESOLVED: go.go-torture/execute/const-1.go, -O1
WARNING: go.go-torture/execute/const-1.go: (with warnings) -O2
UNRESOLVED: go.go-torture/execute/const-1.go, -O2
WARNING: go.go-torture/execute/const-1.go: (with warnings) -O2 -fomit-frame-pointer -finline-functions
UNRESOLVED: go.go-torture/execute/const-1.go, -O2 -fomit-frame-pointer -finline-functions
WARNING: go.go-torture/execute/const-1.go: (with warnings) -O2 -fomit-frame-pointer -finline-functions -funroll-loops
UNRESOLVED: go.go-torture/execute/const-1.go, -O2 -fomit-frame-pointer -finline-functions -funroll-loops
WARNING: go.go-torture/execute/const-1.go: (with warnings) -O2 -fbounds-check
UNRESOLVED: go.go-torture/execute/const-1.go, -O2 -fbounds-check
WARNING: go.go-torture/execute/const-1.go: (with warnings) -O3 -g
UNRESOLVED: go.go-torture/execute/const-1.go, -O3 -g
WARNING: go.go-torture/execute/const-1.go: (with warnings) -Os
UNRESOLVED: go.go-torture/execute/const-1.go, -Os
WARNING: go.go-torture/execute/const-2.go: (with warnings) -O0
UNRESOLVED: go.go-torture/execute/const-2.go, -O0
WARNING: go.go-torture/execute/const-2.go: (with warnings) -O1
UNRESOLVED: go.go-torture/execute/const-2.go, -O1
WARNING: go.go-torture/execute/const-2.go: (with warnings) -O2
UNRESOLVED: go.go-torture/execute/const-2.go, -O2
WARNING: go.go-torture/execute/const-2.go: (with warnings) -O2 -fomit-frame-pointer -finline-functions
UNRESOLVED: go.go-torture/execute/const-2.go, -O2 -fomit-frame-pointer -finline-functions
WARNING: go.go-torture/execute/const-2.go: (with warnings) -O2 -fomit-frame-pointer -finline-functions -funroll-loops
UNRESOLVED: go.go-torture/execute/const-2.go, -O2 -fomit-frame-pointer -finline-functions -funroll-loops
WARNING: go.go-torture/execute/const-2.go: (with warnings) -O2 -fbounds-check
UNRESOLVED: go.go-torture/execute/const-2.go, -O2 -fbounds-check
WARNING: go.go-torture/execute/const-2.go: (with warnings) -O3 -g
UNRESOLVED: go.go-torture/execute/const-2.go, -O3 -g
WARNING: go.go-torture/execute/const-2.go: (with warnings) -Os
UNRESOLVED: go.go-torture/execute/const-2.go, -Os
WARNING: go.go-torture/execute/expr-1.go: (with warnings) -O0
UNRESOLVED: go.go-torture/execute/expr-1.go, -O0
WARNING: go.go-torture/execute/expr-1.go: (with warnings) -O1
UNRESOLVED: go.go-torture/execute/expr-1.go, -O1
WARNING: go.go-torture/execute/expr-1.go: (with warnings) -O2
UNRESOLVED: go.go-torture/execute/expr-1.go, -O2
WARNING: go.go-torture/execute/expr-1.go: (with warnings) -O2 -fomit-frame-pointer -finline-functions
UNRESOLVED: go.go-torture/execute/expr-1.go, -O2 -fomit-frame-pointer -finline-functions
WARNING: go.go-torture/execute/expr-1.go: (with warnings) -O2 -fomit-frame-pointer -finline-functions -funroll-loops
UNRESOLVED: go.go-torture/execute/expr-1.go, -O2 -fomit-frame-pointer -finline-functions -funroll-loops
WARNING: go.go-torture/execute/expr-1.go: (with warnings) -O2 -fbounds-check
UNRESOLVED: go.go-torture/execute/expr-1.go, -O2 -fbounds-check
WARNING: go.go-torture/execute/expr-1.go: (with warnings) -O3 -g
UNRESOLVED: go.go-torture/execute/expr-1.go, -O3 -g
WARNING: go.go-torture/execute/expr-1.go: (with warnings) -Os
UNRESOLVED: go.go-torture/execute/expr-1.go, -Os
WARNING: go.go-torture/execute/for-1.go: (with warnings) -O0
UNRESOLVED: go.go-torture/execute/for-1.go, -O0
WARNING: go.go-torture/execute/for-1.go: (with warnings) -O1
UNRESOLVED: go.go-torture/execute/for-1.go, -O1
WARNING: go.go-torture/execute/for-1.go: (with warnings) -O2
UNRESOLVED: go.go-torture/execute/for-1.go, -O2
WARNING: go.go-torture/execute/for-1.go: (with warnings) -O2 -fomit-frame-pointer -finline-functions
UNRESOLVED: go.go-torture/execute/for-1.go, -O2 -fomit-frame-pointer -finline-functions
WARNING: go.go-torture/execute/for-1.go: (with warnings) -O2 -fomit-frame-pointer -finline-functions -funroll-loops
UNRESOLVED: go.go-torture/execute/for-1.go, -O2 -fomit-frame-pointer -finline-functions -funroll-loops
WARNING: go.go-torture/execute/for-1.go: (with warnings) -O2 -fbounds-check
UNRESOLVED: go.go-torture/execute/for-1.go, -O2 -fbounds-check
WARNING: go.go-torture/execute/for-1.go: (with warnings) -O3 -g
UNRESOLVED: go.go-torture/execute/for-1.go, -O3 -g
WARNING: go.go-torture/execute/for-1.go: (with warnings) -Os
UNRESOLVED: go.go-torture/execute/for-1.go, -Os
WARNING: go.go-torture/execute/for-2.go: (with warnings) -O0
UNRESOLVED: go.go-torture/execute/for-2.go, -O0
WARNING: go.go-torture/execute/for-2.go: (with warnings) -O1
UNRESOLVED: go.go-torture/execute/for-2.go, -O1
WARNING: go.go-torture/execute/for-2.go: (with warnings) -O2
UNRESOLVED: go.go-torture/execute/for-2.go, -O2
WARNING: go.go-torture/execute/for-2.go: (with warnings) -O2 -fomit-frame-pointer -finline-functions
UNRESOLVED: go.go-torture/execute/for-2.go, -O2 -fomit-frame-pointer -finline-functions
WARNING: go.go-torture/execute/for-2.go: (with warnings) -O2 -fomit-frame-pointer -finline-functions -funroll-loops
UNRESOLVED: go.go-torture/execute/for-2.go, -O2 -fomit-frame-pointer -finline-functions -funroll-loops
WARNING: go.go-torture/execute/for-2.go: (with warnings) -O2 -fbounds-check
UNRESOLVED: go.go-torture/execute/for-2.go, -O2 -fbounds-check
WARNING: go.go-torture/execute/for-2.go: (with warnings) -O3 -g
UNRESOLVED: go.go-torture/execute/for-2.go, -O3 -g
WARNING: go.go-torture/execute/for-2.go: (with warnings) -Os
UNRESOLVED: go.go-torture/execute/for-2.go, -Os
WARNING: go.go-torture/execute/function-1.go: (with warnings) -O0
UNRESOLVED: go.go-torture/execute/function-1.go, -O0
WARNING: go.go-torture/execute/function-1.go: (with warnings) -O1
UNRESOLVED: go.go-torture/execute/function-1.go, -O1
WARNING: go.go-torture/execute/function-1.go: (with warnings) -O2
UNRESOLVED: go.go-torture/execute/function-1.go, -O2
WARNING: go.go-torture/execute/function-1.go: (with warnings) -O2 -fomit-frame-pointer -finline-functions
UNRESOLVED: go.go-torture/execute/function-1.go, -O2 -fomit-frame-pointer -finline-functions
WARNING: go.go-torture/execute/function-1.go: (with warnings) -O2 -fomit-frame-pointer -finline-functions -funroll-loops
UNRESOLVED: go.go-torture/execute/function-1.go, -O2 -fomit-frame-pointer -finline-functions -funroll-loops
WARNING: go.go-torture/execute/function-1.go: (with warnings) -O2 -fbounds-check
UNRESOLVED: go.go-torture/execute/function-1.go, -O2 -fbounds-check
WARNING: go.go-torture/execute/function-1.go: (with warnings) -O3 -g
UNRESOLVED: go.go-torture/execute/function-1.go, -O3 -g
WARNING: go.go-torture/execute/function-1.go: (with warnings) -Os
UNRESOLVED: go.go-torture/execute/function-1.go, -Os
WARNING: go.go-torture/execute/function-2.go: (with warnings) -O0
UNRESOLVED: go.go-torture/execute/function-2.go, -O0
WARNING: go.go-torture/execute/function-2.go: (with warnings) -O1
UNRESOLVED: go.go-torture/execute/function-2.go, -O1
WARNING: go.go-torture/execute/function-2.go: (with warnings) -O2
UNRESOLVED: go.go-torture/execute/function-2.go, -O2
WARNING: go.go-torture/execute/function-2.go: (with warnings) -O2 -fomit-frame-pointer -finline-functions
UNRESOLVED: go.go-torture/execute/function-2.go, -O2 -fomit-frame-pointer -finline-functions
WARNING: go.go-torture/execute/function-2.go: (with warnings) -O2 -fomit-frame-pointer -finline-functions -funroll-loops
UNRESOLVED: go.go-torture/execute/function-2.go, -O2 -fomit-frame-pointer -finline-functions -funroll-loops
WARNING: go.go-torture/execute/function-2.go: (with warnings) -O2 -fbounds-check
UNRESOLVED: go.go-torture/execute/function-2.go, -O2 -fbounds-check
WARNING: go.go-torture/execute/function-2.go: (with warnings) -O3 -g
UNRESOLVED: go.go-torture/execute/function-2.go, -O3 -g
WARNING: go.go-torture/execute/function-2.go: (with warnings) -Os
UNRESOLVED: go.go-torture/execute/function-2.go, -Os
WARNING: go.go-torture/execute/go-1.go: (with warnings) -O0
UNRESOLVED: go.go-torture/execute/go-1.go, -O0
WARNING: go.go-torture/execute/go-1.go: (with warnings) -O1
UNRESOLVED: go.go-torture/execute/go-1.go, -O1
WARNING: go.go-torture/execute/go-1.go: (with warnings) -O2
UNRESOLVED: go.go-torture/execute/go-1.go, -O2
WARNING: go.go-torture/execute/go-1.go: (with warnings) -O2 -fomit-frame-pointer -finline-functions
UNRESOLVED: go.go-torture/execute/go-1.go, -O2 -fomit-frame-pointer -finline-functions
WARNING: go.go-torture/execute/go-1.go: (with warnings) -O2 -fomit-frame-pointer -finline-functions -funroll-loops
UNRESOLVED: go.go-torture/execute/go-1.go, -O2 -fomit-frame-pointer -finline-functions -funroll-loops
WARNING: go.go-torture/execute/go-1.go: (with warnings) -O2 -fbounds-check
UNRESOLVED: go.go-torture/execute/go-1.go, -O2 -fbounds-check
WARNING: go.go-torture/execute/go-1.go: (with warnings) -O3 -g
UNRESOLVED: go.go-torture/execute/go-1.go, -O3 -g
WARNING: go.go-torture/execute/go-1.go: (with warnings) -Os
UNRESOLVED: go.go-torture/execute/go-1.go, -Os
WARNING: go.go-torture/execute/go-2.go: (with warnings) -O0
UNRESOLVED: go.go-torture/execute/go-2.go, -O0
WARNING: go.go-torture/execute/go-2.go: (with warnings) -O1
UNRESOLVED: go.go-torture/execute/go-2.go, -O1
WARNING: go.go-torture/execute/go-2.go: (with warnings) -O2
UNRESOLVED: go.go-torture/execute/go-2.go, -O2
WARNING: go.go-torture/execute/go-2.go: (with warnings) -O2 -fomit-frame-pointer -finline-functions
UNRESOLVED: go.go-torture/execute/go-2.go, -O2 -fomit-frame-pointer -finline-functions
WARNING: go.go-torture/execute/go-2.go: (with warnings) -O2 -fomit-frame-pointer -finline-functions -funroll-loops
UNRESOLVED: go.go-torture/execute/go-2.go, -O2 -fomit-frame-pointer -finline-functions -funroll-loops
WARNING: go.go-torture/execute/go-2.go: (with warnings) -O2 -fbounds-check
UNRESOLVED: go.go-torture/execute/go-2.go, -O2 -fbounds-check
WARNING: go.go-torture/execute/go-2.go: (with warnings) -O3 -g
UNRESOLVED: go.go-torture/execute/go-2.go, -O3 -g
WARNING: go.go-torture/execute/go-2.go: (with warnings) -Os
UNRESOLVED: go.go-torture/execute/go-2.go, -Os
WARNING: go.go-torture/execute/go-3.go: (with warnings) -O0
UNRESOLVED: go.go-torture/execute/go-3.go, -O0
WARNING: go.go-torture/execute/go-3.go: (with warnings) -O1
UNRESOLVED: go.go-torture/execute/go-3.go, -O1
WARNING: go.go-torture/execute/go-3.go: (with warnings) -O2
UNRESOLVED: go.go-torture/execute/go-3.go, -O2
WARNING: go.go-torture/execute/go-3.go: (with warnings) -O2 -fomit-frame-pointer -finline-functions
UNRESOLVED: go.go-torture/execute/go-3.go, -O2 -fomit-frame-pointer -finline-functions
WARNING: go.go-torture/execute/go-3.go: (with warnings) -O2 -fomit-frame-pointer -finline-functions -funroll-loops
UNRESOLVED: go.go-torture/execute/go-3.go, -O2 -fomit-frame-pointer -finline-functions -funroll-loops
WARNING: go.go-torture/execute/go-3.go: (with warnings) -O2 -fbounds-check
UNRESOLVED: go.go-torture/execute/go-3.go, -O2 -fbounds-check
WARNING: go.go-torture/execute/go-3.go: (with warnings) -O3 -g
UNRESOLVED: go.go-torture/execute/go-3.go, -O3 -g
WARNING: go.go-torture/execute/go-3.go: (with warnings) -Os
UNRESOLVED: go.go-torture/execute/go-3.go, -Os
WARNING: go.go-torture/execute/goto-1.go: (with warnings) -O0
UNRESOLVED: go.go-torture/execute/goto-1.go, -O0
WARNING: go.go-torture/execute/goto-1.go: (with warnings) -O1
UNRESOLVED: go.go-torture/execute/goto-1.go, -O1
WARNING: go.go-torture/execute/goto-1.go: (with warnings) -O2
UNRESOLVED: go.go-torture/execute/goto-1.go, -O2
WARNING: go.go-torture/execute/goto-1.go: (with warnings) -O2 -fomit-frame-pointer -finline-functions
UNRESOLVED: go.go-torture/execute/goto-1.go, -O2 -fomit-frame-pointer -finline-functions
WARNING: go.go-torture/execute/goto-1.go: (with warnings) -O2 -fomit-frame-pointer -finline-functions -funroll-loops
UNRESOLVED: go.go-torture/execute/goto-1.go, -O2 -fomit-frame-pointer -finline-functions -funroll-loops
WARNING: go.go-torture/execute/goto-1.go: (with warnings) -O2 -fbounds-check
UNRESOLVED: go.go-torture/execute/goto-1.go, -O2 -fbounds-check
WARNING: go.go-torture/execute/goto-1.go: (with warnings) -O3 -g
UNRESOLVED: go.go-torture/execute/goto-1.go, -O3 -g
WARNING: go.go-torture/execute/goto-1.go: (with warnings) -Os
UNRESOLVED: go.go-torture/execute/goto-1.go, -Os
WARNING: go.go-torture/execute/map-1.go: (with warnings) -O0
UNRESOLVED: go.go-torture/execute/map-1.go, -O0
WARNING: go.go-torture/execute/map-1.go: (with warnings) -O1
UNRESOLVED: go.go-torture/execute/map-1.go, -O1
WARNING: go.go-torture/execute/map-1.go: (with warnings) -O2
UNRESOLVED: go.go-torture/execute/map-1.go, -O2
WARNING: go.go-torture/execute/map-1.go: (with warnings) -O2 -fomit-frame-pointer -finline-functions
UNRESOLVED: go.go-torture/execute/map-1.go, -O2 -fomit-frame-pointer -finline-functions
WARNING: go.go-torture/execute/map-1.go: (with warnings) -O2 -fomit-frame-pointer -finline-functions -funroll-loops
UNRESOLVED: go.go-torture/execute/map-1.go, -O2 -fomit-frame-pointer -finline-functions -funroll-loops
WARNING: go.go-torture/execute/map-1.go: (with warnings) -O2 -fbounds-check
UNRESOLVED: go.go-torture/execute/map-1.go, -O2 -fbounds-check
WARNING: go.go-torture/execute/map-1.go: (with warnings) -O3 -g
UNRESOLVED: go.go-torture/execute/map-1.go, -O3 -g
WARNING: go.go-torture/execute/map-1.go: (with warnings) -Os
UNRESOLVED: go.go-torture/execute/map-1.go, -Os
WARNING: go.go-torture/execute/method-1.go: (with warnings) -O0
UNRESOLVED: go.go-torture/execute/method-1.go, -O0
WARNING: go.go-torture/execute/method-1.go: (with warnings) -O1
UNRESOLVED: go.go-torture/execute/method-1.go, -O1
WARNING: go.go-torture/execute/method-1.go: (with warnings) -O2
UNRESOLVED: go.go-torture/execute/method-1.go, -O2
WARNING: go.go-torture/execute/method-1.go: (with warnings) -O2 -fomit-frame-pointer -finline-functions
UNRESOLVED: go.go-torture/execute/method-1.go, -O2 -fomit-frame-pointer -finline-functions
WARNING: go.go-torture/execute/method-1.go: (with warnings) -O2 -fomit-frame-pointer -finline-functions -funroll-loops
UNRESOLVED: go.go-torture/execute/method-1.go, -O2 -fomit-frame-pointer -finline-functions -funroll-loops
WARNING: go.go-torture/execute/method-1.go: (with warnings) -O2 -fbounds-check
UNRESOLVED: go.go-torture/execute/method-1.go, -O2 -fbounds-check
WARNING: go.go-torture/execute/method-1.go: (with warnings) -O3 -g
UNRESOLVED: go.go-torture/execute/method-1.go, -O3 -g
WARNING: go.go-torture/execute/method-1.go: (with warnings) -Os
UNRESOLVED: go.go-torture/execute/method-1.go, -Os
WARNING: go.go-torture/execute/nested-1.go: (with warnings) -O0
UNRESOLVED: go.go-torture/execute/nested-1.go, -O0
WARNING: go.go-torture/execute/nested-1.go: (with warnings) -O1
UNRESOLVED: go.go-torture/execute/nested-1.go, -O1
WARNING: go.go-torture/execute/nested-1.go: (with warnings) -O2
UNRESOLVED: go.go-torture/execute/nested-1.go, -O2
WARNING: go.go-torture/execute/nested-1.go: (with warnings) -O2 -fomit-frame-pointer -finline-functions
UNRESOLVED: go.go-torture/execute/nested-1.go, -O2 -fomit-frame-pointer -finline-functions
WARNING: go.go-torture/execute/nested-1.go: (with warnings) -O2 -fomit-frame-pointer -finline-functions -funroll-loops
UNRESOLVED: go.go-torture/execute/nested-1.go, -O2 -fomit-frame-pointer -finline-functions -funroll-loops
WARNING: go.go-torture/execute/nested-1.go: (with warnings) -O2 -fbounds-check
UNRESOLVED: go.go-torture/execute/nested-1.go, -O2 -fbounds-check
WARNING: go.go-torture/execute/nested-1.go: (with warnings) -O3 -g
UNRESOLVED: go.go-torture/execute/nested-1.go, -O3 -g
WARNING: go.go-torture/execute/nested-1.go: (with warnings) -Os
UNRESOLVED: go.go-torture/execute/nested-1.go, -Os
WARNING: go.go-torture/execute/pointer-1.go: (with warnings) -O0
UNRESOLVED: go.go-torture/execute/pointer-1.go, -O0
WARNING: go.go-torture/execute/pointer-1.go: (with warnings) -O1
UNRESOLVED: go.go-torture/execute/pointer-1.go, -O1
WARNING: go.go-torture/execute/pointer-1.go: (with warnings) -O2
UNRESOLVED: go.go-torture/execute/pointer-1.go, -O2
WARNING: go.go-torture/execute/pointer-1.go: (with warnings) -O2 -fomit-frame-pointer -finline-functions
UNRESOLVED: go.go-torture/execute/pointer-1.go, -O2 -fomit-frame-pointer -finline-functions
WARNING: go.go-torture/execute/pointer-1.go: (with warnings) -O2 -fomit-frame-pointer -finline-functions -funroll-loops
UNRESOLVED: go.go-torture/execute/pointer-1.go, -O2 -fomit-frame-pointer -finline-functions -funroll-loops
WARNING: go.go-torture/execute/pointer-1.go: (with warnings) -O2 -fbounds-check
UNRESOLVED: go.go-torture/execute/pointer-1.go, -O2 -fbounds-check
WARNING: go.go-torture/execute/pointer-1.go: (with warnings) -O3 -g
UNRESOLVED: go.go-torture/execute/pointer-1.go, -O3 -g
WARNING: go.go-torture/execute/pointer-1.go: (with warnings) -Os
UNRESOLVED: go.go-torture/execute/pointer-1.go, -Os
WARNING: go.go-torture/execute/return-1.go: (with warnings) -O0
UNRESOLVED: go.go-torture/execute/return-1.go, -O0
WARNING: go.go-torture/execute/return-1.go: (with warnings) -O1
UNRESOLVED: go.go-torture/execute/return-1.go, -O1
WARNING: go.go-torture/execute/return-1.go: (with warnings) -O2
UNRESOLVED: go.go-torture/execute/return-1.go, -O2
WARNING: go.go-torture/execute/return-1.go: (with warnings) -O2 -fomit-frame-pointer -finline-functions
UNRESOLVED: go.go-torture/execute/return-1.go, -O2 -fomit-frame-pointer -finline-functions
WARNING: go.go-torture/execute/return-1.go: (with warnings) -O2 -fomit-frame-pointer -finline-functions -funroll-loops
UNRESOLVED: go.go-torture/execute/return-1.go, -O2 -fomit-frame-pointer -finline-functions -funroll-loops
WARNING: go.go-torture/execute/return-1.go: (with warnings) -O2 -fbounds-check
UNRESOLVED: go.go-torture/execute/return-1.go, -O2 -fbounds-check
WARNING: go.go-torture/execute/return-1.go: (with warnings) -O3 -g
UNRESOLVED: go.go-torture/execute/return-1.go, -O3 -g
WARNING: go.go-torture/execute/return-1.go: (with warnings) -Os
UNRESOLVED: go.go-torture/execute/return-1.go, -Os
WARNING: go.go-torture/execute/return-2.go: (with warnings) -O0
UNRESOLVED: go.go-torture/execute/return-2.go, -O0
WARNING: go.go-torture/execute/return-2.go: (with warnings) -O1
UNRESOLVED: go.go-torture/execute/return-2.go, -O1
WARNING: go.go-torture/execute/return-2.go: (with warnings) -O2
UNRESOLVED: go.go-torture/execute/return-2.go, -O2
WARNING: go.go-torture/execute/return-2.go: (with warnings) -O2 -fomit-frame-pointer -finline-functions
UNRESOLVED: go.go-torture/execute/return-2.go, -O2 -fomit-frame-pointer -finline-functions
WARNING: go.go-torture/execute/return-2.go: (with warnings) -O2 -fomit-frame-pointer -finline-functions -funroll-loops
UNRESOLVED: go.go-torture/execute/return-2.go, -O2 -fomit-frame-pointer -finline-functions -funroll-loops
WARNING: go.go-torture/execute/return-2.go: (with warnings) -O2 -fbounds-check
UNRESOLVED: go.go-torture/execute/return-2.go, -O2 -fbounds-check
WARNING: go.go-torture/execute/return-2.go: (with warnings) -O3 -g
UNRESOLVED: go.go-torture/execute/return-2.go, -O3 -g
WARNING: go.go-torture/execute/return-2.go: (with warnings) -Os
UNRESOLVED: go.go-torture/execute/return-2.go, -Os
WARNING: go.go-torture/execute/return-3.go: (with warnings) -O0
UNRESOLVED: go.go-torture/execute/return-3.go, -O0
WARNING: go.go-torture/execute/return-3.go: (with warnings) -O1
UNRESOLVED: go.go-torture/execute/return-3.go, -O1
WARNING: go.go-torture/execute/return-3.go: (with warnings) -O2
UNRESOLVED: go.go-torture/execute/return-3.go, -O2
WARNING: go.go-torture/execute/return-3.go: (with warnings) -O2 -fomit-frame-pointer -finline-functions
UNRESOLVED: go.go-torture/execute/return-3.go, -O2 -fomit-frame-pointer -finline-functions
WARNING: go.go-torture/execute/return-3.go: (with warnings) -O2 -fomit-frame-pointer -finline-functions -funroll-loops
UNRESOLVED: go.go-torture/execute/return-3.go, -O2 -fomit-frame-pointer -finline-functions -funroll-loops
WARNING: go.go-torture/execute/return-3.go: (with warnings) -O2 -fbounds-check
UNRESOLVED: go.go-torture/execute/return-3.go, -O2 -fbounds-check
WARNING: go.go-torture/execute/return-3.go: (with warnings) -O3 -g
UNRESOLVED: go.go-torture/execute/return-3.go, -O3 -g
WARNING: go.go-torture/execute/return-3.go: (with warnings) -Os
UNRESOLVED: go.go-torture/execute/return-3.go, -Os
WARNING: go.go-torture/execute/select-1.go: (with warnings) -O0
UNRESOLVED: go.go-torture/execute/select-1.go, -O0
WARNING: go.go-torture/execute/select-1.go: (with warnings) -O1
UNRESOLVED: go.go-torture/execute/select-1.go, -O1
WARNING: go.go-torture/execute/select-1.go: (with warnings) -O2
UNRESOLVED: go.go-torture/execute/select-1.go, -O2
WARNING: go.go-torture/execute/select-1.go: (with warnings) -O2 -fomit-frame-pointer -finline-functions
UNRESOLVED: go.go-torture/execute/select-1.go, -O2 -fomit-frame-pointer -finline-functions
WARNING: go.go-torture/execute/select-1.go: (with warnings) -O2 -fomit-frame-pointer -finline-functions -funroll-loops
UNRESOLVED: go.go-torture/execute/select-1.go, -O2 -fomit-frame-pointer -finline-functions -funroll-loops
WARNING: go.go-torture/execute/select-1.go: (with warnings) -O2 -fbounds-check
UNRESOLVED: go.go-torture/execute/select-1.go, -O2 -fbounds-check
WARNING: go.go-torture/execute/select-1.go: (with warnings) -O3 -g
UNRESOLVED: go.go-torture/execute/select-1.go, -O3 -g
WARNING: go.go-torture/execute/select-1.go: (with warnings) -Os
UNRESOLVED: go.go-torture/execute/select-1.go, -Os
WARNING: go.go-torture/execute/string-1.go: (with warnings) -O0
UNRESOLVED: go.go-torture/execute/string-1.go, -O0
WARNING: go.go-torture/execute/string-1.go: (with warnings) -O1
UNRESOLVED: go.go-torture/execute/string-1.go, -O1
WARNING: go.go-torture/execute/string-1.go: (with warnings) -O2
UNRESOLVED: go.go-torture/execute/string-1.go, -O2
WARNING: go.go-torture/execute/string-1.go: (with warnings) -O2 -fomit-frame-pointer -finline-functions
UNRESOLVED: go.go-torture/execute/string-1.go, -O2 -fomit-frame-pointer -finline-functions
WARNING: go.go-torture/execute/string-1.go: (with warnings) -O2 -fomit-frame-pointer -finline-functions -funroll-loops
UNRESOLVED: go.go-torture/execute/string-1.go, -O2 -fomit-frame-pointer -finline-functions -funroll-loops
WARNING: go.go-torture/execute/string-1.go: (with warnings) -O2 -fbounds-check
UNRESOLVED: go.go-torture/execute/string-1.go, -O2 -fbounds-check
WARNING: go.go-torture/execute/string-1.go: (with warnings) -O3 -g
UNRESOLVED: go.go-torture/execute/string-1.go, -O3 -g
WARNING: go.go-torture/execute/string-1.go: (with warnings) -Os
UNRESOLVED: go.go-torture/execute/string-1.go, -Os
WARNING: go.go-torture/execute/string-2.go: (with warnings) -O0
UNRESOLVED: go.go-torture/execute/string-2.go, -O0
WARNING: go.go-torture/execute/string-2.go: (with warnings) -O1
UNRESOLVED: go.go-torture/execute/string-2.go, -O1
WARNING: go.go-torture/execute/string-2.go: (with warnings) -O2
UNRESOLVED: go.go-torture/execute/string-2.go, -O2
WARNING: go.go-torture/execute/string-2.go: (with warnings) -O2 -fomit-frame-pointer -finline-functions
UNRESOLVED: go.go-torture/execute/string-2.go, -O2 -fomit-frame-pointer -finline-functions
WARNING: go.go-torture/execute/string-2.go: (with warnings) -O2 -fomit-frame-pointer -finline-functions -funroll-loops
UNRESOLVED: go.go-torture/execute/string-2.go, -O2 -fomit-frame-pointer -finline-functions -funroll-loops
WARNING: go.go-torture/execute/string-2.go: (with warnings) -O2 -fbounds-check
UNRESOLVED: go.go-torture/execute/string-2.go, -O2 -fbounds-check
WARNING: go.go-torture/execute/string-2.go: (with warnings) -O3 -g
UNRESOLVED: go.go-torture/execute/string-2.go, -O3 -g
WARNING: go.go-torture/execute/string-2.go: (with warnings) -Os
UNRESOLVED: go.go-torture/execute/string-2.go, -Os
WARNING: go.go-torture/execute/struct-1.go: (with warnings) -O0
UNRESOLVED: go.go-torture/execute/struct-1.go, -O0
WARNING: go.go-torture/execute/struct-1.go: (with warnings) -O1
UNRESOLVED: go.go-torture/execute/struct-1.go, -O1
WARNING: go.go-torture/execute/struct-1.go: (with warnings) -O2
UNRESOLVED: go.go-torture/execute/struct-1.go, -O2
WARNING: go.go-torture/execute/struct-1.go: (with warnings) -O2 -fomit-frame-pointer -finline-functions
UNRESOLVED: go.go-torture/execute/struct-1.go, -O2 -fomit-frame-pointer -finline-functions
WARNING: go.go-torture/execute/struct-1.go: (with warnings) -O2 -fomit-frame-pointer -finline-functions -funroll-loops
UNRESOLVED: go.go-torture/execute/struct-1.go, -O2 -fomit-frame-pointer -finline-functions -funroll-loops
WARNING: go.go-torture/execute/struct-1.go: (with warnings) -O2 -fbounds-check
UNRESOLVED: go.go-torture/execute/struct-1.go, -O2 -fbounds-check
WARNING: go.go-torture/execute/struct-1.go: (with warnings) -O3 -g
UNRESOLVED: go.go-torture/execute/struct-1.go, -O3 -g
WARNING: go.go-torture/execute/struct-1.go: (with warnings) -Os
UNRESOLVED: go.go-torture/execute/struct-1.go, -Os
WARNING: go.go-torture/execute/struct-2.go: (with warnings) -O0
UNRESOLVED: go.go-torture/execute/struct-2.go, -O0
WARNING: go.go-torture/execute/struct-2.go: (with warnings) -O1
UNRESOLVED: go.go-torture/execute/struct-2.go, -O1
WARNING: go.go-torture/execute/struct-2.go: (with warnings) -O2
UNRESOLVED: go.go-torture/execute/struct-2.go, -O2
WARNING: go.go-torture/execute/struct-2.go: (with warnings) -O2 -fomit-frame-pointer -finline-functions
UNRESOLVED: go.go-torture/execute/struct-2.go, -O2 -fomit-frame-pointer -finline-functions
WARNING: go.go-torture/execute/struct-2.go: (with warnings) -O2 -fomit-frame-pointer -finline-functions -funroll-loops
UNRESOLVED: go.go-torture/execute/struct-2.go, -O2 -fomit-frame-pointer -finline-functions -funroll-loops
WARNING: go.go-torture/execute/struct-2.go: (with warnings) -O2 -fbounds-check
UNRESOLVED: go.go-torture/execute/struct-2.go, -O2 -fbounds-check
WARNING: go.go-torture/execute/struct-2.go: (with warnings) -O3 -g
UNRESOLVED: go.go-torture/execute/struct-2.go, -O3 -g
WARNING: go.go-torture/execute/struct-2.go: (with warnings) -Os
UNRESOLVED: go.go-torture/execute/struct-2.go, -Os
WARNING: go.go-torture/execute/switch-1.go: (with warnings) -O0
UNRESOLVED: go.go-torture/execute/switch-1.go, -O0
WARNING: go.go-torture/execute/switch-1.go: (with warnings) -O1
UNRESOLVED: go.go-torture/execute/switch-1.go, -O1
WARNING: go.go-torture/execute/switch-1.go: (with warnings) -O2
UNRESOLVED: go.go-torture/execute/switch-1.go, -O2
WARNING: go.go-torture/execute/switch-1.go: (with warnings) -O2 -fomit-frame-pointer -finline-functions
UNRESOLVED: go.go-torture/execute/switch-1.go, -O2 -fomit-frame-pointer -finline-functions
WARNING: go.go-torture/execute/switch-1.go: (with warnings) -O2 -fomit-frame-pointer -finline-functions -funroll-loops
UNRESOLVED: go.go-torture/execute/switch-1.go, -O2 -fomit-frame-pointer -finline-functions -funroll-loops
WARNING: go.go-torture/execute/switch-1.go: (with warnings) -O2 -fbounds-check
UNRESOLVED: go.go-torture/execute/switch-1.go, -O2 -fbounds-check
WARNING: go.go-torture/execute/switch-1.go: (with warnings) -O3 -g
UNRESOLVED: go.go-torture/execute/switch-1.go, -O3 -g
WARNING: go.go-torture/execute/switch-1.go: (with warnings) -Os
UNRESOLVED: go.go-torture/execute/switch-1.go, -Os
WARNING: go.go-torture/execute/var-1.go: (with warnings) -O0
UNRESOLVED: go.go-torture/execute/var-1.go, -O0
WARNING: go.go-torture/execute/var-1.go: (with warnings) -O1
UNRESOLVED: go.go-torture/execute/var-1.go, -O1
WARNING: go.go-torture/execute/var-1.go: (with warnings) -O2
UNRESOLVED: go.go-torture/execute/var-1.go, -O2
WARNING: go.go-torture/execute/var-1.go: (with warnings) -O2 -fomit-frame-pointer -finline-functions
UNRESOLVED: go.go-torture/execute/var-1.go, -O2 -fomit-frame-pointer -finline-functions
WARNING: go.go-torture/execute/var-1.go: (with warnings) -O2 -fomit-frame-pointer -finline-functions -funroll-loops
UNRESOLVED: go.go-torture/execute/var-1.go, -O2 -fomit-frame-pointer -finline-functions -funroll-loops
WARNING: go.go-torture/execute/var-1.go: (with warnings) -O2 -fbounds-check
UNRESOLVED: go.go-torture/execute/var-1.go, -O2 -fbounds-check
WARNING: go.go-torture/execute/var-1.go: (with warnings) -O3 -g
UNRESOLVED: go.go-torture/execute/var-1.go, -O3 -g
WARNING: go.go-torture/execute/var-1.go: (with warnings) -Os
UNRESOLVED: go.go-torture/execute/var-1.go, -Os
WARNING: go.go-torture/execute/var-2.go: (with warnings) -O0
UNRESOLVED: go.go-torture/execute/var-2.go, -O0
WARNING: go.go-torture/execute/var-2.go: (with warnings) -O1
UNRESOLVED: go.go-torture/execute/var-2.go, -O1
WARNING: go.go-torture/execute/var-2.go: (with warnings) -O2
UNRESOLVED: go.go-torture/execute/var-2.go, -O2
WARNING: go.go-torture/execute/var-2.go: (with warnings) -O2 -fomit-frame-pointer -finline-functions
UNRESOLVED: go.go-torture/execute/var-2.go, -O2 -fomit-frame-pointer -finline-functions
WARNING: go.go-torture/execute/var-2.go: (with warnings) -O2 -fomit-frame-pointer -finline-functions -funroll-loops
UNRESOLVED: go.go-torture/execute/var-2.go, -O2 -fomit-frame-pointer -finline-functions -funroll-loops
WARNING: go.go-torture/execute/var-2.go: (with warnings) -O2 -fbounds-check
UNRESOLVED: go.go-torture/execute/var-2.go, -O2 -fbounds-check
WARNING: go.go-torture/execute/var-2.go: (with warnings) -O3 -g
UNRESOLVED: go.go-torture/execute/var-2.go, -O3 -g
WARNING: go.go-torture/execute/var-2.go: (with warnings) -Os
UNRESOLVED: go.go-torture/execute/var-2.go, -Os
WARNING: go.go-torture/execute/var-3.go: (with warnings) -O0
UNRESOLVED: go.go-torture/execute/var-3.go, -O0
WARNING: go.go-torture/execute/var-3.go: (with warnings) -O1
UNRESOLVED: go.go-torture/execute/var-3.go, -O1
WARNING: go.go-torture/execute/var-3.go: (with warnings) -O2
UNRESOLVED: go.go-torture/execute/var-3.go, -O2
WARNING: go.go-torture/execute/var-3.go: (with warnings) -O2 -fomit-frame-pointer -finline-functions
UNRESOLVED: go.go-torture/execute/var-3.go, -O2 -fomit-frame-pointer -finline-functions
WARNING: go.go-torture/execute/var-3.go: (with warnings) -O2 -fomit-frame-pointer -finline-functions -funroll-loops
UNRESOLVED: go.go-torture/execute/var-3.go, -O2 -fomit-frame-pointer -finline-functions -funroll-loops
WARNING: go.go-torture/execute/var-3.go: (with warnings) -O2 -fbounds-check
UNRESOLVED: go.go-torture/execute/var-3.go, -O2 -fbounds-check
WARNING: go.go-torture/execute/var-3.go: (with warnings) -O3 -g
UNRESOLVED: go.go-torture/execute/var-3.go, -O3 -g
WARNING: go.go-torture/execute/var-3.go: (with warnings) -Os
UNRESOLVED: go.go-torture/execute/var-3.go, -Os
ERROR: mips-unknown-rtems4.11: unhandled architecture
WARNING: go.test/test/235.go: (with warnings) -O2 -g
UNRESOLVED: go.test/test/235.go, -O2 -g
FAIL: go.test/test/64bit.go -O (test for excess errors)
WARNING: go.test/test/bigalg.go: (with warnings) -O2 -g
UNRESOLVED: go.test/test/bigalg.go, -O2 -g
WARNING: go.test/test/bigmap.go: (with warnings) -O2 -g
UNRESOLVED: go.test/test/bigmap.go, -O2 -g
WARNING: go.test/test/blank.go: (with warnings) -O2 -g
UNRESOLVED: go.test/test/blank.go, -O2 -g
WARNING: go.test/test/bugs/bug260.go: (with warnings) -O2 -g
UNRESOLVED: go.test/test/bugs/bug260.go, -O2 -g
WARNING: go.test/test/chan/doubleselect.go: (with warnings) -O2 -g
UNRESOLVED: go.test/test/chan/doubleselect.go, -O2 -g
WARNING: go.test/test/chan/fifo.go: (with warnings) -O2 -g
UNRESOLVED: go.test/test/chan/fifo.go, -O2 -g
WARNING: go.test/test/chan/nonblock.go: (with warnings) -O2 -g
UNRESOLVED: go.test/test/chan/nonblock.go, -O2 -g
WARNING: go.test/test/chan/powser1.go: (with warnings) -O2 -g
UNRESOLVED: go.test/test/chan/powser1.go, -O2 -g
WARNING: go.test/test/chan/powser2.go: (with warnings) -O2 -g
UNRESOLVED: go.test/test/chan/powser2.go, -O2 -g
WARNING: go.test/test/chan/select.go: (with warnings) -O2 -g
UNRESOLVED: go.test/test/chan/select.go, -O2 -g
WARNING: go.test/test/chan/select2.go: (with warnings) -O2 -g
UNRESOLVED: go.test/test/chan/select2.go, -O2 -g
WARNING: go.test/test/chan/select3.go: (with warnings) -O2 -g
UNRESOLVED: go.test/test/chan/select3.go, -O2 -g
WARNING: go.test/test/chan/sieve1.go: (with warnings) -O2 -g
UNRESOLVED: go.test/test/chan/sieve1.go, -O2 -g
WARNING: go.test/test/chan/sieve2.go: (with warnings) -O2 -g
UNRESOLVED: go.test/test/chan/sieve2.go, -O2 -g
WARNING: go.test/test/chancap.go: (with warnings) -O2 -g
UNRESOLVED: go.test/test/chancap.go, -O2 -g
WARNING: go.test/test/char_lit.go: (with warnings) -O2 -g
UNRESOLVED: go.test/test/char_lit.go, -O2 -g
WARNING: go.test/test/closedchan.go: (with warnings) -O2 -g
UNRESOLVED: go.test/test/closedchan.go, -O2 -g
WARNING: go.test/test/closure.go: (with warnings) -O2 -g
UNRESOLVED: go.test/test/closure.go, -O2 -g
WARNING: go.test/test/cmp1.go: (with warnings) -O2 -g
UNRESOLVED: go.test/test/cmp1.go, -O2 -g
FAIL: cmp2.go -O2 -g (test for excess errors)
WARNING: cmp2.go -O2 -g compilation failed to produce executable
FAIL: cmp3.go -O2 -g (test for excess errors)
WARNING: cmp3.go -O2 -g compilation failed to produce executable
FAIL: cmp4.go -O2 -g (test for excess errors)
WARNING: cmp4.go -O2 -g compilation failed to produce executable
FAIL: cmp5.go -O2 -g (test for excess errors)
WARNING: cmp5.go -O2 -g compilation failed to produce executable
FAIL: go.test/test/cmplxdivide.go
WARNING: go.test/test/complit.go: (with warnings) -O2 -g
UNRESOLVED: go.test/test/complit.go, -O2 -g
WARNING: go.test/test/compos.go: (with warnings) -O2 -g
UNRESOLVED: go.test/test/compos.go, -O2 -g
WARNING: go.test/test/const.go: (with warnings) -O2 -g
UNRESOLVED: go.test/test/const.go, -O2 -g
WARNING: go.test/test/const3.go: (with warnings) -O2 -g
UNRESOLVED: go.test/test/const3.go, -O2 -g
WARNING: go.test/test/convert.go: (with warnings) -O2 -g
UNRESOLVED: go.test/test/convert.go, -O2 -g
WARNING: go.test/test/copy.go: (with warnings) -O2 -g
UNRESOLVED: go.test/test/copy.go, -O2 -g
WARNING: go.test/test/ddd.go: (with warnings) -O2 -g
UNRESOLVED: go.test/test/ddd.go, -O2 -g
FAIL: go.test/test/ddd3.go
WARNING: go.test/test/decl.go: (with warnings) -O2 -g
UNRESOLVED: go.test/test/decl.go, -O2 -g
WARNING: go.test/test/defer.go: (with warnings) -O2 -g
UNRESOLVED: go.test/test/defer.go, -O2 -g
WARNING: go.test/test/deferprint.go: (with warnings) -O2 -g
UNRESOLVED: go.test/test/deferprint.go, -O2 -g
WARNING: go.test/test/escape.go: (with warnings) -O2 -g
UNRESOLVED: go.test/test/escape.go, -O2 -g
WARNING: go.test/test/fixedbugs/bug000.go: (with warnings) -O2 -g
UNRESOLVED: go.test/test/fixedbugs/bug000.go, -O2 -g
WARNING: go.test/test/fixedbugs/bug001.go: (with warnings) -O2 -g
UNRESOLVED: go.test/test/fixedbugs/bug001.go, -O2 -g
WARNING: go.test/test/fixedbugs/bug002.go: (with warnings) -O2 -g
UNRESOLVED: go.test/test/fixedbugs/bug002.go, -O2 -g
WARNING: go.test/test/fixedbugs/bug003.go: (with warnings) -O2 -g
UNRESOLVED: go.test/test/fixedbugs/bug003.go, -O2 -g
WARNING: go.test/test/fixedbugs/bug004.go: (with warnings) -O2 -g
UNRESOLVED: go.test/test/fixedbugs/bug004.go, -O2 -g
WARNING: go.test/test/fixedbugs/bug005.go: (with warnings) -O2 -g
UNRESOLVED: go.test/test/fixedbugs/bug005.go, -O2 -g
WARNING: go.test/test/fixedbugs/bug006.go: (with warnings) -O2 -g
UNRESOLVED: go.test/test/fixedbugs/bug006.go, -O2 -g
WARNING: go.test/test/fixedbugs/bug007.go: (with warnings) -O2 -g
UNRESOLVED: go.test/test/fixedbugs/bug007.go, -O2 -g
WARNING: go.test/test/fixedbugs/bug008.go: (with warnings) -O2 -g
UNRESOLVED: go.test/test/fixedbugs/bug008.go, -O2 -g
WARNING: go.test/test/fixedbugs/bug009.go: (with warnings) -O2 -g
UNRESOLVED: go.test/test/fixedbugs/bug009.go, -O2 -g
WARNING: go.test/test/fixedbugs/bug010.go: (with warnings) -O2 -g
UNRESOLVED: go.test/test/fixedbugs/bug010.go, -O2 -g
WARNING: go.test/test/fixedbugs/bug011.go: (with warnings) -O2 -g
UNRESOLVED: go.test/test/fixedbugs/bug011.go, -O2 -g
WARNING: go.test/test/fixedbugs/bug012.go: (with warnings) -O2 -g
UNRESOLVED: go.test/test/fixedbugs/bug012.go, -O2 -g
WARNING: go.test/test/fixedbugs/bug013.go: (with warnings) -O2 -g
UNRESOLVED: go.test/test/fixedbugs/bug013.go, -O2 -g
WARNING: go.test/test/fixedbugs/bug017.go: (with warnings) -O2 -g
UNRESOLVED: go.test/test/fixedbugs/bug017.go, -O2 -g
WARNING: go.test/test/fixedbugs/bug021.go: (with warnings) -O2 -g
UNRESOLVED: go.test/test/fixedbugs/bug021.go, -O2 -g
WARNING: go.test/test/fixedbugs/bug023.go: (with warnings) -O2 -g
UNRESOLVED: go.test/test/fixedbugs/bug023.go, -O2 -g
WARNING: go.test/test/fixedbugs/bug024.go: (with warnings) -O2 -g
UNRESOLVED: go.test/test/fixedbugs/bug024.go, -O2 -g
WARNING: go.test/test/fixedbugs/bug026.go: (with warnings) -O2 -g
UNRESOLVED: go.test/test/fixedbugs/bug026.go, -O2 -g
WARNING: go.test/test/fixedbugs/bug027.go: (with warnings) -O2 -g
UNRESOLVED: go.test/test/fixedbugs/bug027.go, -O2 -g
WARNING: go.test/test/fixedbugs/bug028.go: (with warnings) -O2 -g
UNRESOLVED: go.test/test/fixedbugs/bug028.go, -O2 -g
WARNING: go.test/test/fixedbugs/bug031.go: (with warnings) -O2 -g
UNRESOLVED: go.test/test/fixedbugs/bug031.go, -O2 -g
WARNING: go.test/test/fixedbugs/bug045.go: (with warnings) -O2 -g
UNRESOLVED: go.test/test/fixedbugs/bug045.go, -O2 -g
WARNING: go.test/test/fixedbugs/bug047.go: (with warnings) -O2 -g
UNRESOLVED: go.test/test/fixedbugs/bug047.go, -O2 -g
WARNING: go.test/test/fixedbugs/bug048.go: (with warnings) -O2 -g
UNRESOLVED: go.test/test/fixedbugs/bug048.go, -O2 -g
WARNING: go.test/test/fixedbugs/bug052.go: (with warnings) -O2 -g
UNRESOLVED: go.test/test/fixedbugs/bug052.go, -O2 -g
WARNING: go.test/test/fixedbugs/bug053.go: (with warnings) -O2 -g
UNRESOLVED: go.test/test/fixedbugs/bug053.go, -O2 -g
WARNING: go.test/test/fixedbugs/bug054.go: (with warnings) -O2 -g
UNRESOLVED: go.test/test/fixedbugs/bug054.go, -O2 -g
WARNING: go.test/test/fixedbugs/bug055.go: (with warnings) -O2 -g
UNRESOLVED: go.test/test/fixedbugs/bug055.go, -O2 -g
WARNING: go.test/test/fixedbugs/bug056.go: (with warnings) -O2 -g
UNRESOLVED: go.test/test/fixedbugs/bug056.go, -O2 -g
WARNING: go.test/test/fixedbugs/bug058.go: (with warnings) -O2 -g
UNRESOLVED: go.test/test/fixedbugs/bug058.go, -O2 -g
WARNING: go.test/test/fixedbugs/bug059.go: (with warnings) -O2 -g
UNRESOLVED: go.test/test/fixedbugs/bug059.go, -O2 -g
WARNING: go.test/test/fixedbugs/bug060.go: (with warnings) -O2 -g
UNRESOLVED: go.test/test/fixedbugs/bug060.go, -O2 -g
WARNING: go.test/test/fixedbugs/bug061.go: (with warnings) -O2 -g
UNRESOLVED: go.test/test/fixedbugs/bug061.go, -O2 -g
WARNING: go.test/test/fixedbugs/bug065.go: (with warnings) -O2 -g
UNRESOLVED: go.test/test/fixedbugs/bug065.go, -O2 -g
WARNING: go.test/test/fixedbugs/bug067.go: (with warnings) -O2 -g
UNRESOLVED: go.test/test/fixedbugs/bug067.go, -O2 -g
WARNING: go.test/test/fixedbugs/bug070.go: (with warnings) -O2 -g
UNRESOLVED: go.test/test/fixedbugs/bug070.go, -O2 -g
WARNING: go.test/test/fixedbugs/bug075.go: (with warnings) -O2 -g
UNRESOLVED: go.test/test/fixedbugs/bug075.go, -O2 -g
WARNING: go.test/test/fixedbugs/bug076.go: (with warnings) -O2 -g
UNRESOLVED: go.test/test/fixedbugs/bug076.go, -O2 -g
WARNING: go.test/test/fixedbugs/bug078.go: (with warnings) -O2 -g
UNRESOLVED: go.test/test/fixedbugs/bug078.go, -O2 -g
WARNING: go.test/test/fixedbugs/bug082.go: (with warnings) -O2 -g
UNRESOLVED: go.test/test/fixedbugs/bug082.go, -O2 -g
WARNING: go.test/test/fixedbugs/bug084.go: (with warnings) -O2 -g
UNRESOLVED: go.test/test/fixedbugs/bug084.go, -O2 -g
WARNING: go.test/test/fixedbugs/bug092.go: (with warnings) -O2 -g
UNRESOLVED: go.test/test/fixedbugs/bug092.go, -O2 -g
WARNING: go.test/test/fixedbugs/bug093.go: (with warnings) -O2 -g
UNRESOLVED: go.test/test/fixedbugs/bug093.go, -O2 -g
WARNING: go.test/test/fixedbugs/bug097.go: (with warnings) -O2 -g
UNRESOLVED: go.test/test/fixedbugs/bug097.go, -O2 -g
WARNING: go.test/test/fixedbugs/bug099.go: (with warnings) -O2 -g
UNRESOLVED: go.test/test/fixedbugs/bug099.go, -O2 -g
WARNING: go.test/test/fixedbugs/bug101.go: (with warnings) -O2 -g
UNRESOLVED: go.test/test/fixedbugs/bug101.go, -O2 -g
WARNING: go.test/test/fixedbugs/bug102.go: (with warnings) -O2 -g
UNRESOLVED: go.test/test/fixedbugs/bug102.go, -O2 -g
FAIL: go.test/test/fixedbugs/bug110.go -O (test for excess errors)
WARNING: go.test/test/fixedbugs/bug111.go: (with warnings) -O2 -g
UNRESOLVED: go.test/test/fixedbugs/bug111.go, -O2 -g
FAIL: bug113.go -O2 -g (test for excess errors)
WARNING: bug113.go -O2 -g compilation failed to produce executable
WARNING: go.test/test/fixedbugs/bug114.go: (with warnings) -O2 -g
UNRESOLVED: go.test/test/fixedbugs/bug114.go, -O2 -g
WARNING: go.test/test/fixedbugs/bug116.go: (with warnings) -O2 -g
UNRESOLVED: go.test/test/fixedbugs/bug116.go, -O2 -g
WARNING: go.test/test/fixedbugs/bug119.go: (with warnings) -O2 -g
UNRESOLVED: go.test/test/fixedbugs/bug119.go, -O2 -g
WARNING: go.test/test/fixedbugs/bug120.go: (with warnings) -O2 -g
UNRESOLVED: go.test/test/fixedbugs/bug120.go, -O2 -g
WARNING: go.test/test/fixedbugs/bug128.go: (with warnings) -O2 -g
UNRESOLVED: go.test/test/fixedbugs/bug128.go, -O2 -g
WARNING: go.test/test/fixedbugs/bug130.go: (with warnings) -O2 -g
UNRESOLVED: go.test/test/fixedbugs/bug130.go, -O2 -g
WARNING: go.test/test/fixedbugs/bug141.go: (with warnings) -O2 -g
UNRESOLVED: go.test/test/fixedbugs/bug141.go, -O2 -g
WARNING: go.test/test/fixedbugs/bug142.go: (with warnings) -O2 -g
UNRESOLVED: go.test/test/fixedbugs/bug142.go, -O2 -g
WARNING: go.test/test/fixedbugs/bug147.go: (with warnings) -O2 -g
UNRESOLVED: go.test/test/fixedbugs/bug147.go, -O2 -g
FAIL: bug148.go -O2 -g (test for excess errors)
WARNING: bug148.go -O2 -g compilation failed to produce executable
WARNING: go.test/test/fixedbugs/bug152.go: (with warnings) -O2 -g
UNRESOLVED: go.test/test/fixedbugs/bug152.go, -O2 -g
WARNING: go.test/test/fixedbugs/bug154.go: (with warnings) -O2 -g
UNRESOLVED: go.test/test/fixedbugs/bug154.go, -O2 -g
FAIL: go.test/test/fixedbugs/bug155.go -O (test for excess errors)
WARNING: go.test/test/fixedbugs/bug159.go: (with warnings) -O2 -g
UNRESOLVED: go.test/test/fixedbugs/bug159.go, -O2 -g
ERROR: sim.exp: ./bug160.exe to be downloaded does not exist.
UNRESOLVED: go.test/test/fixedbugs/bug160.go
FAIL: go.test/test/fixedbugs/bug167.go -O (test for excess errors)
WARNING: go.test/test/fixedbugs/bug168.go: (with warnings) -O2 -g
UNRESOLVED: go.test/test/fixedbugs/bug168.go, -O2 -g
WARNING: go.test/test/fixedbugs/bug177.go: (with warnings) -O2 -g
UNRESOLVED: go.test/test/fixedbugs/bug177.go, -O2 -g
WARNING: go.test/test/fixedbugs/bug178.go: (with warnings) -O2 -g
UNRESOLVED: go.test/test/fixedbugs/bug178.go, -O2 -g
WARNING: go.test/test/fixedbugs/bug180.go: (with warnings) -O2 -g
UNRESOLVED: go.test/test/fixedbugs/bug180.go, -O2 -g
WARNING: go.test/test/fixedbugs/bug184.go: (with warnings) -O2 -g
UNRESOLVED: go.test/test/fixedbugs/bug184.go, -O2 -g
WARNING: go.test/test/fixedbugs/bug185.go: (with warnings) -O2 -g
UNRESOLVED: go.test/test/fixedbugs/bug185.go, -O2 -g
WARNING: go.test/test/fixedbugs/bug187.go: (with warnings) -O2 -g
UNRESOLVED: go.test/test/fixedbugs/bug187.go, -O2 -g
FAIL: go.test/test/fixedbugs/bug191.go
WARNING: go.test/test/fixedbugs/bug194.go: (with warnings) -O2 -g
UNRESOLVED: go.test/test/fixedbugs/bug194.go, -O2 -g
WARNING: go.test/test/fixedbugs/bug196.go: (with warnings) -O2 -g
UNRESOLVED: go.test/test/fixedbugs/bug196.go, -O2 -g
WARNING: go.test/test/fixedbugs/bug199.go: (with warnings) -O2 -g
UNRESOLVED: go.test/test/fixedbugs/bug199.go, -O2 -g
WARNING: go.test/test/fixedbugs/bug201.go: (with warnings) -O2 -g
UNRESOLVED: go.test/test/fixedbugs/bug201.go, -O2 -g
WARNING: go.test/test/fixedbugs/bug202.go: (with warnings) -O2 -g
UNRESOLVED: go.test/test/fixedbugs/bug202.go, -O2 -g
WARNING: go.test/test/fixedbugs/bug203.go: (with warnings) -O2 -g
UNRESOLVED: go.test/test/fixedbugs/bug203.go, -O2 -g
WARNING: go.test/test/fixedbugs/bug204.go: (with warnings) -O2 -g
UNRESOLVED: go.test/test/fixedbugs/bug204.go, -O2 -g
WARNING: go.test/test/fixedbugs/bug206.go: (with warnings) -O2 -g
UNRESOLVED: go.test/test/fixedbugs/bug206.go, -O2 -g
WARNING: go.test/test/fixedbugs/bug207.go: (with warnings) -O2 -g
UNRESOLVED: go.test/test/fixedbugs/bug207.go, -O2 -g
WARNING: go.test/test/fixedbugs/bug221.go: (with warnings) -O2 -g
UNRESOLVED: go.test/test/fixedbugs/bug221.go, -O2 -g
WARNING: go.test/test/fixedbugs/bug225.go: (with warnings) -O2 -g
UNRESOLVED: go.test/test/fixedbugs/bug225.go, -O2 -g
WARNING: go.test/test/fixedbugs/bug227.go: (with warnings) -O2 -g
UNRESOLVED: go.test/test/fixedbugs/bug227.go, -O2 -g
WARNING: go.test/test/fixedbugs/bug230.go: (with warnings) -O2 -g
UNRESOLVED: go.test/test/fixedbugs/bug230.go, -O2 -g
WARNING: go.test/test/fixedbugs/bug234.go: (with warnings) -O2 -g
UNRESOLVED: go.test/test/fixedbugs/bug234.go, -O2 -g
WARNING: go.test/test/fixedbugs/bug236.go: (with warnings) -O2 -g
UNRESOLVED: go.test/test/fixedbugs/bug236.go, -O2 -g
WARNING: go.test/test/fixedbugs/bug237.go: (with warnings) -O2 -g
UNRESOLVED: go.test/test/fixedbugs/bug237.go, -O2 -g
WARNING: go.test/test/fixedbugs/bug242.go: (with warnings) -O2 -g
UNRESOLVED: go.test/test/fixedbugs/bug242.go, -O2 -g
WARNING: go.test/test/fixedbugs/bug243.go: (with warnings) -O2 -g
UNRESOLVED: go.test/test/fixedbugs/bug243.go, -O2 -g
WARNING: go.test/test/fixedbugs/bug244.go: (with warnings) -O2 -g
UNRESOLVED: go.test/test/fixedbugs/bug244.go, -O2 -g
WARNING: go.test/test/fixedbugs/bug246.go: (with warnings) -O2 -g
UNRESOLVED: go.test/test/fixedbugs/bug246.go, -O2 -g
WARNING: go.test/test/fixedbugs/bug247.go: (with warnings) -O2 -g
UNRESOLVED: go.test/test/fixedbugs/bug247.go, -O2 -g
FAIL: go.test/test/fixedbugs/bug248.go
WARNING: go.test/test/fixedbugs/bug253.go: (with warnings) -O2 -g
UNRESOLVED: go.test/test/fixedbugs/bug253.go, -O2 -g
WARNING: go.test/test/fixedbugs/bug254.go: (with warnings) -O2 -g
UNRESOLVED: go.test/test/fixedbugs/bug254.go, -O2 -g
WARNING: go.test/test/fixedbugs/bug257.go: (with warnings) -O2 -g
UNRESOLVED: go.test/test/fixedbugs/bug257.go, -O2 -g
WARNING: go.test/test/fixedbugs/bug258.go: (with warnings) -O2 -g
UNRESOLVED: go.test/test/fixedbugs/bug258.go, -O2 -g
WARNING: go.test/test/fixedbugs/bug259.go: (with warnings) -O2 -g
UNRESOLVED: go.test/test/fixedbugs/bug259.go, -O2 -g
WARNING: go.test/test/fixedbugs/bug261.go: (with warnings) -O2 -g
UNRESOLVED: go.test/test/fixedbugs/bug261.go, -O2 -g
WARNING: go.test/test/fixedbugs/bug262.go: (with warnings) -O2 -g
UNRESOLVED: go.test/test/fixedbugs/bug262.go, -O2 -g
WARNING: go.test/test/fixedbugs/bug263.go: (with warnings) -O2 -g
UNRESOLVED: go.test/test/fixedbugs/bug263.go, -O2 -g
WARNING: go.test/test/fixedbugs/bug264.go: (with warnings) -O2 -g
UNRESOLVED: go.test/test/fixedbugs/bug264.go, -O2 -g
WARNING: go.test/test/fixedbugs/bug265.go: (with warnings) -O2 -g
UNRESOLVED: go.test/test/fixedbugs/bug265.go, -O2 -g
WARNING: go.test/test/fixedbugs/bug266.go: (with warnings) -O2 -g
UNRESOLVED: go.test/test/fixedbugs/bug266.go, -O2 -g
WARNING: go.test/test/fixedbugs/bug268.go: (with warnings) -O2 -g
UNRESOLVED: go.test/test/fixedbugs/bug268.go, -O2 -g
WARNING: go.test/test/fixedbugs/bug269.go: (with warnings) -O2 -g
UNRESOLVED: go.test/test/fixedbugs/bug269.go, -O2 -g
WARNING: go.test/test/fixedbugs/bug271.go: (with warnings) -O2 -g
UNRESOLVED: go.test/test/fixedbugs/bug271.go, -O2 -g
WARNING: go.test/test/fixedbugs/bug272.go: (with warnings) -O2 -g
UNRESOLVED: go.test/test/fixedbugs/bug272.go, -O2 -g
WARNING: go.test/test/fixedbugs/bug273.go: (with warnings) -O2 -g
UNRESOLVED: go.test/test/fixedbugs/bug273.go, -O2 -g
WARNING: go.test/test/fixedbugs/bug276.go: (with warnings) -O2 -g
UNRESOLVED: go.test/test/fixedbugs/bug276.go, -O2 -g
WARNING: go.test/test/fixedbugs/bug279.go: (with warnings) -O2 -g
UNRESOLVED: go.test/test/fixedbugs/bug279.go, -O2 -g
WARNING: go.test/test/fixedbugs/bug281.go: (with warnings) -O2 -g
UNRESOLVED: go.test/test/fixedbugs/bug281.go, -O2 -g
WARNING: go.test/test/fixedbugs/bug285.go: (with warnings) -O2 -g
UNRESOLVED: go.test/test/fixedbugs/bug285.go, -O2 -g
WARNING: go.test/test/fixedbugs/bug286.go: (with warnings) -O2 -g
UNRESOLVED: go.test/test/fixedbugs/bug286.go, -O2 -g
WARNING: go.test/test/fixedbugs/bug290.go: (with warnings) -O2 -g
UNRESOLVED: go.test/test/fixedbugs/bug290.go, -O2 -g
WARNING: go.test/test/fixedbugs/bug291.go: (with warnings) -O2 -g
UNRESOLVED: go.test/test/fixedbugs/bug291.go, -O2 -g
WARNING: go.test/test/fixedbugs/bug292.go: (with warnings) -O2 -g
UNRESOLVED: go.test/test/fixedbugs/bug292.go, -O2 -g
WARNING: go.test/test/fixedbugs/bug293.go: (with warnings) -O2 -g
UNRESOLVED: go.test/test/fixedbugs/bug293.go, -O2 -g
WARNING: go.test/test/fixedbugs/bug294.go: (with warnings) -O2 -g
UNRESOLVED: go.test/test/fixedbugs/bug294.go, -O2 -g
WARNING: go.test/test/fixedbugs/bug295.go: (with warnings) -O2 -g
UNRESOLVED: go.test/test/fixedbugs/bug295.go, -O2 -g
WARNING: go.test/test/fixedbugs/bug296.go: (with warnings) -O2 -g
UNRESOLVED: go.test/test/fixedbugs/bug296.go, -O2 -g
WARNING: go.test/test/fixedbugs/bug303.go: (with warnings) -O2 -g
UNRESOLVED: go.test/test/fixedbugs/bug303.go, -O2 -g
WARNING: go.test/test/float_lit.go: (with warnings) -O2 -g
UNRESOLVED: go.test/test/float_lit.go, -O2 -g
WARNING: go.test/test/floatcmp.go: (with warnings) -O2 -g
UNRESOLVED: go.test/test/floatcmp.go, -O2 -g
WARNING: go.test/test/for.go: (with warnings) -O2 -g
UNRESOLVED: go.test/test/for.go, -O2 -g
WARNING: go.test/test/func.go: (with warnings) -O2 -g
UNRESOLVED: go.test/test/func.go, -O2 -g
WARNING: go.test/test/func5.go: (with warnings) -O2 -g
UNRESOLVED: go.test/test/func5.go, -O2 -g
WARNING: go.test/test/gc.go: (with warnings) -O2 -g
UNRESOLVED: go.test/test/gc.go, -O2 -g
WARNING: go.test/test/gc1.go: (with warnings) -O2 -g
UNRESOLVED: go.test/test/gc1.go, -O2 -g
WARNING: go.test/test/hashmap.go: (with warnings) -O2 -g
UNRESOLVED: go.test/test/hashmap.go, -O2 -g
WARNING: go.test/test/helloworld.go: (with warnings) -O2 -g
UNRESOLVED: go.test/test/helloworld.go, -O2 -g
WARNING: go.test/test/if.go: (with warnings) -O2 -g
UNRESOLVED: go.test/test/if.go, -O2 -g
WARNING: go.test/test/if1.go: (with warnings) -O2 -g
UNRESOLVED: go.test/test/if1.go, -O2 -g
FAIL: go.test/test/index.go -O (test for excess errors)
WARNING: go.test/test/indirect.go: (with warnings) -O2 -g
UNRESOLVED: go.test/test/indirect.go, -O2 -g
WARNING: go.test/test/initcomma.go: (with warnings) -O2 -g
UNRESOLVED: go.test/test/initcomma.go, -O2 -g
WARNING: go.test/test/initialize.go: (with warnings) -O2 -g
UNRESOLVED: go.test/test/initialize.go, -O2 -g
WARNING: go.test/test/initsyscall.go: (with warnings) -O2 -g
UNRESOLVED: go.test/test/initsyscall.go, -O2 -g
WARNING: go.test/test/int_lit.go: (with warnings) -O2 -g
UNRESOLVED: go.test/test/int_lit.go, -O2 -g
WARNING: go.test/test/intcvt.go: (with warnings) -O2 -g
UNRESOLVED: go.test/test/intcvt.go, -O2 -g
WARNING: go.test/test/interface/bigdata.go: (with warnings) -O2 -g
UNRESOLVED: go.test/test/interface/bigdata.go, -O2 -g
WARNING: go.test/test/interface/convert.go: (with warnings) -O2 -g
UNRESOLVED: go.test/test/interface/convert.go, -O2 -g
WARNING: go.test/test/interface/convert1.go: (with warnings) -O2 -g
UNRESOLVED: go.test/test/interface/convert1.go, -O2 -g
WARNING: go.test/test/interface/convert2.go: (with warnings) -O2 -g
UNRESOLVED: go.test/test/interface/convert2.go, -O2 -g
WARNING: go.test/test/interface/embed.go: (with warnings) -O2 -g
UNRESOLVED: go.test/test/interface/embed.go, -O2 -g
FAIL: go.test/test/interface/embed1.go
FAIL: fail.go -O2 -g (test for excess errors)
WARNING: fail.go -O2 -g compilation failed to produce executable
WARNING: go.test/test/interface/fake.go: (with warnings) -O2 -g
UNRESOLVED: go.test/test/interface/fake.go, -O2 -g
WARNING: go.test/test/interface/receiver.go: (with warnings) -O2 -g
UNRESOLVED: go.test/test/interface/receiver.go, -O2 -g
FAIL: returntype.go -O2 -g (test for excess errors)
WARNING: returntype.go -O2 -g compilation failed to produce executable
WARNING: go.test/test/interface/struct.go: (with warnings) -O2 -g
UNRESOLVED: go.test/test/interface/struct.go, -O2 -g
WARNING: go.test/test/iota.go: (with warnings) -O2 -g
UNRESOLVED: go.test/test/iota.go, -O2 -g
WARNING: go.test/test/ken/array.go: (with warnings) -O2 -g
UNRESOLVED: go.test/test/ken/array.go, -O2 -g
WARNING: go.test/test/ken/chan.go: (with warnings) -O2 -g
UNRESOLVED: go.test/test/ken/chan.go, -O2 -g
WARNING: go.test/test/ken/chan1.go: (with warnings) -O2 -g
UNRESOLVED: go.test/test/ken/chan1.go, -O2 -g
WARNING: go.test/test/ken/complit.go: (with warnings) -O2 -g
UNRESOLVED: go.test/test/ken/complit.go, -O2 -g
WARNING: go.test/test/ken/cplx0.go: (with warnings) -O2 -g
UNRESOLVED: go.test/test/ken/cplx0.go, -O2 -g
WARNING: go.test/test/ken/cplx1.go: (with warnings) -O2 -g
UNRESOLVED: go.test/test/ken/cplx1.go, -O2 -g
WARNING: go.test/test/ken/cplx2.go: (with warnings) -O2 -g
UNRESOLVED: go.test/test/ken/cplx2.go, -O2 -g
WARNING: go.test/test/ken/cplx3.go: (with warnings) -O2 -g
UNRESOLVED: go.test/test/ken/cplx3.go, -O2 -g
WARNING: go.test/test/ken/cplx4.go: (with warnings) -O2 -g
UNRESOLVED: go.test/test/ken/cplx4.go, -O2 -g
WARNING: go.test/test/ken/cplx5.go: (with warnings) -O2 -g
UNRESOLVED: go.test/test/ken/cplx5.go, -O2 -g
WARNING: go.test/test/ken/divconst.go: (with warnings) -O2 -g
UNRESOLVED: go.test/test/ken/divconst.go, -O2 -g
WARNING: go.test/test/ken/divmod.go: (with warnings) -O2 -g
UNRESOLVED: go.test/test/ken/divmod.go, -O2 -g
WARNING: go.test/test/ken/embed.go: (with warnings) -O2 -g
UNRESOLVED: go.test/test/ken/embed.go, -O2 -g
WARNING: go.test/test/ken/for.go: (with warnings) -O2 -g
UNRESOLVED: go.test/test/ken/for.go, -O2 -g
WARNING: go.test/test/ken/interbasic.go: (with warnings) -O2 -g
UNRESOLVED: go.test/test/ken/interbasic.go, -O2 -g
WARNING: go.test/test/ken/interfun.go: (with warnings) -O2 -g
UNRESOLVED: go.test/test/ken/interfun.go, -O2 -g
WARNING: go.test/test/ken/intervar.go: (with warnings) -O2 -g
UNRESOLVED: go.test/test/ken/intervar.go, -O2 -g
WARNING: go.test/test/ken/label.go: (with warnings) -O2 -g
UNRESOLVED: go.test/test/ken/label.go, -O2 -g
WARNING: go.test/test/ken/litfun.go: (with warnings) -O2 -g
UNRESOLVED: go.test/test/ken/litfun.go, -O2 -g
WARNING: go.test/test/ken/mfunc.go: (with warnings) -O2 -g
UNRESOLVED: go.test/test/ken/mfunc.go, -O2 -g
WARNING: go.test/test/ken/modconst.go: (with warnings) -O2 -g
UNRESOLVED: go.test/test/ken/modconst.go, -O2 -g
WARNING: go.test/test/ken/ptrfun.go: (with warnings) -O2 -g
UNRESOLVED: go.test/test/ken/ptrfun.go, -O2 -g
WARNING: go.test/test/ken/ptrvar.go: (with warnings) -O2 -g
UNRESOLVED: go.test/test/ken/ptrvar.go, -O2 -g
WARNING: go.test/test/ken/range.go: (with warnings) -O2 -g
UNRESOLVED: go.test/test/ken/range.go, -O2 -g
WARNING: go.test/test/ken/rob1.go: (with warnings) -O2 -g
UNRESOLVED: go.test/test/ken/rob1.go, -O2 -g
WARNING: go.test/test/ken/rob2.go: (with warnings) -O2 -g
UNRESOLVED: go.test/test/ken/rob2.go, -O2 -g
WARNING: go.test/test/ken/robfor.go: (with warnings) -O2 -g
UNRESOLVED: go.test/test/ken/robfor.go, -O2 -g
WARNING: go.test/test/ken/robfunc.go: (with warnings) -O2 -g
UNRESOLVED: go.test/test/ken/robfunc.go, -O2 -g
WARNING: go.test/test/ken/robif.go: (with warnings) -O2 -g
UNRESOLVED: go.test/test/ken/robif.go, -O2 -g
WARNING: go.test/test/ken/shift.go: (with warnings) -O2 -g
UNRESOLVED: go.test/test/ken/shift.go, -O2 -g
WARNING: go.test/test/ken/simparray.go: (with warnings) -O2 -g
UNRESOLVED: go.test/test/ken/simparray.go, -O2 -g
WARNING: go.test/test/ken/simpbool.go: (with warnings) -O2 -g
UNRESOLVED: go.test/test/ken/simpbool.go, -O2 -g
WARNING: go.test/test/ken/simpconv.go: (with warnings) -O2 -g
UNRESOLVED: go.test/test/ken/simpconv.go, -O2 -g
WARNING: go.test/test/ken/simpfun.go: (with warnings) -O2 -g
UNRESOLVED: go.test/test/ken/simpfun.go, -O2 -g
WARNING: go.test/test/ken/simpprint.go: (with warnings) -O2 -g
UNRESOLVED: go.test/test/ken/simpprint.go, -O2 -g
WARNING: go.test/test/ken/simpswitch.go: (with warnings) -O2 -g
UNRESOLVED: go.test/test/ken/simpswitch.go, -O2 -g
WARNING: go.test/test/ken/simpvar.go: (with warnings) -O2 -g
UNRESOLVED: go.test/test/ken/simpvar.go, -O2 -g
WARNING: go.test/test/ken/slicearray.go: (with warnings) -O2 -g
UNRESOLVED: go.test/test/ken/slicearray.go, -O2 -g
WARNING: go.test/test/ken/sliceslice.go: (with warnings) -O2 -g
UNRESOLVED: go.test/test/ken/sliceslice.go, -O2 -g
WARNING: go.test/test/ken/string.go: (with warnings) -O2 -g
UNRESOLVED: go.test/test/ken/string.go, -O2 -g
WARNING: go.test/test/ken/strvar.go: (with warnings) -O2 -g
UNRESOLVED: go.test/test/ken/strvar.go, -O2 -g
WARNING: go.test/test/literal.go: (with warnings) -O2 -g
UNRESOLVED: go.test/test/literal.go, -O2 -g
WARNING: go.test/test/malloc1.go: (with warnings) -O2 -g
UNRESOLVED: go.test/test/malloc1.go, -O2 -g
WARNING: go.test/test/mallocfin.go: (with warnings) -O2 -g
UNRESOLVED: go.test/test/mallocfin.go, -O2 -g
WARNING: go.test/test/mallocrand.go: (with warnings) -O2 -g
UNRESOLVED: go.test/test/mallocrand.go, -O2 -g
WARNING: go.test/test/mallocrep.go: (with warnings) -O2 -g
UNRESOLVED: go.test/test/mallocrep.go, -O2 -g
WARNING: go.test/test/mallocrep1.go: (with warnings) -O2 -g
UNRESOLVED: go.test/test/mallocrep1.go, -O2 -g
WARNING: go.test/test/map.go: (with warnings) -O2 -g
UNRESOLVED: go.test/test/map.go, -O2 -g
WARNING: go.test/test/method.go: (with warnings) -O2 -g
UNRESOLVED: go.test/test/method.go, -O2 -g
WARNING: go.test/test/method3.go: (with warnings) -O2 -g
UNRESOLVED: go.test/test/method3.go, -O2 -g
WARNING: go.test/test/named.go: (with warnings) -O2 -g
UNRESOLVED: go.test/test/named.go, -O2 -g
WARNING: go.test/test/nil.go: (with warnings) -O2 -g
UNRESOLVED: go.test/test/nil.go, -O2 -g
FAIL: arrayindex.go -O2 -g (test for excess errors)
WARNING: arrayindex.go -O2 -g compilation failed to produce executable
FAIL: arrayindex1.go -O2 -g (test for excess errors)
WARNING: arrayindex1.go -O2 -g compilation failed to produce executable
FAIL: arraytoslice.go -O2 -g (test for excess errors)
WARNING: arraytoslice.go -O2 -g compilation failed to produce executable
FAIL: arraytoslice1.go -O2 -g (test for excess errors)
WARNING: arraytoslice1.go -O2 -g compilation failed to produce executable
FAIL: arraytoslice2.go -O2 -g (test for excess errors)
WARNING: arraytoslice2.go -O2 -g compilation failed to produce executable
FAIL: slicearray.go -O2 -g (test for excess errors)
WARNING: slicearray.go -O2 -g compilation failed to produce executable
FAIL: structfield.go -O2 -g (test for excess errors)
WARNING: structfield.go -O2 -g compilation failed to produce executable
FAIL: structfield1.go -O2 -g (test for excess errors)
WARNING: structfield1.go -O2 -g compilation failed to produce executable
FAIL: structfield2.go -O2 -g (test for excess errors)
WARNING: structfield2.go -O2 -g compilation failed to produce executable
FAIL: structfieldaddr.go -O2 -g (test for excess errors)
WARNING: structfieldaddr.go -O2 -g compilation failed to produce executable
FAIL: go.test/test/nul1.go -O (test for excess errors)
WARNING: go.test/test/printbig.go: (with warnings) -O2 -g
UNRESOLVED: go.test/test/printbig.go, -O2 -g
WARNING: go.test/test/range.go: (with warnings) -O2 -g
UNRESOLVED: go.test/test/range.go, -O2 -g
WARNING: go.test/test/recover.go: (with warnings) -O2 -g
UNRESOLVED: go.test/test/recover.go, -O2 -g
WARNING: go.test/test/recover1.go: (with warnings) -O2 -g
UNRESOLVED: go.test/test/recover1.go, -O2 -g
WARNING: go.test/test/recover2.go: (with warnings) -O2 -g
UNRESOLVED: go.test/test/recover2.go, -O2 -g
WARNING: go.test/test/recover3.go: (with warnings) -O2 -g
UNRESOLVED: go.test/test/recover3.go, -O2 -g
WARNING: go.test/test/rename.go: (with warnings) -O2 -g
UNRESOLVED: go.test/test/rename.go, -O2 -g
FAIL: go.test/test/sieve.go -O (test for excess errors)
WARNING: go.test/test/sigchld.go: (with warnings) -O2 -g
UNRESOLVED: go.test/test/sigchld.go, -O2 -g
WARNING: go.test/test/simassign.go: (with warnings) -O2 -g
UNRESOLVED: go.test/test/simassign.go, -O2 -g
FAIL: go.test/test/solitaire.go -O (test for excess errors)
WARNING: go.test/test/string_lit.go: (with warnings) -O2 -g
UNRESOLVED: go.test/test/string_lit.go, -O2 -g
WARNING: go.test/test/stringrange.go: (with warnings) -O2 -g
UNRESOLVED: go.test/test/stringrange.go, -O2 -g
WARNING: go.test/test/switch.go: (with warnings) -O2 -g
UNRESOLVED: go.test/test/switch.go, -O2 -g
WARNING: go.test/test/switch1.go: (with warnings) -O2 -g
UNRESOLVED: go.test/test/switch1.go, -O2 -g
WARNING: go.test/test/test0.go: (with warnings) -O2 -g
UNRESOLVED: go.test/test/test0.go, -O2 -g
WARNING: go.test/test/turing.go: (with warnings) -O2 -g
UNRESOLVED: go.test/test/turing.go, -O2 -g
WARNING: go.test/test/typeswitch.go: (with warnings) -O2 -g
UNRESOLVED: go.test/test/typeswitch.go, -O2 -g
WARNING: go.test/test/typeswitch1.go: (with warnings) -O2 -g
UNRESOLVED: go.test/test/typeswitch1.go, -O2 -g
WARNING: go.test/test/utf.go: (with warnings) -O2 -g
UNRESOLVED: go.test/test/utf.go, -O2 -g
WARNING: go.test/test/varinit.go: (with warnings) -O2 -g
UNRESOLVED: go.test/test/varinit.go, -O2 -g
WARNING: go.test/test/vectors.go: (with warnings) -O2 -g
UNRESOLVED: go.test/test/vectors.go, -O2 -g
WARNING: go.test/test/zerodivide.go: (with warnings) -O2 -g
UNRESOLVED: go.test/test/zerodivide.go, -O2 -g
=== go Summary ===
# of expected passes 698
# of unexpected failures 31
# of expected failures 6
# of unresolved testcases 489
# of untested testcases 5
/users/joel/test-gcc/b-gccgo1-mips/gcc/testsuite/go/../../gccgo version 4.6.0 20110129 (experimental) [trunk revision 169388] (GCC)
Host is mips-unknown-rtems4.11
=== libgo tests ===
Running target rtems-mips-jmr3904
Compiler version: 4.6.0 20110129 (experimental) [trunk revision 169388] (GCC)
Platform: mips-unknown-rtems4.11
configure flags: --with-ppl=/users/joel/test-gcc/install-svn 'CFLAGS_FOR_TARGET=-B/users/joel/test-gcc/install-svn/mips-rtems4.11/jmr3904/lib/ ' --enable-threads=rtems --with-gnu-as --enable-multilib --with-gnu-ld --disable-newlib --verbose --with-system-zlib --disable-nls --enable-version-specific-runtime-libs --with-host-libstdcxx=-static-libstdc++ --enable-languages=c,go --target=mips-rtems4.11 --prefix=/users/joel/test-gcc/install-svn