This is the mail archive of the
gcc-testresults@gcc.gnu.org
mailing list for the GCC project.
Results for 4.6.0 20110129 (experimental) [trunk revision 169388] (GCC) testsuite on hppa64-hp-hpux11.11
- From: John David Anglin <dave at hiauly3 dot hia dot nrc dot ca>
- To: dave at hiauly3 dot hia dot nrc dot ca, gcc-testresults at gcc dot gnu dot org
- Date: Sun, 30 Jan 2011 13:58:59 -0500 (EST)
- Subject: Results for 4.6.0 20110129 (experimental) [trunk revision 169388] (GCC) testsuite on hppa64-hp-hpux11.11
Native configuration is hppa64-hp-hpux11.11
=== g++ tests ===
Running target unix
WARNING: program timed out.
=== g++ Summary ===
# of expected passes 24515
# of expected failures 162
# of unsupported tests 589
/test/gnu/gcc/objdir/gcc/testsuite/g++/../../g++ version 4.6.0 20110129 (experimental) [trunk revision 169388] (GCC)
=== gcc tests ===
Running target unix
FAIL: gcc.dg/pr42918.c (test for excess errors)
WARNING: program timed out.
FAIL: gcc.dg/lto/20090116 c_lto_20090116_0.o-c_lto_20090116_0.o link, -O1 -flto -flto-partition=1to1 -fPIC (internal compiler error)
UNRESOLVED: gcc.dg/lto/20090116 c_lto_20090116_0.o-c_lto_20090116_0.o execute -O1 -flto -flto-partition=1to1 -fPIC
=== gcc Summary ===
# of expected passes 66127
# of unexpected failures 2
# of expected failures 134
# of unresolved testcases 1
# of unsupported tests 1246
/test/gnu/gcc/objdir/gcc/xgcc version 4.6.0 20110129 (experimental) [trunk revision 169388] (GCC)
=== gfortran tests ===
Running target unix
=== gfortran Summary ===
# of expected passes 36733
# of expected failures 41
# of unsupported tests 338
/test/gnu/gcc/objdir/gcc/testsuite/gfortran/../../gfortran version 4.6.0 20110129 (experimental) [trunk revision 169388] (GCC)
=== obj-c++ tests ===
Running target unix
WARNING: obj-c++.dg/try-catch-2.mm -fgnu-runtime compilation failed to produce executable
WARNING: obj-c++.dg/try-catch-9.mm -fgnu-runtime compilation failed to produce executable
=== obj-c++ Summary ===
# of expected passes 1373
# of expected failures 10
# of unsupported tests 86
/test/gnu/gcc/objdir/gcc/testsuite/obj-c++/../../g++ version 4.6.0 20110129 (experimental) [trunk revision 169388] (GCC)
=== objc tests ===
Running target unix
=== objc Summary ===
# of expected passes 2897
# of expected failures 10
# of unsupported tests 75
/test/gnu/gcc/objdir/gcc/xgcc version 4.6.0 20110129 (experimental) [trunk revision 169388] (GCC)
=== libgomp tests ===
Running target unix
=== libgomp Summary ===
# of expected passes 2508
# of unsupported tests 9
=== libstdc++ tests ===
Running target unix
=== libstdc++ Summary ===
# of expected passes 6824
# of expected failures 83
# of unsupported tests 732
Compiler version: 4.6.0 20110129 (experimental) [trunk revision 169388] (GCC)
Platform: hppa64-hp-hpux11.11
configure flags:Test Run By dave on Sun Jan 30 02:27:48 2011