This is the mail archive of the
gcc-testresults@gcc.gnu.org
mailing list for the GCC project.
Results for 4.6.0 20110127 (experimental) [trunk revision 169343] (GCC) testsuite on powerpc-unknown-rtems4.11
- From: Joel Sherrill <joel at rtems dot org>
- To: gcc-testresults at gcc dot gnu dot org
- Date: Fri, 28 Jan 2011 23:13:43 -0600
- Subject: Results for 4.6.0 20110127 (experimental) [trunk revision 169343] (GCC) testsuite on powerpc-unknown-rtems4.11
LAST_UPDATED: Thu Jan 27 23:42:28 UTC 2011 (revision 169343)
Target is powerpc-unknown-rtems4.11
Host is x86_64-unknown-linux-gnu
=== gcc tests ===
Running target rtems-powerpc-psim
FAIL: gcc.c-torture/compile/limits-exprparen.c -O0 (internal compiler error)
FAIL: gcc.c-torture/compile/limits-exprparen.c -O0 (test for excess errors)
FAIL: gcc.c-torture/compile/limits-exprparen.c -O1 (internal compiler error)
FAIL: gcc.c-torture/compile/limits-exprparen.c -O1 (test for excess errors)
FAIL: gcc.c-torture/compile/limits-exprparen.c -O2 (internal compiler error)
FAIL: gcc.c-torture/compile/limits-exprparen.c -O2 (test for excess errors)
FAIL: gcc.c-torture/compile/limits-exprparen.c -O3 -fomit-frame-pointer (internal compiler error)
FAIL: gcc.c-torture/compile/limits-exprparen.c -O3 -fomit-frame-pointer (test for excess errors)
FAIL: gcc.c-torture/compile/limits-exprparen.c -O3 -g (internal compiler error)
FAIL: gcc.c-torture/compile/limits-exprparen.c -O3 -g (test for excess errors)
FAIL: gcc.c-torture/compile/limits-exprparen.c -Os (internal compiler error)
FAIL: gcc.c-torture/compile/limits-exprparen.c -Os (test for excess errors)
FAIL: gcc.c-torture/compile/limits-exprparen.c -O2 -flto -flto-partition=none (internal compiler error)
FAIL: gcc.c-torture/compile/limits-exprparen.c -O2 -flto -flto-partition=none (test for excess errors)
FAIL: gcc.c-torture/compile/limits-exprparen.c -O2 -flto (internal compiler error)
FAIL: gcc.c-torture/compile/limits-exprparen.c -O2 -flto (test for excess errors)
FAIL: gcc.c-torture/execute/builtins/20010124-1.c compilation, -O2 -flto -flto-partition=none
UNRESOLVED: gcc.c-torture/execute/builtins/20010124-1.c execution, -O2 -flto -flto-partition=none
FAIL: gcc.c-torture/execute/builtins/20010124-1.c compilation, -O2 -flto
UNRESOLVED: gcc.c-torture/execute/builtins/20010124-1.c execution, -O2 -flto
FAIL: gcc.c-torture/execute/builtins/memchr.c compilation, -O2 -flto -flto-partition=none
UNRESOLVED: gcc.c-torture/execute/builtins/memchr.c execution, -O2 -flto -flto-partition=none
FAIL: gcc.c-torture/execute/builtins/memchr.c compilation, -O2 -flto
UNRESOLVED: gcc.c-torture/execute/builtins/memchr.c execution, -O2 -flto
FAIL: gcc.c-torture/execute/builtins/memcmp.c compilation, -O2 -flto -flto-partition=none
UNRESOLVED: gcc.c-torture/execute/builtins/memcmp.c execution, -O2 -flto -flto-partition=none
FAIL: gcc.c-torture/execute/builtins/memcmp.c compilation, -O2 -flto
UNRESOLVED: gcc.c-torture/execute/builtins/memcmp.c execution, -O2 -flto
FAIL: gcc.c-torture/execute/builtins/memcpy-chk.c compilation, -O2 -flto -flto-partition=none
UNRESOLVED: gcc.c-torture/execute/builtins/memcpy-chk.c execution, -O2 -flto -flto-partition=none
FAIL: gcc.c-torture/execute/builtins/memcpy-chk.c compilation, -O2 -flto
UNRESOLVED: gcc.c-torture/execute/builtins/memcpy-chk.c execution, -O2 -flto
FAIL: gcc.c-torture/execute/builtins/memmove-2.c compilation, -O2 -flto -flto-partition=none
UNRESOLVED: gcc.c-torture/execute/builtins/memmove-2.c execution, -O2 -flto -flto-partition=none
FAIL: gcc.c-torture/execute/builtins/memmove-2.c compilation, -O2 -flto
UNRESOLVED: gcc.c-torture/execute/builtins/memmove-2.c execution, -O2 -flto
FAIL: gcc.c-torture/execute/builtins/memmove-chk.c compilation, -O2 -flto -flto-partition=none
UNRESOLVED: gcc.c-torture/execute/builtins/memmove-chk.c execution, -O2 -flto -flto-partition=none
FAIL: gcc.c-torture/execute/builtins/memmove-chk.c compilation, -O2 -flto
UNRESOLVED: gcc.c-torture/execute/builtins/memmove-chk.c execution, -O2 -flto
FAIL: gcc.c-torture/execute/builtins/memmove.c compilation, -O2 -flto -flto-partition=none
UNRESOLVED: gcc.c-torture/execute/builtins/memmove.c execution, -O2 -flto -flto-partition=none
FAIL: gcc.c-torture/execute/builtins/memmove.c compilation, -O2 -flto
UNRESOLVED: gcc.c-torture/execute/builtins/memmove.c execution, -O2 -flto
FAIL: gcc.c-torture/execute/builtins/memops-asm.c compilation, -O2 -flto -flto-partition=none
UNRESOLVED: gcc.c-torture/execute/builtins/memops-asm.c execution, -O2 -flto -flto-partition=none
FAIL: gcc.c-torture/execute/builtins/memops-asm.c compilation, -O2 -flto
UNRESOLVED: gcc.c-torture/execute/builtins/memops-asm.c execution, -O2 -flto
FAIL: gcc.c-torture/execute/builtins/mempcpy-chk.c compilation, -O2 -flto -flto-partition=none
UNRESOLVED: gcc.c-torture/execute/builtins/mempcpy-chk.c execution, -O2 -flto -flto-partition=none
FAIL: gcc.c-torture/execute/builtins/mempcpy-chk.c compilation, -O2 -flto
UNRESOLVED: gcc.c-torture/execute/builtins/mempcpy-chk.c execution, -O2 -flto
FAIL: gcc.c-torture/execute/builtins/memset-chk.c compilation, -O2 -flto -flto-partition=none
UNRESOLVED: gcc.c-torture/execute/builtins/memset-chk.c execution, -O2 -flto -flto-partition=none
FAIL: gcc.c-torture/execute/builtins/memset-chk.c compilation, -O2 -flto
UNRESOLVED: gcc.c-torture/execute/builtins/memset-chk.c execution, -O2 -flto
FAIL: gcc.c-torture/execute/builtins/memset.c compilation, -O2 -flto -flto-partition=none
UNRESOLVED: gcc.c-torture/execute/builtins/memset.c execution, -O2 -flto -flto-partition=none
FAIL: gcc.c-torture/execute/builtins/memset.c compilation, -O2 -flto
UNRESOLVED: gcc.c-torture/execute/builtins/memset.c execution, -O2 -flto
FAIL: gcc.c-torture/execute/builtins/pr22237.c compilation, -O2 -flto -flto-partition=none
UNRESOLVED: gcc.c-torture/execute/builtins/pr22237.c execution, -O2 -flto -flto-partition=none
FAIL: gcc.c-torture/execute/builtins/pr22237.c compilation, -O2 -flto
UNRESOLVED: gcc.c-torture/execute/builtins/pr22237.c execution, -O2 -flto
FAIL: gcc.c-torture/execute/builtins/pr23484-chk.c compilation, -O2 -flto -flto-partition=none
UNRESOLVED: gcc.c-torture/execute/builtins/pr23484-chk.c execution, -O2 -flto -flto-partition=none
FAIL: gcc.c-torture/execute/builtins/pr23484-chk.c compilation, -O2 -flto
UNRESOLVED: gcc.c-torture/execute/builtins/pr23484-chk.c execution, -O2 -flto
FAIL: gcc.c-torture/execute/builtins/printf.c compilation, -O2 -flto -flto-partition=none
UNRESOLVED: gcc.c-torture/execute/builtins/printf.c execution, -O2 -flto -flto-partition=none
FAIL: gcc.c-torture/execute/builtins/printf.c compilation, -O2 -flto
UNRESOLVED: gcc.c-torture/execute/builtins/printf.c execution, -O2 -flto
FAIL: gcc.c-torture/execute/builtins/snprintf-chk.c compilation, -O2 -flto -flto-partition=none
UNRESOLVED: gcc.c-torture/execute/builtins/snprintf-chk.c execution, -O2 -flto -flto-partition=none
FAIL: gcc.c-torture/execute/builtins/snprintf-chk.c compilation, -O2 -flto
UNRESOLVED: gcc.c-torture/execute/builtins/snprintf-chk.c execution, -O2 -flto
FAIL: gcc.c-torture/execute/builtins/sprintf-chk.c compilation, -O2 -flto -flto-partition=none
UNRESOLVED: gcc.c-torture/execute/builtins/sprintf-chk.c execution, -O2 -flto -flto-partition=none
FAIL: gcc.c-torture/execute/builtins/sprintf-chk.c compilation, -O2 -flto
UNRESOLVED: gcc.c-torture/execute/builtins/sprintf-chk.c execution, -O2 -flto
FAIL: gcc.c-torture/execute/builtins/stpcpy-chk.c compilation, -O2 -flto -flto-partition=none
UNRESOLVED: gcc.c-torture/execute/builtins/stpcpy-chk.c execution, -O2 -flto -flto-partition=none
FAIL: gcc.c-torture/execute/builtins/stpcpy-chk.c compilation, -O2 -flto
UNRESOLVED: gcc.c-torture/execute/builtins/stpcpy-chk.c execution, -O2 -flto
FAIL: gcc.c-torture/execute/builtins/strcat-chk.c compilation, -O2 -flto -flto-partition=none
UNRESOLVED: gcc.c-torture/execute/builtins/strcat-chk.c execution, -O2 -flto -flto-partition=none
FAIL: gcc.c-torture/execute/builtins/strcat-chk.c compilation, -O2 -flto
UNRESOLVED: gcc.c-torture/execute/builtins/strcat-chk.c execution, -O2 -flto
FAIL: gcc.c-torture/execute/builtins/strcat.c compilation, -O2 -flto -flto-partition=none
UNRESOLVED: gcc.c-torture/execute/builtins/strcat.c execution, -O2 -flto -flto-partition=none
FAIL: gcc.c-torture/execute/builtins/strcat.c compilation, -O2 -flto
UNRESOLVED: gcc.c-torture/execute/builtins/strcat.c execution, -O2 -flto
FAIL: gcc.c-torture/execute/builtins/strchr.c compilation, -O2 -flto -flto-partition=none
UNRESOLVED: gcc.c-torture/execute/builtins/strchr.c execution, -O2 -flto -flto-partition=none
FAIL: gcc.c-torture/execute/builtins/strchr.c compilation, -O2 -flto
UNRESOLVED: gcc.c-torture/execute/builtins/strchr.c execution, -O2 -flto
FAIL: gcc.c-torture/execute/builtins/strcmp.c compilation, -O2 -flto -flto-partition=none
UNRESOLVED: gcc.c-torture/execute/builtins/strcmp.c execution, -O2 -flto -flto-partition=none
FAIL: gcc.c-torture/execute/builtins/strcmp.c compilation, -O2 -flto
UNRESOLVED: gcc.c-torture/execute/builtins/strcmp.c execution, -O2 -flto
FAIL: gcc.c-torture/execute/builtins/strcpy-2.c compilation, -O2 -flto -flto-partition=none
UNRESOLVED: gcc.c-torture/execute/builtins/strcpy-2.c execution, -O2 -flto -flto-partition=none
FAIL: gcc.c-torture/execute/builtins/strcpy-2.c compilation, -O2 -flto
UNRESOLVED: gcc.c-torture/execute/builtins/strcpy-2.c execution, -O2 -flto
FAIL: gcc.c-torture/execute/builtins/strcpy-chk.c compilation, -O2 -flto -flto-partition=none
UNRESOLVED: gcc.c-torture/execute/builtins/strcpy-chk.c execution, -O2 -flto -flto-partition=none
FAIL: gcc.c-torture/execute/builtins/strcpy-chk.c compilation, -O2 -flto
UNRESOLVED: gcc.c-torture/execute/builtins/strcpy-chk.c execution, -O2 -flto
FAIL: gcc.c-torture/execute/builtins/strcpy.c compilation, -O2 -flto -flto-partition=none
UNRESOLVED: gcc.c-torture/execute/builtins/strcpy.c execution, -O2 -flto -flto-partition=none
FAIL: gcc.c-torture/execute/builtins/strcpy.c compilation, -O2 -flto
UNRESOLVED: gcc.c-torture/execute/builtins/strcpy.c execution, -O2 -flto
FAIL: gcc.c-torture/execute/builtins/strlen-2.c compilation, -O2 -flto -flto-partition=none
UNRESOLVED: gcc.c-torture/execute/builtins/strlen-2.c execution, -O2 -flto -flto-partition=none
FAIL: gcc.c-torture/execute/builtins/strlen-2.c compilation, -O2 -flto
UNRESOLVED: gcc.c-torture/execute/builtins/strlen-2.c execution, -O2 -flto
FAIL: gcc.c-torture/execute/builtins/strlen-3.c compilation, -O2 -flto -flto-partition=none
UNRESOLVED: gcc.c-torture/execute/builtins/strlen-3.c execution, -O2 -flto -flto-partition=none
FAIL: gcc.c-torture/execute/builtins/strlen-3.c compilation, -O2 -flto
UNRESOLVED: gcc.c-torture/execute/builtins/strlen-3.c execution, -O2 -flto
FAIL: gcc.c-torture/execute/builtins/strlen.c compilation, -O2 -flto -flto-partition=none
UNRESOLVED: gcc.c-torture/execute/builtins/strlen.c execution, -O2 -flto -flto-partition=none
FAIL: gcc.c-torture/execute/builtins/strlen.c compilation, -O2 -flto
UNRESOLVED: gcc.c-torture/execute/builtins/strlen.c execution, -O2 -flto
FAIL: gcc.c-torture/execute/builtins/strncat-chk.c compilation, -O2 -flto -flto-partition=none
UNRESOLVED: gcc.c-torture/execute/builtins/strncat-chk.c execution, -O2 -flto -flto-partition=none
FAIL: gcc.c-torture/execute/builtins/strncat-chk.c compilation, -O2 -flto
UNRESOLVED: gcc.c-torture/execute/builtins/strncat-chk.c execution, -O2 -flto
FAIL: gcc.c-torture/execute/builtins/strncmp-2.c compilation, -O2 -flto -flto-partition=none
UNRESOLVED: gcc.c-torture/execute/builtins/strncmp-2.c execution, -O2 -flto -flto-partition=none
FAIL: gcc.c-torture/execute/builtins/strncmp-2.c compilation, -O2 -flto
UNRESOLVED: gcc.c-torture/execute/builtins/strncmp-2.c execution, -O2 -flto
FAIL: gcc.c-torture/execute/builtins/strncmp.c compilation, -O2 -flto -flto-partition=none
UNRESOLVED: gcc.c-torture/execute/builtins/strncmp.c execution, -O2 -flto -flto-partition=none
FAIL: gcc.c-torture/execute/builtins/strncmp.c compilation, -O2 -flto
UNRESOLVED: gcc.c-torture/execute/builtins/strncmp.c execution, -O2 -flto
FAIL: gcc.c-torture/execute/builtins/strncpy-chk.c compilation, -O2 -flto -flto-partition=none
UNRESOLVED: gcc.c-torture/execute/builtins/strncpy-chk.c execution, -O2 -flto -flto-partition=none
FAIL: gcc.c-torture/execute/builtins/strncpy-chk.c compilation, -O2 -flto
UNRESOLVED: gcc.c-torture/execute/builtins/strncpy-chk.c execution, -O2 -flto
FAIL: gcc.c-torture/execute/builtins/strncpy.c compilation, -O2 -flto -flto-partition=none
UNRESOLVED: gcc.c-torture/execute/builtins/strncpy.c execution, -O2 -flto -flto-partition=none
FAIL: gcc.c-torture/execute/builtins/strncpy.c compilation, -O2 -flto
UNRESOLVED: gcc.c-torture/execute/builtins/strncpy.c execution, -O2 -flto
FAIL: gcc.c-torture/execute/builtins/vsnprintf-chk.c compilation, -O2 -flto -flto-partition=none
UNRESOLVED: gcc.c-torture/execute/builtins/vsnprintf-chk.c execution, -O2 -flto -flto-partition=none
FAIL: gcc.c-torture/execute/builtins/vsnprintf-chk.c compilation, -O2 -flto
UNRESOLVED: gcc.c-torture/execute/builtins/vsnprintf-chk.c execution, -O2 -flto
FAIL: gcc.c-torture/execute/builtins/vsprintf-chk.c compilation, -O2 -flto -flto-partition=none
UNRESOLVED: gcc.c-torture/execute/builtins/vsprintf-chk.c execution, -O2 -flto -flto-partition=none
FAIL: gcc.c-torture/execute/builtins/vsprintf-chk.c compilation, -O2 -flto
UNRESOLVED: gcc.c-torture/execute/builtins/vsprintf-chk.c execution, -O2 -flto
FAIL: gcc.c-torture/execute/980709-1.c compilation, -O2 -flto -flto-partition=none
UNRESOLVED: gcc.c-torture/execute/980709-1.c execution, -O2 -flto -flto-partition=none
FAIL: gcc.c-torture/execute/980709-1.c compilation, -O2 -flto
UNRESOLVED: gcc.c-torture/execute/980709-1.c execution, -O2 -flto
FAIL: gcc.c-torture/execute/nest-align-1.c execution, -O0
FAIL: gcc.c-torture/execute/nest-align-1.c execution, -O1
FAIL: gcc.c-torture/execute/nest-align-1.c execution, -O2
FAIL: gcc.c-torture/execute/nest-align-1.c execution, -Os
FAIL: gcc.c-torture/execute/ieee/20041213-1.c compilation, -O2 -flto -flto-partition=none
UNRESOLVED: gcc.c-torture/execute/ieee/20041213-1.c execution, -O2 -flto -flto-partition=none
FAIL: gcc.c-torture/execute/ieee/20041213-1.c compilation, -O2 -flto
UNRESOLVED: gcc.c-torture/execute/ieee/20041213-1.c execution, -O2 -flto
FAIL: gcc.c-torture/execute/ieee/inf-1.c execution, -O0
FAIL: gcc.dg/and-1.c scan-assembler-not nand
FAIL: gcc.dg/initpri1.c execution test
FAIL: gcc.dg/initpri3.c execution test
FAIL: gcc.dg/pr42918.c (test for excess errors)
FAIL: gcc.dg/pr46909.c scan-tree-dump ifcombine "optimizing two comparisons to x_[0-9]+\\(D\\) != 4"
FAIL: gcc.dg/sms-2.c scan-rtl-dump-times sms "SMS succeeded" 1
FAIL: gcc.dg/sms-3.c scan-rtl-dump-times sms "SMS succeeded" 1
FAIL: gcc.dg/sms-4.c scan-rtl-dump-times sms "SMS succeeded" 1
FAIL: gcc.dg/sms-5.c scan-rtl-dump-times sms "SMS succeeded" 1
FAIL: gcc.dg/sms-6.c scan-rtl-dump-times sms "SMS succeeded" 3
FAIL: gcc.dg/sms-7.c scan-rtl-dump-times sms "SMS succeeded" 3
FAIL: gcc.dg/sms-8.c scan-rtl-dump-times sms "SMS succeeded" 1
WARNING: program timed out.
FAIL: gcc.dg/gomp/appendix-a/a.27.1.c (internal compiler error)
FAIL: gcc.dg/gomp/appendix-a/a.27.1.c (test for excess errors)
FAIL: gcc.dg/gomp/combined-1.c (internal compiler error)
FAIL: gcc.dg/gomp/combined-1.c (test for excess errors)
FAIL: gcc.dg/gomp/combined-1.c scan-tree-dump-times optimized "GOMP_parallel_loop_runtime_start" 3: dump file does not exist
FAIL: gcc.dg/gomp/pr27388-3.c (internal compiler error)
FAIL: gcc.dg/gomp/pr27388-3.c (test for excess errors)
FAIL: gcc.dg/gomp/pr34692.c (internal compiler error)
FAIL: gcc.dg/gomp/pr34692.c (test for excess errors)
FAIL: gcc.dg/graphite/id-pr46845.c (test for excess errors)
WARNING: program timed out.
FAIL: gcc.dg/graphite/run-id-1.c execution test
WARNING: program timed out.
FAIL: gcc.dg/graphite/interchange-7.c execution test
WARNING: program timed out.
FAIL: gcc.dg/graphite/pr43012.c execution test
FAIL: gcc.dg/lto/20090210 c_lto_20090210_0.o-c_lto_20090210_1.o link, -O0 -flto -flto-partition=none
UNRESOLVED: gcc.dg/lto/20090210 c_lto_20090210_0.o-c_lto_20090210_1.o execute -O0 -flto -flto-partition=none
FAIL: gcc.dg/lto/20090210 c_lto_20090210_0.o-c_lto_20090210_1.o link, -O2 -flto -flto-partition=none
UNRESOLVED: gcc.dg/lto/20090210 c_lto_20090210_0.o-c_lto_20090210_1.o execute -O2 -flto -flto-partition=none
FAIL: gcc.dg/lto/20090210 c_lto_20090210_0.o-c_lto_20090210_1.o link, -O0 -flto -flto-partition=1to1
UNRESOLVED: gcc.dg/lto/20090210 c_lto_20090210_0.o-c_lto_20090210_1.o execute -O0 -flto -flto-partition=1to1
FAIL: gcc.dg/lto/20090210 c_lto_20090210_0.o-c_lto_20090210_1.o link, -O2 -flto -flto-partition=1to1
UNRESOLVED: gcc.dg/lto/20090210 c_lto_20090210_0.o-c_lto_20090210_1.o execute -O2 -flto -flto-partition=1to1
FAIL: gcc.dg/lto/20090210 c_lto_20090210_0.o-c_lto_20090210_1.o link, -O0 -flto
UNRESOLVED: gcc.dg/lto/20090210 c_lto_20090210_0.o-c_lto_20090210_1.o execute -O0 -flto
FAIL: gcc.dg/lto/20090210 c_lto_20090210_0.o-c_lto_20090210_1.o link, -O2 -flto
UNRESOLVED: gcc.dg/lto/20090210 c_lto_20090210_0.o-c_lto_20090210_1.o execute -O2 -flto
WARNING: program timed out.
FAIL: gcc.dg/special/gcsec-1.c execution test
WARNING: program timed out.
FAIL: gcc.dg/torture/va-arg-25.c -O0 (test for excess errors)
FAIL: gcc.dg/torture/va-arg-25.c -O1 (test for excess errors)
FAIL: gcc.dg/torture/va-arg-25.c -O2 (test for excess errors)
FAIL: gcc.dg/torture/va-arg-25.c -O3 -fomit-frame-pointer (test for excess errors)
FAIL: gcc.dg/torture/va-arg-25.c -O3 -g (test for excess errors)
FAIL: gcc.dg/torture/va-arg-25.c -Os (test for excess errors)
FAIL: gcc.dg/torture/va-arg-25.c -O2 -flto -flto-partition=none (test for excess errors)
FAIL: gcc.dg/torture/va-arg-25.c -O2 -flto (test for excess errors)
FAIL: gcc.dg/torture/vector-1.c -O0 (test for excess errors)
FAIL: gcc.dg/torture/vector-1.c -O1 (test for excess errors)
FAIL: gcc.dg/torture/vector-1.c -O2 (test for excess errors)
FAIL: gcc.dg/torture/vector-1.c -O3 -fomit-frame-pointer (test for excess errors)
FAIL: gcc.dg/torture/vector-1.c -O3 -g (test for excess errors)
FAIL: gcc.dg/torture/vector-1.c -Os (test for excess errors)
FAIL: gcc.dg/torture/vector-1.c -O2 -flto -flto-partition=none (test for excess errors)
FAIL: gcc.dg/torture/vector-1.c -O2 -flto (test for excess errors)
FAIL: gcc.dg/torture/vector-2.c -O0 (test for excess errors)
FAIL: gcc.dg/torture/vector-2.c -O1 (test for excess errors)
FAIL: gcc.dg/torture/vector-2.c -O2 (test for excess errors)
FAIL: gcc.dg/torture/vector-2.c -O3 -fomit-frame-pointer (test for excess errors)
FAIL: gcc.dg/torture/vector-2.c -O3 -g (test for excess errors)
FAIL: gcc.dg/torture/vector-2.c -Os (test for excess errors)
FAIL: gcc.dg/torture/vector-2.c -O2 -flto -flto-partition=none (test for excess errors)
FAIL: gcc.dg/torture/vector-2.c -O2 -flto (test for excess errors)
FAIL: gcc.dg/tree-ssa/foldconst-2.c scan-tree-dump-not optimized "fundamentals.0"
FAIL: gcc.dg/tree-ssa/vrp47.c scan-tree-dump-times vrp1 "[xy][^ ]* !=" 0
FAIL: gcc.dg/tree-ssa/vrp47.c scan-tree-dump-times dom1 "x[^ ]* & y" 1
WARNING: program timed out.
FAIL: gcc.dg/vect/slp-multitypes-2.c execution test
FAIL: gcc.target/powerpc/20020118-1.c execution test
FAIL: gcc.target/powerpc/440-dlmzb-strlen-1.c scan-assembler dlmzb\\\\.
FAIL: gcc.target/powerpc/440-macchw-1.c scan-assembler macchw
FAIL: gcc.target/powerpc/440-macchw-2.c scan-assembler macchw\\\\.
FAIL: gcc.target/powerpc/440-macchwu-1.c scan-assembler macchwu
FAIL: gcc.target/powerpc/440-macchwu-2.c scan-assembler macchwu\\\\.
FAIL: gcc.target/powerpc/440-machhw-1.c scan-assembler machhw
FAIL: gcc.target/powerpc/440-machhw-2.c scan-assembler machhw\\\\.
FAIL: gcc.target/powerpc/440-machhwu-1.c scan-assembler machhwu
FAIL: gcc.target/powerpc/440-machhwu-2.c scan-assembler machhwu\\\\.
FAIL: gcc.target/powerpc/440-maclhw-1.c scan-assembler maclhw
FAIL: gcc.target/powerpc/440-maclhw-2.c scan-assembler maclhw\\\\.
FAIL: gcc.target/powerpc/440-maclhwu-1.c scan-assembler maclhwu
FAIL: gcc.target/powerpc/440-maclhwu-2.c scan-assembler maclhwu\\\\.
FAIL: gcc.target/powerpc/440-mulchw-1.c scan-assembler mulchw
FAIL: gcc.target/powerpc/440-mulchw-2.c scan-assembler mulchw\\\\.
FAIL: gcc.target/powerpc/440-mulchwu-1.c scan-assembler mulchwu
FAIL: gcc.target/powerpc/440-mulchwu-2.c scan-assembler mulchwu\\\\.
FAIL: gcc.target/powerpc/440-mulhhw-1.c scan-assembler mulhhw
FAIL: gcc.target/powerpc/440-mulhhw-2.c scan-assembler mulhhw\\\\.
FAIL: gcc.target/powerpc/440-mulhhwu-1.c scan-assembler mulhhwu
FAIL: gcc.target/powerpc/440-mulhhwu-2.c scan-assembler mulhhwu\\\\.
FAIL: gcc.target/powerpc/440-mullhw-1.c scan-assembler mullhw
FAIL: gcc.target/powerpc/440-mullhw-2.c scan-assembler mullhw\\\\.
FAIL: gcc.target/powerpc/440-mullhwu-1.c scan-assembler mullhwu
FAIL: gcc.target/powerpc/440-mullhwu-2.c scan-assembler mullhwu\\\\.
FAIL: gcc.target/powerpc/440-nmacchw-1.c scan-assembler nmacchw
FAIL: gcc.target/powerpc/440-nmacchw-2.c scan-assembler nmacchw\\\\.
FAIL: gcc.target/powerpc/440-nmachhw-1.c scan-assembler nmachhw
FAIL: gcc.target/powerpc/440-nmachhw-2.c scan-assembler nmachhw\\\\.
FAIL: gcc.target/powerpc/440-nmaclhw-1.c scan-assembler nmaclhw
FAIL: gcc.target/powerpc/440-nmaclhw-2.c scan-assembler nmaclhw\\\\.
FAIL: gcc.target/powerpc/altivec-cell-6.c (test for excess errors)
FAIL: gcc.target/powerpc/altivec-cell-7.c (test for excess errors)
ERROR: gcc.target/powerpc/altivec-cell-7.c: error executing dg-final: couldn't open "altivec-cell-7.s": no such file or directory
UNRESOLVED: gcc.target/powerpc/altivec-cell-7.c: error executing dg-final: couldn't open "altivec-cell-7.s": no such file or directory
WARNING: program timed out.
FAIL: gcc.target/powerpc/altivec-cell-8.c (test for excess errors)
WARNING: program timed out.
FAIL: gcc.target/powerpc/loop_align.c scan-assembler .p2align 5,,31
FAIL: gcc.target/powerpc/parity-1.c scan-assembler popcntb
FAIL: gcc.target/powerpc/popcount-1.c scan-assembler popcntb
FAIL: gcc.target/powerpc/popcount-2.c scan-assembler popcntw
FAIL: gcc.target/powerpc/ppc-fma-1.c scan-assembler-times xvmadd 4
FAIL: gcc.target/powerpc/ppc-fma-1.c scan-assembler-times xsmadd 2
FAIL: gcc.target/powerpc/ppc-fma-1.c scan-assembler-times fmadds 2
FAIL: gcc.target/powerpc/ppc-fma-1.c scan-assembler-times xvmsub 2
FAIL: gcc.target/powerpc/ppc-fma-1.c scan-assembler-times xsmsub 1
FAIL: gcc.target/powerpc/ppc-fma-1.c scan-assembler-times fmsubs 1
FAIL: gcc.target/powerpc/ppc-fma-1.c scan-assembler-times xvnmadd 2
FAIL: gcc.target/powerpc/ppc-fma-1.c scan-assembler-times xsnmadd 1
FAIL: gcc.target/powerpc/ppc-fma-1.c scan-assembler-times fnmadds 1
FAIL: gcc.target/powerpc/ppc-fma-1.c scan-assembler-times xvnmsub 2
FAIL: gcc.target/powerpc/ppc-fma-1.c scan-assembler-times xsnmsub 1
FAIL: gcc.target/powerpc/ppc-fma-1.c scan-assembler-times fnmsubs 1
FAIL: gcc.target/powerpc/ppc-fma-2.c scan-assembler-times xvmadd 2
FAIL: gcc.target/powerpc/ppc-fma-2.c scan-assembler-times xsmadd 1
FAIL: gcc.target/powerpc/ppc-fma-2.c scan-assembler-times fmadds 1
FAIL: gcc.target/powerpc/ppc-fma-2.c scan-assembler-times xvmsub 2
FAIL: gcc.target/powerpc/ppc-fma-2.c scan-assembler-times xsmsub 1
FAIL: gcc.target/powerpc/ppc-fma-2.c scan-assembler-times fmsubs 1
FAIL: gcc.target/powerpc/ppc-fma-2.c scan-assembler-times xvnmadd 2
FAIL: gcc.target/powerpc/ppc-fma-2.c scan-assembler-times xsnmadd 1
FAIL: gcc.target/powerpc/ppc-fma-2.c scan-assembler-times fnmadds 1
FAIL: gcc.target/powerpc/ppc-fma-2.c scan-assembler-times xvnmsub 2
FAIL: gcc.target/powerpc/ppc-fma-2.c scan-assembler-times xsnmsub 1
FAIL: gcc.target/powerpc/ppc-fma-2.c scan-assembler-times fnmsubs 1
FAIL: gcc.target/powerpc/ppc-fpconv-1.c scan-assembler-times lfiwax 2
FAIL: gcc.target/powerpc/ppc-fpconv-1.c scan-assembler-times lfiwzx 2
FAIL: gcc.target/powerpc/ppc-fpconv-1.c scan-assembler-times fcfids 3
FAIL: gcc.target/powerpc/ppc-fpconv-1.c scan-assembler-times fcfidus 1
FAIL: gcc.target/powerpc/ppc-fpconv-1.c scan-assembler-times xscvsxddp 3
FAIL: gcc.target/powerpc/ppc-fpconv-1.c scan-assembler-times xscvuxddp 1
FAIL: gcc.target/powerpc/ppc-fpconv-10.c scan-assembler xsrdpiz
FAIL: gcc.target/powerpc/ppc-fpconv-11.c scan-assembler friz
FAIL: gcc.target/powerpc/ppc-fpconv-2.c scan-assembler-times lfiwax 2
FAIL: gcc.target/powerpc/ppc-fpconv-2.c scan-assembler-times fcfid 10
FAIL: gcc.target/powerpc/ppc-fpconv-3.c scan-assembler-times fcfid 10
FAIL: gcc.target/powerpc/ppc-fpconv-5.c scan-assembler-times fctiwz 2
FAIL: gcc.target/powerpc/ppc-fpconv-5.c scan-assembler-times fctiwuz 2
FAIL: gcc.target/powerpc/ppc-fpconv-5.c scan-assembler-times fctidz 1
FAIL: gcc.target/powerpc/ppc-fpconv-5.c scan-assembler-times fctiduz 1
FAIL: gcc.target/powerpc/ppc-fpconv-5.c scan-assembler-times xscvdpsxds 1
FAIL: gcc.target/powerpc/ppc-fpconv-5.c scan-assembler-times xscvdpuxds 1
FAIL: gcc.target/powerpc/ppc-fpconv-6.c scan-assembler-times fctiwz 2
FAIL: gcc.target/powerpc/ppc-fpconv-6.c scan-assembler-times fctidz 8
FAIL: gcc.target/powerpc/ppc-fpconv-7.c scan-assembler-times fctiwz 2
FAIL: gcc.target/powerpc/ppc-fpconv-7.c scan-assembler-times fctidz 8
FAIL: gcc.target/powerpc/ppc-fpconv-9.c scan-assembler-not lwz
FAIL: gcc.target/powerpc/ppc-fpconv-9.c scan-assembler-not stw
FAIL: gcc.target/powerpc/ppc-pow.c scan-assembler-times fsqrt 3
FAIL: gcc.target/powerpc/ppc-pow.c scan-assembler-times fmul 1
FAIL: gcc.target/powerpc/ppc-pow.c scan-assembler-times bl pow 1
FAIL: gcc.target/powerpc/ppc-pow.c scan-assembler-times bl sqrt 1
FAIL: gcc.target/powerpc/ppc-spe.c (internal compiler error)
FAIL: gcc.target/powerpc/ppc-spe.c (test for excess errors)
FAIL: gcc.target/powerpc/ppc-vector-memcpy.c scan-assembler lvx
FAIL: gcc.target/powerpc/pr42747.c scan-assembler xssqrtdp
FAIL: gcc.target/powerpc/pr43154.c (test for excess errors)
ERROR: gcc.target/powerpc/pr43154.c: error executing dg-final: couldn't open "pr43154.s": no such file or directory
UNRESOLVED: gcc.target/powerpc/pr43154.c: error executing dg-final: couldn't open "pr43154.s": no such file or directory
FAIL: gcc.target/powerpc/recip-1.c scan-assembler-times frsqrte 2
FAIL: gcc.target/powerpc/recip-1.c scan-assembler-times fmsub 2
FAIL: gcc.target/powerpc/recip-1.c scan-assembler-times fmul 8
FAIL: gcc.target/powerpc/recip-1.c scan-assembler-times fnmsub 4
FAIL: gcc.target/powerpc/recip-2.c scan-assembler-times frsqrtes 1
FAIL: gcc.target/powerpc/recip-2.c scan-assembler-times fmsubs 1
FAIL: gcc.target/powerpc/recip-2.c scan-assembler-times fmuls 6
FAIL: gcc.target/powerpc/recip-2.c scan-assembler-times fnmsubs 3
FAIL: gcc.target/powerpc/recip-2.c scan-assembler-times fsqrt 1
FAIL: gcc.target/powerpc/recip-3.c scan-assembler-times xsrsqrtedp 1
FAIL: gcc.target/powerpc/recip-3.c scan-assembler-times xsmsub.dp 1
FAIL: gcc.target/powerpc/recip-3.c scan-assembler-times xsmuldp 4
FAIL: gcc.target/powerpc/recip-3.c scan-assembler-times xsnmsub.dp 2
FAIL: gcc.target/powerpc/recip-3.c scan-assembler-times frsqrtes 1
FAIL: gcc.target/powerpc/recip-3.c scan-assembler-times fmsubs 1
FAIL: gcc.target/powerpc/recip-3.c scan-assembler-times fmuls 4
FAIL: gcc.target/powerpc/recip-4.c scan-assembler-times xvrsqrtedp 1
FAIL: gcc.target/powerpc/recip-4.c scan-assembler-times xvmsub.dp 1
FAIL: gcc.target/powerpc/recip-4.c scan-assembler-times xvmuldp 4
FAIL: gcc.target/powerpc/recip-4.c scan-assembler-times xvnmsub.dp 2
FAIL: gcc.target/powerpc/recip-4.c scan-assembler-times xvrsqrtesp 1
FAIL: gcc.target/powerpc/recip-4.c scan-assembler-times xvmsub.sp 1
FAIL: gcc.target/powerpc/recip-4.c scan-assembler-times xvmulsp 4
FAIL: gcc.target/powerpc/recip-4.c scan-assembler-times xvnmsub.sp 2
FAIL: gcc.target/powerpc/recip-5.c (test for excess errors)
ERROR: gcc.target/powerpc/recip-5.c: error executing dg-final: couldn't open "recip-5.s": no such file or directory
UNRESOLVED: gcc.target/powerpc/recip-5.c: error executing dg-final: couldn't open "recip-5.s": no such file or directory
WARNING: program timed out.
FAIL: gcc.target/powerpc/rs6000-power2-2.c scan-assembler-not lfd
FAIL: gcc.target/powerpc/rs6000-power2-2.c scan-assembler lfq
FAIL: gcc.target/powerpc/rs6000-power2-2.c scan-assembler stfq
FAIL: gcc.target/powerpc/spe-vector-memcpy.c scan-assembler evstdd
FAIL: gcc.target/powerpc/vsx-builtin-1.c (test for excess errors)
ERROR: gcc.target/powerpc/vsx-builtin-1.c: error executing dg-final: couldn't open "vsx-builtin-1.s": no such file or directory
UNRESOLVED: gcc.target/powerpc/vsx-builtin-1.c: error executing dg-final: couldn't open "vsx-builtin-1.s": no such file or directory
FAIL: gcc.target/powerpc/vsx-builtin-2.c (test for excess errors)
ERROR: gcc.target/powerpc/vsx-builtin-2.c: error executing dg-final: couldn't open "vsx-builtin-2.s": no such file or directory
UNRESOLVED: gcc.target/powerpc/vsx-builtin-2.c: error executing dg-final: couldn't open "vsx-builtin-2.s": no such file or directory
FAIL: gcc.target/powerpc/vsx-builtin-6.c (test for excess errors)
ERROR: gcc.target/powerpc/vsx-builtin-6.c: error executing dg-final: couldn't open "vsx-builtin-6.s": no such file or directory
UNRESOLVED: gcc.target/powerpc/vsx-builtin-6.c: error executing dg-final: couldn't open "vsx-builtin-6.s": no such file or directory
FAIL: gcc.target/powerpc/vsx-builtin-7.c (test for excess errors)
FAIL: gcc.target/powerpc/vsx-mass-1.c scan-assembler bl atan2d2
FAIL: gcc.target/powerpc/vsx-mass-1.c scan-assembler bl atan2f4
FAIL: gcc.target/powerpc/vsx-mass-1.c scan-assembler bl hypotd2
FAIL: gcc.target/powerpc/vsx-mass-1.c scan-assembler bl hypotf4
FAIL: gcc.target/powerpc/vsx-mass-1.c scan-assembler bl powd2
FAIL: gcc.target/powerpc/vsx-mass-1.c scan-assembler bl powf4
FAIL: gcc.target/powerpc/vsx-mass-1.c scan-assembler bl acosd2
FAIL: gcc.target/powerpc/vsx-mass-1.c scan-assembler bl acosf4
FAIL: gcc.target/powerpc/vsx-mass-1.c scan-assembler bl acoshd2
FAIL: gcc.target/powerpc/vsx-mass-1.c scan-assembler bl acoshf4
FAIL: gcc.target/powerpc/vsx-mass-1.c scan-assembler bl asind2
FAIL: gcc.target/powerpc/vsx-mass-1.c scan-assembler bl asinf4
FAIL: gcc.target/powerpc/vsx-mass-1.c scan-assembler bl asinhd2
FAIL: gcc.target/powerpc/vsx-mass-1.c scan-assembler bl asinhf4
FAIL: gcc.target/powerpc/vsx-mass-1.c scan-assembler bl atand2
FAIL: gcc.target/powerpc/vsx-mass-1.c scan-assembler bl atanf4
FAIL: gcc.target/powerpc/vsx-mass-1.c scan-assembler bl atanhd2
FAIL: gcc.target/powerpc/vsx-mass-1.c scan-assembler bl atanhf4
FAIL: gcc.target/powerpc/vsx-mass-1.c scan-assembler bl cbrtd2
FAIL: gcc.target/powerpc/vsx-mass-1.c scan-assembler bl cbrtf4
FAIL: gcc.target/powerpc/vsx-mass-1.c scan-assembler bl cosd2
FAIL: gcc.target/powerpc/vsx-mass-1.c scan-assembler bl cosf4
FAIL: gcc.target/powerpc/vsx-mass-1.c scan-assembler bl coshd2
FAIL: gcc.target/powerpc/vsx-mass-1.c scan-assembler bl coshf4
FAIL: gcc.target/powerpc/vsx-mass-1.c scan-assembler bl erfd2
FAIL: gcc.target/powerpc/vsx-mass-1.c scan-assembler bl erff4
FAIL: gcc.target/powerpc/vsx-mass-1.c scan-assembler bl erfcd2
FAIL: gcc.target/powerpc/vsx-mass-1.c scan-assembler bl erfcf4
FAIL: gcc.target/powerpc/vsx-mass-1.c scan-assembler bl exp2d2
FAIL: gcc.target/powerpc/vsx-mass-1.c scan-assembler bl exp2f4
FAIL: gcc.target/powerpc/vsx-mass-1.c scan-assembler bl expd2
FAIL: gcc.target/powerpc/vsx-mass-1.c scan-assembler bl expf4
FAIL: gcc.target/powerpc/vsx-mass-1.c scan-assembler bl expm1d2
FAIL: gcc.target/powerpc/vsx-mass-1.c scan-assembler bl expm1f4
FAIL: gcc.target/powerpc/vsx-mass-1.c scan-assembler bl log10d2
FAIL: gcc.target/powerpc/vsx-mass-1.c scan-assembler bl log10f4
FAIL: gcc.target/powerpc/vsx-mass-1.c scan-assembler bl log1pd2
FAIL: gcc.target/powerpc/vsx-mass-1.c scan-assembler bl log1pf4
FAIL: gcc.target/powerpc/vsx-mass-1.c scan-assembler bl log2d2
FAIL: gcc.target/powerpc/vsx-mass-1.c scan-assembler bl log2f4
FAIL: gcc.target/powerpc/vsx-mass-1.c scan-assembler bl logd2
FAIL: gcc.target/powerpc/vsx-mass-1.c scan-assembler bl logf4
FAIL: gcc.target/powerpc/vsx-mass-1.c scan-assembler bl sind2
FAIL: gcc.target/powerpc/vsx-mass-1.c scan-assembler bl sinf4
FAIL: gcc.target/powerpc/vsx-mass-1.c scan-assembler bl sinhd2
FAIL: gcc.target/powerpc/vsx-mass-1.c scan-assembler bl sinhf4
FAIL: gcc.target/powerpc/vsx-mass-1.c scan-assembler bl tand2
FAIL: gcc.target/powerpc/vsx-mass-1.c scan-assembler bl tanf4
FAIL: gcc.target/powerpc/vsx-mass-1.c scan-assembler bl tanhd2
FAIL: gcc.target/powerpc/vsx-mass-1.c scan-assembler bl tanhf4
FAIL: gcc.target/powerpc/vsx-sfminmax.c scan-assembler xsmaxdp
FAIL: gcc.target/powerpc/vsx-sfminmax.c scan-assembler xsmindp
FAIL: gcc.target/powerpc/warn-2.c (test for warnings, line 1)
=== gcc Summary ===
# of expected passes 70423
# of unexpected failures 334
# of expected failures 190
# of unresolved testcases 84
# of unsupported tests 1149
/users/joel/test-gcc/b-gcc1-powerpc/gcc/xgcc version 4.6.0 20110127 (experimental) [trunk revision 169343] (GCC)
Host is x86_64-unknown-linux-gnu
=== g++ tests ===
Running target rtems-powerpc-psim
WARNING: program timed out.
FAIL: g++.dg/eh/gcsec1.C execution test
WARNING: program timed out.
FAIL: g++.dg/eh/simd-2.C (test for excess errors)
WARNING: g++.dg/eh/simd-2.C compilation failed to produce executable
FAIL: g++.dg/ext/altivec-15.C (test for excess errors)
FAIL: g++.dg/other/opaque-1.C (test for excess errors)
WARNING: program timed out.
FAIL: g++.dg/other/opaque-1.C execution test
FAIL: g++.dg/lto/20081109 cp_lto_20081109_0.o-cp_lto_20081109_1.o execute -O0 -flto -flto-partition=none
FAIL: g++.dg/lto/20081109 cp_lto_20081109_0.o-cp_lto_20081109_1.o execute -O2 -flto -flto-partition=none
FAIL: g++.dg/lto/20081109 cp_lto_20081109_0.o-cp_lto_20081109_1.o execute -O0 -flto -flto-partition=1to1
FAIL: g++.dg/lto/20081109 cp_lto_20081109_0.o-cp_lto_20081109_1.o execute -O2 -flto -flto-partition=1to1
FAIL: g++.dg/lto/20081109 cp_lto_20081109_0.o-cp_lto_20081109_1.o execute -O0 -flto
FAIL: g++.dg/lto/20081109 cp_lto_20081109_0.o-cp_lto_20081109_1.o execute -O2 -flto
FAIL: g++.dg/special/conpr-1.C execution test
FAIL: g++.dg/special/conpr-2.C execution test
FAIL: g++.dg/special/conpr-3.C execution test
FAIL: g++.dg/special/conpr-4.C execution test
FAIL: g++.dg/special/initp1.C execution test
FAIL: g++.dg/special/initpri1.C execution test
WARNING: program timed out.
FAIL: g++.dg/torture/pr39002.C -O2 -flto -flto-partition=none (test for excess errors)
WARNING: g++.dg/torture/pr39002.C -O2 -flto -flto-partition=none compilation failed to produce executable
FAIL: g++.dg/torture/pr39002.C -O2 -flto (test for excess errors)
WARNING: g++.dg/torture/pr39002.C -O2 -flto compilation failed to produce executable
FAIL: g++.dg/torture/stackalign/eh-alloca-1.C -O2 -flto -flto-partition=none execution test
FAIL: g++.dg/torture/stackalign/eh-alloca-1.C -O2 -flto execution test
FAIL: g++.dg/torture/stackalign/eh-global-1.C -O2 -flto -flto-partition=none execution test
FAIL: g++.dg/torture/stackalign/eh-global-1.C -O2 -flto execution test
FAIL: g++.dg/torture/stackalign/eh-inline-1.C -O2 -flto -flto-partition=none execution test
FAIL: g++.dg/torture/stackalign/eh-inline-1.C -O2 -flto execution test
FAIL: g++.dg/torture/stackalign/eh-inline-2.C -O2 -flto -flto-partition=none execution test
FAIL: g++.dg/torture/stackalign/eh-inline-2.C -O2 -flto execution test
FAIL: g++.dg/torture/stackalign/eh-vararg-1.C -O2 -flto -flto-partition=none execution test
FAIL: g++.dg/torture/stackalign/eh-vararg-1.C -O2 -flto execution test
FAIL: g++.dg/torture/stackalign/eh-vararg-2.C -O2 -flto -flto-partition=none execution test
FAIL: g++.dg/torture/stackalign/eh-vararg-2.C -O2 -flto execution test
FAIL: g++.dg/torture/stackalign/throw-1.C -O2 -flto -flto-partition=none execution test
FAIL: g++.dg/torture/stackalign/throw-1.C -O2 -flto execution test
FAIL: g++.dg/torture/stackalign/throw-2.C -O2 -flto -flto-partition=none execution test
FAIL: g++.dg/torture/stackalign/throw-2.C -O2 -flto execution test
FAIL: g++.dg/torture/stackalign/throw-3.C -O2 -flto -flto-partition=none execution test
FAIL: g++.dg/torture/stackalign/throw-3.C -O2 -flto execution test
FAIL: g++.dg/torture/stackalign/eh-alloca-1.C -O2 -flto -flto-partition=none execution test
FAIL: g++.dg/torture/stackalign/eh-alloca-1.C -O2 -flto execution test
FAIL: g++.dg/torture/stackalign/eh-global-1.C -O2 -flto -flto-partition=none execution test
FAIL: g++.dg/torture/stackalign/eh-global-1.C -O2 -flto execution test
FAIL: g++.dg/torture/stackalign/eh-inline-1.C -O2 -flto -flto-partition=none execution test
FAIL: g++.dg/torture/stackalign/eh-inline-1.C -O2 -flto execution test
FAIL: g++.dg/torture/stackalign/eh-inline-2.C -O2 -flto -flto-partition=none execution test
FAIL: g++.dg/torture/stackalign/eh-inline-2.C -O2 -flto execution test
FAIL: g++.dg/torture/stackalign/eh-vararg-1.C -O2 -flto -flto-partition=none execution test
FAIL: g++.dg/torture/stackalign/eh-vararg-1.C -O2 -flto execution test
FAIL: g++.dg/torture/stackalign/eh-vararg-2.C -O2 -flto -flto-partition=none execution test
FAIL: g++.dg/torture/stackalign/eh-vararg-2.C -O2 -flto execution test
FAIL: g++.dg/torture/stackalign/throw-1.C -O2 -flto -flto-partition=none execution test
FAIL: g++.dg/torture/stackalign/throw-1.C -O2 -flto execution test
FAIL: g++.dg/torture/stackalign/throw-2.C -O2 -flto -flto-partition=none execution test
FAIL: g++.dg/torture/stackalign/throw-2.C -O2 -flto execution test
FAIL: g++.dg/torture/stackalign/throw-3.C -O2 -flto -flto-partition=none execution test
FAIL: g++.dg/torture/stackalign/throw-3.C -O2 -flto execution test
WARNING: program timed out.
XPASS: g++.old-deja/g++.other/init19.C execution test
=== g++ Summary ===
# of expected passes 25724
# of unexpected failures 55
# of unexpected successes 1
# of expected failures 161
# of unsupported tests 404
/users/joel/test-gcc/b-gcc1-powerpc/gcc/testsuite/g++/../../g++ version 4.6.0 20110127 (experimental) [trunk revision 169343] (GCC)
Compiler version: 4.6.0 20110127 (experimental) [trunk revision 169343] (GCC)
Platform: powerpc-unknown-rtems4.11
configure flags: --with-ppl=/users/joel/test-gcc/install-svn --disable-werror --enable-threads=rtems --with-gnu-as --enable-multilib --enable-newlib-mb --enable-newlib-iconv --with-gnu-ld --with-newlib --verbose --with-system-zlib --disable-nls --enable-version-specific-runtime-libs --enable-languages=c,c++ --target=powerpc-rtems4.11 --prefix=/users/joel/test-gcc/install-svn