This is the mail archive of the
gcc-testresults@gcc.gnu.org
mailing list for the GCC project.
Results for 4.6.0 20110127 (experimental) [trunk revision 169336] (GCC) testsuite on i386-pc-solaris2.11
- From: Rainer Orth <ro at CeBiTec dot Uni-Bielefeld dot DE>
- To: gcc-testresults at gcc dot gnu dot org
- Date: Fri, 28 Jan 2011 13:34:35 +0100 (MET)
- Subject: Results for 4.6.0 20110127 (experimental) [trunk revision 169336] (GCC) testsuite on i386-pc-solaris2.11
LAST_UPDATED: Thu Jan 27 19:25:53 UTC 2011 (revision 169336)
=== acats tests ===
=== acats Summary ===
# of expected passes 2321
# of unexpected failures 0
Native configuration is i386-pc-solaris2.11
=== g++ tests ===
Running target unix
=== g++ Summary for unix ===
# of expected passes 26435
# of expected failures 161
# of unsupported tests 189
Running target unix/-m64
=== g++ Summary for unix/-m64 ===
# of expected passes 26669
# of expected failures 161
# of unsupported tests 387
=== g++ Summary ===
# of expected passes 53104
# of expected failures 322
# of unsupported tests 576
/var/gcc/regression/trunk/11-gcc-gas/build/gcc/testsuite/g++/../../g++ version 4.6.0 20110127 (experimental) [trunk revision 169336] (GCC)
=== gcc tests ===
Running target unix
FAIL: gcc.target/i386/asm-6.c (test for excess errors)
=== gcc Summary for unix ===
# of expected passes 75157
# of unexpected failures 1
# of expected failures 212
# of unsupported tests 786
Running target unix/-m64
=== gcc Summary for unix/-m64 ===
# of expected passes 75240
# of expected failures 212
# of unsupported tests 1199
=== gcc Summary ===
# of expected passes 150397
# of unexpected failures 1
# of expected failures 424
# of unsupported tests 1985
/var/gcc/regression/trunk/11-gcc-gas/build/gcc/xgcc version 4.6.0 20110127 (experimental) [trunk revision 169336] (GCC)
=== gfortran tests ===
Running target unix
=== gfortran Summary for unix ===
# of expected passes 37641
# of expected failures 43
# of unsupported tests 196
Running target unix/-m64
=== gfortran Summary for unix/-m64 ===
# of expected passes 37892
# of expected failures 41
# of unsupported tests 80
=== gfortran Summary ===
# of expected passes 75533
# of expected failures 84
# of unsupported tests 276
/var/gcc/regression/trunk/11-gcc-gas/build/gcc/testsuite/gfortran/../../gfortran version 4.6.0 20110127 (experimental) [trunk revision 169336] (GCC)
=== gnat tests ===
Running target unix
=== gnat Summary for unix ===
# of expected passes 864
# of expected failures 10
# of unsupported tests 3
Running target unix/-m64
=== gnat Summary for unix/-m64 ===
# of expected passes 864
# of expected failures 10
# of unsupported tests 3
=== gnat Summary ===
# of expected passes 1728
# of expected failures 20
# of unsupported tests 6
=== objc tests ===
Running target unix
=== objc Summary for unix ===
# of expected passes 2903
# of expected failures 6
# of unsupported tests 74
Running target unix/-m64
=== objc Summary for unix/-m64 ===
# of expected passes 2893
# of expected failures 16
# of unsupported tests 74
=== objc Summary ===
# of expected passes 5796
# of expected failures 22
# of unsupported tests 148
/var/gcc/regression/trunk/11-gcc-gas/build/gcc/xgcc version 4.6.0 20110127 (experimental) [trunk revision 169336] (GCC)
=== libffi tests ===
Running target unix
=== libffi Summary for unix ===
# of expected passes 1634
# of expected failures 10
# of unsupported tests 15
Running target unix/-m64
=== libffi Summary for unix/-m64 ===
# of expected passes 1634
# of expected failures 10
# of unsupported tests 15
=== libffi Summary ===
# of expected passes 3268
# of expected failures 20
# of unsupported tests 30
=== libgomp tests ===
Running target unix
=== libgomp Summary for unix ===
# of expected passes 2522
# of unsupported tests 2
Running target unix/-m64
=== libgomp Summary for unix/-m64 ===
# of expected passes 2522
# of unsupported tests 2
=== libgomp Summary ===
# of expected passes 5044
# of unsupported tests 4
=== libjava tests ===
Running target unix
=== libjava Summary for unix ===
# of expected passes 2574
Running target unix/-m64
=== libjava Summary for unix/-m64 ===
# of expected passes 2574
=== libjava Summary ===
# of expected passes 5148
=== libstdc++ tests ===
Running target unix
=== libstdc++ Summary for unix ===
# of expected passes 7342
# of expected failures 83
# of unsupported tests 459
Running target unix/-m64
=== libstdc++ Summary for unix/-m64 ===
# of expected passes 7342
# of expected failures 83
# of unsupported tests 459
=== libstdc++ Summary ===
# of expected passes 14684
# of expected failures 166
# of unsupported tests 918
Compiler version: 4.6.0 20110127 (experimental) [trunk revision 169336] (GCC)
Platform: i386-pc-solaris2.11
configure flags: --prefix=/vol/gcc --target=i386-pc-solaris2.11 --with-as=/vol/gcc/bin/gas-2.21 --with-gnu-as --with-gmp=/vol/gcc --with-mpfr=/vol/gcc --with-mpc=/vol/gcc --enable-languages=all,ada
BOOT_CFLAGS=-g -O2