This is the mail archive of the
gcc-testresults@gcc.gnu.org
mailing list for the GCC project.
Results for 4.6.0 20110125 (experimental) [trunk revision 169250] (GCC) testsuite on i686-pc-linux-gnu
- From: hjl at gnu-26 dot sc dot intel dot com (H.J. Lu (ia32))
- To: gcc-testresults at gcc dot gnu dot org
- Date: Tue, 25 Jan 2011 14:45:13 -0800 (PST)
- Subject: Results for 4.6.0 20110125 (experimental) [trunk revision 169250] (GCC) testsuite on i686-pc-linux-gnu
LAST_UPDATED: Tue Jan 25 21:25:56 UTC 2011 (revision 169250)
Native configuration is i686-pc-linux-gnu
=== gcc tests ===
Running target unix
FAIL: gcc.c-torture/compile/limits-exprparen.c -O0 (internal compiler error)
FAIL: gcc.c-torture/compile/limits-exprparen.c -O0 (test for excess errors)
FAIL: gcc.c-torture/compile/limits-exprparen.c -O1 (internal compiler error)
FAIL: gcc.c-torture/compile/limits-exprparen.c -O1 (test for excess errors)
FAIL: gcc.c-torture/compile/limits-exprparen.c -O2 (internal compiler error)
FAIL: gcc.c-torture/compile/limits-exprparen.c -O2 (test for excess errors)
FAIL: gcc.c-torture/compile/limits-exprparen.c -O3 -fomit-frame-pointer (internal compiler error)
FAIL: gcc.c-torture/compile/limits-exprparen.c -O3 -fomit-frame-pointer (test for excess errors)
FAIL: gcc.c-torture/compile/limits-exprparen.c -O3 -g (internal compiler error)
FAIL: gcc.c-torture/compile/limits-exprparen.c -O3 -g (test for excess errors)
FAIL: gcc.c-torture/compile/limits-exprparen.c -Os (internal compiler error)
FAIL: gcc.c-torture/compile/limits-exprparen.c -Os (test for excess errors)
FAIL: gcc.c-torture/compile/limits-exprparen.c -O2 -flto -flto-partition=none (internal compiler error)
FAIL: gcc.c-torture/compile/limits-exprparen.c -O2 -flto -flto-partition=none (test for excess errors)
FAIL: gcc.c-torture/compile/limits-exprparen.c -O2 -flto (internal compiler error)
FAIL: gcc.c-torture/compile/limits-exprparen.c -O2 -flto (test for excess errors)
FAIL: gcc.dg/cproj-fails-with-broken-glibc.c execution test
FAIL: gcc.dg/gomp/appendix-a/a.27.1.c (internal compiler error)
FAIL: gcc.dg/gomp/appendix-a/a.27.1.c (test for excess errors)
FAIL: gcc.dg/gomp/combined-1.c (internal compiler error)
FAIL: gcc.dg/gomp/combined-1.c (test for excess errors)
FAIL: gcc.dg/gomp/combined-1.c scan-tree-dump-times optimized "GOMP_parallel_loop_runtime_start" 3: dump file does not exist
FAIL: gcc.dg/gomp/pr27388-3.c (internal compiler error)
FAIL: gcc.dg/gomp/pr27388-3.c (test for excess errors)
FAIL: gcc.dg/gomp/pr34692.c (internal compiler error)
FAIL: gcc.dg/gomp/pr34692.c (test for excess errors)
XPASS: gcc.dg/guality/example.c -O0 execution test
XPASS: gcc.dg/guality/example.c -O1 execution test
XPASS: gcc.dg/guality/example.c -O2 execution test
XPASS: gcc.dg/guality/guality.c -O0 execution test
XPASS: gcc.dg/guality/guality.c -O1 execution test
XPASS: gcc.dg/guality/guality.c -O2 execution test
XPASS: gcc.dg/guality/guality.c -O3 -fomit-frame-pointer execution test
XPASS: gcc.dg/guality/guality.c -O3 -g execution test
XPASS: gcc.dg/guality/guality.c -Os execution test
XPASS: gcc.dg/guality/inline-params.c -O2 execution test
XPASS: gcc.dg/guality/inline-params.c -O3 -fomit-frame-pointer execution test
XPASS: gcc.dg/guality/inline-params.c -O3 -g execution test
XPASS: gcc.dg/guality/inline-params.c -Os execution test
FAIL: gcc.dg/guality/pr36728-1.c -O2 -flto -flto-partition=none line 12 arg1 == 1
FAIL: gcc.dg/guality/pr36728-1.c -O2 -flto -flto-partition=none line 14 arg1 == 1
FAIL: gcc.dg/guality/pr36728-1.c -O2 -flto line 12 arg1 == 1
FAIL: gcc.dg/guality/pr36728-1.c -O2 -flto line 14 arg1 == 1
XPASS: gcc.dg/guality/pr41353-1.c -O0 line 28 j == 28 + 37
XPASS: gcc.dg/guality/pr41353-1.c -O1 line 28 j == 28 + 37
XPASS: gcc.dg/guality/pr41353-1.c -O2 line 28 j == 28 + 37
XPASS: gcc.dg/guality/pr41353-1.c -O3 -fomit-frame-pointer line 28 j == 28 + 37
XPASS: gcc.dg/guality/pr41353-1.c -O3 -g line 28 j == 28 + 37
XPASS: gcc.dg/guality/pr41353-1.c -Os line 28 j == 28 + 37
XPASS: gcc.dg/guality/pr41353-1.c -O2 -flto -flto-partition=none line 28 j == 28 + 37
XPASS: gcc.dg/guality/pr41353-1.c -O2 -flto line 28 j == 28 + 37
XPASS: gcc.dg/guality/pr41447-1.c -O0 execution test
XPASS: gcc.dg/guality/pr41447-1.c -O1 execution test
XPASS: gcc.dg/guality/pr41447-1.c -Os execution test
XPASS: gcc.dg/guality/pr41616-1.c -O0 execution test
XPASS: gcc.dg/guality/pr41616-1.c -O1 execution test
XPASS: gcc.dg/guality/pr41616-1.c -O2 execution test
XPASS: gcc.dg/guality/pr41616-1.c -O3 -fomit-frame-pointer execution test
XPASS: gcc.dg/guality/pr41616-1.c -O3 -g execution test
XPASS: gcc.dg/guality/pr41616-1.c -Os execution test
FAIL: gcc.dg/guality/pr43077-1.c -O2 -flto -flto-partition=none line 42 varb == 2
FAIL: gcc.dg/guality/pr43479.c -O2 -flto -flto-partition=none line 13 h == 9
FAIL: gcc.dg/guality/pr43479.c -O2 -flto -flto-partition=none line 18 h == 9
FAIL: gcc.dg/guality/pr43479.c -O2 -flto line 13 h == 9
FAIL: gcc.dg/guality/pr43479.c -O2 -flto line 18 h == 9
FAIL: gcc.dg/guality/sra-1.c -O1 line 21 a.j == 14
FAIL: gcc.dg/guality/sra-1.c -O2 line 21 a.j == 14
FAIL: gcc.dg/guality/sra-1.c -O3 -fomit-frame-pointer line 21 a.j == 14
FAIL: gcc.dg/guality/sra-1.c -O3 -g line 21 a.j == 14
FAIL: gcc.dg/guality/sra-1.c -Os line 21 a.j == 14
FAIL: gcc.dg/guality/vla-2.c -O1 line 25 sizeof (a) == 6 * sizeof (int)
FAIL: gcc.dg/guality/vla-2.c -O2 line 25 sizeof (a) == 6 * sizeof (int)
FAIL: gcc.dg/guality/vla-2.c -O3 -fomit-frame-pointer line 25 sizeof (a) == 6 * sizeof (int)
FAIL: gcc.dg/guality/vla-2.c -O3 -g line 25 sizeof (a) == 6 * sizeof (int)
FAIL: gcc.dg/guality/vla-2.c -Os line 25 sizeof (a) == 6 * sizeof (int)
FAIL: gcc.dg/torture/stackalign/builtin-apply-3.c -O2 -flto -flto-partition=none execution test
FAIL: gcc.dg/torture/stackalign/builtin-apply-3.c -O2 -flto execution test
FAIL: gcc.dg/torture/stackalign/builtin-apply-4.c -O2 -flto -flto-partition=none execution test
FAIL: gcc.dg/torture/stackalign/builtin-apply-4.c -O2 -flto execution test
FAIL: gcc.dg/torture/stackalign/builtin-return-1.c -O2 -flto -flto-partition=none execution test
FAIL: gcc.dg/torture/stackalign/builtin-return-1.c -O2 -flto execution test
FAIL: gcc.dg/torture/stackalign/builtin-apply-3.c -O2 -flto -flto-partition=none execution test
FAIL: gcc.dg/torture/stackalign/builtin-apply-3.c -O2 -flto execution test
FAIL: gcc.dg/torture/stackalign/builtin-apply-4.c -O2 -flto -flto-partition=none execution test
FAIL: gcc.dg/torture/stackalign/builtin-apply-4.c -O2 -flto execution test
FAIL: gcc.dg/torture/stackalign/builtin-return-1.c -O2 -flto -flto-partition=none execution test
FAIL: gcc.dg/torture/stackalign/builtin-return-1.c -O2 -flto execution test
FAIL: gcc.dg/torture/stackalign/builtin-apply-3.c -O2 -flto -flto-partition=none execution test
FAIL: gcc.dg/torture/stackalign/builtin-apply-3.c -O2 -flto execution test
FAIL: gcc.dg/torture/stackalign/builtin-apply-4.c -O2 -flto -flto-partition=none execution test
FAIL: gcc.dg/torture/stackalign/builtin-apply-4.c -O2 -flto execution test
FAIL: gcc.dg/torture/stackalign/builtin-return-1.c -O2 -flto -flto-partition=none execution test
FAIL: gcc.dg/torture/stackalign/builtin-return-1.c -O2 -flto execution test
FAIL: gcc.dg/torture/stackalign/builtin-apply-3.c -O2 -flto -flto-partition=none execution test
FAIL: gcc.dg/torture/stackalign/builtin-apply-3.c -O2 -flto execution test
FAIL: gcc.dg/torture/stackalign/builtin-apply-4.c -O2 -flto -flto-partition=none execution test
FAIL: gcc.dg/torture/stackalign/builtin-apply-4.c -O2 -flto execution test
FAIL: gcc.dg/torture/stackalign/builtin-return-1.c -O2 -flto -flto-partition=none execution test
FAIL: gcc.dg/torture/stackalign/builtin-return-1.c -O2 -flto execution test
=== gcc Summary ===
# of expected passes 77430
# of unexpected failures 69
# of unexpected successes 30
# of expected failures 234
# of unsupported tests 834
/export/build/gnu/gcc/build-i686-linux/gcc/xgcc version 4.6.0 20110125 (experimental) [trunk revision 169250] (GCC)
=== gfortran tests ===
Running target unix
FAIL: gfortran.dg/gomp/appendix-a/a.23.2.f90 -O (internal compiler error)
FAIL: gfortran.dg/gomp/appendix-a/a.23.2.f90 -O (test for excess errors)
FAIL: gfortran.dg/gomp/appendix-a/a.27.1.f90 -O (internal compiler error)
FAIL: gfortran.dg/gomp/appendix-a/a.27.1.f90 -O (test for excess errors)
=== gfortran Summary ===
# of expected passes 37737
# of unexpected failures 4
# of expected failures 53
# of unsupported tests 172
/export/build/gnu/gcc/build-i686-linux/gcc/testsuite/gfortran/../../gfortran version 4.6.0 20110125 (experimental) [trunk revision 169250] (GCC)
=== g++ tests ===
Running target unix
FAIL: g++.dg/guality/redeclaration1.C -O0 line 17 i == 24
FAIL: g++.dg/guality/redeclaration1.C -O1 line 17 i == 24
FAIL: g++.dg/guality/redeclaration1.C -O2 line 17 i == 24
FAIL: g++.dg/guality/redeclaration1.C -O3 -fomit-frame-pointer line 17 i == 24
FAIL: g++.dg/guality/redeclaration1.C -O3 -g line 17 i == 24
FAIL: g++.dg/guality/redeclaration1.C -Os line 17 i == 24
=== g++ Summary ===
# of expected passes 26836
# of unexpected failures 6
# of expected failures 160
# of unsupported tests 148
/export/build/gnu/gcc/build-i686-linux/gcc/testsuite/g++/../../g++ version 4.6.0 20110125 (experimental) [trunk revision 169250] (GCC)
=== objc tests ===
Running target unix
=== objc Summary ===
# of expected passes 2903
# of expected failures 6
# of unsupported tests 74
/export/build/gnu/gcc/build-i686-linux/gcc/xgcc version 4.6.0 20110125 (experimental) [trunk revision 169250] (GCC)
=== libffi tests ===
Running target unix
=== libffi Summary ===
# of expected passes 1634
# of expected failures 10
# of unsupported tests 15
=== libgomp tests ===
Running target unix
FAIL: libgomp.c/pr35625.c (internal compiler error)
FAIL: libgomp.c/pr35625.c (test for excess errors)
WARNING: libgomp.c/pr35625.c compilation failed to produce executable
FAIL: libgomp.c/pr39591-3.c (internal compiler error)
FAIL: libgomp.c/pr39591-3.c (test for excess errors)
WARNING: libgomp.c/pr39591-3.c compilation failed to produce executable
FAIL: libgomp.graphite/force-parallel-1.c execution test
=== libgomp Summary ===
# of expected passes 2567
# of unexpected failures 5
=== libjava tests ===
Running target unix
=== libjava Summary ===
# of expected passes 2574
=== libmudflap tests ===
Running target unix
FAIL: libmudflap.c/fail40-frag.c output pattern test
FAIL: libmudflap.c/pass49-frag.c execution test
FAIL: libmudflap.c/pass49-frag.c output pattern test
FAIL: libmudflap.c/pass49-frag.c execution test
FAIL: libmudflap.c/pass49-frag.c output pattern test
FAIL: libmudflap.c/pass51-frag.c execution test
FAIL: libmudflap.c/pass51-frag.c execution test
FAIL: libmudflap.c/fail40-frag.c (-static) output pattern test
FAIL: libmudflap.c/pass49-frag.c (-static) execution test
FAIL: libmudflap.c/pass49-frag.c (-static) output pattern test
FAIL: libmudflap.c/pass49-frag.c (-static) execution test
FAIL: libmudflap.c/pass49-frag.c (-static) output pattern test
FAIL: libmudflap.c/pass51-frag.c (-static) execution test
FAIL: libmudflap.c/pass51-frag.c (-static) execution test
FAIL: libmudflap.c/fail40-frag.c (-O2) output pattern test
FAIL: libmudflap.c/pass49-frag.c (-O2) execution test
FAIL: libmudflap.c/pass49-frag.c (-O2) output pattern test
FAIL: libmudflap.c/pass49-frag.c (-O2) execution test
FAIL: libmudflap.c/pass49-frag.c (-O2) output pattern test
FAIL: libmudflap.c/pass51-frag.c (-O2) execution test
FAIL: libmudflap.c/pass51-frag.c (-O2) execution test
FAIL: libmudflap.c/fail40-frag.c (-O3) output pattern test
FAIL: libmudflap.c/pass49-frag.c (-O3) execution test
FAIL: libmudflap.c/pass49-frag.c (-O3) output pattern test
FAIL: libmudflap.c/pass49-frag.c (-O3) execution test
FAIL: libmudflap.c/pass49-frag.c (-O3) output pattern test
FAIL: libmudflap.c/pass51-frag.c (-O3) execution test
FAIL: libmudflap.c/pass51-frag.c (-O3) execution test
=== libmudflap Summary ===
# of expected passes 1866
# of unexpected failures 28
=== libstdc++ tests ===
Running target unix
=== libstdc++ Summary ===
# of expected passes 8232
# of expected failures 85
# of unsupported tests 110
Compiler version: 4.6.0 20110125 (experimental) [trunk revision 169250] (GCC)
Platform: i686-pc-linux-gnu
configure flags: --enable-clocale=gnu --with-system-zlib --enable-checking=assert --with-demangler-in-ld --prefix=/usr/gcc-4.6 --with-local-prefix=/usr/local --enable-cloog-backend=isl --enable-stage1-languages=c++ --with-ppl=/opt/gnu --with-cloog=/opt/gnu --with-fpmath=sse