This is the mail archive of the
gcc-testresults@gcc.gnu.org
mailing list for the GCC project.
Results for 4.6.0 20110121 (experimental) (GCC) testsuite on i686-pc-cygwin
- From: Dave Korn <dave dot korn dot cygwin at gmail dot com>
- To: gcc-testresults at gcc dot gnu dot org
- Date: Mon, 24 Jan 2011 19:44:59 +0000
- Subject: Results for 4.6.0 20110121 (experimental) (GCC) testsuite on i686-pc-cygwin
Revision: 169079, patched for PR43601.
Native configuration is i686-pc-cygwin
=== g++ tests ===
Running target unix
FAIL: tmpdir-g++.dg-struct-layout-1/t001 cp_compat_x_tst.o compile
FAIL: tmpdir-g++.dg-struct-layout-1/t001 cp_compat_y_tst.o compile
FAIL: tmpdir-g++.dg-struct-layout-1/t002 cp_compat_x_tst.o compile
FAIL: tmpdir-g++.dg-struct-layout-1/t002 cp_compat_y_tst.o compile
FAIL: tmpdir-g++.dg-struct-layout-1/t003 cp_compat_x_tst.o compile
FAIL: tmpdir-g++.dg-struct-layout-1/t003 cp_compat_y_tst.o compile
FAIL: tmpdir-g++.dg-struct-layout-1/t004 cp_compat_x_tst.o compile
FAIL: tmpdir-g++.dg-struct-layout-1/t004 cp_compat_y_tst.o compile
FAIL: tmpdir-g++.dg-struct-layout-1/t005 cp_compat_x_tst.o compile
FAIL: tmpdir-g++.dg-struct-layout-1/t005 cp_compat_y_tst.o compile
FAIL: tmpdir-g++.dg-struct-layout-1/t006 cp_compat_x_tst.o compile
FAIL: tmpdir-g++.dg-struct-layout-1/t006 cp_compat_y_tst.o compile
FAIL: tmpdir-g++.dg-struct-layout-1/t007 cp_compat_x_tst.o compile
FAIL: tmpdir-g++.dg-struct-layout-1/t007 cp_compat_y_tst.o compile
FAIL: tmpdir-g++.dg-struct-layout-1/t008 cp_compat_x_tst.o compile
FAIL: tmpdir-g++.dg-struct-layout-1/t008 cp_compat_y_tst.o compile
FAIL: tmpdir-g++.dg-struct-layout-1/t009 cp_compat_x_tst.o compile
FAIL: tmpdir-g++.dg-struct-layout-1/t009 cp_compat_y_tst.o compile
FAIL: tmpdir-g++.dg-struct-layout-1/t010 cp_compat_x_tst.o compile
FAIL: tmpdir-g++.dg-struct-layout-1/t010 cp_compat_y_tst.o compile
FAIL: tmpdir-g++.dg-struct-layout-1/t011 cp_compat_x_tst.o compile
FAIL: tmpdir-g++.dg-struct-layout-1/t011 cp_compat_y_tst.o compile
FAIL: tmpdir-g++.dg-struct-layout-1/t012 cp_compat_x_tst.o compile
FAIL: tmpdir-g++.dg-struct-layout-1/t012 cp_compat_y_tst.o compile
FAIL: tmpdir-g++.dg-struct-layout-1/t013 cp_compat_x_tst.o compile
FAIL: tmpdir-g++.dg-struct-layout-1/t013 cp_compat_y_tst.o compile
FAIL: tmpdir-g++.dg-struct-layout-1/t014 cp_compat_x_tst.o compile
FAIL: tmpdir-g++.dg-struct-layout-1/t014 cp_compat_y_tst.o compile
FAIL: tmpdir-g++.dg-struct-layout-1/t015 cp_compat_x_tst.o compile
FAIL: tmpdir-g++.dg-struct-layout-1/t015 cp_compat_y_tst.o compile
FAIL: tmpdir-g++.dg-struct-layout-1/t016 cp_compat_x_tst.o compile
FAIL: tmpdir-g++.dg-struct-layout-1/t016 cp_compat_y_tst.o compile
FAIL: tmpdir-g++.dg-struct-layout-1/t017 cp_compat_x_tst.o compile
FAIL: tmpdir-g++.dg-struct-layout-1/t017 cp_compat_y_tst.o compile
FAIL: tmpdir-g++.dg-struct-layout-1/t018 cp_compat_x_tst.o compile
FAIL: tmpdir-g++.dg-struct-layout-1/t018 cp_compat_y_tst.o compile
FAIL: tmpdir-g++.dg-struct-layout-1/t019 cp_compat_x_tst.o compile
FAIL: tmpdir-g++.dg-struct-layout-1/t019 cp_compat_y_tst.o compile
FAIL: tmpdir-g++.dg-struct-layout-1/t020 cp_compat_x_tst.o compile
FAIL: tmpdir-g++.dg-struct-layout-1/t020 cp_compat_y_tst.o compile
FAIL: tmpdir-g++.dg-struct-layout-1/t021 cp_compat_x_tst.o compile
FAIL: tmpdir-g++.dg-struct-layout-1/t021 cp_compat_y_tst.o compile
FAIL: tmpdir-g++.dg-struct-layout-1/t022 cp_compat_x_tst.o compile
FAIL: tmpdir-g++.dg-struct-layout-1/t022 cp_compat_y_tst.o compile
FAIL: tmpdir-g++.dg-struct-layout-1/t023 cp_compat_x_tst.o compile
FAIL: tmpdir-g++.dg-struct-layout-1/t023 cp_compat_y_tst.o compile
FAIL: tmpdir-g++.dg-struct-layout-1/t024 cp_compat_x_tst.o compile
FAIL: tmpdir-g++.dg-struct-layout-1/t024 cp_compat_y_tst.o compile
FAIL: tmpdir-g++.dg-struct-layout-1/t025 cp_compat_x_tst.o compile
FAIL: tmpdir-g++.dg-struct-layout-1/t025 cp_compat_y_tst.o compile
FAIL: tmpdir-g++.dg-struct-layout-1/t026 cp_compat_x_tst.o compile
FAIL: tmpdir-g++.dg-struct-layout-1/t026 cp_compat_y_tst.o compile
FAIL: tmpdir-g++.dg-struct-layout-1/t026 cp_compat_x_tst.o-cp_compat_y_tst.o
execute
FAIL: tmpdir-g++.dg-struct-layout-1/t027 cp_compat_x_tst.o compile
FAIL: tmpdir-g++.dg-struct-layout-1/t027 cp_compat_y_tst.o compile
FAIL: tmpdir-g++.dg-struct-layout-1/t028 cp_compat_x_tst.o compile
FAIL: tmpdir-g++.dg-struct-layout-1/t028 cp_compat_y_tst.o compile
FAIL: tmpdir-g++.dg-struct-layout-1/t029 cp_compat_x_tst.o compile
FAIL: tmpdir-g++.dg-struct-layout-1/t029 cp_compat_y_tst.o compile
FAIL: tmpdir-g++.dg-struct-layout-1/t030 cp_compat_x_tst.o compile
FAIL: tmpdir-g++.dg-struct-layout-1/t030 cp_compat_y_tst.o compile
FAIL: g++.dg/debug/debug9.C (test for excess errors)
FAIL: g++.dg/debug/debug9.C (test for excess errors)
FAIL: g++.dg/debug/debug9.C (test for excess errors)
FAIL: g++.dg/debug/debug9.C (test for excess errors)
FAIL: g++.dg/abi/local1.C execution test
FAIL: g++.dg/abi/thunk5.C scan-assembler weak.*ZTv
FAIL: g++.dg/init/cleanup3.C scan-assembler-not _tcf
FAIL: g++.dg/lto/20081118 cp_lto_20081118_0.o-cp_lto_20081118_1.o link, -fPIC
-flto -flto-partition=1to1 -r -nostdlib
UNRESOLVED: g++.dg/lto/20081118 cp_lto_20081118_0.o-cp_lto_20081118_1.o
execute -fPIC -flto -flto-partition=1to1 -r -nostdlib
FAIL: g++.dg/lto/20081204-1 cp_lto_20081204-1_0.o-cp_lto_20081204-1_1.o link,
-flto -flto-partition=1to1 -fPIC -r -nostdlib
UNRESOLVED: g++.dg/lto/20081204-1 cp_lto_20081204-1_0.o-cp_lto_20081204-1_1.o
execute -flto -flto-partition=1to1 -fPIC -r -nostdlib
FAIL: g++.dg/lto/20081219 cp_lto_20081219_0.o-cp_lto_20081219_1.o link, -fPIC
-flto -flto-partition=1to1 -O2
UNRESOLVED: g++.dg/lto/20081219 cp_lto_20081219_0.o-cp_lto_20081219_1.o
execute -fPIC -flto -flto-partition=1to1 -O2
FAIL: g++.dg/lto/20100724-1 cp_lto_20100724-1_0.o-cp_lto_20100724-1_0.o link,
-ftoplevel-reorder -flto -flto-partition=none
UNRESOLVED: g++.dg/lto/20100724-1 cp_lto_20100724-1_0.o-cp_lto_20100724-1_0.o
execute -ftoplevel-reorder -flto -flto-partition=none
FAIL: g++.dg/lto/20100724-1 cp_lto_20100724-1_0.o-cp_lto_20100724-1_0.o link,
-ftoplevel-reorder -flto -flto-partition=1to1
UNRESOLVED: g++.dg/lto/20100724-1 cp_lto_20100724-1_0.o-cp_lto_20100724-1_0.o
execute -ftoplevel-reorder -flto -flto-partition=1to1
XPASS: g++.old-deja/g++.ext/attrib5.C execution test
FAIL: g++.old-deja/g++.other/init5.C execution test
=== g++ Summary ===
# of expected passes 28101
# of unexpected failures 74
# of unexpected successes 1
# of expected failures 162
# of unresolved testcases 5
# of unsupported tests 304
/gnu/gcc/obj-pr43601/gcc/testsuite/g++/../../g++ version 4.6.0 20110121
(experimental) (GCC)
=== gcc tests ===
Running target unix
FAIL: gcc.c-torture/compile/limits-exprparen.c (test for excess errors)
FAIL: gcc.c-torture/compile/limits-exprparen.c (test for excess errors)
FAIL: gcc.c-torture/compile/limits-exprparen.c (test for excess errors)
FAIL: gcc.c-torture/compile/limits-exprparen.c (test for excess errors)
FAIL: gcc.c-torture/compile/limits-exprparen.c (test for excess errors)
FAIL: gcc.c-torture/compile/limits-exprparen.c (test for excess errors)
FAIL: gcc.c-torture/compile/limits-exprparen.c (test for excess errors)
FAIL: gcc.c-torture/compile/limits-exprparen.c (test for excess errors)
FAIL: gcc.dg/pr47276.c (test for excess errors)
FAIL: gcc.dg/graphite/run-id-1.c execution test
FAIL: gcc.dg/graphite/pr43012.c execution test
FAIL: gcc.dg/lto/20081222 c_lto_20081222_1.o assemble, -O0 -flto
-flto-partition=none
UNRESOLVED: gcc.dg/lto/20081222 c_lto_20081222_0.o-c_lto_20081222_1.o link -O0
-flto -flto-partition=none
UNRESOLVED: gcc.dg/lto/20081222 c_lto_20081222_0.o-c_lto_20081222_1.o execute
-O0 -flto -flto-partition=none
FAIL: gcc.dg/lto/20081222 c_lto_20081222_1.o assemble, -O2 -flto
-flto-partition=none
UNRESOLVED: gcc.dg/lto/20081222 c_lto_20081222_0.o-c_lto_20081222_1.o link -O2
-flto -flto-partition=none
UNRESOLVED: gcc.dg/lto/20081222 c_lto_20081222_0.o-c_lto_20081222_1.o execute
-O2 -flto -flto-partition=none
FAIL: gcc.dg/lto/20081222 c_lto_20081222_1.o assemble, -O0 -flto
-flto-partition=1to1
UNRESOLVED: gcc.dg/lto/20081222 c_lto_20081222_0.o-c_lto_20081222_1.o link -O0
-flto -flto-partition=1to1
UNRESOLVED: gcc.dg/lto/20081222 c_lto_20081222_0.o-c_lto_20081222_1.o execute
-O0 -flto -flto-partition=1to1
FAIL: gcc.dg/lto/20081222 c_lto_20081222_1.o assemble, -O2 -flto
-flto-partition=1to1
UNRESOLVED: gcc.dg/lto/20081222 c_lto_20081222_0.o-c_lto_20081222_1.o link -O2
-flto -flto-partition=1to1
UNRESOLVED: gcc.dg/lto/20081222 c_lto_20081222_0.o-c_lto_20081222_1.o execute
-O2 -flto -flto-partition=1to1
FAIL: gcc.dg/lto/20081222 c_lto_20081222_1.o assemble, -O0 -flto
UNRESOLVED: gcc.dg/lto/20081222 c_lto_20081222_0.o-c_lto_20081222_1.o link -O0
-flto
UNRESOLVED: gcc.dg/lto/20081222 c_lto_20081222_0.o-c_lto_20081222_1.o execute
-O0 -flto
FAIL: gcc.dg/lto/20081222 c_lto_20081222_1.o assemble, -O2 -flto
UNRESOLVED: gcc.dg/lto/20081222 c_lto_20081222_0.o-c_lto_20081222_1.o link -O2
-flto
UNRESOLVED: gcc.dg/lto/20081222 c_lto_20081222_0.o-c_lto_20081222_1.o execute
-O2 -flto
FAIL: gcc.dg/lto/20090914-2 c_lto_20090914-2_0.o assemble, -O0 -flto
-flto-partition=none
UNRESOLVED: gcc.dg/lto/20090914-2 c_lto_20090914-2_0.o-c_lto_20090914-2_0.o
link -O0 -flto -flto-partition=none
UNRESOLVED: gcc.dg/lto/20090914-2 c_lto_20090914-2_0.o-c_lto_20090914-2_0.o
execute -O0 -flto -flto-partition=none
FAIL: gcc.dg/lto/20090914-2 c_lto_20090914-2_0.o assemble, -O2 -flto
-flto-partition=none
UNRESOLVED: gcc.dg/lto/20090914-2 c_lto_20090914-2_0.o-c_lto_20090914-2_0.o
link -O2 -flto -flto-partition=none
UNRESOLVED: gcc.dg/lto/20090914-2 c_lto_20090914-2_0.o-c_lto_20090914-2_0.o
execute -O2 -flto -flto-partition=none
FAIL: gcc.dg/lto/20090914-2 c_lto_20090914-2_0.o assemble, -O0 -flto
-flto-partition=1to1
UNRESOLVED: gcc.dg/lto/20090914-2 c_lto_20090914-2_0.o-c_lto_20090914-2_0.o
link -O0 -flto -flto-partition=1to1
UNRESOLVED: gcc.dg/lto/20090914-2 c_lto_20090914-2_0.o-c_lto_20090914-2_0.o
execute -O0 -flto -flto-partition=1to1
FAIL: gcc.dg/lto/20090914-2 c_lto_20090914-2_0.o assemble, -O2 -flto
-flto-partition=1to1
UNRESOLVED: gcc.dg/lto/20090914-2 c_lto_20090914-2_0.o-c_lto_20090914-2_0.o
link -O2 -flto -flto-partition=1to1
UNRESOLVED: gcc.dg/lto/20090914-2 c_lto_20090914-2_0.o-c_lto_20090914-2_0.o
execute -O2 -flto -flto-partition=1to1
FAIL: gcc.dg/lto/20090914-2 c_lto_20090914-2_0.o assemble, -O0 -flto
UNRESOLVED: gcc.dg/lto/20090914-2 c_lto_20090914-2_0.o-c_lto_20090914-2_0.o
link -O0 -flto
UNRESOLVED: gcc.dg/lto/20090914-2 c_lto_20090914-2_0.o-c_lto_20090914-2_0.o
execute -O0 -flto
FAIL: gcc.dg/lto/20090914-2 c_lto_20090914-2_0.o assemble, -O2 -flto
UNRESOLVED: gcc.dg/lto/20090914-2 c_lto_20090914-2_0.o-c_lto_20090914-2_0.o
link -O2 -flto
UNRESOLVED: gcc.dg/lto/20090914-2 c_lto_20090914-2_0.o-c_lto_20090914-2_0.o
execute -O2 -flto
FAIL: gcc.dg/lto/pr46940 c_lto_pr46940_0.o assemble, -O0 -flto
-flto-partition=none
UNRESOLVED: gcc.dg/lto/pr46940 c_lto_pr46940_0.o-c_lto_pr46940_1.o link -O0
-flto -flto-partition=none
UNRESOLVED: gcc.dg/lto/pr46940 c_lto_pr46940_0.o-c_lto_pr46940_1.o execute -O0
-flto -flto-partition=none
FAIL: gcc.dg/lto/pr46940 c_lto_pr46940_0.o assemble, -O2 -flto
-flto-partition=none
UNRESOLVED: gcc.dg/lto/pr46940 c_lto_pr46940_0.o-c_lto_pr46940_1.o link -O2
-flto -flto-partition=none
UNRESOLVED: gcc.dg/lto/pr46940 c_lto_pr46940_0.o-c_lto_pr46940_1.o execute -O2
-flto -flto-partition=none
FAIL: gcc.dg/lto/pr46940 c_lto_pr46940_0.o assemble, -O0 -flto
-flto-partition=1to1
UNRESOLVED: gcc.dg/lto/pr46940 c_lto_pr46940_0.o-c_lto_pr46940_1.o link -O0
-flto -flto-partition=1to1
UNRESOLVED: gcc.dg/lto/pr46940 c_lto_pr46940_0.o-c_lto_pr46940_1.o execute -O0
-flto -flto-partition=1to1
FAIL: gcc.dg/lto/pr46940 c_lto_pr46940_0.o assemble, -O2 -flto
-flto-partition=1to1
UNRESOLVED: gcc.dg/lto/pr46940 c_lto_pr46940_0.o-c_lto_pr46940_1.o link -O2
-flto -flto-partition=1to1
UNRESOLVED: gcc.dg/lto/pr46940 c_lto_pr46940_0.o-c_lto_pr46940_1.o execute -O2
-flto -flto-partition=1to1
FAIL: gcc.dg/lto/pr46940 c_lto_pr46940_0.o assemble, -O0 -flto
UNRESOLVED: gcc.dg/lto/pr46940 c_lto_pr46940_0.o-c_lto_pr46940_1.o link -O0 -flto
UNRESOLVED: gcc.dg/lto/pr46940 c_lto_pr46940_0.o-c_lto_pr46940_1.o execute -O0
-flto
FAIL: gcc.dg/lto/pr46940 c_lto_pr46940_0.o assemble, -O2 -flto
UNRESOLVED: gcc.dg/lto/pr46940 c_lto_pr46940_0.o-c_lto_pr46940_1.o link -O2 -flto
UNRESOLVED: gcc.dg/lto/pr46940 c_lto_pr46940_0.o-c_lto_pr46940_1.o execute -O2
-flto
FAIL: gcc.dg/matrix/transpose-3.c execution, -fprofile-use
-fipa-matrix-reorg -fdump-ipa-matrix-reorg -O3 -fwhole-program
FAIL: largefile.c (internal compiler error)
FAIL: largefile.c (test for excess errors)
FAIL: gcc.dg/pch/largefile.c -O0 -g assembly comparison
FAIL: largefile.c (internal compiler error)
FAIL: largefile.c (test for excess errors)
FAIL: gcc.dg/pch/largefile.c -O0 assembly comparison
FAIL: largefile.c (internal compiler error)
FAIL: largefile.c (test for excess errors)
FAIL: gcc.dg/pch/largefile.c -O1 assembly comparison
FAIL: largefile.c (internal compiler error)
FAIL: largefile.c (test for excess errors)
FAIL: gcc.dg/pch/largefile.c -O2 assembly comparison
FAIL: largefile.c (internal compiler error)
FAIL: largefile.c (test for excess errors)
FAIL: gcc.dg/pch/largefile.c -O3 -fomit-frame-pointer assembly comparison
FAIL: largefile.c (internal compiler error)
FAIL: largefile.c (test for excess errors)
FAIL: gcc.dg/pch/largefile.c -O3 -g assembly comparison
FAIL: largefile.c (internal compiler error)
FAIL: largefile.c (test for excess errors)
FAIL: gcc.dg/pch/largefile.c -Os assembly comparison
FAIL: gcc.dg/tls/thr-cse-1.c scan-assembler-not
emutls_get_address.*emutls_get_address.*
FAIL: gcc.dg/torture/stackalign/builtin-apply-3.c execution test
FAIL: gcc.dg/torture/stackalign/builtin-apply-3.c execution test
FAIL: gcc.dg/torture/stackalign/builtin-apply-3.c execution test
FAIL: gcc.dg/torture/stackalign/builtin-apply-3.c execution test
FAIL: gcc.dg/torture/stackalign/builtin-apply-3.c execution test
FAIL: gcc.dg/torture/stackalign/builtin-apply-3.c execution test
FAIL: gcc.dg/torture/stackalign/builtin-apply-3.c execution test
FAIL: gcc.dg/torture/stackalign/builtin-apply-3.c execution test
FAIL: gcc.dg/torture/stackalign/builtin-apply-3.c execution test
FAIL: gcc.dg/torture/stackalign/builtin-apply-3.c execution test
FAIL: gcc.dg/torture/stackalign/builtin-apply-3.c execution test
FAIL: gcc.dg/torture/stackalign/builtin-apply-3.c execution test
FAIL: gcc.dg/torture/stackalign/builtin-apply-3.c execution test
FAIL: gcc.dg/torture/stackalign/builtin-apply-3.c execution test
FAIL: gcc.dg/torture/stackalign/builtin-apply-3.c execution test
FAIL: gcc.dg/torture/stackalign/builtin-apply-3.c execution test
FAIL: gcc.dg/torture/stackalign/builtin-apply-4.c execution test
FAIL: gcc.dg/torture/stackalign/builtin-apply-4.c execution test
FAIL: gcc.dg/torture/stackalign/builtin-apply-4.c execution test
FAIL: gcc.dg/torture/stackalign/builtin-apply-4.c execution test
FAIL: gcc.dg/torture/stackalign/builtin-apply-4.c execution test
FAIL: gcc.dg/torture/stackalign/builtin-apply-4.c execution test
FAIL: gcc.dg/torture/stackalign/builtin-apply-4.c execution test
FAIL: gcc.dg/torture/stackalign/builtin-apply-4.c execution test
FAIL: gcc.dg/torture/stackalign/builtin-apply-4.c execution test
FAIL: gcc.dg/torture/stackalign/builtin-apply-4.c execution test
FAIL: gcc.dg/torture/stackalign/builtin-apply-4.c execution test
FAIL: gcc.dg/torture/stackalign/builtin-apply-4.c execution test
FAIL: gcc.dg/torture/stackalign/builtin-apply-4.c execution test
FAIL: gcc.dg/torture/stackalign/builtin-apply-4.c execution test
FAIL: gcc.dg/torture/stackalign/builtin-apply-4.c execution test
FAIL: gcc.dg/torture/stackalign/builtin-apply-4.c execution test
FAIL: gcc.dg/torture/stackalign/builtin-return-1.c execution test
FAIL: gcc.dg/torture/stackalign/builtin-return-1.c execution test
FAIL: gcc.dg/torture/stackalign/builtin-return-1.c execution test
FAIL: gcc.dg/torture/stackalign/builtin-return-1.c execution test
FAIL: gcc.dg/torture/stackalign/builtin-return-1.c execution test
FAIL: gcc.dg/torture/stackalign/builtin-return-1.c execution test
FAIL: gcc.dg/torture/stackalign/builtin-return-1.c execution test
FAIL: gcc.dg/torture/stackalign/builtin-return-1.c execution test
FAIL: gcc.dg/torture/stackalign/builtin-return-1.c execution test
FAIL: gcc.dg/torture/stackalign/builtin-return-1.c execution test
FAIL: gcc.dg/torture/stackalign/builtin-return-1.c execution test
FAIL: gcc.dg/torture/stackalign/builtin-return-1.c execution test
FAIL: gcc.dg/torture/stackalign/builtin-return-1.c execution test
FAIL: gcc.dg/torture/stackalign/builtin-return-1.c execution test
FAIL: gcc.dg/torture/stackalign/builtin-return-1.c execution test
FAIL: gcc.dg/torture/stackalign/builtin-return-1.c execution test
FAIL: gcc.dg/tree-ssa/pr36881.c scan-assembler-not CSWTCH
FAIL: gcc.dg/tree-ssa/pr36881.c scan-tree-dump switchconv "need runtime
relocations"
FAIL: gcc.dg/tree-ssa/ssa-ccp-17.c scan-tree-dump ccp1 "= g.i;"
FAIL: gcc.dg/tree-ssa/ssa-store-ccp-2.c scan-tree-dump-times optimized
"conststaticvariable" 1
FAIL: gcc.dg/tree-ssa/ssa-store-ccp-4.c scan-tree-dump-times optimized
"conststaticvariable" 1
FAIL: gcc.target/i386/pad-4.c scan-assembler-times nop 8
FAIL: gcc.target/i386/pr25993.c (test for excess errors)
FAIL: gcc.target/i386/pr37843-4.c scan-assembler jmp[\\\\t ]*foo
FAIL: gcc.target/i386/pr40906-1.c (test for excess errors)
FAIL: gcc.target/i386/pr40906-2.c (test for excess errors)
FAIL: gcc.target/i386/pr46226.c (test for excess errors)
=== gcc Summary ===
# of expected passes 80912
# of unexpected failures 111
# of expected failures 222
# of unresolved testcases 36
# of unsupported tests 917
/gnu/gcc/obj-pr43601/gcc/xgcc version 4.6.0 20110121 (experimental) (GCC)
=== libstdc++ tests ===
Running target unix
FAIL: 22_locale/ctype/scan/wchar_t/1.cc execution test
FAIL: 22_locale/ctype/scan/wchar_t/1.cc execution test
FAIL: 22_locale/ctype/scan/wchar_t/1.cc execution test
FAIL: 27_io/basic_filebuf/seekpos/char/1-io.cc execution test
FAIL: 27_io/basic_filebuf/seekpos/char/1-io.cc execution test
FAIL: 27_io/basic_filebuf/seekpos/char/2-io.cc execution test
FAIL: 27_io/basic_filebuf/seekpos/char/2-io.cc execution test
FAIL: 27_io/basic_ostream/inserters_arithmetic/wchar_t/4402.cc execution test
FAIL: 27_io/basic_ostream/inserters_arithmetic/wchar_t/4402.cc execution test
FAIL: 27_io/basic_ostream/inserters_arithmetic/wchar_t/4402.cc execution test
FAIL: ext/codecvt/wchar_t.cc execution test
=== libstdc++ Summary ===
# of expected passes 16168
# of unexpected failures 11
# of expected failures 193
# of unsupported tests 1740
=== libstdc++ Summary ===
Compiler version: 4.6.0 20110121 (experimental) (GCC)
Platform: i686-pc-cygwin
configure flags: --prefix=/usr -v --with-gmp=/usr --with-mpfr=/usr
--enable-bootstrap --enable-version-specific-runtime-libs --enable-static
--enable-shared --enable-shared-libgcc --disable-__cxa_atexit --with-gnu-ld
--with-gnu-as --with-dwarf2 --disable-sjlj-exceptions --disable-symvers
--enable-libjava --enable-interpreter --program-suffix=-4 --enable-libgomp
--disable-libssp --disable-libada --enable-threads=posix --with-arch=native
--with-tune=native CC=gcc-4 CXX=g++-4 CC_FOR_TARGET=gcc-4 CXX_FOR_TARGET=g++-4
--with-ecj-jar=/usr/share/java/ecj.jar --disable-win32-registry
--disable-libgcj-debug --enable-graphite --disable-decimal-float
--with-plugin-ld=ld --enable-languages=c,c++,fortran,java,objc,obj-c++