This is the mail archive of the
gcc-testresults@gcc.gnu.org
mailing list for the GCC project.
Results for 4.6.0 20110121 (experimental) [trunk revision 169098] (GCC) testsuite on i386-pc-solaris2.10
- From: Rainer Orth <ro at CeBiTec dot Uni-Bielefeld dot DE>
- To: gcc-testresults at gcc dot gnu dot org
- Date: Mon, 24 Jan 2011 18:22:30 +0100 (MET)
- Subject: Results for 4.6.0 20110121 (experimental) [trunk revision 169098] (GCC) testsuite on i386-pc-solaris2.10
LAST_UPDATED: Fri Jan 21 18:54:32 UTC 2011 (revision 169098)
=== acats tests ===
=== acats Summary ===
# of expected passes 2321
# of unexpected failures 0
Native configuration is i386-pc-solaris2.10
=== g++ tests ===
Running target unix
FAIL: g++.dg/lto/20091219 cp_lto_20091219_0.o-cp_lto_20091219_0.o link, -O3 -flto
UNRESOLVED: g++.dg/lto/20091219 cp_lto_20091219_0.o-cp_lto_20091219_0.o execute -O3 -flto
=== g++ Summary for unix ===
# of expected passes 26383
# of unexpected failures 1
# of expected failures 160
# of unresolved testcases 1
# of unsupported tests 187
Running target unix/-m64
FAIL: g++.dg/lto/20091219 cp_lto_20091219_0.o-cp_lto_20091219_0.o link, -O3 -flto
UNRESOLVED: g++.dg/lto/20091219 cp_lto_20091219_0.o-cp_lto_20091219_0.o execute -O3 -flto
=== g++ Summary for unix/-m64 ===
# of expected passes 26617
# of unexpected failures 1
# of expected failures 160
# of unresolved testcases 1
# of unsupported tests 385
=== g++ Summary ===
# of expected passes 53000
# of unexpected failures 2
# of expected failures 320
# of unresolved testcases 2
# of unsupported tests 572
/var/gcc/regression/trunk/10-gcc-gas/build/gcc/testsuite/g++/../../g++ version 4.6.0 20110121 (experimental) [trunk revision 169098] (GCC)
=== gcc tests ===
Running target unix
=== gcc Summary for unix ===
# of expected passes 75057
# of expected failures 212
# of unsupported tests 783
Running target unix/-m64
=== gcc Summary for unix/-m64 ===
# of expected passes 75139
# of expected failures 212
# of unsupported tests 1196
=== gcc Summary ===
# of expected passes 150196
# of expected failures 424
# of unsupported tests 1979
/var/gcc/regression/trunk/10-gcc-gas/build/gcc/xgcc version 4.6.0 20110121 (experimental) [trunk revision 169098] (GCC)
=== gfortran tests ===
Running target unix
WARNING: program timed out.
FAIL: gfortran.dg/vect/fast-math-pr38968.f90 execution test
=== gfortran Summary for unix ===
# of expected passes 37617
# of unexpected failures 1
# of expected failures 43
# of unsupported tests 196
Running target unix/-m64
=== gfortran Summary for unix/-m64 ===
# of expected passes 37869
# of expected failures 41
# of unsupported tests 80
=== gfortran Summary ===
# of expected passes 75486
# of unexpected failures 1
# of expected failures 84
# of unsupported tests 276
/var/gcc/regression/trunk/10-gcc-gas/build/gcc/testsuite/gfortran/../../gfortran version 4.6.0 20110121 (experimental) [trunk revision 169098] (GCC)
=== gnat tests ===
Running target unix
=== gnat Summary for unix ===
# of expected passes 864
# of expected failures 10
# of unsupported tests 3
Running target unix/-m64
=== gnat Summary for unix/-m64 ===
# of expected passes 864
# of expected failures 10
# of unsupported tests 3
=== gnat Summary ===
# of expected passes 1728
# of expected failures 20
# of unsupported tests 6
=== objc tests ===
Running target unix
=== objc Summary for unix ===
# of expected passes 2903
# of expected failures 6
# of unsupported tests 74
Running target unix/-m64
=== objc Summary for unix/-m64 ===
# of expected passes 2893
# of expected failures 16
# of unsupported tests 74
=== objc Summary ===
# of expected passes 5796
# of expected failures 22
# of unsupported tests 148
/var/gcc/regression/trunk/10-gcc-gas/build/gcc/xgcc version 4.6.0 20110121 (experimental) [trunk revision 169098] (GCC)
=== libffi tests ===
Running target unix
=== libffi Summary for unix ===
# of expected passes 1634
# of expected failures 10
# of unsupported tests 15
Running target unix/-m64
=== libffi Summary for unix/-m64 ===
# of expected passes 1634
# of expected failures 10
# of unsupported tests 15
=== libffi Summary ===
# of expected passes 3268
# of expected failures 20
# of unsupported tests 30
=== libgomp tests ===
Running target unix
=== libgomp Summary for unix ===
# of expected passes 2522
# of unsupported tests 2
Running target unix/-m64
=== libgomp Summary for unix/-m64 ===
# of expected passes 2522
# of unsupported tests 2
=== libgomp Summary ===
# of expected passes 5044
# of unsupported tests 4
=== libjava tests ===
Running target unix
=== libjava Summary for unix ===
# of expected passes 2574
Running target unix/-m64
=== libjava Summary for unix/-m64 ===
# of expected passes 2574
=== libjava Summary ===
# of expected passes 5148
=== libstdc++ tests ===
Running target unix
=== libstdc++ Summary for unix ===
# of expected passes 7339
# of expected failures 86
# of unsupported tests 459
Running target unix/-m64
=== libstdc++ Summary for unix/-m64 ===
# of expected passes 7341
# of expected failures 84
# of unsupported tests 459
=== libstdc++ Summary ===
# of expected passes 14680
# of expected failures 170
# of unsupported tests 918
Compiler version: 4.6.0 20110121 (experimental) [trunk revision 169098] (GCC)
Platform: i386-pc-solaris2.10
configure flags: --prefix=/vol/gcc --target=i386-pc-solaris2.10 --with-as=/vol/gcc/bin/gas-2.21 --with-gnu-as --with-gmp=/vol/gcc --with-mpfr=/vol/gcc --with-mpc=/vol/gcc --enable-languages=all,ada
BOOT_CFLAGS=-g -O2