This is the mail archive of the
gcc-testresults@gcc.gnu.org
mailing list for the GCC project.
Results for 4.5.3 20110114 (prerelease) [gcc-4_5-branch revision 168769] (GCC) testsuite on i386-pc-solaris2.10
- From: Rainer Orth <ro at CeBiTec dot Uni-Bielefeld dot DE>
- To: gcc-testresults at gcc dot gnu dot org
- Date: Mon, 17 Jan 2011 12:28:10 +0100 (MET)
- Subject: Results for 4.5.3 20110114 (prerelease) [gcc-4_5-branch revision 168769] (GCC) testsuite on i386-pc-solaris2.10
LAST_UPDATED: Fri Jan 14 19:49:34 UTC 2011 (revision 168769)
=== acats tests ===
=== acats Summary ===
# of expected passes 2321
# of unexpected failures 0
Native configuration is i386-pc-solaris2.10
=== g++ tests ===
Running target unix
=== g++ Summary for unix ===
# of expected passes 23102
# of expected failures 152
# of unsupported tests 164
Running target unix/-m64
=== g++ Summary for unix/-m64 ===
# of expected passes 22722
# of expected failures 152
# of unsupported tests 347
=== g++ Summary ===
# of expected passes 45824
# of expected failures 304
# of unsupported tests 511
/var/gcc/regression/gcc-4.5-branch/10-gcc/build/gcc/testsuite/g++/../../g++ version 4.5.3 20110114 (prerelease) [gcc-4_5-branch revision 168769] (GCC)
=== gcc tests ===
Running target unix
FAIL: gcc.dg/compat/vector-1b c_compat_x_tst.o-c_compat_y_tst.o execute
FAIL: gcc.dg/compat/vector-2b c_compat_x_tst.o-c_compat_y_tst.o execute
FAIL: gcc.dg/lto/20081201-2 c_lto_20081201-2_0.o-c_lto_20081201-2_1.o execute -O3 -fwhopr
FAIL: gcc.target/i386/avx-vpermilpd-2.c (test for excess errors)
WARNING: gcc.target/i386/avx-vpermilpd-2.c compilation failed to produce executable
FAIL: gcc.target/i386/avx-vpermilpd-256-2.c (test for excess errors)
WARNING: gcc.target/i386/avx-vpermilpd-256-2.c compilation failed to produce executable
=== gcc Summary for unix ===
# of expected passes 71280
# of unexpected failures 5
# of expected failures 167
# of unsupported tests 724
Running target unix/-m64
UNRESOLVED: gcc.c-torture/execute/960321-1.c execution, -O1
UNRESOLVED: gcc.c-torture/execute/960321-1.c execution, -O2
UNRESOLVED: gcc.c-torture/execute/960321-1.c execution, -O3 -fomit-frame-pointer
UNRESOLVED: gcc.c-torture/execute/960321-1.c execution, -O3 -g
UNRESOLVED: gcc.c-torture/execute/960321-1.c execution, -Os
UNRESOLVED: gcc.c-torture/execute/960321-1.c execution, -O2 -flto
UNRESOLVED: gcc.c-torture/execute/960321-1.c execution, -O2 -fwhopr
FAIL: gcc.dg/compat/vector-1b c_compat_x_tst.o-c_compat_y_tst.o execute
FAIL: gcc.dg/compat/vector-2b c_compat_x_tst.o-c_compat_y_tst.o execute
FAIL: gcc.dg/lto/20081201-2 c_lto_20081201-2_0.o-c_lto_20081201-2_1.o execute -O3 -fwhopr
FAIL: gcc.target/i386/avx-vcvtsd2si-2.c (test for excess errors)
WARNING: gcc.target/i386/avx-vcvtsd2si-2.c compilation failed to produce executable
FAIL: gcc.target/i386/avx-vcvtss2si-2.c (test for excess errors)
WARNING: gcc.target/i386/avx-vcvtss2si-2.c compilation failed to produce executable
FAIL: gcc.target/i386/avx-vcvttsd2si-2.c (test for excess errors)
WARNING: gcc.target/i386/avx-vcvttsd2si-2.c compilation failed to produce executable
FAIL: gcc.target/i386/avx-vcvttss2si-2.c (test for excess errors)
WARNING: gcc.target/i386/avx-vcvttss2si-2.c compilation failed to produce executable
FAIL: gcc.target/i386/avx-vpermilpd-2.c (test for excess errors)
WARNING: gcc.target/i386/avx-vpermilpd-2.c compilation failed to produce executable
FAIL: gcc.target/i386/avx-vpermilpd-256-2.c (test for excess errors)
WARNING: gcc.target/i386/avx-vpermilpd-256-2.c compilation failed to produce executable
=== gcc Summary for unix/-m64 ===
# of expected passes 70800
# of unexpected failures 9
# of expected failures 172
# of unresolved testcases 7
# of unsupported tests 1075
=== gcc Summary ===
# of expected passes 142080
# of unexpected failures 14
# of expected failures 339
# of unresolved testcases 7
# of unsupported tests 1799
/var/gcc/regression/gcc-4.5-branch/10-gcc/build/gcc/xgcc version 4.5.3 20110114 (prerelease) [gcc-4_5-branch revision 168769] (GCC)
=== gfortran tests ===
Running target unix
=== gfortran Summary for unix ===
# of expected passes 34279
# of expected failures 20
# of unsupported tests 146
Running target unix/-m64
=== gfortran Summary for unix/-m64 ===
# of expected passes 34432
# of expected failures 20
# of unsupported tests 78
=== gfortran Summary ===
# of expected passes 68711
# of expected failures 40
# of unsupported tests 224
/var/gcc/regression/gcc-4.5-branch/10-gcc/build/gcc/testsuite/gfortran/../../gfortran version 4.5.3 20110114 (prerelease) [gcc-4_5-branch revision 168769] (GCC)
=== gnat tests ===
Running target unix
=== gnat Summary for unix ===
# of expected passes 766
# of expected failures 7
# of unsupported tests 1
Running target unix/-m64
=== gnat Summary for unix/-m64 ===
# of expected passes 766
# of expected failures 7
# of unsupported tests 1
=== gnat Summary ===
# of expected passes 1532
# of expected failures 14
# of unsupported tests 2
=== objc tests ===
Running target unix
=== objc Summary for unix ===
# of expected passes 1882
# of expected failures 7
# of unsupported tests 20
Running target unix/-m64
=== objc Summary for unix/-m64 ===
# of expected passes 1874
# of expected failures 15
# of unsupported tests 20
=== objc Summary ===
# of expected passes 3756
# of expected failures 22
# of unsupported tests 40
/var/gcc/regression/gcc-4.5-branch/10-gcc/build/gcc/xgcc version 4.5.3 20110114 (prerelease) [gcc-4_5-branch revision 168769] (GCC)
=== libffi tests ===
Running target unix
=== libffi Summary for unix ===
# of expected passes 1634
# of expected failures 10
# of unsupported tests 15
Running target unix/-m64
=== libffi Summary for unix/-m64 ===
# of expected passes 1634
# of expected failures 10
# of unsupported tests 15
=== libffi Summary ===
# of expected passes 3268
# of expected failures 20
# of unsupported tests 30
=== libgomp tests ===
Running target unix
=== libgomp Summary for unix ===
# of expected passes 2506
# of unsupported tests 2
Running target unix/-m64
FAIL: libgomp.c/atomic-2.c (test for excess errors)
WARNING: libgomp.c/atomic-2.c compilation failed to produce executable
FAIL: libgomp.c/atomic-5.c (test for excess errors)
WARNING: libgomp.c/atomic-5.c compilation failed to produce executable
=== libgomp Summary for unix/-m64 ===
# of expected passes 2502
# of unexpected failures 2
# of unsupported tests 2
=== libgomp Summary ===
# of expected passes 5008
# of unexpected failures 2
# of unsupported tests 4
=== libjava tests ===
Running target unix
=== libjava Summary for unix ===
# of expected passes 2574
Running target unix/-m64
=== libjava Summary for unix/-m64 ===
# of expected passes 2574
=== libjava Summary ===
# of expected passes 5148
=== libstdc++ tests ===
Running target unix
=== libstdc++ Summary for unix ===
# of expected passes 6695
# of expected failures 95
# of unsupported tests 436
Running target unix/-m64
=== libstdc++ Summary for unix/-m64 ===
# of expected passes 6697
# of expected failures 93
# of unsupported tests 436
=== libstdc++ Summary ===
# of expected passes 13392
# of expected failures 188
# of unsupported tests 872
=== libstdc++ Summary ===
Compiler version: 4.5.3 20110114 (prerelease) [gcc-4_5-branch revision 168769] (GCC)
Platform: i386-pc-solaris2.10
configure flags: --prefix=/vol/gcc --target=i386-pc-solaris2.10 --with-gmp=/vol/gcc --with-mpfr=/vol/gcc --with-mpc=/vol/gcc --enable-languages=all,ada
BOOT_CFLAGS=-g -O2