This is the mail archive of the
gcc-testresults@gcc.gnu.org
mailing list for the GCC project.
Results for 4.6.0 20110103 (experimental) [trunk revision 168414] (GCC) testsuite on moxie-unknown-elf
- From: green at gcc14 dot fsffrance dot org
- To: gcc-testresults at gcc dot gnu dot org
- Date: Mon, 03 Jan 2011 03:57:24 +0100
- Subject: Results for 4.6.0 20110103 (experimental) [trunk revision 168414] (GCC) testsuite on moxie-unknown-elf
LAST_UPDATED: Mon Jan 3 01:30:03 UTC 2011 (revision 168414)
Target is moxie-unknown-elf
Host is x86_64-unknown-linux-gnu
=== gcc tests ===
Running target moxie-sim
WARNING: program timed out.
FAIL: gcc.c-torture/compile/20050622-1.c -O3 -g (test for excess errors)
FAIL: gcc.c-torture/execute/builtins/20010124-1.c compilation, -O2 -flto -flto-partition=none
UNRESOLVED: gcc.c-torture/execute/builtins/20010124-1.c execution, -O2 -flto -flto-partition=none
FAIL: gcc.c-torture/execute/builtins/abs-1.c compilation, -O2 -flto -flto-partition=none
UNRESOLVED: gcc.c-torture/execute/builtins/abs-1.c execution, -O2 -flto -flto-partition=none
FAIL: gcc.c-torture/execute/builtins/abs-2.c compilation, -O2 -flto -flto-partition=none
UNRESOLVED: gcc.c-torture/execute/builtins/abs-2.c execution, -O2 -flto -flto-partition=none
FAIL: gcc.c-torture/execute/builtins/abs-3.c compilation, -O2 -flto -flto-partition=none
UNRESOLVED: gcc.c-torture/execute/builtins/abs-3.c execution, -O2 -flto -flto-partition=none
FAIL: gcc.c-torture/execute/builtins/complex-1.c compilation, -O2 -flto -flto-partition=none
UNRESOLVED: gcc.c-torture/execute/builtins/complex-1.c execution, -O2 -flto -flto-partition=none
FAIL: gcc.c-torture/execute/builtins/fprintf.c compilation, -O2 -flto -flto-partition=none
UNRESOLVED: gcc.c-torture/execute/builtins/fprintf.c execution, -O2 -flto -flto-partition=none
FAIL: gcc.c-torture/execute/builtins/fputs.c compilation, -O2 -flto -flto-partition=none
UNRESOLVED: gcc.c-torture/execute/builtins/fputs.c execution, -O2 -flto -flto-partition=none
FAIL: gcc.c-torture/execute/builtins/memchr.c compilation, -O2 -flto -flto-partition=none
UNRESOLVED: gcc.c-torture/execute/builtins/memchr.c execution, -O2 -flto -flto-partition=none
FAIL: gcc.c-torture/execute/builtins/memcmp.c compilation, -O2 -flto -flto-partition=none
UNRESOLVED: gcc.c-torture/execute/builtins/memcmp.c execution, -O2 -flto -flto-partition=none
FAIL: gcc.c-torture/execute/builtins/memcpy-chk.c compilation, -O2 -flto -flto-partition=none
UNRESOLVED: gcc.c-torture/execute/builtins/memcpy-chk.c execution, -O2 -flto -flto-partition=none
FAIL: gcc.c-torture/execute/builtins/memmove-2.c compilation, -O2 -flto -flto-partition=none
UNRESOLVED: gcc.c-torture/execute/builtins/memmove-2.c execution, -O2 -flto -flto-partition=none
FAIL: gcc.c-torture/execute/builtins/memmove-chk.c compilation, -O2 -flto -flto-partition=none
UNRESOLVED: gcc.c-torture/execute/builtins/memmove-chk.c execution, -O2 -flto -flto-partition=none
FAIL: gcc.c-torture/execute/builtins/memmove.c compilation, -O2 -flto -flto-partition=none
UNRESOLVED: gcc.c-torture/execute/builtins/memmove.c execution, -O2 -flto -flto-partition=none
FAIL: gcc.c-torture/execute/builtins/memops-asm.c compilation, -O2 -flto -flto-partition=none
UNRESOLVED: gcc.c-torture/execute/builtins/memops-asm.c execution, -O2 -flto -flto-partition=none
FAIL: gcc.c-torture/execute/builtins/mempcpy-2.c compilation, -O2 -flto -flto-partition=none
UNRESOLVED: gcc.c-torture/execute/builtins/mempcpy-2.c execution, -O2 -flto -flto-partition=none
FAIL: gcc.c-torture/execute/builtins/mempcpy-chk.c compilation, -O2 -flto -flto-partition=none
UNRESOLVED: gcc.c-torture/execute/builtins/mempcpy-chk.c execution, -O2 -flto -flto-partition=none
FAIL: gcc.c-torture/execute/builtins/mempcpy.c compilation, -O2 -flto -flto-partition=none
UNRESOLVED: gcc.c-torture/execute/builtins/mempcpy.c execution, -O2 -flto -flto-partition=none
FAIL: gcc.c-torture/execute/builtins/memset-chk.c compilation, -O2 -flto -flto-partition=none
UNRESOLVED: gcc.c-torture/execute/builtins/memset-chk.c execution, -O2 -flto -flto-partition=none
FAIL: gcc.c-torture/execute/builtins/memset.c compilation, -O2 -flto -flto-partition=none
UNRESOLVED: gcc.c-torture/execute/builtins/memset.c execution, -O2 -flto -flto-partition=none
FAIL: gcc.c-torture/execute/builtins/pr22237.c compilation, -O2 -flto -flto-partition=none
UNRESOLVED: gcc.c-torture/execute/builtins/pr22237.c execution, -O2 -flto -flto-partition=none
FAIL: gcc.c-torture/execute/builtins/pr23484-chk.c compilation, -O2 -flto -flto-partition=none
UNRESOLVED: gcc.c-torture/execute/builtins/pr23484-chk.c execution, -O2 -flto -flto-partition=none
FAIL: gcc.c-torture/execute/builtins/printf.c compilation, -O2 -flto -flto-partition=none
UNRESOLVED: gcc.c-torture/execute/builtins/printf.c execution, -O2 -flto -flto-partition=none
FAIL: gcc.c-torture/execute/builtins/snprintf-chk.c compilation, -O2 -flto -flto-partition=none
UNRESOLVED: gcc.c-torture/execute/builtins/snprintf-chk.c execution, -O2 -flto -flto-partition=none
FAIL: gcc.c-torture/execute/builtins/sprintf-chk.c compilation, -O2 -flto -flto-partition=none
UNRESOLVED: gcc.c-torture/execute/builtins/sprintf-chk.c execution, -O2 -flto -flto-partition=none
FAIL: gcc.c-torture/execute/builtins/sprintf.c compilation, -O2 -flto -flto-partition=none
UNRESOLVED: gcc.c-torture/execute/builtins/sprintf.c execution, -O2 -flto -flto-partition=none
FAIL: gcc.c-torture/execute/builtins/stpcpy-chk.c compilation, -O2 -flto -flto-partition=none
UNRESOLVED: gcc.c-torture/execute/builtins/stpcpy-chk.c execution, -O2 -flto -flto-partition=none
FAIL: gcc.c-torture/execute/builtins/strcat-chk.c compilation, -O2 -flto -flto-partition=none
UNRESOLVED: gcc.c-torture/execute/builtins/strcat-chk.c execution, -O2 -flto -flto-partition=none
FAIL: gcc.c-torture/execute/builtins/strcat.c compilation, -O2 -flto -flto-partition=none
UNRESOLVED: gcc.c-torture/execute/builtins/strcat.c execution, -O2 -flto -flto-partition=none
FAIL: gcc.c-torture/execute/builtins/strchr.c compilation, -O2 -flto -flto-partition=none
UNRESOLVED: gcc.c-torture/execute/builtins/strchr.c execution, -O2 -flto -flto-partition=none
FAIL: gcc.c-torture/execute/builtins/strcmp.c compilation, -O2 -flto -flto-partition=none
UNRESOLVED: gcc.c-torture/execute/builtins/strcmp.c execution, -O2 -flto -flto-partition=none
FAIL: gcc.c-torture/execute/builtins/strcpy-2.c compilation, -O2 -flto -flto-partition=none
UNRESOLVED: gcc.c-torture/execute/builtins/strcpy-2.c execution, -O2 -flto -flto-partition=none
FAIL: gcc.c-torture/execute/builtins/strcpy-chk.c compilation, -O2 -flto -flto-partition=none
UNRESOLVED: gcc.c-torture/execute/builtins/strcpy-chk.c execution, -O2 -flto -flto-partition=none
FAIL: gcc.c-torture/execute/builtins/strcpy.c compilation, -O2 -flto -flto-partition=none
UNRESOLVED: gcc.c-torture/execute/builtins/strcpy.c execution, -O2 -flto -flto-partition=none
FAIL: gcc.c-torture/execute/builtins/strcspn.c compilation, -O2 -flto -flto-partition=none
UNRESOLVED: gcc.c-torture/execute/builtins/strcspn.c execution, -O2 -flto -flto-partition=none
FAIL: gcc.c-torture/execute/builtins/strlen-2.c compilation, -O2 -flto -flto-partition=none
UNRESOLVED: gcc.c-torture/execute/builtins/strlen-2.c execution, -O2 -flto -flto-partition=none
FAIL: gcc.c-torture/execute/builtins/strlen-3.c compilation, -O2 -flto -flto-partition=none
UNRESOLVED: gcc.c-torture/execute/builtins/strlen-3.c execution, -O2 -flto -flto-partition=none
FAIL: gcc.c-torture/execute/builtins/strlen.c compilation, -O2 -flto -flto-partition=none
UNRESOLVED: gcc.c-torture/execute/builtins/strlen.c execution, -O2 -flto -flto-partition=none
FAIL: gcc.c-torture/execute/builtins/strncat-chk.c compilation, -O2 -flto -flto-partition=none
UNRESOLVED: gcc.c-torture/execute/builtins/strncat-chk.c execution, -O2 -flto -flto-partition=none
FAIL: gcc.c-torture/execute/builtins/strncat.c compilation, -O2 -flto -flto-partition=none
UNRESOLVED: gcc.c-torture/execute/builtins/strncat.c execution, -O2 -flto -flto-partition=none
FAIL: gcc.c-torture/execute/builtins/strncmp-2.c compilation, -O2 -flto -flto-partition=none
UNRESOLVED: gcc.c-torture/execute/builtins/strncmp-2.c execution, -O2 -flto -flto-partition=none
FAIL: gcc.c-torture/execute/builtins/strncmp.c compilation, -O2 -flto -flto-partition=none
UNRESOLVED: gcc.c-torture/execute/builtins/strncmp.c execution, -O2 -flto -flto-partition=none
FAIL: gcc.c-torture/execute/builtins/strncpy-chk.c compilation, -O2 -flto -flto-partition=none
UNRESOLVED: gcc.c-torture/execute/builtins/strncpy-chk.c execution, -O2 -flto -flto-partition=none
FAIL: gcc.c-torture/execute/builtins/strncpy.c compilation, -O2 -flto -flto-partition=none
UNRESOLVED: gcc.c-torture/execute/builtins/strncpy.c execution, -O2 -flto -flto-partition=none
FAIL: gcc.c-torture/execute/builtins/strpbrk.c compilation, -O2 -flto -flto-partition=none
UNRESOLVED: gcc.c-torture/execute/builtins/strpbrk.c execution, -O2 -flto -flto-partition=none
FAIL: gcc.c-torture/execute/builtins/strpcpy-2.c compilation, -O2 -flto -flto-partition=none
UNRESOLVED: gcc.c-torture/execute/builtins/strpcpy-2.c execution, -O2 -flto -flto-partition=none
FAIL: gcc.c-torture/execute/builtins/strpcpy.c compilation, -O2 -flto -flto-partition=none
UNRESOLVED: gcc.c-torture/execute/builtins/strpcpy.c execution, -O2 -flto -flto-partition=none
FAIL: gcc.c-torture/execute/builtins/strrchr.c compilation, -O2 -flto -flto-partition=none
UNRESOLVED: gcc.c-torture/execute/builtins/strrchr.c execution, -O2 -flto -flto-partition=none
FAIL: gcc.c-torture/execute/builtins/strspn.c compilation, -O2 -flto -flto-partition=none
UNRESOLVED: gcc.c-torture/execute/builtins/strspn.c execution, -O2 -flto -flto-partition=none
FAIL: gcc.c-torture/execute/builtins/strstr-asm.c compilation, -O2 -flto -flto-partition=none
UNRESOLVED: gcc.c-torture/execute/builtins/strstr-asm.c execution, -O2 -flto -flto-partition=none
FAIL: gcc.c-torture/execute/builtins/strstr.c compilation, -O2 -flto -flto-partition=none
UNRESOLVED: gcc.c-torture/execute/builtins/strstr.c execution, -O2 -flto -flto-partition=none
FAIL: gcc.c-torture/execute/builtins/vsnprintf-chk.c compilation, -O2 -flto -flto-partition=none
UNRESOLVED: gcc.c-torture/execute/builtins/vsnprintf-chk.c execution, -O2 -flto -flto-partition=none
FAIL: gcc.c-torture/execute/builtins/vsprintf-chk.c compilation, -O2 -flto -flto-partition=none
UNRESOLVED: gcc.c-torture/execute/builtins/vsprintf-chk.c execution, -O2 -flto -flto-partition=none
FAIL: gcc.c-torture/execute/20101011-1.c execution, -O0
FAIL: gcc.c-torture/execute/20101011-1.c execution, -O1
FAIL: gcc.c-torture/execute/20101011-1.c execution, -O2
FAIL: gcc.c-torture/execute/20101011-1.c execution, -O3 -fomit-frame-pointer
FAIL: gcc.c-torture/execute/20101011-1.c execution, -O3 -g
FAIL: gcc.c-torture/execute/20101011-1.c execution, -Os
FAIL: gcc.c-torture/execute/20101011-1.c execution, -O2 -flto -flto-partition=none
FAIL: gcc.c-torture/execute/20101011-1.c execution, -O2 -flto
FAIL: gcc.c-torture/execute/pr42833.c compilation, -O0
UNRESOLVED: gcc.c-torture/execute/pr42833.c execution, -O0
FAIL: gcc.c-torture/execute/pr42833.c compilation, -O1
UNRESOLVED: gcc.c-torture/execute/pr42833.c execution, -O1
FAIL: gcc.c-torture/execute/pr42833.c compilation, -O2
UNRESOLVED: gcc.c-torture/execute/pr42833.c execution, -O2
FAIL: gcc.c-torture/execute/pr42833.c compilation, -O3 -fomit-frame-pointer
UNRESOLVED: gcc.c-torture/execute/pr42833.c execution, -O3 -fomit-frame-pointer
FAIL: gcc.c-torture/execute/pr42833.c compilation, -O3 -fomit-frame-pointer -funroll-loops
UNRESOLVED: gcc.c-torture/execute/pr42833.c execution, -O3 -fomit-frame-pointer -funroll-loops
FAIL: gcc.c-torture/execute/pr42833.c compilation, -O3 -fomit-frame-pointer -funroll-all-loops -finline-functions
UNRESOLVED: gcc.c-torture/execute/pr42833.c execution, -O3 -fomit-frame-pointer -funroll-all-loops -finline-functions
FAIL: gcc.c-torture/execute/pr42833.c compilation, -O3 -g
UNRESOLVED: gcc.c-torture/execute/pr42833.c execution, -O3 -g
FAIL: gcc.c-torture/execute/pr42833.c compilation, -Os
UNRESOLVED: gcc.c-torture/execute/pr42833.c execution, -Os
FAIL: gcc.c-torture/execute/pr42833.c compilation, -O2 -flto -flto-partition=none
UNRESOLVED: gcc.c-torture/execute/pr42833.c execution, -O2 -flto -flto-partition=none
FAIL: gcc.c-torture/execute/pr42833.c compilation, -O2 -flto
UNRESOLVED: gcc.c-torture/execute/pr42833.c execution, -O2 -flto
FAIL: gcc.dg/builtin-apply2.c execution test
FAIL: gcc.dg/c99-stdint-1.c (test for excess errors)
FAIL: gcc.dg/c99-stdint-2.c (test for excess errors)
FAIL: gcc.dg/c99-stdint-4.c (test for excess errors)
FAIL: gcc.dg/c99-stdint-5.c (test for excess errors)
FAIL: gcc.dg/c99-stdint-6.c (test for excess errors)
FAIL: gcc.dg/c99-stdint-7.c (test for excess errors)
FAIL: gcc.dg/c99-stdint-8.c (test for excess errors)
FAIL: gcc.dg/cleanup-12.c execution test
FAIL: gcc.dg/cleanup-13.c execution test
FAIL: gcc.dg/cleanup-5.c execution test
FAIL: gcc.dg/large-size-array-2.c (internal compiler error)
FAIL: gcc.dg/large-size-array-2.c (test for errors, line 6)
FAIL: gcc.dg/large-size-array-2.c (test for excess errors)
FAIL: gcc.dg/large-size-array-4.c (internal compiler error)
FAIL: gcc.dg/large-size-array-4.c (test for errors, line 6)
FAIL: gcc.dg/large-size-array-4.c (test for excess errors)
FAIL: gcc.dg/pr41340.c (test for excess errors)
FAIL: gcc.dg/pr42629.c (test for excess errors)
FAIL: gcc.dg/pr44485.c (test for excess errors)
FAIL: gcc.dg/pr45055.c (test for excess errors)
FAIL: gcc.dg/pr45353.c (test for excess errors)
FAIL: gcc.dg/pr45733.c (test for excess errors)
FAIL: gcc.dg/pr46614.c (test for excess errors)
FAIL: gcc.dg/pr46867.c (test for excess errors)
FAIL: gcc.dg/pr46909.c scan-tree-dump ifcombine "optimizing two comparisons to x_[0-9]+\\(D\\) != 4"
FAIL: gcc.dg/sibcall-3.c execution test
FAIL: gcc.dg/sibcall-4.c execution test
FAIL: gcc.dg/stack-usage-1.c (test for excess errors)
FAIL: gcc.dg/stack-usage-1.c scan-file foo\\t(256|264)\\tstatic
FAIL: gcc.dg/uninit-pred-7_a.c bogus warning (test for bogus messages, line 26)
FAIL: gcc.dg/uninit-pred-8_a.c bogus warning (test for bogus messages, line 26)
FAIL: gcc.dg/lto/20081111 c_lto_20081111_0.o-c_lto_20081111_1.o link, -O0 -flto -flto-partition=none
UNRESOLVED: gcc.dg/lto/20081111 c_lto_20081111_0.o-c_lto_20081111_1.o execute -O0 -flto -flto-partition=none
FAIL: gcc.dg/lto/20081111 c_lto_20081111_0.o-c_lto_20081111_1.o link, -O2 -flto -flto-partition=none
UNRESOLVED: gcc.dg/lto/20081111 c_lto_20081111_0.o-c_lto_20081111_1.o execute -O2 -flto -flto-partition=none
FAIL: gcc.dg/lto/20081112 c_lto_20081112_0.o-c_lto_20081112_1.o link, -O0 -flto -flto-partition=none
UNRESOLVED: gcc.dg/lto/20081112 c_lto_20081112_0.o-c_lto_20081112_1.o execute -O0 -flto -flto-partition=none
FAIL: gcc.dg/lto/20081112 c_lto_20081112_0.o-c_lto_20081112_1.o link, -O2 -flto -flto-partition=none
UNRESOLVED: gcc.dg/lto/20081112 c_lto_20081112_0.o-c_lto_20081112_1.o execute -O2 -flto -flto-partition=none
FAIL: gcc.dg/lto/20081125 c_lto_20081125_0.o-c_lto_20081125_1.o link, -O0 -flto -flto-partition=none
UNRESOLVED: gcc.dg/lto/20081125 c_lto_20081125_0.o-c_lto_20081125_1.o execute -O0 -flto -flto-partition=none
FAIL: gcc.dg/lto/20081125 c_lto_20081125_0.o-c_lto_20081125_1.o link, -O2 -flto -flto-partition=none
UNRESOLVED: gcc.dg/lto/20081125 c_lto_20081125_0.o-c_lto_20081125_1.o execute -O2 -flto -flto-partition=none
FAIL: gcc.dg/lto/20081222 c_lto_20081222_0.o-c_lto_20081222_1.o link, -O0 -flto -flto-partition=none
UNRESOLVED: gcc.dg/lto/20081222 c_lto_20081222_0.o-c_lto_20081222_1.o execute -O0 -flto -flto-partition=none
FAIL: gcc.dg/lto/20081222 c_lto_20081222_0.o-c_lto_20081222_1.o link, -O2 -flto -flto-partition=none
UNRESOLVED: gcc.dg/lto/20081222 c_lto_20081222_0.o-c_lto_20081222_1.o execute -O2 -flto -flto-partition=none
FAIL: gcc.dg/lto/20090210 c_lto_20090210_0.o-c_lto_20090210_1.o link, -O0 -flto -flto-partition=none
UNRESOLVED: gcc.dg/lto/20090210 c_lto_20090210_0.o-c_lto_20090210_1.o execute -O0 -flto -flto-partition=none
FAIL: gcc.dg/lto/20090210 c_lto_20090210_0.o-c_lto_20090210_1.o link, -O2 -flto -flto-partition=none
UNRESOLVED: gcc.dg/lto/20090210 c_lto_20090210_0.o-c_lto_20090210_1.o execute -O2 -flto -flto-partition=none
FAIL: gcc.dg/lto/20090213 c_lto_20090213_0.o-c_lto_20090213_1.o link, -O0 -flto -flto-partition=none
UNRESOLVED: gcc.dg/lto/20090213 c_lto_20090213_0.o-c_lto_20090213_1.o execute -O0 -flto -flto-partition=none
FAIL: gcc.dg/lto/20090213 c_lto_20090213_0.o-c_lto_20090213_1.o link, -O2 -flto -flto-partition=none
UNRESOLVED: gcc.dg/lto/20090213 c_lto_20090213_0.o-c_lto_20090213_1.o execute -O2 -flto -flto-partition=none
FAIL: gcc.dg/lto/20090218-1 c_lto_20090218-1_0.o-c_lto_20090218-1_1.o link, -O0 -flto -flto-partition=none
UNRESOLVED: gcc.dg/lto/20090218-1 c_lto_20090218-1_0.o-c_lto_20090218-1_1.o execute -O0 -flto -flto-partition=none
FAIL: gcc.dg/lto/20090218-1 c_lto_20090218-1_0.o-c_lto_20090218-1_1.o link, -O2 -flto -flto-partition=none
UNRESOLVED: gcc.dg/lto/20090218-1 c_lto_20090218-1_0.o-c_lto_20090218-1_1.o execute -O2 -flto -flto-partition=none
FAIL: gcc.dg/lto/20090218-2 c_lto_20090218-2_0.o-c_lto_20090218-2_1.o link, -O0 -flto -flto-partition=none
UNRESOLVED: gcc.dg/lto/20090218-2 c_lto_20090218-2_0.o-c_lto_20090218-2_1.o execute -O0 -flto -flto-partition=none
FAIL: gcc.dg/lto/20090218-2 c_lto_20090218-2_0.o-c_lto_20090218-2_1.o link, -O2 -flto -flto-partition=none
UNRESOLVED: gcc.dg/lto/20090218-2 c_lto_20090218-2_0.o-c_lto_20090218-2_1.o execute -O2 -flto -flto-partition=none
FAIL: gcc.dg/lto/20090218 c_lto_20090218_0.o-c_lto_20090218_3.o link, -O0 -flto -flto-partition=none
UNRESOLVED: gcc.dg/lto/20090218 c_lto_20090218_0.o-c_lto_20090218_3.o execute -O0 -flto -flto-partition=none
FAIL: gcc.dg/lto/20090218 c_lto_20090218_0.o-c_lto_20090218_3.o link, -O2 -flto -flto-partition=none
UNRESOLVED: gcc.dg/lto/20090218 c_lto_20090218_0.o-c_lto_20090218_3.o execute -O2 -flto -flto-partition=none
FAIL: gcc.dg/lto/20090312 c_lto_20090312_0.o-c_lto_20090312_1.o link, -O0 -flto -flto-partition=none
UNRESOLVED: gcc.dg/lto/20090312 c_lto_20090312_0.o-c_lto_20090312_1.o execute -O0 -flto -flto-partition=none
FAIL: gcc.dg/lto/20090312 c_lto_20090312_0.o-c_lto_20090312_1.o link, -O2 -flto -flto-partition=none
UNRESOLVED: gcc.dg/lto/20090312 c_lto_20090312_0.o-c_lto_20090312_1.o execute -O2 -flto -flto-partition=none
FAIL: gcc.dg/lto/20090717 c_lto_20090717_0.o-c_lto_20090717_1.o link, -O0 -flto -flto-partition=none
UNRESOLVED: gcc.dg/lto/20090717 c_lto_20090717_0.o-c_lto_20090717_1.o execute -O0 -flto -flto-partition=none
FAIL: gcc.dg/lto/20090717 c_lto_20090717_0.o-c_lto_20090717_1.o link, -O2 -flto -flto-partition=none
UNRESOLVED: gcc.dg/lto/20090717 c_lto_20090717_0.o-c_lto_20090717_1.o execute -O2 -flto -flto-partition=none
FAIL: gcc.dg/lto/20090812 c_lto_20090812_0.o-c_lto_20090812_1.o link, -O0 -flto -flto-partition=none
UNRESOLVED: gcc.dg/lto/20090812 c_lto_20090812_0.o-c_lto_20090812_1.o execute -O0 -flto -flto-partition=none
FAIL: gcc.dg/lto/20090812 c_lto_20090812_0.o-c_lto_20090812_1.o link, -O2 -flto -flto-partition=none
UNRESOLVED: gcc.dg/lto/20090812 c_lto_20090812_0.o-c_lto_20090812_1.o execute -O2 -flto -flto-partition=none
FAIL: gcc.dg/lto/20091005-1 c_lto_20091005-1_0.o-c_lto_20091005-1_1.o link, -O0 -flto -flto-partition=none
UNRESOLVED: gcc.dg/lto/20091005-1 c_lto_20091005-1_0.o-c_lto_20091005-1_1.o execute -O0 -flto -flto-partition=none
FAIL: gcc.dg/lto/20091005-1 c_lto_20091005-1_0.o-c_lto_20091005-1_1.o link, -O2 -flto -flto-partition=none
UNRESOLVED: gcc.dg/lto/20091005-1 c_lto_20091005-1_0.o-c_lto_20091005-1_1.o execute -O2 -flto -flto-partition=none
FAIL: gcc.dg/lto/20091006-1 c_lto_20091006-1_0.o-c_lto_20091006-1_1.o link, -O0 -flto -flto-partition=none
UNRESOLVED: gcc.dg/lto/20091006-1 c_lto_20091006-1_0.o-c_lto_20091006-1_1.o execute -O0 -flto -flto-partition=none
FAIL: gcc.dg/lto/20091006-1 c_lto_20091006-1_0.o-c_lto_20091006-1_1.o link, -O2 -flto -flto-partition=none
UNRESOLVED: gcc.dg/lto/20091006-1 c_lto_20091006-1_0.o-c_lto_20091006-1_1.o execute -O2 -flto -flto-partition=none
FAIL: gcc.dg/lto/20091006-2 c_lto_20091006-2_0.o-c_lto_20091006-2_2.o link, -O0 -flto -flto-partition=none
UNRESOLVED: gcc.dg/lto/20091006-2 c_lto_20091006-2_0.o-c_lto_20091006-2_2.o execute -O0 -flto -flto-partition=none
FAIL: gcc.dg/lto/20091006-2 c_lto_20091006-2_0.o-c_lto_20091006-2_2.o link, -O2 -flto -flto-partition=none
UNRESOLVED: gcc.dg/lto/20091006-2 c_lto_20091006-2_0.o-c_lto_20091006-2_2.o execute -O2 -flto -flto-partition=none
FAIL: gcc.dg/lto/20091017-1 c_lto_20091017-1_0.o-c_lto_20091017-1_1.o link, -O0 -flto -flto-partition=none
UNRESOLVED: gcc.dg/lto/20091017-1 c_lto_20091017-1_0.o-c_lto_20091017-1_1.o execute -O0 -flto -flto-partition=none
FAIL: gcc.dg/lto/20091017-1 c_lto_20091017-1_0.o-c_lto_20091017-1_1.o link, -O2 -flto -flto-partition=none
UNRESOLVED: gcc.dg/lto/20091017-1 c_lto_20091017-1_0.o-c_lto_20091017-1_1.o execute -O2 -flto -flto-partition=none
FAIL: gcc.dg/lto/20091027-1 c_lto_20091027-1_0.o-c_lto_20091027-1_1.o link, -O0 -flto -flto-partition=none
UNRESOLVED: gcc.dg/lto/20091027-1 c_lto_20091027-1_0.o-c_lto_20091027-1_1.o execute -O0 -flto -flto-partition=none
FAIL: gcc.dg/lto/20091027-1 c_lto_20091027-1_0.o-c_lto_20091027-1_1.o link, -O2 -flto -flto-partition=none
UNRESOLVED: gcc.dg/lto/20091027-1 c_lto_20091027-1_0.o-c_lto_20091027-1_1.o execute -O2 -flto -flto-partition=none
FAIL: gcc.dg/lto/20100227-1 c_lto_20100227-1_0.o-c_lto_20100227-1_1.o link, -O0 -flto -flto-partition=none
UNRESOLVED: gcc.dg/lto/20100227-1 c_lto_20100227-1_0.o-c_lto_20100227-1_1.o execute -O0 -flto -flto-partition=none
FAIL: gcc.dg/lto/20100227-1 c_lto_20100227-1_0.o-c_lto_20100227-1_1.o link, -O2 -flto -flto-partition=none
UNRESOLVED: gcc.dg/lto/20100227-1 c_lto_20100227-1_0.o-c_lto_20100227-1_1.o execute -O2 -flto -flto-partition=none
FAIL: gcc.dg/lto/20100423-1 c_lto_20100423-1_0.o-c_lto_20100423-1_1.o link, -O0 -flto -flto-partition=none
UNRESOLVED: gcc.dg/lto/20100423-1 c_lto_20100423-1_0.o-c_lto_20100423-1_1.o execute -O0 -flto -flto-partition=none
FAIL: gcc.dg/lto/20100423-1 c_lto_20100423-1_0.o-c_lto_20100423-1_1.o link, -O2 -flto -flto-partition=none
UNRESOLVED: gcc.dg/lto/20100423-1 c_lto_20100423-1_0.o-c_lto_20100423-1_1.o execute -O2 -flto -flto-partition=none
FAIL: gcc.dg/lto/20100423-2 c_lto_20100423-2_0.o-c_lto_20100423-2_1.o link, -O2 -flto -flto-partition=none
UNRESOLVED: gcc.dg/lto/20100423-2 c_lto_20100423-2_0.o-c_lto_20100423-2_1.o execute -O2 -flto -flto-partition=none
FAIL: gcc.dg/lto/20100423-2 c_lto_20100423-2_0.o-c_lto_20100423-2_1.o link, -O3 -flto -flto-partition=none
UNRESOLVED: gcc.dg/lto/20100423-2 c_lto_20100423-2_0.o-c_lto_20100423-2_1.o execute -O3 -flto -flto-partition=none
FAIL: gcc.dg/lto/20100709-1 c_lto_20100709-1_0.o-c_lto_20100709-1_1.o link, -O0 -flto -flto-partition=none
UNRESOLVED: gcc.dg/lto/20100709-1 c_lto_20100709-1_0.o-c_lto_20100709-1_1.o execute -O0 -flto -flto-partition=none
FAIL: gcc.dg/lto/20100709-1 c_lto_20100709-1_0.o-c_lto_20100709-1_1.o link, -O2 -flto -flto-partition=none
UNRESOLVED: gcc.dg/lto/20100709-1 c_lto_20100709-1_0.o-c_lto_20100709-1_1.o execute -O2 -flto -flto-partition=none
FAIL: gcc.dg/lto/20100720-1 c_lto_20100720-1_0.o-c_lto_20100720-1_1.o link, -O0 -flto -flto-partition=none
UNRESOLVED: gcc.dg/lto/20100720-1 c_lto_20100720-1_0.o-c_lto_20100720-1_1.o execute -O0 -flto -flto-partition=none
FAIL: gcc.dg/lto/20100720-1 c_lto_20100720-1_0.o-c_lto_20100720-1_1.o link, -O2 -flto -flto-partition=none
UNRESOLVED: gcc.dg/lto/20100720-1 c_lto_20100720-1_0.o-c_lto_20100720-1_1.o execute -O2 -flto -flto-partition=none
FAIL: gcc.dg/lto/20100720-2 c_lto_20100720-2_0.o-c_lto_20100720-2_1.o link, -O0 -flto -flto-partition=none
UNRESOLVED: gcc.dg/lto/20100720-2 c_lto_20100720-2_0.o-c_lto_20100720-2_1.o execute -O0 -flto -flto-partition=none
FAIL: gcc.dg/lto/20100720-2 c_lto_20100720-2_0.o-c_lto_20100720-2_1.o link, -O2 -flto -flto-partition=none
UNRESOLVED: gcc.dg/lto/20100720-2 c_lto_20100720-2_0.o-c_lto_20100720-2_1.o execute -O2 -flto -flto-partition=none
FAIL: gcc.dg/lto/20100720-3 c_lto_20100720-3_0.o-c_lto_20100720-3_1.o link, -O0 -flto -flto-partition=none
UNRESOLVED: gcc.dg/lto/20100720-3 c_lto_20100720-3_0.o-c_lto_20100720-3_1.o execute -O0 -flto -flto-partition=none
FAIL: gcc.dg/lto/20100720-3 c_lto_20100720-3_0.o-c_lto_20100720-3_1.o link, -O2 -flto -flto-partition=none
UNRESOLVED: gcc.dg/lto/20100720-3 c_lto_20100720-3_0.o-c_lto_20100720-3_1.o execute -O2 -flto -flto-partition=none
FAIL: gcc.dg/lto/20100724-1 c_lto_20100724-1_0.o-c_lto_20100724-1_1.o link, -O0 -flto -flto-partition=none
UNRESOLVED: gcc.dg/lto/20100724-1 c_lto_20100724-1_0.o-c_lto_20100724-1_1.o execute -O0 -flto -flto-partition=none
FAIL: gcc.dg/lto/20100724-1 c_lto_20100724-1_0.o-c_lto_20100724-1_1.o link, -O2 -flto -flto-partition=none
UNRESOLVED: gcc.dg/lto/20100724-1 c_lto_20100724-1_0.o-c_lto_20100724-1_1.o execute -O2 -flto -flto-partition=none
FAIL: gcc.dg/lto/20101009-2 c_lto_20101009-2_0.o-c_lto_20101009-2_2.o link, -O0 -flto -flto-partition=none
UNRESOLVED: gcc.dg/lto/20101009-2 c_lto_20101009-2_0.o-c_lto_20101009-2_2.o execute -O0 -flto -flto-partition=none
FAIL: gcc.dg/lto/20101009-2 c_lto_20101009-2_0.o-c_lto_20101009-2_2.o link, -O2 -flto -flto-partition=none
UNRESOLVED: gcc.dg/lto/20101009-2 c_lto_20101009-2_0.o-c_lto_20101009-2_2.o execute -O2 -flto -flto-partition=none
FAIL: gcc.dg/lto/20101125-1 c_lto_20101125-1_0.o-c_lto_20101125-1_1.o link, -O0 -flto -flto-partition=none
UNRESOLVED: gcc.dg/lto/20101125-1 c_lto_20101125-1_0.o-c_lto_20101125-1_1.o execute -O0 -flto -flto-partition=none
FAIL: gcc.dg/lto/20101125-1 c_lto_20101125-1_0.o-c_lto_20101125-1_1.o link, -O2 -flto -flto-partition=none
UNRESOLVED: gcc.dg/lto/20101125-1 c_lto_20101125-1_0.o-c_lto_20101125-1_1.o execute -O2 -flto -flto-partition=none
FAIL: gcc.dg/lto/const-uniq c_lto_const-uniq_0.o-c_lto_const-uniq_1.o link, -Os -flto -flto-partition=none
UNRESOLVED: gcc.dg/lto/const-uniq c_lto_const-uniq_0.o-c_lto_const-uniq_1.o execute -Os -flto -flto-partition=none
FAIL: gcc.dg/lto/pr27898 c_lto_pr27898_0.o-c_lto_pr27898_1.o link, -O0 -flto -flto-partition=none
UNRESOLVED: gcc.dg/lto/pr27898 c_lto_pr27898_0.o-c_lto_pr27898_1.o execute -O0 -flto -flto-partition=none
FAIL: gcc.dg/lto/pr27898 c_lto_pr27898_0.o-c_lto_pr27898_1.o link, -O2 -flto -flto-partition=none
UNRESOLVED: gcc.dg/lto/pr27898 c_lto_pr27898_0.o-c_lto_pr27898_1.o execute -O2 -flto -flto-partition=none
FAIL: gcc.dg/lto/pr28706 c_lto_pr28706_0.o-c_lto_pr28706_1.o link, -O0 -flto -flto-partition=none
UNRESOLVED: gcc.dg/lto/pr28706 c_lto_pr28706_0.o-c_lto_pr28706_1.o execute -O0 -flto -flto-partition=none
FAIL: gcc.dg/lto/pr28706 c_lto_pr28706_0.o-c_lto_pr28706_1.o link, -O2 -flto -flto-partition=none
UNRESOLVED: gcc.dg/lto/pr28706 c_lto_pr28706_0.o-c_lto_pr28706_1.o execute -O2 -flto -flto-partition=none
FAIL: gcc.dg/lto/pr28712 c_lto_pr28712_0.o-c_lto_pr28712_2.o link, -O0 -flto -flto-partition=none
UNRESOLVED: gcc.dg/lto/pr28712 c_lto_pr28712_0.o-c_lto_pr28712_2.o execute -O0 -flto -flto-partition=none
FAIL: gcc.dg/lto/pr28712 c_lto_pr28712_0.o-c_lto_pr28712_2.o link, -O2 -flto -flto-partition=none
UNRESOLVED: gcc.dg/lto/pr28712 c_lto_pr28712_0.o-c_lto_pr28712_2.o execute -O2 -flto -flto-partition=none
FAIL: gcc.dg/lto/pr34989-1 c_lto_pr34989-1_0.o-c_lto_pr34989-1_1.o link, -O0 -flto -flto-partition=none
UNRESOLVED: gcc.dg/lto/pr34989-1 c_lto_pr34989-1_0.o-c_lto_pr34989-1_1.o execute -O0 -flto -flto-partition=none
FAIL: gcc.dg/lto/pr34989-1 c_lto_pr34989-1_0.o-c_lto_pr34989-1_1.o link, -O2 -flto -flto-partition=none
UNRESOLVED: gcc.dg/lto/pr34989-1 c_lto_pr34989-1_0.o-c_lto_pr34989-1_1.o execute -O2 -flto -flto-partition=none
FAIL: gcc.dg/lto/pr46940 c_lto_pr46940_0.o-c_lto_pr46940_1.o link, -O0 -flto -flto-partition=none
UNRESOLVED: gcc.dg/lto/pr46940 c_lto_pr46940_0.o-c_lto_pr46940_1.o execute -O0 -flto -flto-partition=none
FAIL: gcc.dg/lto/pr46940 c_lto_pr46940_0.o-c_lto_pr46940_1.o link, -O2 -flto -flto-partition=none
UNRESOLVED: gcc.dg/lto/pr46940 c_lto_pr46940_0.o-c_lto_pr46940_1.o execute -O2 -flto -flto-partition=none
FAIL: gcc.dg/lto/pr46940 c_lto_pr46940_0.o-c_lto_pr46940_1.o link, -O0 -flto -flto-partition=1to1
UNRESOLVED: gcc.dg/lto/pr46940 c_lto_pr46940_0.o-c_lto_pr46940_1.o execute -O0 -flto -flto-partition=1to1
FAIL: gcc.dg/lto/pr46940 c_lto_pr46940_0.o-c_lto_pr46940_1.o link, -O2 -flto -flto-partition=1to1
UNRESOLVED: gcc.dg/lto/pr46940 c_lto_pr46940_0.o-c_lto_pr46940_1.o execute -O2 -flto -flto-partition=1to1
FAIL: gcc.dg/lto/pr46940 c_lto_pr46940_0.o-c_lto_pr46940_1.o link, -O0 -flto
UNRESOLVED: gcc.dg/lto/pr46940 c_lto_pr46940_0.o-c_lto_pr46940_1.o execute -O0 -flto
FAIL: gcc.dg/lto/pr46940 c_lto_pr46940_0.o-c_lto_pr46940_1.o link, -O2 -flto
UNRESOLVED: gcc.dg/lto/pr46940 c_lto_pr46940_0.o-c_lto_pr46940_1.o execute -O2 -flto
FAIL: gcc.dg/torture/pr37868.c -O0 execution test
FAIL: gcc.dg/torture/pr37868.c -O1 execution test
FAIL: gcc.dg/torture/pr37868.c -O2 execution test
FAIL: gcc.dg/torture/pr37868.c -O3 -fomit-frame-pointer execution test
FAIL: gcc.dg/torture/pr37868.c -O3 -g execution test
FAIL: gcc.dg/torture/pr37868.c -Os execution test
FAIL: gcc.dg/torture/pr37868.c -O2 -flto -flto-partition=none execution test
FAIL: gcc.dg/torture/pr37868.c -O2 -flto execution test
FAIL: gcc.dg/torture/pr43879_1.c -O2 -flto -flto-partition=none (test for excess errors)
UNRESOLVED: gcc.dg/torture/pr43879_1.c -O2 -flto -flto-partition=none compilation failed to produce executable
FAIL: gcc.dg/torture/stackalign/builtin-apply-2.c -O0 execution test
FAIL: gcc.dg/torture/stackalign/builtin-apply-2.c -O0 execution test
FAIL: gcc.dg/torture/stackalign/builtin-apply-2.c -O1 execution test
FAIL: gcc.dg/torture/stackalign/builtin-apply-2.c -O2 execution test
FAIL: gcc.dg/torture/stackalign/builtin-apply-2.c -O3 -fomit-frame-pointer execution test
FAIL: gcc.dg/torture/stackalign/builtin-apply-2.c -O3 -g execution test
FAIL: gcc.dg/torture/stackalign/builtin-apply-2.c -Os execution test
FAIL: gcc.dg/torture/stackalign/builtin-apply-2.c -O2 -flto -flto-partition=none execution test
FAIL: gcc.dg/torture/stackalign/builtin-apply-2.c -O2 -flto execution test
FAIL: gcc.dg/tree-ssa/asm-2.c (test for excess errors)
FAIL: gcc.dg/tree-ssa/loop-1.c scan-assembler-times foo 5
FAIL: gcc.dg/tree-ssa/vrp47.c scan-tree-dump-times vrp1 "[xy][^ ]* !=" 0
FAIL: gcc.dg/tree-ssa/vrp47.c scan-tree-dump-times dom1 "x[^ ]* & y" 1
FAIL: gcc.dg/tree-ssa/vrp47.c scan-tree-dump-times vrp1 "x[^ ]* [|] y" 1
=== gcc Summary ===
# of expected passes 66457
# of unexpected failures 195
# of expected failures 115
# of unresolved testcases 132
# of unsupported tests 1061
/home/green/gcc-moxie-elf/gcc/xgcc version 4.6.0 20110103 (experimental) [trunk revision 168414] (GCC)
Host is x86_64-unknown-linux-gnu
=== g++ tests ===
Running target moxie-sim
Compiler version: 4.6.0 20110103 (experimental) [trunk revision 168414] (GCC)
Platform: moxie-unknown-elf
configure flags: --prefix=/home/green/root/usr --target=moxie-elf --enable-languages=c,c++ --disable-libssp --with-newlib --with-headers=/home/green/root/usr/moxie-elf/include --enable-lto --with-libelf=/opt/cfarm/libelf-0.8.12 --with-mpfr=/opt/cfarm/mpfr-2.4.1 --with-gmp=/opt/cfarm/gmp-4.2.4 --with-mpc=/opt/cfarm/mpc-0.8