This is the mail archive of the
gcc-testresults@gcc.gnu.org
mailing list for the GCC project.
Results for 4.6.0 20101224 (experimental) [trunk revision 168222] (GCC) testsuite on hppa2.0w-hp-hpux11.00
- From: John David Anglin <dave at hiauly2 dot hia dot nrc dot ca>
- To: dave at hiauly2 dot hia dot nrc dot ca, gcc-testresults at gcc dot gnu dot org
- Date: Thu, 30 Dec 2010 20:14:43 -0500 (EST)
- Subject: Results for 4.6.0 20101224 (experimental) [trunk revision 168222] (GCC) testsuite on hppa2.0w-hp-hpux11.00
=== acats tests ===
=== acats Summary ===
# of expected passes 2321
# of unexpected failures 0
Native configuration is hppa2.0w-hp-hpux11.00
=== g++ tests ===
Running target unix
WARNING: g++.dg/ext/label13.C compilation failed to produce executable
WARNING: program timed out.
=== g++ Summary ===
# of expected passes 22846
# of expected failures 159
# of unsupported tests 558
/home/gnu/gcc/objdir/gcc/testsuite/g++/../../g++ version 4.6.0 20101224 (experimental) [trunk revision 168222] (GCC)
=== gcc tests ===
Running target unix
WARNING: program timed out.
=== gcc Summary ===
# of expected passes 55140
# of expected failures 132
# of unsupported tests 1135
/home/gnu/gcc/objdir/gcc/xgcc version 4.6.0 20101224 (experimental) [trunk revision 168222] (GCC)
=== gfortran tests ===
Running target unix
WARNING: program timed out.
FAIL: gfortran.dg/array_constructor_33.f90 -O (test for excess errors)
XPASS: gfortran.dg/pr25923.f90 -O PR45505 (test for warnings, line 13)
XPASS: gfortran.dg/pr25923.f90 -O PR45505 (test for bogus messages, line 22)
FAIL: gfortran.dg/pr45636.f90 -O scan-tree-dump-times forwprop2 "memset" 0
=== gfortran Summary ===
# of expected passes 36222
# of unexpected failures 2
# of unexpected successes 2
# of expected failures 40
# of unsupported tests 358
/home/gnu/gcc/objdir/gcc/testsuite/gfortran/../../gfortran version 4.6.0 20101224 (experimental) [trunk revision 168222] (GCC)
=== gnat tests ===
Running target unix
=== gnat Summary ===
# of expected passes 861
# of expected failures 11
# of unsupported tests 3
=== obj-c++ tests ===
Running target unix
WARNING: obj-c++.dg/try-catch-2.mm -fgnu-runtime compilation failed to produce executable
WARNING: obj-c++.dg/try-catch-9.mm -fgnu-runtime compilation failed to produce executable
=== obj-c++ Summary ===
# of expected passes 1233
# of expected failures 2
# of unsupported tests 69
/home/gnu/gcc/objdir/gcc/testsuite/obj-c++/../../g++ version 4.6.0 20101224 (experimental) [trunk revision 168222] (GCC)
=== objc tests ===
Running target unix
XPASS: objc.dg-struct-layout-encoding-1/t025_main.m execution test
XPASS: objc.dg-struct-layout-encoding-1/t026_main.m execution test
XPASS: objc.dg-struct-layout-encoding-1/t027_main.m execution test
XPASS: objc.dg-struct-layout-encoding-1/t028_main.m execution test
XPASS: objc.dg-struct-layout-encoding-1/t029_main.m execution test
XPASS: objc.dg-struct-layout-encoding-1/t030_main.m execution test
XPASS: objc.dg-struct-layout-encoding-1/t031_main.m execution test
=== objc Summary ===
# of expected passes 2708
# of unexpected successes 7
# of expected failures 8
# of unsupported tests 65
/home/gnu/gcc/objdir/gcc/xgcc version 4.6.0 20101224 (experimental) [trunk revision 168222] (GCC)
=== libgomp tests ===
Running target unix
=== libgomp Summary ===
# of expected passes 2508
# of unsupported tests 9
=== libstdc++ tests ===
Running target unix
FAIL: 18_support/numeric_limits/lowest.cc execution test
FAIL: 21_strings/basic_string/requirements/typedefs.cc (test for excess errors)
WARNING: program timed out.
FAIL: 23_containers/vector/bool/modifiers/insert/31370.cc execution test
FAIL: 28_regex/08_basic_regex/requirements/constexpr_data.cc (test for excess errors)
=== libstdc++ Summary ===
# of expected passes 5869
# of unexpected failures 4
# of expected failures 82
# of unsupported tests 576
Compiler version: 4.6.0 20101224 (experimental) [trunk revision 168222] (GCC)
Platform: hppa2.0w-hp-hpux11.00
configure flags:Test Run By dave on Sun Dec 26 09:48:49 EST 2010