This is the mail archive of the
gcc-testresults@gcc.gnu.org
mailing list for the GCC project.
Results for 4.6.0 20101217 (experimental) [trunk revision 167984] (GCC) testsuite on sparc-sun-solaris2.8
- From: Rainer Orth <ro at CeBiTec dot Uni-Bielefeld dot DE>
- To: gcc-testresults at gcc dot gnu dot org
- Date: Mon, 20 Dec 2010 19:18:29 +0100 (MET)
- Subject: Results for 4.6.0 20101217 (experimental) [trunk revision 167984] (GCC) testsuite on sparc-sun-solaris2.8
LAST_UPDATED: Fri Dec 17 17:31:41 UTC 2010 (revision 167984)
=== acats tests ===
=== acats Summary ===
# of expected passes 2321
# of unexpected failures 0
Native configuration is sparc-sun-solaris2.8
=== g++ tests ===
Running target unix
FAIL: g++.dg/tree-prof/partition2.C execution, -O1 -fprofile-use
=== g++ Summary for unix ===
# of expected passes 25751
# of unexpected failures 1
# of expected failures 158
# of unsupported tests 421
Running target unix/-m64
FAIL: g++.dg/tree-prof/partition2.C execution, -O1 -fprofile-use
=== g++ Summary for unix/-m64 ===
# of expected passes 26363
# of unexpected failures 1
# of expected failures 158
# of unsupported tests 418
=== g++ Summary ===
# of expected passes 52114
# of unexpected failures 2
# of expected failures 316
# of unsupported tests 839
/var/gcc/regression/trunk/8-gcc-gas/build/gcc/testsuite/g++/../../g++ version 4.6.0 20101217 (experimental) [trunk revision 167984] (GCC)
=== gcc tests ===
Running target unix
FAIL: gcc.dg/pr46685.c (test for excess errors)
XPASS: gcc.dg/vect/vect-peel-1.c scan-tree-dump-times vect "vectorized 1 loops" 2
XPASS: gcc.dg/vect/vect-peel-1.c scan-tree-dump-times vect "Alignment of access forced using peeling" 1
XPASS: gcc.dg/vect/vect-peel-2.c scan-tree-dump-times vect "vectorized 1 loops" 2
XPASS: gcc.dg/vect/vect-vfa-slp.c scan-tree-dump-times vect "vectorized 1 loops" 1
XPASS: gcc.dg/vect/slp-23.c scan-tree-dump-times vect "vectorizing stmts using SLP" 1
XPASS: gcc.dg/vect/slp-35.c scan-tree-dump-times vect "vectorized 1 loops" 1
XPASS: gcc.dg/vect/slp-35.c scan-tree-dump-times vect "vectorizing stmts using SLP" 1
XPASS: gcc.dg/vect/no-tree-pre-slp-29.c scan-tree-dump-times vect "vectorized 1 loops" 2
XPASS: gcc.dg/vect/no-tree-pre-slp-29.c scan-tree-dump-times vect "vectorizing stmts using SLP" 2
=== gcc Summary for unix ===
# of expected passes 68683
# of unexpected failures 1
# of unexpected successes 9
# of expected failures 229
# of unsupported tests 1183
Running target unix/-m64
FAIL: gcc.dg/cpp/trad/include.c (internal compiler error)
FAIL: gcc.dg/cpp/trad/include.c (test for excess errors)
FAIL: gcc.dg/pr46685.c (test for excess errors)
FAIL: gcc.dg/tree-ssa/pr14814.c scan-tree-dump-times forwprop2 "&" 0
XPASS: gcc.dg/vect/pr33804.c scan-tree-dump-times vect "vectorized 1 loops" 1
XPASS: gcc.dg/vect/pr33804.c scan-tree-dump-times vect "vectorizing stmts using SLP" 1
XPASS: gcc.dg/vect/vect-peel-1.c scan-tree-dump-times vect "vectorized 1 loops" 2
XPASS: gcc.dg/vect/vect-peel-1.c scan-tree-dump-times vect "Alignment of access forced using peeling" 1
XPASS: gcc.dg/vect/vect-peel-2.c scan-tree-dump-times vect "vectorized 1 loops" 2
XPASS: gcc.dg/vect/vect-vfa-slp.c scan-tree-dump-times vect "vectorized 1 loops" 1
XPASS: gcc.dg/vect/slp-23.c scan-tree-dump-times vect "vectorizing stmts using SLP" 1
XPASS: gcc.dg/vect/slp-24.c scan-tree-dump-times vect "vectorized 1 loops" 1
XPASS: gcc.dg/vect/slp-24.c scan-tree-dump-times vect "vectorizing stmts using SLP" 2
XPASS: gcc.dg/vect/slp-35.c scan-tree-dump-times vect "vectorized 1 loops" 1
XPASS: gcc.dg/vect/slp-35.c scan-tree-dump-times vect "vectorizing stmts using SLP" 1
XPASS: gcc.dg/vect/no-tree-pre-slp-29.c scan-tree-dump-times vect "vectorized 1 loops" 2
XPASS: gcc.dg/vect/no-tree-pre-slp-29.c scan-tree-dump-times vect "vectorizing stmts using SLP" 2
=== gcc Summary for unix/-m64 ===
# of expected passes 69273
# of unexpected failures 4
# of unexpected successes 13
# of expected failures 220
# of unsupported tests 1190
=== gcc Summary ===
# of expected passes 137956
# of unexpected failures 5
# of unexpected successes 22
# of expected failures 449
# of unsupported tests 2373
/var/gcc/regression/trunk/8-gcc-gas/build/gcc/xgcc version 4.6.0 20101217 (experimental) [trunk revision 167984] (GCC)
=== gfortran tests ===
Running target unix
FAIL: gfortran.dg/array_constructor_33.f90 -O (test for excess errors)
FAIL: gfortran.dg/pointer_remapping_4.f03 -O0 (internal compiler error)
FAIL: gfortran.dg/pointer_remapping_4.f03 -O0 (test for excess errors)
WARNING: gfortran.dg/pointer_remapping_4.f03 -O0 compilation failed to produce executable
WARNING: program timed out.
=== gfortran Summary for unix ===
# of expected passes 36970
# of unexpected failures 3
# of expected failures 44
# of unsupported tests 369
Running target unix/-m64
FAIL: gfortran.dg/array_constructor_33.f90 -O (test for excess errors)
FAIL: gfortran.dg/unit_1.f90 -O3 -g (test for excess errors)
WARNING: gfortran.dg/unit_1.f90 -Os compilation failed to produce executable
WARNING: program timed out.
WARNING: program timed out.
=== gfortran Summary for unix/-m64 ===
# of expected passes 37219
# of unexpected failures 2
# of expected failures 42
# of unsupported tests 248
=== gfortran Summary ===
# of expected passes 74189
# of unexpected failures 5
# of expected failures 86
# of unsupported tests 617
/var/gcc/regression/trunk/8-gcc-gas/build/gcc/testsuite/gfortran/../../gfortran version 4.6.0 20101217 (experimental) [trunk revision 167984] (GCC)
=== gnat tests ===
Running target unix
=== gnat Summary for unix ===
# of expected passes 859
# of expected failures 11
# of unsupported tests 4
Running target unix/-m64
=== gnat Summary for unix/-m64 ===
# of expected passes 859
# of expected failures 11
# of unsupported tests 4
=== gnat Summary ===
# of expected passes 1718
# of expected failures 22
# of unsupported tests 8
=== objc tests ===
Running target unix
XPASS: objc.dg-struct-layout-encoding-1/t025_main.m execution test
XPASS: objc.dg-struct-layout-encoding-1/t026_main.m execution test
XPASS: objc.dg-struct-layout-encoding-1/t027_main.m execution test
XPASS: objc.dg-struct-layout-encoding-1/t028_main.m execution test
XPASS: objc.dg-struct-layout-encoding-1/t029_main.m execution test
XPASS: objc.dg-struct-layout-encoding-1/t030_main.m execution test
XPASS: objc.dg-struct-layout-encoding-1/t031_main.m execution test
=== objc Summary for unix ===
# of expected passes 2725
# of unexpected successes 7
# of expected failures 10
# of unsupported tests 98
Running target unix/-m64
XPASS: objc.dg-struct-layout-encoding-1/t025_main.m execution test
XPASS: objc.dg-struct-layout-encoding-1/t026_main.m execution test
XPASS: objc.dg-struct-layout-encoding-1/t027_main.m execution test
XPASS: objc.dg-struct-layout-encoding-1/t028_main.m execution test
XPASS: objc.dg-struct-layout-encoding-1/t029_main.m execution test
XPASS: objc.dg-struct-layout-encoding-1/t030_main.m execution test
XPASS: objc.dg-struct-layout-encoding-1/t031_main.m execution test
=== objc Summary for unix/-m64 ===
# of expected passes 2725
# of unexpected successes 7
# of expected failures 10
# of unsupported tests 98
=== objc Summary ===
# of expected passes 5450
# of unexpected successes 14
# of expected failures 20
# of unsupported tests 196
/var/gcc/regression/trunk/8-gcc-gas/build/gcc/xgcc version 4.6.0 20101217 (experimental) [trunk revision 167984] (GCC)
=== libffi tests ===
Running target unix
=== libffi Summary for unix ===
# of expected passes 1634
# of expected failures 10
# of unsupported tests 15
Running target unix/-m64
=== libffi Summary for unix/-m64 ===
# of expected passes 1634
# of expected failures 10
# of unsupported tests 15
=== libffi Summary ===
# of expected passes 3268
# of expected failures 20
# of unsupported tests 30
=== libgomp tests ===
Running target unix
=== libgomp Summary for unix ===
# of expected passes 2508
# of unsupported tests 9
Running target unix/-m64
=== libgomp Summary for unix/-m64 ===
# of expected passes 2508
# of unsupported tests 9
=== libgomp Summary ===
# of expected passes 5016
# of unsupported tests 18
=== libjava tests ===
Running target unix
=== libjava Summary for unix ===
# of expected passes 2574
Running target unix/-m64
=== libjava Summary for unix/-m64 ===
# of expected passes 2574
=== libjava Summary ===
# of expected passes 5148
=== libstdc++ tests ===
Running target unix
=== libstdc++ Summary for unix ===
# of expected passes 6827
# of expected failures 85
# of unsupported tests 730
Running target unix/-m64
=== libstdc++ Summary for unix/-m64 ===
# of expected passes 6827
# of expected failures 85
# of unsupported tests 730
=== libstdc++ Summary ===
# of expected passes 13654
# of expected failures 170
# of unsupported tests 1460
Compiler version: 4.6.0 20101217 (experimental) [trunk revision 167984] (GCC)
Platform: sparc-sun-solaris2.8
configure flags: --prefix=/vol/gcc --target=sparc-sun-solaris2.8 --with-as=/vol/gcc/bin/gas-2.21 --with-gnu-as --with-gmp=/vol/gcc --with-mpfr=/vol/gcc --with-mpc=/vol/gcc --enable-languages=all,ada
BOOT_CFLAGS=-g -O2