This is the mail archive of the
gcc-testresults@gcc.gnu.org
mailing list for the GCC project.
Results for 4.6.0 20101219 (experimental) (GCC) testsuite on powerpc-apple-darwin9.8.0
- From: regress at apple dot com (regress)
- To: gcc-testresults at gcc dot gnu dot org
- Date: Sun, 19 Dec 2010 17:36:42 -0800 (PST)
- Subject: Results for 4.6.0 20101219 (experimental) (GCC) testsuite on powerpc-apple-darwin9.8.0
This build run by an automatic regression tester.
See <http://gcc.gnu.org/regtest/HEAD/> for more information.
Date: 2010-12-19T16:29:53Z
Revision: 168064
URL: svn://gcc.gnu.org/svn/gcc/trunk
Status: regress-25
Prev-Endtime: 2010-12-19T16:26:37Z
Native configuration is powerpc-apple-darwin9.8.0
=== g++ tests ===
Running target unix
FAIL: tmpdir-g++.dg-struct-layout-1/t026 cp_compat_x_tst.o-cp_compat_y_tst.o execute
FAIL: g++.dg/eh/simd-3.C execution test
FAIL: g++.dg/eh/simd-4.C execution test
FAIL: g++.dg/ext/alignof2.C execution test
FAIL: g++.dg/ext/altivec-15.C (test for excess errors)
WARNING: g++.dg/ext/label13.C compilation failed to produce executable
FAIL: g++.dg/plugin/attribute_plugin-test-1.C -fplugin=./attribute_plugin.so (test for warnings, line )
FAIL: g++.dg/plugin/attribute_plugin-test-1.C -fplugin=./attribute_plugin.so (test for warnings, line 7)
FAIL: g++.dg/plugin/attribute_plugin-test-1.C -fplugin=./attribute_plugin.so (test for warnings, line 7)
FAIL: g++.dg/plugin/attribute_plugin-test-1.C -fplugin=./attribute_plugin.so (test for warnings, line 16)
FAIL: g++.dg/plugin/attribute_plugin-test-1.C -fplugin=./attribute_plugin.so (test for excess errors)
FAIL: g++.dg/plugin/pragma_plugin-test-1.C -fplugin=./pragma_plugin.so (test for warnings, line )
FAIL: g++.dg/plugin/pragma_plugin-test-1.C -fplugin=./pragma_plugin.so (test for warnings, line 5)
FAIL: g++.dg/plugin/pragma_plugin-test-1.C -fplugin=./pragma_plugin.so (test for warnings, line 9)
FAIL: g++.dg/plugin/pragma_plugin-test-1.C -fplugin=./pragma_plugin.so (test for warnings, line 14)
FAIL: g++.dg/plugin/dumb-plugin-test-1.C -fplugin=./dumb_plugin.so (test for warnings, line 10)
FAIL: g++.dg/plugin/dumb-plugin-test-1.C -fplugin=./dumb_plugin.so (test for warnings, line 14)
FAIL: g++.dg/plugin/dumb-plugin-test-1.C -fplugin=./dumb_plugin.so (test for warnings, line 18)
FAIL: g++.dg/plugin/dumb-plugin-test-1.C -fplugin=./dumb_plugin.so (test for warnings, line 19)
FAIL: g++.dg/plugin/dumb-plugin-test-1.C -fplugin=./dumb_plugin.so (test for warnings, line 24)
FAIL: g++.dg/plugin/dumb-plugin-test-1.C -fplugin=./dumb_plugin.so (test for warnings, line 50)
FAIL: g++.dg/plugin/dumb-plugin-test-1.C -fplugin=./dumb_plugin.so (test for warnings, line 50)
FAIL: g++.dg/tree-prof/indir-call-prof.C compilation, -g -fprofile-use
UNRESOLVED: g++.dg/tree-prof/indir-call-prof.C execution, -g -fprofile-use
FAIL: g++.dg/tree-prof/indir-call-prof.C compilation, -O0 -fprofile-use
UNRESOLVED: g++.dg/tree-prof/indir-call-prof.C execution, -O0 -fprofile-use
FAIL: g++.dg/tree-prof/indir-call-prof.C compilation, -O1 -fprofile-use
UNRESOLVED: g++.dg/tree-prof/indir-call-prof.C execution, -O1 -fprofile-use
FAIL: g++.dg/tree-prof/indir-call-prof.C compilation, -O2 -fprofile-use
UNRESOLVED: g++.dg/tree-prof/indir-call-prof.C execution, -O2 -fprofile-use
FAIL: g++.dg/tree-prof/indir-call-prof.C compilation, -O3 -fprofile-use
UNRESOLVED: g++.dg/tree-prof/indir-call-prof.C execution, -O3 -fprofile-use
FAIL: g++.dg/tree-prof/indir-call-prof.C compilation, -O3 -g -fprofile-use
UNRESOLVED: g++.dg/tree-prof/indir-call-prof.C execution, -O3 -g -fprofile-use
FAIL: g++.dg/tree-prof/indir-call-prof.C compilation, -Os -fprofile-use
UNRESOLVED: g++.dg/tree-prof/indir-call-prof.C execution, -Os -fprofile-use
FAIL: g++.dg/tree-prof/inline_mismatch_args.C compilation, -g -fprofile-use
UNRESOLVED: g++.dg/tree-prof/inline_mismatch_args.C execution, -g -fprofile-use
FAIL: g++.dg/tree-prof/inline_mismatch_args.C compilation, -O0 -fprofile-use
UNRESOLVED: g++.dg/tree-prof/inline_mismatch_args.C execution, -O0 -fprofile-use
FAIL: g++.dg/tree-prof/inline_mismatch_args.C compilation, -O1 -fprofile-use
UNRESOLVED: g++.dg/tree-prof/inline_mismatch_args.C execution, -O1 -fprofile-use
FAIL: g++.dg/tree-prof/inline_mismatch_args.C compilation, -O2 -fprofile-use
UNRESOLVED: g++.dg/tree-prof/inline_mismatch_args.C execution, -O2 -fprofile-use
FAIL: g++.dg/tree-prof/inline_mismatch_args.C compilation, -O3 -fprofile-use
UNRESOLVED: g++.dg/tree-prof/inline_mismatch_args.C execution, -O3 -fprofile-use
FAIL: g++.dg/tree-prof/inline_mismatch_args.C compilation, -O3 -g -fprofile-use
UNRESOLVED: g++.dg/tree-prof/inline_mismatch_args.C execution, -O3 -g -fprofile-use
FAIL: g++.dg/tree-prof/inline_mismatch_args.C compilation, -Os -fprofile-use
UNRESOLVED: g++.dg/tree-prof/inline_mismatch_args.C execution, -Os -fprofile-use
=== g++ Summary ===
# of expected passes 25728
# of unexpected failures 35
# of expected failures 157
# of unresolved testcases 14
# of unsupported tests 386
/Users/regress/tbox/native/build/gcc/testsuite/g++/../../g++ version 4.6.0 20101219 (experimental) (GCC)
=== gcc tests ===
Running target unix
FAIL: gcc.c-torture/compile/pr44707.c -O1 (test for excess errors)
FAIL: gcc.c-torture/compile/pr44707.c -O2 (test for excess errors)
FAIL: gcc.c-torture/compile/pr44707.c -O3 -fomit-frame-pointer (test for excess errors)
FAIL: gcc.c-torture/compile/pr44707.c -O3 -g (test for excess errors)
FAIL: gcc.c-torture/compile/pr44707.c -Os (test for excess errors)
FAIL: gcc.c-torture/compile/pr44707.c -O2 -flto -flto-partition=none (test for excess errors)
FAIL: gcc.c-torture/compile/pr44707.c -O2 -flto (test for excess errors)
FAIL: gcc.c-torture/execute/20040811-1.c compilation, -O3 -g
UNRESOLVED: gcc.c-torture/execute/20040811-1.c execution, -O3 -g
FAIL: gcc.c-torture/execute/pr22061-4.c compilation, -O3 -g
UNRESOLVED: gcc.c-torture/execute/pr22061-4.c execution, -O3 -g
FAIL: gcc.c-torture/execute/pr43220.c compilation, -O3 -g
UNRESOLVED: gcc.c-torture/execute/pr43220.c execution, -O3 -g
FAIL: gcc.c-torture/execute/vector-shift1.c compilation, -O0 (internal compiler error)
UNRESOLVED: gcc.c-torture/execute/vector-shift1.c execution, -O0
FAIL: gcc.c-torture/execute/vla-dealloc-1.c compilation, -O3 -g
UNRESOLVED: gcc.c-torture/execute/vla-dealloc-1.c execution, -O3 -g
FAIL: gcc.dg/compat/vector-1 c_compat_x_tst.o-c_compat_y_tst.o execute
FAIL: gcc.dg/compat/vector-2 c_compat_x_tst.o-c_compat_y_tst.o execute
WARNING: program timed out.
FAIL: tmpdir-gcc.dg-struct-layout-1/t025 c_compat_x_tst.o-c_compat_y_tst.o execute
FAIL: tmpdir-gcc.dg-struct-layout-1/t027 c_compat_x_tst.o-c_compat_y_tst.o execute
WARNING: program timed out.
FAIL: tmpdir-gcc.dg-struct-layout-1/t028 c_compat_x_tst.o-c_compat_y_tst.o execute
FAIL: gcc.dg/and-1.c scan-assembler-not nand
FAIL: gcc.dg/pr42461.c (test for excess errors)
FAIL: gcc.dg/pr46909.c scan-tree-dump ifcombine "optimizing two comparisons to x_[0-9]+\\(D\\) != 4"
FAIL: gcc.dg/sms-2.c scan-rtl-dump-times sms "SMS succeeded" 1
FAIL: gcc.dg/sms-3.c scan-rtl-dump-times sms "SMS succeeded" 1
FAIL: gcc.dg/sms-4.c scan-rtl-dump-times sms "SMS succeeded" 1
FAIL: gcc.dg/sms-5.c scan-rtl-dump-times sms "SMS succeeded" 1
FAIL: gcc.dg/sms-6.c scan-rtl-dump-times sms "SMS succeeded" 3
FAIL: gcc.dg/sms-7.c scan-rtl-dump-times sms "SMS succeeded" 3
FAIL: gcc.dg/sms-8.c scan-rtl-dump-times sms "SMS succeeded" 1
FAIL: gcc.dg/stack-usage-1.c scan-file foo\\t(256|264)\\tstatic
FAIL: gcc.dg/plugin/plugindir1.c (internal compiler error)
FAIL: gcc.dg/plugin/plugindir1.c (test for excess errors)
FAIL: gcc.dg/plugin/plugindir2.c (internal compiler error)
FAIL: gcc.dg/plugin/plugindir2.c (test for excess errors)
FAIL: gcc.dg/plugin/plugindir3.c (internal compiler error)
FAIL: gcc.dg/plugin/plugindir3.c (test for excess errors)
FAIL: gcc.dg/plugin/plugindir4.c (internal compiler error)
FAIL: gcc.dg/plugin/plugindir4.c (test for excess errors)
FAIL: gcc.dg/torture/stackalign/non-local-goto-1.c -O1 (test for excess errors)
WARNING: gcc.dg/torture/stackalign/non-local-goto-1.c -O1 compilation failed to produce executable
FAIL: gcc.dg/torture/stackalign/non-local-goto-2.c -O1 (test for excess errors)
WARNING: gcc.dg/torture/stackalign/non-local-goto-2.c -O1 compilation failed to produce executable
FAIL: gcc.dg/torture/stackalign/non-local-goto-1.c -O1 (test for excess errors)
WARNING: gcc.dg/torture/stackalign/non-local-goto-1.c -O1 compilation failed to produce executable
FAIL: gcc.dg/torture/stackalign/non-local-goto-2.c -O1 (test for excess errors)
WARNING: gcc.dg/torture/stackalign/non-local-goto-2.c -O1 compilation failed to produce executable
FAIL: gcc.dg/tree-ssa/foldconst-2.c scan-tree-dump-not optimized "fundamentals.0"
FAIL: gcc.dg/tree-ssa/vrp47.c scan-tree-dump-times vrp1 "[xy][^ ]* !=" 0
FAIL: gcc.dg/tree-ssa/vrp47.c scan-tree-dump-times dom1 "x[^ ]* & y" 1
XPASS: gcc.dg/vect/costmodel/ppc/costmodel-vect-outer-fir.c scan-tree-dump-times vect "OUTER LOOP VECTORIZED" 2
FAIL: gcc.dg/vect/costmodel/ppc/costmodel-vect-outer-fir.c scan-tree-dump-times vect "OUTER LOOP VECTORIZED" 1
FAIL: gcc.target/powerpc/405-dlmzb-strlen-1.c scan-assembler dlmzb\\\\.
FAIL: gcc.target/powerpc/440-dlmzb-strlen-1.c scan-assembler dlmzb\\\\.
FAIL: gcc.target/powerpc/asm-es-2.c scan-assembler asm1 3,4
FAIL: gcc.target/powerpc/asm-es-2.c scan-assembler asm2u 16\\\\(3\\\\)
FAIL: gcc.target/powerpc/asm-es-2.c scan-assembler asm3 0\\\\(3\\\\)
FAIL: gcc.target/powerpc/asm-es-2.c scan-assembler asm4 400\\\\(3\\\\)
FAIL: gcc.target/powerpc/ppc-vector-memcpy.c scan-assembler lvx
=== gcc Summary ===
# of expected passes 71153
# of unexpected failures 51
# of unexpected successes 1
# of expected failures 192
# of unresolved testcases 5
# of unsupported tests 1144
/Users/regress/tbox/native/build/gcc/xgcc version 4.6.0 20101219 (experimental) (GCC)
=== gfortran tests ===
Running target unix
FAIL: gfortran.dg/c_ptr_tests_16.f90 -O scan-tree-dump-times optimized "i_do_not_exist" 0
FAIL: gfortran.dg/large_real_kind_3.F90 -O0 execution test
=== gfortran Summary ===
# of expected passes 37217
# of unexpected failures 2
# of expected failures 74
# of unsupported tests 204
/Users/regress/tbox/native/build/gcc/testsuite/gfortran/../../gfortran version 4.6.0 20101219 (experimental) (GCC)
=== objc tests ===
Running target unix
XPASS: objc.dg-struct-layout-encoding-1/t026_main.m execution test
XPASS: objc.dg-struct-layout-encoding-1/t030_main.m execution test
XPASS: objc.dg-struct-layout-encoding-1/t031_main.m execution test
=== objc Summary ===
# of expected passes 5672
# of unexpected successes 3
# of expected failures 14
# of unsupported tests 92
/Users/regress/tbox/native/build/gcc/xgcc version 4.6.0 20101219 (experimental) (GCC)
=== libffi tests ===
Running target unix
FAIL: libffi.call/nested_struct5.c -O0 -W -Wall execution test
FAIL: libffi.call/nested_struct5.c -O2 execution test
FAIL: libffi.call/nested_struct5.c -O3 execution test
FAIL: libffi.call/nested_struct5.c -Os execution test
FAIL: libffi.call/nested_struct5.c -O2 -fomit-frame-pointer execution test
=== libffi Summary ===
# of expected passes 1624
# of unexpected failures 5
# of expected failures 10
# of unsupported tests 15
=== libgomp tests ===
Running target unix
=== libgomp Summary ===
# of expected passes 2522
# of unsupported tests 2
=== libjava tests ===
Running target unix
FAIL: Thread_Sleep_2 output - source compiled test
FAIL: Thread_Sleep_2 -O3 output - source compiled test
FAIL: Thread_Sleep_2 -O3 -findirect-dispatch output - source compiled test
=== libjava Summary ===
# of expected passes 2571
# of unexpected failures 3
=== libstdc++ tests ===
Running target unix
FAIL: ext/mt_allocator/deallocate_global_thread-1.cc execution test
FAIL: ext/mt_allocator/deallocate_global_thread-3.cc execution test
=== libstdc++ Summary ===
# of expected passes 6978
# of unexpected failures 2
# of expected failures 83
# of unsupported tests 651
=== libstdc++ Summary ===
Compiler version: 4.6.0 20101219 (experimental) (GCC)
Platform: powerpc-apple-darwin9.8.0
configure flags: --prefix=/Users/regress/tbox/objs --target=powerpc-apple-darwin9.8.0