This is the mail archive of the
gcc-testresults@gcc.gnu.org
mailing list for the GCC project.
Results for 4.6.0 20101215 (experimental) (GCC) testsuite on x86_64-apple-darwin10.5.0
- From: Jack Howarth <howarth at bromo dot med dot uc dot edu>
- To: gcc-testresults at gcc dot gnu dot org
- Date: Wed, 15 Dec 2010 08:17:10 -0500
- Subject: Results for 4.6.0 20101215 (experimental) (GCC) testsuite on x86_64-apple-darwin10.5.0
r167834 with http://gcc.gnu.org/bugzilla/attachment.cgi?id=22760
Native configuration is x86_64-apple-darwin10.5.0
=== g++ tests ===
Running target unix/-m32
FAIL: g++.dg/bprob/g++-bprob-2.C compilation, -g -fprofile-use
UNRESOLVED: g++.dg/bprob/g++-bprob-2.C execution, -g -fprofile-use
FAIL: g++.dg/bprob/g++-bprob-2.C compilation, -O3 -g -fprofile-use
UNRESOLVED: g++.dg/bprob/g++-bprob-2.C execution, -O3 -g -fprofile-use
FAIL: g++.dg/debug/dwarf2/pubnames-1.C scan-assembler-times "main.0"[^\\n]*external name 1
WARNING: g++.dg/ext/label13.C compilation failed to produce executable
FAIL: g++.dg/opt/pr46649.C (internal compiler error)
FAIL: g++.dg/opt/pr46649.C (test for excess errors)
FAIL: g++.dg/pch/system-1.C -g assembly comparison
FAIL: g++.dg/pch/system-1.C -O2 -g assembly comparison
FAIL: g++.dg/pch/system-1.C -O2 assembly comparison
FAIL: g++.dg/pch/system-2.C -g assembly comparison
FAIL: g++.dg/pch/system-2.C -O2 -g assembly comparison
FAIL: g++.dg/pch/system-2.C -O2 assembly comparison
FAIL: g++.dg/torture/stackalign/eh-alloca-1.C -O3 -g execution test
FAIL: g++.dg/torture/stackalign/eh-vararg-1.C -O3 -g execution test
FAIL: g++.dg/torture/stackalign/eh-vararg-2.C -O3 -g execution test
FAIL: g++.dg/torture/stackalign/eh-alloca-1.C -O3 -g execution test
FAIL: g++.dg/torture/stackalign/eh-vararg-1.C -O3 -g execution test
FAIL: g++.dg/torture/stackalign/eh-vararg-2.C -O3 -g execution test
=== g++ Summary for unix/-m32 ===
# of expected passes 26167
# of unexpected failures 17
# of expected failures 157
# of unresolved testcases 2
# of unsupported tests 176
Running target unix/-m64
FAIL: g++.dg/debug/dwarf2/pubnames-1.C scan-assembler-times "main.0"[^\\n]*external name 1
WARNING: g++.dg/ext/label13.C compilation failed to produce executable
FAIL: g++.dg/opt/pr46649.C (internal compiler error)
FAIL: g++.dg/opt/pr46649.C (test for excess errors)
FAIL: g++.dg/pch/system-1.C -g assembly comparison
FAIL: g++.dg/pch/system-1.C -O2 -g assembly comparison
FAIL: g++.dg/pch/system-1.C -O2 assembly comparison
FAIL: g++.dg/pch/system-2.C -g assembly comparison
FAIL: g++.dg/pch/system-2.C -O2 -g assembly comparison
FAIL: g++.dg/pch/system-2.C -O2 assembly comparison
=== g++ Summary for unix/-m64 ===
# of expected passes 26417
# of unexpected failures 9
# of expected failures 157
# of unsupported tests 370
=== g++ Summary ===
# of expected passes 52584
# of unexpected failures 26
# of expected failures 314
# of unresolved testcases 2
# of unsupported tests 546
/sw/src/fink.build/gcc46-4.6.0-1000/darwin_objdir/gcc/testsuite/g++/../../g++ version 4.6.0 20101215 (experimental) (GCC)
=== gcc tests ===
Running target unix/-m32
FAIL: gcc.dg/pr43157.c (test for excess errors)
XPASS: gcc.dg/tree-ssa/20040204-1.c scan-tree-dump-times optimized "link_error" 0
FAIL: gcc.target/i386/combine-mul.c scan-assembler-not 12345
=== gcc Summary for unix/-m32 ===
# of expected passes 73727
# of unexpected failures 2
# of unexpected successes 1
# of expected failures 214
# of unsupported tests 1344
Running target unix/-m64
FAIL: gcc.dg/pr43157.c (test for excess errors)
FAIL: gcc.dg/matrix/transpose-3.c execution, -fprofile-use -fipa-matrix-reorg -fdump-ipa-matrix-reorg -O3 -fwhole-program
XPASS: gcc.dg/tree-ssa/20040204-1.c scan-tree-dump-times optimized "link_error" 0
FAIL: gcc.target/i386/combine-mul.c scan-assembler-not 12345
=== gcc Summary for unix/-m64 ===
# of expected passes 73867
# of unexpected failures 3
# of unexpected successes 1
# of expected failures 215
# of unsupported tests 1716
=== gcc Summary ===
# of expected passes 147594
# of unexpected failures 5
# of unexpected successes 2
# of expected failures 429
# of unsupported tests 3060
/sw/src/fink.build/gcc46-4.6.0-1000/darwin_objdir/gcc/xgcc version 4.6.0 20101215 (experimental) (GCC)
=== gfortran tests ===
Running target unix/-m32
XPASS: gfortran.dg/pr25923.f90 -O PR45505 (test for warnings, line 13)
XPASS: gfortran.dg/pr25923.f90 -O PR45505 (test for bogus messages, line 22)
=== gfortran Summary for unix/-m32 ===
# of expected passes 37348
# of unexpected successes 2
# of expected failures 51
# of unsupported tests 177
Running target unix/-m64
=== gfortran Summary for unix/-m64 ===
# of expected passes 37589
# of expected failures 51
# of unsupported tests 63
=== gfortran Summary ===
# of expected passes 74937
# of unexpected successes 2
# of expected failures 102
# of unsupported tests 240
/sw/src/fink.build/gcc46-4.6.0-1000/darwin_objdir/gcc/testsuite/gfortran/../../gfortran version 4.6.0 20101215 (experimental) (GCC)
=== obj-c++ tests ===
Running target unix/-m32
WARNING: obj-c++.dg/try-catch-2.mm -fgnu-runtime compilation failed to produce executable
WARNING: obj-c++.dg/try-catch-9.mm -fgnu-runtime compilation failed to produce executable
=== obj-c++ Summary for unix/-m32 ===
# of expected passes 2781
# of expected failures 2
# of unsupported tests 75
Running target unix/-m64
WARNING: obj-c++.dg/try-catch-2.mm -fgnu-runtime compilation failed to produce executable
WARNING: obj-c++.dg/try-catch-9.mm -fgnu-runtime compilation failed to produce executable
WARNING: obj-c++.dg/try-catch-2.mm -fnext-runtime compilation failed to produce executable
WARNING: obj-c++.dg/try-catch-9.mm -fnext-runtime compilation failed to produce executable
=== obj-c++ Summary for unix/-m64 ===
# of expected passes 2622
# of expected failures 125
# of unsupported tests 80
=== obj-c++ Summary ===
# of expected passes 5403
# of expected failures 127
# of unsupported tests 155
/sw/src/fink.build/gcc46-4.6.0-1000/darwin_objdir/gcc/testsuite/obj-c++/../../g++ version 4.6.0 20101215 (experimental) (GCC)
=== objc tests ===
Running target unix/-m32
FAIL: objc/execute/exceptions/handler-1.m compilation, -O3 -g -fnext-runtime
UNRESOLVED: objc/execute/exceptions/handler-1.m execution, -O3 -g -fnext-runtime
FAIL: objc/execute/exceptions/matcher-1.m compilation, -O3 -g -fnext-runtime
UNRESOLVED: objc/execute/exceptions/matcher-1.m execution, -O3 -g -fnext-runtime
FAIL: objc/execute/exceptions/pr31281.m compilation, -O3 -g -fgnu-runtime
UNRESOLVED: objc/execute/exceptions/pr31281.m execution, -O3 -g -fgnu-runtime
FAIL: objc/execute/exceptions/pr31281.m compilation, -O3 -g -fnext-runtime
UNRESOLVED: objc/execute/exceptions/pr31281.m execution, -O3 -g -fnext-runtime
FAIL: objc/execute/exceptions/throw-nil.m compilation, -O3 -g -fgnu-runtime
UNRESOLVED: objc/execute/exceptions/throw-nil.m execution, -O3 -g -fgnu-runtime
FAIL: objc/execute/exceptions/throw-nil.m compilation, -O3 -g -fnext-runtime
UNRESOLVED: objc/execute/exceptions/throw-nil.m execution, -O3 -g -fnext-runtime
FAIL: objc/execute/exceptions/trivial.m compilation, -O3 -g -fnext-runtime
UNRESOLVED: objc/execute/exceptions/trivial.m execution, -O3 -g -fnext-runtime
FAIL: objc/execute/IMP.m compilation, -O3 -g -fgnu-runtime
UNRESOLVED: objc/execute/IMP.m execution, -O3 -g -fgnu-runtime
FAIL: objc/execute/accessing_ivars.m compilation, -O3 -g -fnext-runtime
UNRESOLVED: objc/execute/accessing_ivars.m execution, -O3 -g -fnext-runtime
FAIL: objc/execute/bf-1.m compilation, -O3 -g -fgnu-runtime
UNRESOLVED: objc/execute/bf-1.m execution, -O3 -g -fgnu-runtime
FAIL: objc/execute/bf-10.m compilation, -O3 -g -fgnu-runtime
UNRESOLVED: objc/execute/bf-10.m execution, -O3 -g -fgnu-runtime
FAIL: objc/execute/bf-11.m compilation, -O3 -g -fgnu-runtime
UNRESOLVED: objc/execute/bf-11.m execution, -O3 -g -fgnu-runtime
FAIL: objc/execute/bf-12.m compilation, -O3 -g -fgnu-runtime
UNRESOLVED: objc/execute/bf-12.m execution, -O3 -g -fgnu-runtime
FAIL: objc/execute/bf-13.m compilation, -O3 -g -fgnu-runtime
UNRESOLVED: objc/execute/bf-13.m execution, -O3 -g -fgnu-runtime
FAIL: objc/execute/bf-14.m compilation, -O3 -g -fgnu-runtime
UNRESOLVED: objc/execute/bf-14.m execution, -O3 -g -fgnu-runtime
FAIL: objc/execute/bf-15.m compilation, -O3 -g -fgnu-runtime
UNRESOLVED: objc/execute/bf-15.m execution, -O3 -g -fgnu-runtime
FAIL: objc/execute/bf-16.m compilation, -O3 -g -fgnu-runtime
UNRESOLVED: objc/execute/bf-16.m execution, -O3 -g -fgnu-runtime
FAIL: objc/execute/bf-17.m compilation, -O3 -g -fgnu-runtime
UNRESOLVED: objc/execute/bf-17.m execution, -O3 -g -fgnu-runtime
FAIL: objc/execute/bf-18.m compilation, -O3 -g -fgnu-runtime
UNRESOLVED: objc/execute/bf-18.m execution, -O3 -g -fgnu-runtime
FAIL: objc/execute/bf-19.m compilation, -O3 -g -fgnu-runtime
UNRESOLVED: objc/execute/bf-19.m execution, -O3 -g -fgnu-runtime
FAIL: objc/execute/bf-2.m compilation, -O3 -g -fgnu-runtime
UNRESOLVED: objc/execute/bf-2.m execution, -O3 -g -fgnu-runtime
FAIL: objc/execute/bf-20.m compilation, -O3 -g -fgnu-runtime
UNRESOLVED: objc/execute/bf-20.m execution, -O3 -g -fgnu-runtime
FAIL: objc/execute/bf-21.m compilation, -O3 -g -fgnu-runtime
UNRESOLVED: objc/execute/bf-21.m execution, -O3 -g -fgnu-runtime
FAIL: objc/execute/bf-3.m compilation, -O3 -g -fgnu-runtime
UNRESOLVED: objc/execute/bf-3.m execution, -O3 -g -fgnu-runtime
FAIL: objc/execute/bf-4.m compilation, -O3 -g -fgnu-runtime
UNRESOLVED: objc/execute/bf-4.m execution, -O3 -g -fgnu-runtime
FAIL: objc/execute/bf-5.m compilation, -O3 -g -fgnu-runtime
UNRESOLVED: objc/execute/bf-5.m execution, -O3 -g -fgnu-runtime
FAIL: objc/execute/bf-6.m compilation, -O3 -g -fgnu-runtime
UNRESOLVED: objc/execute/bf-6.m execution, -O3 -g -fgnu-runtime
FAIL: objc/execute/bf-7.m compilation, -O3 -g -fgnu-runtime
UNRESOLVED: objc/execute/bf-7.m execution, -O3 -g -fgnu-runtime
FAIL: objc/execute/bf-8.m compilation, -O3 -g -fgnu-runtime
UNRESOLVED: objc/execute/bf-8.m execution, -O3 -g -fgnu-runtime
FAIL: objc/execute/bf-9.m compilation, -O3 -g -fgnu-runtime
UNRESOLVED: objc/execute/bf-9.m execution, -O3 -g -fgnu-runtime
FAIL: objc/execute/bycopy-1.m compilation, -O3 -g -fgnu-runtime
UNRESOLVED: objc/execute/bycopy-1.m execution, -O3 -g -fgnu-runtime
FAIL: objc/execute/bycopy-1.m compilation, -O3 -g -fnext-runtime
UNRESOLVED: objc/execute/bycopy-1.m execution, -O3 -g -fnext-runtime
FAIL: objc/execute/bycopy-2.m compilation, -O3 -g -fnext-runtime
UNRESOLVED: objc/execute/bycopy-2.m execution, -O3 -g -fnext-runtime
FAIL: objc/execute/class_self-1.m compilation, -O3 -g -fnext-runtime
UNRESOLVED: objc/execute/class_self-1.m execution, -O3 -g -fnext-runtime
FAIL: objc/execute/class_self-2.m compilation, -O3 -g -fnext-runtime
UNRESOLVED: objc/execute/class_self-2.m execution, -O3 -g -fnext-runtime
FAIL: objc/execute/compatibility_alias.m compilation, -O3 -g -fnext-runtime
UNRESOLVED: objc/execute/compatibility_alias.m execution, -O3 -g -fnext-runtime
FAIL: objc/execute/encode-1.m compilation, -O3 -g -fgnu-runtime
UNRESOLVED: objc/execute/encode-1.m execution, -O3 -g -fgnu-runtime
FAIL: objc/execute/encode-1.m compilation, -O3 -g -fnext-runtime
UNRESOLVED: objc/execute/encode-1.m execution, -O3 -g -fnext-runtime
FAIL: objc/execute/enumeration-1.m compilation, -O3 -g -fnext-runtime
UNRESOLVED: objc/execute/enumeration-1.m execution, -O3 -g -fnext-runtime
FAIL: objc/execute/enumeration-2.m compilation, -O3 -g -fnext-runtime
UNRESOLVED: objc/execute/enumeration-2.m execution, -O3 -g -fnext-runtime
FAIL: objc/execute/fdecl.m compilation, -O3 -g -fgnu-runtime
UNRESOLVED: objc/execute/fdecl.m execution, -O3 -g -fgnu-runtime
FAIL: objc/execute/fdecl.m compilation, -O3 -g -fnext-runtime
UNRESOLVED: objc/execute/fdecl.m execution, -O3 -g -fnext-runtime
FAIL: objc/execute/formal_protocol-1.m compilation, -O3 -g -fnext-runtime
UNRESOLVED: objc/execute/formal_protocol-1.m execution, -O3 -g -fnext-runtime
FAIL: objc/execute/formal_protocol-2.m compilation, -O3 -g -fnext-runtime
UNRESOLVED: objc/execute/formal_protocol-2.m execution, -O3 -g -fnext-runtime
FAIL: objc/execute/formal_protocol-3.m compilation, -O3 -g -fnext-runtime
UNRESOLVED: objc/execute/formal_protocol-3.m execution, -O3 -g -fnext-runtime
FAIL: objc/execute/formal_protocol-4.m compilation, -O3 -g -fnext-runtime
UNRESOLVED: objc/execute/formal_protocol-4.m execution, -O3 -g -fnext-runtime
FAIL: objc/execute/formal_protocol-5.m compilation, -O3 -g -fnext-runtime
UNRESOLVED: objc/execute/formal_protocol-5.m execution, -O3 -g -fnext-runtime
FAIL: objc/execute/formal_protocol-6.m compilation, -O3 -g -fnext-runtime
UNRESOLVED: objc/execute/formal_protocol-6.m execution, -O3 -g -fnext-runtime
FAIL: objc/execute/formal_protocol-7.m compilation, -O3 -g -fnext-runtime
UNRESOLVED: objc/execute/formal_protocol-7.m execution, -O3 -g -fnext-runtime
FAIL: objc/execute/informal_protocol.m compilation, -O3 -g -fgnu-runtime
UNRESOLVED: objc/execute/informal_protocol.m execution, -O3 -g -fgnu-runtime
FAIL: objc/execute/informal_protocol.m compilation, -O3 -g -fnext-runtime
UNRESOLVED: objc/execute/informal_protocol.m execution, -O3 -g -fnext-runtime
FAIL: objc/execute/many_args_method.m compilation, -O3 -g -fnext-runtime
UNRESOLVED: objc/execute/many_args_method.m execution, -O3 -g -fnext-runtime
FAIL: objc/execute/nested-1.m compilation, -O3 -g -fgnu-runtime
UNRESOLVED: objc/execute/nested-1.m execution, -O3 -g -fgnu-runtime
FAIL: objc/execute/nested-1.m compilation, -O3 -g -fnext-runtime
UNRESOLVED: objc/execute/nested-1.m execution, -O3 -g -fnext-runtime
FAIL: objc/execute/nested-2.m compilation, -O3 -g -fgnu-runtime
UNRESOLVED: objc/execute/nested-2.m execution, -O3 -g -fgnu-runtime
FAIL: objc/execute/nested-2.m compilation, -O3 -g -fnext-runtime
UNRESOLVED: objc/execute/nested-2.m execution, -O3 -g -fnext-runtime
FAIL: objc/execute/nested-3.m compilation, -O3 -g -fnext-runtime
UNRESOLVED: objc/execute/nested-3.m execution, -O3 -g -fnext-runtime
FAIL: objc/execute/nested-func-1.m compilation, -O3 -g -fnext-runtime
UNRESOLVED: objc/execute/nested-func-1.m execution, -O3 -g -fnext-runtime
FAIL: objc/execute/nil_method-1.m compilation, -O3 -g -fgnu-runtime
UNRESOLVED: objc/execute/nil_method-1.m execution, -O3 -g -fgnu-runtime
FAIL: objc/execute/nil_method-1.m compilation, -O3 -g -fnext-runtime
UNRESOLVED: objc/execute/nil_method-1.m execution, -O3 -g -fnext-runtime
FAIL: objc/execute/no_clash.m compilation, -O3 -g -fnext-runtime
UNRESOLVED: objc/execute/no_clash.m execution, -O3 -g -fnext-runtime
FAIL: objc/execute/np-1.m compilation, -O3 -g -fnext-runtime
UNRESOLVED: objc/execute/np-1.m execution, -O3 -g -fnext-runtime
FAIL: objc/execute/np-2.m compilation, -O3 -g -fnext-runtime
UNRESOLVED: objc/execute/np-2.m execution, -O3 -g -fnext-runtime
FAIL: objc/execute/pr25328.m compilation, -O3 -g -fgnu-runtime
UNRESOLVED: objc/execute/pr25328.m execution, -O3 -g -fgnu-runtime
FAIL: objc/execute/pr25328.m compilation, -O3 -g -fnext-runtime
UNRESOLVED: objc/execute/pr25328.m execution, -O3 -g -fnext-runtime
FAIL: objc/execute/private.m compilation, -O3 -g -fnext-runtime
UNRESOLVED: objc/execute/private.m execution, -O3 -g -fnext-runtime
FAIL: objc/execute/protocol-isEqual-1.m compilation, -O3 -g -fnext-runtime
UNRESOLVED: objc/execute/protocol-isEqual-1.m execution, -O3 -g -fnext-runtime
FAIL: objc/execute/protocol-isEqual-2.m compilation, -O3 -g -fnext-runtime
UNRESOLVED: objc/execute/protocol-isEqual-2.m execution, -O3 -g -fnext-runtime
FAIL: objc/execute/protocol-isEqual-3.m compilation, -O3 -g -fnext-runtime
UNRESOLVED: objc/execute/protocol-isEqual-3.m execution, -O3 -g -fnext-runtime
FAIL: objc/execute/protocol-isEqual-4.m compilation, -O3 -g -fnext-runtime
UNRESOLVED: objc/execute/protocol-isEqual-4.m execution, -O3 -g -fnext-runtime
FAIL: objc/execute/protocol.m compilation, -O3 -g -fnext-runtime
UNRESOLVED: objc/execute/protocol.m execution, -O3 -g -fnext-runtime
FAIL: objc/execute/redefining_self.m compilation, -O3 -g -fnext-runtime
UNRESOLVED: objc/execute/redefining_self.m execution, -O3 -g -fnext-runtime
FAIL: objc/execute/selector-1.m compilation, -O3 -g -fgnu-runtime
UNRESOLVED: objc/execute/selector-1.m execution, -O3 -g -fgnu-runtime
FAIL: objc/execute/selector-1.m compilation, -O3 -g -fnext-runtime
UNRESOLVED: objc/execute/selector-1.m execution, -O3 -g -fnext-runtime
FAIL: objc/execute/static-1.m compilation, -O3 -g -fnext-runtime
UNRESOLVED: objc/execute/static-1.m execution, -O3 -g -fnext-runtime
FAIL: objc/execute/static-2.m compilation, -O3 -g -fnext-runtime
UNRESOLVED: objc/execute/static-2.m execution, -O3 -g -fnext-runtime
FAIL: objc/execute/trivial.m compilation, -O3 -g -fnext-runtime
UNRESOLVED: objc/execute/trivial.m execution, -O3 -g -fnext-runtime
FAIL: objc/execute/va_method.m compilation, -O3 -g -fnext-runtime
UNRESOLVED: objc/execute/va_method.m execution, -O3 -g -fnext-runtime
XPASS: objc.dg-struct-layout-encoding-1/t026_main.m execution test
=== objc Summary for unix/-m32 ===
# of expected passes 5518
# of unexpected failures 78
# of unexpected successes 1
# of expected failures 6
# of unresolved testcases 78
# of unsupported tests 92
Running target unix/-m64
FAIL: objc.dg/exceptions-2.m -fnext-runtime (test for excess errors)
WARNING: objc.dg/exceptions-2.m -fnext-runtime compilation failed to produce executable
XPASS: objc.dg-struct-layout-encoding-1/t026_main.m execution test
=== objc Summary for unix/-m64 ===
# of expected passes 4299
# of unexpected failures 1
# of unexpected successes 1
# of expected failures 151
# of unsupported tests 108
=== objc Summary ===
# of expected passes 9817
# of unexpected failures 79
# of unexpected successes 2
# of expected failures 157
# of unresolved testcases 78
# of unsupported tests 200
/sw/src/fink.build/gcc46-4.6.0-1000/darwin_objdir/gcc/xgcc version 4.6.0 20101215 (experimental) (GCC)
=== libffi tests ===
Running target unix/-m32
=== libffi Summary for unix/-m32 ===
# of expected passes 1634
# of expected failures 10
# of unsupported tests 15
Running target unix/-m64
=== libffi Summary for unix/-m64 ===
# of expected passes 1634
# of expected failures 10
# of unsupported tests 15
=== libffi Summary ===
# of expected passes 3268
# of expected failures 20
# of unsupported tests 30
=== libgomp tests ===
Running target unix/-m32
=== libgomp Summary for unix/-m32 ===
# of expected passes 2568
# of unsupported tests 2
Running target unix/-m64
=== libgomp Summary for unix/-m64 ===
# of expected passes 2568
# of unsupported tests 2
=== libgomp Summary ===
# of expected passes 5136
# of unsupported tests 4
=== libjava tests ===
Running target unix/-m32
FAIL: PR16923.c compilation
=== libjava Summary for unix/-m32 ===
# of expected passes 2572
# of unexpected failures 1
Running target unix/-m64
=== libjava Summary for unix/-m64 ===
# of expected passes 2574
=== libjava Summary ===
# of expected passes 5146
# of unexpected failures 1
=== libstdc++ tests ===
Running target unix/-m32
FAIL: 18_support/numeric_limits/cons/default_c++0x.cc (test for excess errors)
FAIL: 18_support/numeric_limits/dr559.cc (test for excess errors)
FAIL: 18_support/numeric_limits/lowest.cc (test for excess errors)
FAIL: 18_support/numeric_limits/max_digits10.cc (test for excess errors)
FAIL: 19_diagnostics/error_category/cons/default.cc (test for excess errors)
FAIL: 19_diagnostics/error_category/operators/equal.cc (test for excess errors)
FAIL: 19_diagnostics/error_category/operators/not_equal.cc (test for excess errors)
FAIL: 19_diagnostics/error_code/cons/1.cc (test for excess errors)
FAIL: 19_diagnostics/error_code/operators/bool.cc (test for excess errors)
FAIL: 19_diagnostics/error_condition/cons/1.cc (test for excess errors)
FAIL: 19_diagnostics/error_condition/operators/bool.cc (test for excess errors)
FAIL: 20_util/bind/all_bound.cc (test for excess errors)
FAIL: 20_util/bind/conv_result.cc (test for excess errors)
FAIL: 20_util/bind/cv_quals.cc (test for excess errors)
FAIL: 20_util/bind/move.cc (test for excess errors)
FAIL: 20_util/bind/nested.cc (test for excess errors)
FAIL: 20_util/bind/placeholders.cc (test for excess errors)
FAIL: 20_util/common_type/requirements/typedefs-1.cc (test for excess errors)
FAIL: 20_util/common_type/requirements/typedefs-2.cc (test for excess errors)
FAIL: 20_util/conditional/requirements/typedefs.cc (test for excess errors)
FAIL: 20_util/decay/requirements/typedefs.cc (test for excess errors)
FAIL: 20_util/function/assign/move_target.cc (test for excess errors)
FAIL: 20_util/function/cons/move_target.cc (test for excess errors)
FAIL: 20_util/function/invoke/move_only.cc (test for excess errors)
FAIL: 20_util/make_signed/requirements/typedefs-1.cc (test for excess errors)
FAIL: 20_util/make_signed/requirements/typedefs-2.cc (test for excess errors)
FAIL: 20_util/make_unsigned/requirements/typedefs-1.cc (test for excess errors)
FAIL: 20_util/make_unsigned/requirements/typedefs-2.cc (test for excess errors)
FAIL: 20_util/pair/piecewise.cc (test for excess errors)
FAIL: 20_util/pair/swap.cc (test for excess errors)
FAIL: 20_util/shared_ptr/cons/default.cc (test for excess errors)
FAIL: 20_util/shared_ptr/creation/36949.cc (test for excess errors)
FAIL: 20_util/shared_ptr/hash/1.cc (test for excess errors)
FAIL: 20_util/shared_ptr/misc/24595.cc (test for excess errors)
FAIL: 20_util/tuple/cons/assignment.cc (test for excess errors)
FAIL: 20_util/tuple/cons/constructor.cc (test for excess errors)
FAIL: 20_util/tuple/creation_functions/23978.cc (test for excess errors)
FAIL: 20_util/tuple/creation_functions/make_tuple.cc (test for excess errors)
FAIL: 20_util/tuple/creation_functions/tie.cc (test for excess errors)
FAIL: 20_util/tuple/element_access/get.cc (test for excess errors)
FAIL: 20_util/tuple/moveable.cc (test for excess errors)
FAIL: 20_util/tuple/moveable2.cc (test for excess errors)
FAIL: 20_util/tuple/swap.cc (test for excess errors)
FAIL: 20_util/tuple/tuple_element.cc (test for excess errors)
FAIL: 20_util/tuple/tuple_size.cc (test for excess errors)
FAIL: 20_util/typeindex/name.cc (test for excess errors)
FAIL: 20_util/unique_ptr/assign/move.cc (test for excess errors)
FAIL: 20_util/unique_ptr/assign/move_array.cc (test for excess errors)
FAIL: 20_util/unique_ptr/assign/nullptr.cc (test for excess errors)
FAIL: 20_util/unique_ptr/cons/nullptr.cc (test for excess errors)
FAIL: 20_util/unique_ptr/hash/1.cc (test for excess errors)
FAIL: 20_util/unique_ptr/specialized_algorithms/comparisons.cc (test for excess errors)
FAIL: 23_containers/array/requirements/fill.cc (test for excess errors)
FAIL: 23_containers/bitset/cons/3.cc (test for excess errors)
FAIL: 23_containers/bitset/hash/1.cc (test for excess errors)
FAIL: 23_containers/deque/capacity/shrink_to_fit.cc (test for excess errors)
FAIL: 23_containers/forward_list/capacity/1.cc (test for excess errors)
FAIL: 23_containers/forward_list/debug/clear.cc (test for excess errors)
FAIL: 23_containers/forward_list/debug/move_constructor.cc (test for excess errors)
FAIL: 23_containers/forward_list/debug/splice_after.cc (test for excess errors)
FAIL: 23_containers/map/element_access/46148.cc (test for excess errors)
FAIL: 23_containers/unordered_map/profile/unordered.cc (test for excess errors)
FAIL: 23_containers/vector/bool/hash/1.cc (test for excess errors)
FAIL: 23_containers/vector/debug_mode_requires_reallocation-2.cc (test for excess errors)
FAIL: 25_algorithms/minmax/1.cc (test for excess errors)
FAIL: 28_regex/07_traits/char/ctor.cc (test for excess errors)
FAIL: 28_regex/07_traits/char/length.cc (test for excess errors)
FAIL: 28_regex/07_traits/char/translate.cc (test for excess errors)
FAIL: 28_regex/07_traits/wchar_t/ctor.cc (test for excess errors)
FAIL: 28_regex/07_traits/wchar_t/translate.cc (test for excess errors)
FAIL: 29_atomics/atomic/cons/copy_list.cc (test for excess errors)
FAIL: 29_atomics/atomic/cons/default.cc (test for excess errors)
FAIL: 29_atomics/atomic/cons/direct_list.cc (test for excess errors)
FAIL: 29_atomics/atomic/cons/single_value.cc (test for excess errors)
FAIL: 29_atomics/atomic/operators/integral_assignment.cc (test for excess errors)
FAIL: 29_atomics/atomic/operators/integral_conversion.cc (test for excess errors)
FAIL: 29_atomics/atomic_address/cons/default.cc (test for excess errors)
FAIL: 29_atomics/atomic_address/cons/single_value.cc (test for excess errors)
FAIL: 29_atomics/atomic_flag/cons/default.cc (test for excess errors)
FAIL: 29_atomics/atomic_flag/test_and_set/explicit.cc (test for excess errors)
FAIL: 29_atomics/atomic_flag/test_and_set/implicit.cc (test for excess errors)
FAIL: 29_atomics/atomic_integral/cons/copy_list.cc (test for excess errors)
FAIL: 29_atomics/atomic_integral/cons/default.cc (test for excess errors)
FAIL: 29_atomics/atomic_integral/cons/direct_list.cc (test for excess errors)
FAIL: 29_atomics/atomic_integral/cons/single_value.cc (test for excess errors)
FAIL: 29_atomics/atomic_integral/operators/integral_assignment.cc (test for excess errors)
FAIL: 29_atomics/atomic_integral/operators/integral_conversion.cc (test for excess errors)
FAIL: abi/cxx_runtime_only_linkage.cc (test for excess errors)
FAIL: backward/strstream_members.cc (test for excess errors)
FAIL: ext/array_allocator/variadic_construct.cc (test for excess errors)
FAIL: ext/concept_checks.cc (test for excess errors)
FAIL: ext/malloc_allocator/variadic_construct.cc (test for excess errors)
FAIL: tr1/2_general_utilities/shared_ptr/misc/42019.cc (test for excess errors)
=== libstdc++ Summary for unix/-m32 ===
# of expected passes 5633
# of unexpected failures 93
# of expected failures 77
# of unsupported tests 1069
Running target unix/-m64
FAIL: 18_support/numeric_limits/cons/default_c++0x.cc (test for excess errors)
FAIL: 18_support/numeric_limits/dr559.cc (test for excess errors)
FAIL: 18_support/numeric_limits/lowest.cc (test for excess errors)
FAIL: 18_support/numeric_limits/max_digits10.cc (test for excess errors)
FAIL: 19_diagnostics/error_category/cons/default.cc (test for excess errors)
FAIL: 19_diagnostics/error_category/operators/equal.cc (test for excess errors)
FAIL: 19_diagnostics/error_category/operators/not_equal.cc (test for excess errors)
FAIL: 19_diagnostics/error_code/cons/1.cc (test for excess errors)
FAIL: 19_diagnostics/error_code/operators/bool.cc (test for excess errors)
FAIL: 19_diagnostics/error_condition/cons/1.cc (test for excess errors)
FAIL: 19_diagnostics/error_condition/operators/bool.cc (test for excess errors)
FAIL: 20_util/bind/all_bound.cc (test for excess errors)
FAIL: 20_util/bind/conv_result.cc (test for excess errors)
FAIL: 20_util/bind/cv_quals.cc (test for excess errors)
FAIL: 20_util/bind/move.cc (test for excess errors)
FAIL: 20_util/bind/nested.cc (test for excess errors)
FAIL: 20_util/bind/placeholders.cc (test for excess errors)
FAIL: 20_util/common_type/requirements/typedefs-1.cc (test for excess errors)
FAIL: 20_util/common_type/requirements/typedefs-2.cc (test for excess errors)
FAIL: 20_util/conditional/requirements/typedefs.cc (test for excess errors)
FAIL: 20_util/decay/requirements/typedefs.cc (test for excess errors)
FAIL: 20_util/function/assign/move_target.cc (test for excess errors)
FAIL: 20_util/function/cons/move_target.cc (test for excess errors)
FAIL: 20_util/function/invoke/move_only.cc (test for excess errors)
FAIL: 20_util/make_signed/requirements/typedefs-1.cc (test for excess errors)
FAIL: 20_util/make_signed/requirements/typedefs-2.cc (test for excess errors)
FAIL: 20_util/make_unsigned/requirements/typedefs-1.cc (test for excess errors)
FAIL: 20_util/make_unsigned/requirements/typedefs-2.cc (test for excess errors)
FAIL: 20_util/pair/piecewise.cc (test for excess errors)
FAIL: 20_util/pair/swap.cc (test for excess errors)
FAIL: 20_util/shared_ptr/cons/default.cc (test for excess errors)
FAIL: 20_util/shared_ptr/creation/36949.cc (test for excess errors)
FAIL: 20_util/shared_ptr/hash/1.cc (test for excess errors)
FAIL: 20_util/shared_ptr/misc/24595.cc (test for excess errors)
FAIL: 20_util/tuple/cons/assignment.cc (test for excess errors)
FAIL: 20_util/tuple/cons/constructor.cc (test for excess errors)
FAIL: 20_util/tuple/creation_functions/23978.cc (test for excess errors)
FAIL: 20_util/tuple/creation_functions/make_tuple.cc (test for excess errors)
FAIL: 20_util/tuple/creation_functions/tie.cc (test for excess errors)
FAIL: 20_util/tuple/element_access/get.cc (test for excess errors)
FAIL: 20_util/tuple/moveable.cc (test for excess errors)
FAIL: 20_util/tuple/moveable2.cc (test for excess errors)
FAIL: 20_util/tuple/swap.cc (test for excess errors)
FAIL: 20_util/tuple/tuple_element.cc (test for excess errors)
FAIL: 20_util/tuple/tuple_size.cc (test for excess errors)
FAIL: 20_util/typeindex/name.cc (test for excess errors)
FAIL: 20_util/unique_ptr/assign/move.cc (test for excess errors)
FAIL: 20_util/unique_ptr/assign/move_array.cc (test for excess errors)
FAIL: 20_util/unique_ptr/assign/nullptr.cc (test for excess errors)
FAIL: 20_util/unique_ptr/cons/nullptr.cc (test for excess errors)
FAIL: 20_util/unique_ptr/hash/1.cc (test for excess errors)
FAIL: 20_util/unique_ptr/specialized_algorithms/comparisons.cc (test for excess errors)
FAIL: 23_containers/array/requirements/fill.cc (test for excess errors)
FAIL: 23_containers/bitset/cons/3.cc (test for excess errors)
FAIL: 23_containers/bitset/hash/1.cc (test for excess errors)
FAIL: 23_containers/deque/capacity/shrink_to_fit.cc (test for excess errors)
FAIL: 23_containers/forward_list/capacity/1.cc (test for excess errors)
FAIL: 23_containers/forward_list/debug/clear.cc (test for excess errors)
FAIL: 23_containers/forward_list/debug/move_constructor.cc (test for excess errors)
FAIL: 23_containers/forward_list/debug/splice_after.cc (test for excess errors)
FAIL: 23_containers/map/element_access/46148.cc (test for excess errors)
FAIL: 23_containers/unordered_map/profile/unordered.cc (test for excess errors)
FAIL: 23_containers/vector/bool/hash/1.cc (test for excess errors)
FAIL: 23_containers/vector/debug_mode_requires_reallocation-2.cc (test for excess errors)
FAIL: 25_algorithms/minmax/1.cc (test for excess errors)
FAIL: 28_regex/07_traits/char/ctor.cc (test for excess errors)
FAIL: 28_regex/07_traits/char/length.cc (test for excess errors)
FAIL: 28_regex/07_traits/char/translate.cc (test for excess errors)
FAIL: 28_regex/07_traits/wchar_t/ctor.cc (test for excess errors)
FAIL: 28_regex/07_traits/wchar_t/translate.cc (test for excess errors)
FAIL: 29_atomics/atomic/cons/copy_list.cc (test for excess errors)
FAIL: 29_atomics/atomic/cons/default.cc (test for excess errors)
FAIL: 29_atomics/atomic/cons/direct_list.cc (test for excess errors)
FAIL: 29_atomics/atomic/cons/single_value.cc (test for excess errors)
FAIL: 29_atomics/atomic/operators/integral_assignment.cc (test for excess errors)
FAIL: 29_atomics/atomic/operators/integral_conversion.cc (test for excess errors)
FAIL: 29_atomics/atomic_address/cons/default.cc (test for excess errors)
FAIL: 29_atomics/atomic_address/cons/single_value.cc (test for excess errors)
FAIL: 29_atomics/atomic_flag/cons/default.cc (test for excess errors)
FAIL: 29_atomics/atomic_flag/test_and_set/explicit.cc (test for excess errors)
FAIL: 29_atomics/atomic_flag/test_and_set/implicit.cc (test for excess errors)
FAIL: 29_atomics/atomic_integral/cons/copy_list.cc (test for excess errors)
FAIL: 29_atomics/atomic_integral/cons/default.cc (test for excess errors)
FAIL: 29_atomics/atomic_integral/cons/direct_list.cc (test for excess errors)
FAIL: 29_atomics/atomic_integral/cons/single_value.cc (test for excess errors)
FAIL: 29_atomics/atomic_integral/operators/integral_assignment.cc (test for excess errors)
FAIL: 29_atomics/atomic_integral/operators/integral_conversion.cc (test for excess errors)
FAIL: abi/cxx_runtime_only_linkage.cc (test for excess errors)
FAIL: backward/strstream_members.cc (test for excess errors)
FAIL: ext/array_allocator/variadic_construct.cc (test for excess errors)
FAIL: ext/concept_checks.cc (test for excess errors)
FAIL: ext/malloc_allocator/variadic_construct.cc (test for excess errors)
FAIL: tr1/2_general_utilities/shared_ptr/misc/42019.cc (test for excess errors)
=== libstdc++ Summary for unix/-m64 ===
# of expected passes 5631
# of unexpected failures 93
# of expected failures 77
# of unsupported tests 1070
=== libstdc++ Summary ===
# of expected passes 11264
# of unexpected failures 186
# of expected failures 154
# of unsupported tests 2139
Compiler version: 4.6.0 20101215 (experimental) (GCC)
Platform: x86_64-apple-darwin10.5.0
configure flags: --prefix=/sw --prefix=/sw/lib/gcc4.6 --mandir=/sw/share/man --infodir=/sw/lib/gcc4.6/info --enable-languages=c,c++,fortran,objc,obj-c++,java --with-gmp=/sw --with-libiconv-prefix=/sw --with-ppl=/sw --with-cloog=/sw --with-mpc=/sw --with-system-zlib --x-includes=/usr/X11R6/include --x-libraries=/usr/X11R6/lib --program-suffix=-fsf-4.6 --enable-checking=yes --enable-cloog-backend=isl --enable-build-with-cxx