This is the mail archive of the
gcc-testresults@gcc.gnu.org
mailing list for the GCC project.
Results for 4.6.0 20101210 (experimental) [trunk revision 167696] (GCC) testsuite on hppa64-hp-hpux11.00
- From: John David Anglin <dave at hiauly2 dot hia dot nrc dot ca>
- To: dave at hiauly2 dot hia dot nrc dot ca, gcc-testresults at gcc dot gnu dot org
- Date: Tue, 14 Dec 2010 20:13:30 -0500 (EST)
- Subject: Results for 4.6.0 20101210 (experimental) [trunk revision 167696] (GCC) testsuite on hppa64-hp-hpux11.00
Native configuration is hppa64-hp-hpux11.00
=== g++ tests ===
Running target unix
WARNING: program timed out.
=== g++ Summary ===
# of expected passes 24296
# of expected failures 158
# of unsupported tests 581
/home/gnu/gcc/objdir/gcc/testsuite/g++/../../g++ version 4.6.0 20101210 (experimental) [trunk revision 167696] (GCC)
=== gcc tests ===
Running target unix
WARNING: program timed out.
FAIL: gcc.c-torture/compile/limits-fndefn.c -O2 (test for excess errors)
WARNING: program timed out.
FAIL: gcc.c-torture/compile/limits-fndefn.c -O3 -fomit-frame-pointer (test for excess errors)
WARNING: program timed out.
FAIL: gcc.c-torture/compile/limits-fndefn.c -O3 -g (test for excess errors)
WARNING: program timed out.
FAIL: gcc.c-torture/compile/limits-fndefn.c -Os (test for excess errors)
WARNING: program timed out.
FAIL: gcc.c-torture/compile/limits-fndefn.c -O2 -flto -flto-partition=none (test for excess errors)
WARNING: program timed out.
FAIL: gcc.c-torture/compile/limits-fndefn.c -O2 -flto (test for excess errors)
WARNING: program timed out.
FAIL: gcc.c-torture/compile/limits-structnest.c -O2 (test for excess errors)
WARNING: program timed out.
FAIL: gcc.c-torture/compile/limits-structnest.c -O3 -fomit-frame-pointer (test for excess errors)
WARNING: program timed out.
FAIL: gcc.c-torture/compile/limits-structnest.c -O3 -g (test for excess errors)
WARNING: program timed out.
FAIL: gcc.c-torture/compile/limits-structnest.c -Os (test for excess errors)
WARNING: program timed out.
FAIL: gcc.c-torture/compile/limits-structnest.c -O2 -flto -flto-partition=none (test for excess errors)
WARNING: program timed out.
FAIL: gcc.c-torture/compile/limits-structnest.c -O2 -flto (test for excess errors)
WARNING: program timed out.
FAIL: tmpdir-gcc.dg-struct-layout-1/t002 c_compat_y_tst.o compile
UNRESOLVED: tmpdir-gcc.dg-struct-layout-1/t002 c_compat_x_tst.o-c_compat_y_tst.o link
UNRESOLVED: tmpdir-gcc.dg-struct-layout-1/t002 c_compat_x_tst.o-c_compat_y_tst.o execute
WARNING: program timed out.
FAIL: tmpdir-gcc.dg-struct-layout-1/t003 c_compat_y_tst.o compile
UNRESOLVED: tmpdir-gcc.dg-struct-layout-1/t003 c_compat_x_tst.o-c_compat_y_tst.o link
UNRESOLVED: tmpdir-gcc.dg-struct-layout-1/t003 c_compat_x_tst.o-c_compat_y_tst.o execute
WARNING: program timed out.
FAIL: gcc.dg/c99-intconst-1.c (test for excess errors)
XPASS: gcc.dg/funcorder.c scan-assembler-not link_error,%r
FAIL: gcc.dg/pr43157.c (test for excess errors)
WARNING: program timed out.
FAIL: gcc.dg/lto/20090116 c_lto_20090116_0.o-c_lto_20090116_0.o link, -O1 -flto -flto-partition=1to1 -fPIC (internal compiler error)
UNRESOLVED: gcc.dg/lto/20090116 c_lto_20090116_0.o-c_lto_20090116_0.o execute -O1 -flto -flto-partition=1to1 -fPIC
FAIL: gcc.dg/tls/thr-cse-1.c scan-assembler-not emutls_get_address.*emutls_get_address.*
=== gcc Summary ===
# of expected passes 65683
# of unexpected failures 18
# of unexpected successes 1
# of expected failures 124
# of unresolved testcases 5
# of unsupported tests 1232
/home/gnu/gcc/objdir/gcc/xgcc version 4.6.0 20101210 (experimental) [trunk revision 167696] (GCC)
=== gfortran tests ===
Running target unix
WARNING: program timed out.
FAIL: gfortran.dg/array_constructor_33.f90 -O (test for excess errors)
FAIL: gfortran.dg/class_allocate_6.f03 -O0 execution test
FAIL: gfortran.dg/class_allocate_6.f03 -O1 execution test
FAIL: gfortran.dg/class_allocate_6.f03 -O2 execution test
FAIL: gfortran.dg/class_allocate_6.f03 -O3 -fomit-frame-pointer execution test
FAIL: gfortran.dg/class_allocate_6.f03 -O3 -fomit-frame-pointer -funroll-loops execution test
FAIL: gfortran.dg/class_allocate_6.f03 -O3 -fomit-frame-pointer -funroll-all-loops -finline-functions execution test
FAIL: gfortran.dg/class_allocate_6.f03 -O3 -g execution test
FAIL: gfortran.dg/class_allocate_6.f03 -Os execution test
WARNING: program timed out.
FAIL: gfortran.dg/cray_pointers_2.f90 -O3 -g (test for excess errors)
WARNING: gfortran.dg/cray_pointers_2.f90 -O3 -g compilation failed to produce executable
=== gfortran Summary ===
# of expected passes 36267
# of unexpected failures 10
# of expected failures 40
# of unsupported tests 330
/home/gnu/gcc/objdir/gcc/testsuite/gfortran/../../gfortran version 4.6.0 20101210 (experimental) [trunk revision 167696] (GCC)
=== obj-c++ tests ===
Running target unix
WARNING: obj-c++.dg/try-catch-2.mm -fgnu-runtime compilation failed to produce executable
WARNING: obj-c++.dg/try-catch-9.mm -fgnu-runtime compilation failed to produce executable
=== obj-c++ Summary ===
# of expected passes 1257
# of expected failures 10
# of unsupported tests 86
/home/gnu/gcc/objdir/gcc/testsuite/obj-c++/../../g++ version 4.6.0 20101210 (experimental) [trunk revision 167696] (GCC)
=== objc tests ===
Running target unix
XPASS: objc.dg-struct-layout-encoding-1/t025_main.m execution test
XPASS: objc.dg-struct-layout-encoding-1/t026_main.m execution test
XPASS: objc.dg-struct-layout-encoding-1/t027_main.m execution test
XPASS: objc.dg-struct-layout-encoding-1/t028_main.m execution test
XPASS: objc.dg-struct-layout-encoding-1/t029_main.m execution test
XPASS: objc.dg-struct-layout-encoding-1/t030_main.m execution test
XPASS: objc.dg-struct-layout-encoding-1/t031_main.m execution test
=== objc Summary ===
# of expected passes 2768
# of unexpected successes 7
# of expected failures 10
# of unsupported tests 75
/home/gnu/gcc/objdir/gcc/xgcc version 4.6.0 20101210 (experimental) [trunk revision 167696] (GCC)
=== libgomp tests ===
Running target unix
=== libgomp Summary ===
# of expected passes 2492
# of unsupported tests 9
=== libstdc++ tests ===
Running target unix
FAIL: 18_support/numeric_limits/lowest.cc execution test
FAIL: 21_strings/basic_string/requirements/typedefs.cc (test for excess errors)
FAIL: 28_regex/08_basic_regex/requirements/constexpr_data.cc (test for excess errors)
WARNING: program timed out.
FAIL: ext/pb_ds/regression/tree_data_map_rand.cc (test for excess errors)
WARNING: ext/pb_ds/regression/tree_data_map_rand.cc compilation failed to produce executable
WARNING: program timed out.
FAIL: ext/pb_ds/regression/tree_no_data_map_rand.cc (test for excess errors)
WARNING: ext/pb_ds/regression/tree_no_data_map_rand.cc compilation failed to produce executable
=== libstdc++ Summary ===
# of expected passes 5865
# of unexpected failures 5
# of expected failures 82
# of unsupported tests 570
Compiler version: 4.6.0 20101210 (experimental) [trunk revision 167696] (GCC)
Platform: hppa64-hp-hpux11.00
configure flags:Test Run By dave on Mon Dec 13 05:56:09 2010