This is the mail archive of the
gcc-testresults@gcc.gnu.org
mailing list for the GCC project.
Results for 4.5.2 20101210 (prerelease) [gcc-4_5-branch revision 167673] (GCC) testsuite on sparc-sun-solaris2.11
- From: Rainer Orth <ro at CeBiTec dot Uni-Bielefeld dot DE>
- To: gcc-testresults at gcc dot gnu dot org
- Date: Mon, 13 Dec 2010 18:56:52 +0100 (MET)
- Subject: Results for 4.5.2 20101210 (prerelease) [gcc-4_5-branch revision 167673] (GCC) testsuite on sparc-sun-solaris2.11
LAST_UPDATED: Fri Dec 10 18:20:17 UTC 2010 (revision 167673)
=== acats tests ===
FAIL: c52103x
FAIL: c52104x
FAIL: c52104y
FAIL: cb1010a
FAIL: cb1010c
FAIL: cb1010d
=== acats Summary ===
# of expected passes 2315
# of unexpected failures 6
Native configuration is sparc-sun-solaris2.11
=== g++ tests ===
Running target unix
=== g++ Summary for unix ===
# of expected passes 22328
# of expected failures 152
# of unsupported tests 229
Running target unix/-m64
=== g++ Summary for unix/-m64 ===
# of expected passes 22289
# of expected failures 152
# of unsupported tests 230
=== g++ Summary ===
# of expected passes 44617
# of expected failures 304
# of unsupported tests 459
/var/gcc/regression/gcc-4.5-branch/11-gcc/build/gcc/testsuite/g++/../../g++ version 4.5.2 20101210 (prerelease) [gcc-4_5-branch revision 167673] (GCC)
=== gcc tests ===
Running target unix
FAIL: gcc.c-torture/execute/pr38819.c execution, -O2
FAIL: gcc.c-torture/execute/pr38819.c execution, -O3 -fomit-frame-pointer
FAIL: gcc.c-torture/execute/pr38819.c execution, -O3 -fomit-frame-pointer -funroll-loops
FAIL: gcc.c-torture/execute/pr38819.c execution, -O3 -fomit-frame-pointer -funroll-all-loops -finline-functions
FAIL: gcc.c-torture/execute/pr38819.c execution, -O3 -g
FAIL: gcc.c-torture/execute/pr38819.c execution, -O2 -flto
FAIL: gcc.c-torture/execute/pr38819.c execution, -O2 -fwhopr
FAIL: gcc.dg/vect/pr43430-1.c scan-tree-dump-times vect "vectorized 1 loops" 1
FAIL: gcc.dg/vect/slp-multitypes-2.c execution test
=== gcc Summary for unix ===
# of expected passes 64828
# of unexpected failures 9
# of expected failures 194
# of unsupported tests 907
Running target unix/-m64
FAIL: gcc.dg/cpp/trad/include.c (internal compiler error)
FAIL: gcc.dg/cpp/trad/include.c (test for excess errors)
FAIL: gcc.dg/vect/pr43430-1.c scan-tree-dump-times vect "vectorized 1 loops" 1
=== gcc Summary for unix/-m64 ===
# of expected passes 64824
# of unexpected failures 3
# of expected failures 190
# of unsupported tests 914
=== gcc Summary ===
# of expected passes 129652
# of unexpected failures 12
# of expected failures 384
# of unsupported tests 1821
/var/gcc/regression/gcc-4.5-branch/11-gcc/build/gcc/xgcc version 4.5.2 20101210 (prerelease) [gcc-4_5-branch revision 167673] (GCC)
=== gfortran tests ===
Running target unix
FAIL: gfortran.dg/array_constructor_33.f90 -O (test for excess errors)
WARNING: program timed out.
=== gfortran Summary for unix ===
# of expected passes 34153
# of unexpected failures 1
# of expected failures 23
# of unsupported tests 172
Running target unix/-m64
=== gfortran Summary for unix/-m64 ===
# of expected passes 34337
# of expected failures 23
# of unsupported tests 83
=== gfortran Summary ===
# of expected passes 68490
# of unexpected failures 1
# of expected failures 46
# of unsupported tests 255
/var/gcc/regression/gcc-4.5-branch/11-gcc/build/gcc/testsuite/gfortran/../../gfortran version 4.5.2 20101210 (prerelease) [gcc-4_5-branch revision 167673] (GCC)
=== gnat tests ===
Running target unix
FAIL: gnat.dg/null_pointer_deref2.adb execution test
FAIL: gnat.dg/stack_check1.adb execution test
FAIL: gnat.dg/stack_check2.adb execution test
=== gnat Summary for unix ===
# of expected passes 757
# of unexpected failures 3
# of expected failures 7
# of unsupported tests 3
Running target unix/-m64
FAIL: gnat.dg/null_pointer_deref2.adb execution test
FAIL: gnat.dg/stack_check1.adb execution test
FAIL: gnat.dg/stack_check2.adb execution test
=== gnat Summary for unix/-m64 ===
# of expected passes 757
# of unexpected failures 3
# of expected failures 7
# of unsupported tests 3
=== gnat Summary ===
# of expected passes 1514
# of unexpected failures 6
# of expected failures 14
# of unsupported tests 6
=== objc tests ===
Running target unix
=== objc Summary for unix ===
# of expected passes 1874
# of expected failures 15
# of unsupported tests 20
Running target unix/-m64
=== objc Summary for unix/-m64 ===
# of expected passes 1874
# of expected failures 15
# of unsupported tests 20
=== objc Summary ===
# of expected passes 3748
# of expected failures 30
# of unsupported tests 40
/var/gcc/regression/gcc-4.5-branch/11-gcc/build/gcc/xgcc version 4.5.2 20101210 (prerelease) [gcc-4_5-branch revision 167673] (GCC)
=== libffi tests ===
Running target unix
=== libffi Summary for unix ===
# of expected passes 1634
# of expected failures 10
# of unsupported tests 15
Running target unix/-m64
=== libffi Summary for unix/-m64 ===
# of expected passes 1634
# of expected failures 10
# of unsupported tests 15
=== libffi Summary ===
# of expected passes 3268
# of expected failures 20
# of unsupported tests 30
=== libgomp tests ===
Running target unix
=== libgomp Summary for unix ===
# of expected passes 2492
# of unsupported tests 9
Running target unix/-m64
=== libgomp Summary for unix/-m64 ===
# of expected passes 2492
# of unsupported tests 9
=== libgomp Summary ===
# of expected passes 4984
# of unsupported tests 18
=== libjava tests ===
Running target unix
FAIL: TestClosureGC run
FAIL: Array_3 execution - source compiled test
FAIL: Array_3 -findirect-dispatch execution - source compiled test
FAIL: Array_3 -O3 execution - source compiled test
FAIL: Array_3 -O3 -findirect-dispatch execution - source compiled test
FAIL: Invoke_1 execution - source compiled test
FAIL: Invoke_1 -findirect-dispatch execution - source compiled test
FAIL: Invoke_1 -O3 execution - source compiled test
FAIL: Invoke_1 -O3 -findirect-dispatch execution - source compiled test
FAIL: PR218 execution - source compiled test
FAIL: PR218 -O3 execution - source compiled test
FAIL: StackTrace2 execution - source compiled test
FAIL: StackTrace2 -findirect-dispatch execution - source compiled test
FAIL: StackTrace2 -O3 execution - source compiled test
FAIL: StackTrace2 -O3 -findirect-dispatch execution - source compiled test
FAIL: Throw_2 execution - source compiled test
FAIL: Throw_2 -findirect-dispatch execution - source compiled test
FAIL: Throw_2 -O3 execution - source compiled test
FAIL: Throw_2 -O3 -findirect-dispatch execution - source compiled test
FAIL: Throw_3 execution - source compiled test
FAIL: Throw_3 -findirect-dispatch execution - source compiled test
FAIL: Throw_3 -O3 execution - source compiled test
FAIL: Throw_3 -O3 -findirect-dispatch execution - source compiled test
FAIL: pr83 -findirect-dispatch execution - source compiled test
FAIL: pr83 -O3 -findirect-dispatch execution - source compiled test
=== libjava Summary for unix ===
# of expected passes 2525
# of unexpected failures 25
# of untested testcases 25
Running target unix/-m64
FAIL: TestClosureGC run
FAIL: Array_3 execution - source compiled test
FAIL: Array_3 -findirect-dispatch execution - source compiled test
FAIL: Array_3 -O3 execution - source compiled test
FAIL: Array_3 -O3 -findirect-dispatch execution - source compiled test
FAIL: Invoke_1 execution - source compiled test
FAIL: Invoke_1 -findirect-dispatch execution - source compiled test
FAIL: Invoke_1 -O3 execution - source compiled test
FAIL: Invoke_1 -O3 -findirect-dispatch execution - source compiled test
FAIL: PR218 execution - source compiled test
FAIL: PR218 -O3 execution - source compiled test
FAIL: StackTrace2 execution - source compiled test
FAIL: StackTrace2 -findirect-dispatch execution - source compiled test
FAIL: StackTrace2 -O3 execution - source compiled test
FAIL: StackTrace2 -O3 -findirect-dispatch execution - source compiled test
FAIL: Throw_2 execution - source compiled test
FAIL: Throw_2 -findirect-dispatch execution - source compiled test
FAIL: Throw_2 -O3 execution - source compiled test
FAIL: Throw_2 -O3 -findirect-dispatch execution - source compiled test
FAIL: Throw_3 execution - source compiled test
FAIL: Throw_3 -findirect-dispatch execution - source compiled test
FAIL: Throw_3 -O3 execution - source compiled test
FAIL: Throw_3 -O3 -findirect-dispatch execution - source compiled test
FAIL: pr83 -findirect-dispatch execution - source compiled test
FAIL: pr83 -O3 -findirect-dispatch execution - source compiled test
=== libjava Summary for unix/-m64 ===
# of expected passes 2525
# of unexpected failures 25
# of untested testcases 25
=== libjava Summary ===
# of expected passes 5050
# of unexpected failures 50
# of untested testcases 50
=== libstdc++ tests ===
Running target unix
FAIL: 30_threads/async/42819.cc execution test
FAIL: 30_threads/async/any.cc execution test
FAIL: 30_threads/async/async.cc execution test
FAIL: 30_threads/async/sync.cc execution test
FAIL: 30_threads/call_once/39909.cc execution test
FAIL: 30_threads/call_once/call_once1.cc execution test
FAIL: 30_threads/future/members/get.cc execution test
FAIL: 30_threads/future/members/get2.cc execution test
FAIL: 30_threads/future/members/valid.cc execution test
FAIL: 30_threads/future/members/wait.cc execution test
FAIL: 30_threads/future/members/wait_for.cc execution test
FAIL: 30_threads/future/members/wait_until.cc execution test
FAIL: 30_threads/packaged_task/members/get_future.cc execution test
FAIL: 30_threads/packaged_task/members/invoke.cc execution test
FAIL: 30_threads/packaged_task/members/invoke2.cc execution test
FAIL: 30_threads/packaged_task/members/invoke3.cc execution test
FAIL: 30_threads/packaged_task/members/invoke4.cc execution test
FAIL: 30_threads/packaged_task/members/invoke5.cc execution test
FAIL: 30_threads/packaged_task/members/reset2.cc execution test
FAIL: 30_threads/promise/cons/move.cc execution test
FAIL: 30_threads/promise/cons/move_assign.cc execution test
FAIL: 30_threads/promise/members/get_future.cc execution test
FAIL: 30_threads/promise/members/set_exception.cc execution test
FAIL: 30_threads/promise/members/set_exception2.cc execution test
FAIL: 30_threads/promise/members/set_value.cc execution test
FAIL: 30_threads/promise/members/set_value2.cc execution test
FAIL: 30_threads/promise/members/set_value3.cc execution test
FAIL: 30_threads/promise/members/swap.cc execution test
FAIL: 30_threads/shared_future/members/get.cc execution test
FAIL: 30_threads/shared_future/members/get2.cc execution test
FAIL: 30_threads/shared_future/members/valid.cc execution test
FAIL: 30_threads/shared_future/members/wait.cc execution test
FAIL: 30_threads/shared_future/members/wait_for.cc execution test
FAIL: 30_threads/shared_future/members/wait_until.cc execution test
=== libstdc++ Summary for unix ===
# of expected passes 6664
# of unexpected failures 34
# of expected failures 92
# of unsupported tests 436
Running target unix/-m64
=== libstdc++ Summary for unix/-m64 ===
# of expected passes 6698
# of expected failures 92
# of unsupported tests 436
=== libstdc++ Summary ===
# of expected passes 13362
# of unexpected failures 34
# of expected failures 184
# of unsupported tests 872
=== libstdc++ Summary ===
Compiler version: 4.5.2 20101210 (prerelease) [gcc-4_5-branch revision 167673] (GCC)
Platform: sparc-sun-solaris2.11
configure flags: --prefix=/vol/gcc --target=sparc-sun-solaris2.11 --with-gmp=/vol/gcc --with-mpfr=/vol/gcc --with-mpc=/vol/gcc --enable-languages=all,ada
BOOT_CFLAGS=-g -O2