This is the mail archive of the
gcc-testresults@gcc.gnu.org
mailing list for the GCC project.
Results for 4.5.2 20101210 (prerelease) (Debian 4.5.1-12) testsuite on i486-pc-kfreebsd-gnu
- From: Matthias Klose <doko at debian dot org>
- To: gcc-testresults at gcc dot gnu dot org
- Cc: debian-gcc at lists dot debian dot org
- Date: Sat, 11 Dec 2010 17:54:15 +0000
- Subject: Results for 4.5.2 20101210 (prerelease) (Debian 4.5.1-12) testsuite on i486-pc-kfreebsd-gnu
- Reply-to: Matthias Klose <doko at debian dot org>
LAST_UPDATED: Fri Dec 10 12:53:27 UTC 2010 (revision 167686)
Target: i486-kfreebsd-gnu
gcc version 4.5.2 20101210 (prerelease) (Debian 4.5.1-12)
Native configuration is i486-pc-kfreebsd-gnu
=== g++ tests ===
Running target unix
UNRESOLVED: attribute_plugin.c compilation, -I. -I/build/buildd-gcc-4.5_4.5.1-12-kfreebsd-i386-6GRDzt/gcc-4.5-4.5.1/src/gcc/testsuite -I/build/buildd-gcc-4.5_4.5.1-12-kfreebsd-i386-6GRDzt/gcc-4.5-4.5.1/src/gcc/testsuite/../../gcc -I/build/buildd-gcc-4.5_4.5.1-12-kfreebsd-i386-6GRDzt/gcc-4.5-4.5.1/build/gcc/testsuite/g++/../../../gcc -I/build/buildd-gcc-4.5_4.5.1-12-kfreebsd-i386-6GRDzt/gcc-4.5-4.5.1/src/gcc/testsuite/../../include -I/build/buildd-gcc-4.5_4.5.1-12-kfreebsd-i386-6GRDzt/gcc-4.5-4.5.1/src/gcc/testsuite/../../libcpp/include -I/build/buildd-gcc-4.5_4.5.1-12-kfreebsd-i386-6GRDzt/gcc-4.5-4.5.1/build/gcc/testsuite/g++/../../../intl -DIN_GCC -fPIC -shared
UNRESOLVED: pragma_plugin.c compilation, -I. -I/build/buildd-gcc-4.5_4.5.1-12-kfreebsd-i386-6GRDzt/gcc-4.5-4.5.1/src/gcc/testsuite -I/build/buildd-gcc-4.5_4.5.1-12-kfreebsd-i386-6GRDzt/gcc-4.5-4.5.1/src/gcc/testsuite/../../gcc -I/build/buildd-gcc-4.5_4.5.1-12-kfreebsd-i386-6GRDzt/gcc-4.5-4.5.1/build/gcc/testsuite/g++/../../../gcc -I/build/buildd-gcc-4.5_4.5.1-12-kfreebsd-i386-6GRDzt/gcc-4.5-4.5.1/src/gcc/testsuite/../../include -I/build/buildd-gcc-4.5_4.5.1-12-kfreebsd-i386-6GRDzt/gcc-4.5-4.5.1/src/gcc/testsuite/../../libcpp/include -I/build/buildd-gcc-4.5_4.5.1-12-kfreebsd-i386-6GRDzt/gcc-4.5-4.5.1/build/gcc/testsuite/g++/../../../intl -DIN_GCC -fPIC -shared
UNRESOLVED: selfassign.c compilation, -I. -I/build/buildd-gcc-4.5_4.5.1-12-kfreebsd-i386-6GRDzt/gcc-4.5-4.5.1/src/gcc/testsuite -I/build/buildd-gcc-4.5_4.5.1-12-kfreebsd-i386-6GRDzt/gcc-4.5-4.5.1/src/gcc/testsuite/../../gcc -I/build/buildd-gcc-4.5_4.5.1-12-kfreebsd-i386-6GRDzt/gcc-4.5-4.5.1/build/gcc/testsuite/g++/../../../gcc -I/build/buildd-gcc-4.5_4.5.1-12-kfreebsd-i386-6GRDzt/gcc-4.5-4.5.1/src/gcc/testsuite/../../include -I/build/buildd-gcc-4.5_4.5.1-12-kfreebsd-i386-6GRDzt/gcc-4.5-4.5.1/src/gcc/testsuite/../../libcpp/include -I/build/buildd-gcc-4.5_4.5.1-12-kfreebsd-i386-6GRDzt/gcc-4.5-4.5.1/build/gcc/testsuite/g++/../../../intl -O -DIN_GCC -fPIC -shared
UNRESOLVED: dumb_plugin.c compilation, -I. -I/build/buildd-gcc-4.5_4.5.1-12-kfreebsd-i386-6GRDzt/gcc-4.5-4.5.1/src/gcc/testsuite -I/build/buildd-gcc-4.5_4.5.1-12-kfreebsd-i386-6GRDzt/gcc-4.5-4.5.1/src/gcc/testsuite/../../gcc -I/build/buildd-gcc-4.5_4.5.1-12-kfreebsd-i386-6GRDzt/gcc-4.5-4.5.1/build/gcc/testsuite/g++/../../../gcc -I/build/buildd-gcc-4.5_4.5.1-12-kfreebsd-i386-6GRDzt/gcc-4.5-4.5.1/src/gcc/testsuite/../../include -I/build/buildd-gcc-4.5_4.5.1-12-kfreebsd-i386-6GRDzt/gcc-4.5-4.5.1/src/gcc/testsuite/../../libcpp/include -I/build/buildd-gcc-4.5_4.5.1-12-kfreebsd-i386-6GRDzt/gcc-4.5-4.5.1/build/gcc/testsuite/g++/../../../intl -DIN_GCC -fPIC -shared
UNRESOLVED: header_plugin.c compilation, -I. -I/build/buildd-gcc-4.5_4.5.1-12-kfreebsd-i386-6GRDzt/gcc-4.5-4.5.1/src/gcc/testsuite -I/build/buildd-gcc-4.5_4.5.1-12-kfreebsd-i386-6GRDzt/gcc-4.5-4.5.1/src/gcc/testsuite/../../gcc -I/build/buildd-gcc-4.5_4.5.1-12-kfreebsd-i386-6GRDzt/gcc-4.5-4.5.1/build/gcc/testsuite/g++/../../../gcc -I/build/buildd-gcc-4.5_4.5.1-12-kfreebsd-i386-6GRDzt/gcc-4.5-4.5.1/src/gcc/testsuite/../../include -I/build/buildd-gcc-4.5_4.5.1-12-kfreebsd-i386-6GRDzt/gcc-4.5-4.5.1/src/gcc/testsuite/../../libcpp/include -I/build/buildd-gcc-4.5_4.5.1-12-kfreebsd-i386-6GRDzt/gcc-4.5-4.5.1/build/gcc/testsuite/g++/../../../intl -DIN_GCC -fPIC -shared
=== g++ Summary for unix ===
# of expected passes 23131
# of expected failures 151
# of unresolved testcases 5
# of unsupported tests 138
Running target unix/-fstack-protector
UNRESOLVED: attribute_plugin.c compilation, -I. -I/build/buildd-gcc-4.5_4.5.1-12-kfreebsd-i386-6GRDzt/gcc-4.5-4.5.1/src/gcc/testsuite -I/build/buildd-gcc-4.5_4.5.1-12-kfreebsd-i386-6GRDzt/gcc-4.5-4.5.1/src/gcc/testsuite/../../gcc -I/build/buildd-gcc-4.5_4.5.1-12-kfreebsd-i386-6GRDzt/gcc-4.5-4.5.1/build/gcc/testsuite/g++/../../../gcc -I/build/buildd-gcc-4.5_4.5.1-12-kfreebsd-i386-6GRDzt/gcc-4.5-4.5.1/src/gcc/testsuite/../../include -I/build/buildd-gcc-4.5_4.5.1-12-kfreebsd-i386-6GRDzt/gcc-4.5-4.5.1/src/gcc/testsuite/../../libcpp/include -I/build/buildd-gcc-4.5_4.5.1-12-kfreebsd-i386-6GRDzt/gcc-4.5-4.5.1/build/gcc/testsuite/g++/../../../intl -DIN_GCC -fPIC -shared
UNRESOLVED: pragma_plugin.c compilation, -I. -I/build/buildd-gcc-4.5_4.5.1-12-kfreebsd-i386-6GRDzt/gcc-4.5-4.5.1/src/gcc/testsuite -I/build/buildd-gcc-4.5_4.5.1-12-kfreebsd-i386-6GRDzt/gcc-4.5-4.5.1/src/gcc/testsuite/../../gcc -I/build/buildd-gcc-4.5_4.5.1-12-kfreebsd-i386-6GRDzt/gcc-4.5-4.5.1/build/gcc/testsuite/g++/../../../gcc -I/build/buildd-gcc-4.5_4.5.1-12-kfreebsd-i386-6GRDzt/gcc-4.5-4.5.1/src/gcc/testsuite/../../include -I/build/buildd-gcc-4.5_4.5.1-12-kfreebsd-i386-6GRDzt/gcc-4.5-4.5.1/src/gcc/testsuite/../../libcpp/include -I/build/buildd-gcc-4.5_4.5.1-12-kfreebsd-i386-6GRDzt/gcc-4.5-4.5.1/build/gcc/testsuite/g++/../../../intl -DIN_GCC -fPIC -shared
UNRESOLVED: selfassign.c compilation, -I. -I/build/buildd-gcc-4.5_4.5.1-12-kfreebsd-i386-6GRDzt/gcc-4.5-4.5.1/src/gcc/testsuite -I/build/buildd-gcc-4.5_4.5.1-12-kfreebsd-i386-6GRDzt/gcc-4.5-4.5.1/src/gcc/testsuite/../../gcc -I/build/buildd-gcc-4.5_4.5.1-12-kfreebsd-i386-6GRDzt/gcc-4.5-4.5.1/build/gcc/testsuite/g++/../../../gcc -I/build/buildd-gcc-4.5_4.5.1-12-kfreebsd-i386-6GRDzt/gcc-4.5-4.5.1/src/gcc/testsuite/../../include -I/build/buildd-gcc-4.5_4.5.1-12-kfreebsd-i386-6GRDzt/gcc-4.5-4.5.1/src/gcc/testsuite/../../libcpp/include -I/build/buildd-gcc-4.5_4.5.1-12-kfreebsd-i386-6GRDzt/gcc-4.5-4.5.1/build/gcc/testsuite/g++/../../../intl -O -DIN_GCC -fPIC -shared
UNRESOLVED: dumb_plugin.c compilation, -I. -I/build/buildd-gcc-4.5_4.5.1-12-kfreebsd-i386-6GRDzt/gcc-4.5-4.5.1/src/gcc/testsuite -I/build/buildd-gcc-4.5_4.5.1-12-kfreebsd-i386-6GRDzt/gcc-4.5-4.5.1/src/gcc/testsuite/../../gcc -I/build/buildd-gcc-4.5_4.5.1-12-kfreebsd-i386-6GRDzt/gcc-4.5-4.5.1/build/gcc/testsuite/g++/../../../gcc -I/build/buildd-gcc-4.5_4.5.1-12-kfreebsd-i386-6GRDzt/gcc-4.5-4.5.1/src/gcc/testsuite/../../include -I/build/buildd-gcc-4.5_4.5.1-12-kfreebsd-i386-6GRDzt/gcc-4.5-4.5.1/src/gcc/testsuite/../../libcpp/include -I/build/buildd-gcc-4.5_4.5.1-12-kfreebsd-i386-6GRDzt/gcc-4.5-4.5.1/build/gcc/testsuite/g++/../../../intl -DIN_GCC -fPIC -shared
UNRESOLVED: header_plugin.c compilation, -I. -I/build/buildd-gcc-4.5_4.5.1-12-kfreebsd-i386-6GRDzt/gcc-4.5-4.5.1/src/gcc/testsuite -I/build/buildd-gcc-4.5_4.5.1-12-kfreebsd-i386-6GRDzt/gcc-4.5-4.5.1/src/gcc/testsuite/../../gcc -I/build/buildd-gcc-4.5_4.5.1-12-kfreebsd-i386-6GRDzt/gcc-4.5-4.5.1/build/gcc/testsuite/g++/../../../gcc -I/build/buildd-gcc-4.5_4.5.1-12-kfreebsd-i386-6GRDzt/gcc-4.5-4.5.1/src/gcc/testsuite/../../include -I/build/buildd-gcc-4.5_4.5.1-12-kfreebsd-i386-6GRDzt/gcc-4.5-4.5.1/src/gcc/testsuite/../../libcpp/include -I/build/buildd-gcc-4.5_4.5.1-12-kfreebsd-i386-6GRDzt/gcc-4.5-4.5.1/build/gcc/testsuite/g++/../../../intl -DIN_GCC -fPIC -shared
=== g++ Summary for unix/-fstack-protector ===
# of expected passes 23131
# of expected failures 151
# of unresolved testcases 5
# of unsupported tests 138
=== g++ Summary ===
# of expected passes 46262
# of expected failures 302
# of unresolved testcases 10
# of unsupported tests 276
/build/buildd-gcc-4.5_4.5.1-12-kfreebsd-i386-6GRDzt/gcc-4.5-4.5.1/build/gcc/testsuite/g++/../../g++ version 4.5.2 20101210 (prerelease) (Debian 4.5.1-12)
=== gcc tests ===
Running target unix
FAIL: largefile.c -O0 -g -I. (test for excess errors)
FAIL: gcc.dg/pch/largefile.c -O0 -g assembly comparison
FAIL: largefile.c -O0 -I. (test for excess errors)
FAIL: gcc.dg/pch/largefile.c -O0 assembly comparison
FAIL: largefile.c -O1 -I. (test for excess errors)
FAIL: gcc.dg/pch/largefile.c -O1 assembly comparison
FAIL: largefile.c -O2 -I. (test for excess errors)
FAIL: gcc.dg/pch/largefile.c -O2 assembly comparison
FAIL: largefile.c -O3 -fomit-frame-pointer -I. (test for excess errors)
FAIL: gcc.dg/pch/largefile.c -O3 -fomit-frame-pointer assembly comparison
FAIL: largefile.c -O3 -g -I. (test for excess errors)
FAIL: gcc.dg/pch/largefile.c -O3 -g assembly comparison
FAIL: largefile.c -Os -I. (test for excess errors)
FAIL: gcc.dg/pch/largefile.c -Os assembly comparison
UNRESOLVED: selfassign.c compilation, -I. -I/build/buildd-gcc-4.5_4.5.1-12-kfreebsd-i386-6GRDzt/gcc-4.5-4.5.1/src/gcc/testsuite -I/build/buildd-gcc-4.5_4.5.1-12-kfreebsd-i386-6GRDzt/gcc-4.5-4.5.1/src/gcc/testsuite/../../gcc -I/build/buildd-gcc-4.5_4.5.1-12-kfreebsd-i386-6GRDzt/gcc-4.5-4.5.1/build/gcc/testsuite/gcc/../../../gcc -I/build/buildd-gcc-4.5_4.5.1-12-kfreebsd-i386-6GRDzt/gcc-4.5-4.5.1/src/gcc/testsuite/../../include -I/build/buildd-gcc-4.5_4.5.1-12-kfreebsd-i386-6GRDzt/gcc-4.5-4.5.1/src/gcc/testsuite/../../libcpp/include -I/build/buildd-gcc-4.5_4.5.1-12-kfreebsd-i386-6GRDzt/gcc-4.5-4.5.1/build/gcc/testsuite/gcc/../../../intl -O -DIN_GCC -fPIC -shared
UNRESOLVED: ggcplug.c compilation, -I. -I/build/buildd-gcc-4.5_4.5.1-12-kfreebsd-i386-6GRDzt/gcc-4.5-4.5.1/src/gcc/testsuite -I/build/buildd-gcc-4.5_4.5.1-12-kfreebsd-i386-6GRDzt/gcc-4.5-4.5.1/src/gcc/testsuite/../../gcc -I/build/buildd-gcc-4.5_4.5.1-12-kfreebsd-i386-6GRDzt/gcc-4.5-4.5.1/build/gcc/testsuite/gcc/../../../gcc -I/build/buildd-gcc-4.5_4.5.1-12-kfreebsd-i386-6GRDzt/gcc-4.5-4.5.1/src/gcc/testsuite/../../include -I/build/buildd-gcc-4.5_4.5.1-12-kfreebsd-i386-6GRDzt/gcc-4.5-4.5.1/src/gcc/testsuite/../../libcpp/include -I/build/buildd-gcc-4.5_4.5.1-12-kfreebsd-i386-6GRDzt/gcc-4.5-4.5.1/build/gcc/testsuite/gcc/../../../intl -O -DIN_GCC -fPIC -shared
UNRESOLVED: one_time_plugin.c compilation, -I. -I/build/buildd-gcc-4.5_4.5.1-12-kfreebsd-i386-6GRDzt/gcc-4.5-4.5.1/src/gcc/testsuite -I/build/buildd-gcc-4.5_4.5.1-12-kfreebsd-i386-6GRDzt/gcc-4.5-4.5.1/src/gcc/testsuite/../../gcc -I/build/buildd-gcc-4.5_4.5.1-12-kfreebsd-i386-6GRDzt/gcc-4.5-4.5.1/build/gcc/testsuite/gcc/../../../gcc -I/build/buildd-gcc-4.5_4.5.1-12-kfreebsd-i386-6GRDzt/gcc-4.5-4.5.1/src/gcc/testsuite/../../include -I/build/buildd-gcc-4.5_4.5.1-12-kfreebsd-i386-6GRDzt/gcc-4.5-4.5.1/src/gcc/testsuite/../../libcpp/include -I/build/buildd-gcc-4.5_4.5.1-12-kfreebsd-i386-6GRDzt/gcc-4.5-4.5.1/build/gcc/testsuite/gcc/../../../intl -DIN_GCC -fPIC -shared
UNRESOLVED: start_unit_plugin.c compilation, -I. -I/build/buildd-gcc-4.5_4.5.1-12-kfreebsd-i386-6GRDzt/gcc-4.5-4.5.1/src/gcc/testsuite -I/build/buildd-gcc-4.5_4.5.1-12-kfreebsd-i386-6GRDzt/gcc-4.5-4.5.1/src/gcc/testsuite/../../gcc -I/build/buildd-gcc-4.5_4.5.1-12-kfreebsd-i386-6GRDzt/gcc-4.5-4.5.1/build/gcc/testsuite/gcc/../../../gcc -I/build/buildd-gcc-4.5_4.5.1-12-kfreebsd-i386-6GRDzt/gcc-4.5-4.5.1/src/gcc/testsuite/../../include -I/build/buildd-gcc-4.5_4.5.1-12-kfreebsd-i386-6GRDzt/gcc-4.5-4.5.1/src/gcc/testsuite/../../libcpp/include -I/build/buildd-gcc-4.5_4.5.1-12-kfreebsd-i386-6GRDzt/gcc-4.5-4.5.1/build/gcc/testsuite/gcc/../../../intl -DIN_GCC -fPIC -shared
UNRESOLVED: finish_unit_plugin.c compilation, -I. -I/build/buildd-gcc-4.5_4.5.1-12-kfreebsd-i386-6GRDzt/gcc-4.5-4.5.1/src/gcc/testsuite -I/build/buildd-gcc-4.5_4.5.1-12-kfreebsd-i386-6GRDzt/gcc-4.5-4.5.1/src/gcc/testsuite/../../gcc -I/build/buildd-gcc-4.5_4.5.1-12-kfreebsd-i386-6GRDzt/gcc-4.5-4.5.1/build/gcc/testsuite/gcc/../../../gcc -I/build/buildd-gcc-4.5_4.5.1-12-kfreebsd-i386-6GRDzt/gcc-4.5-4.5.1/src/gcc/testsuite/../../include -I/build/buildd-gcc-4.5_4.5.1-12-kfreebsd-i386-6GRDzt/gcc-4.5-4.5.1/src/gcc/testsuite/../../libcpp/include -I/build/buildd-gcc-4.5_4.5.1-12-kfreebsd-i386-6GRDzt/gcc-4.5-4.5.1/build/gcc/testsuite/gcc/../../../intl -DIN_GCC -fPIC -shared
=== gcc Summary for unix ===
# of expected passes 71475
# of unexpected failures 14
# of expected failures 178
# of unresolved testcases 5
# of unsupported tests 691
Running target unix/-fstack-protector
FAIL: largefile.c -O0 -g -I. (test for excess errors)
FAIL: gcc.dg/pch/largefile.c -O0 -g assembly comparison
FAIL: largefile.c -O0 -I. (test for excess errors)
FAIL: gcc.dg/pch/largefile.c -O0 assembly comparison
FAIL: largefile.c -O1 -I. (test for excess errors)
FAIL: gcc.dg/pch/largefile.c -O1 assembly comparison
FAIL: largefile.c -O2 -I. (test for excess errors)
FAIL: gcc.dg/pch/largefile.c -O2 assembly comparison
FAIL: largefile.c -O3 -fomit-frame-pointer -I. (test for excess errors)
FAIL: gcc.dg/pch/largefile.c -O3 -fomit-frame-pointer assembly comparison
FAIL: largefile.c -O3 -g -I. (test for excess errors)
FAIL: gcc.dg/pch/largefile.c -O3 -g assembly comparison
FAIL: largefile.c -Os -I. (test for excess errors)
FAIL: gcc.dg/pch/largefile.c -Os assembly comparison
UNRESOLVED: selfassign.c compilation, -I. -I/build/buildd-gcc-4.5_4.5.1-12-kfreebsd-i386-6GRDzt/gcc-4.5-4.5.1/src/gcc/testsuite -I/build/buildd-gcc-4.5_4.5.1-12-kfreebsd-i386-6GRDzt/gcc-4.5-4.5.1/src/gcc/testsuite/../../gcc -I/build/buildd-gcc-4.5_4.5.1-12-kfreebsd-i386-6GRDzt/gcc-4.5-4.5.1/build/gcc/testsuite/gcc/../../../gcc -I/build/buildd-gcc-4.5_4.5.1-12-kfreebsd-i386-6GRDzt/gcc-4.5-4.5.1/src/gcc/testsuite/../../include -I/build/buildd-gcc-4.5_4.5.1-12-kfreebsd-i386-6GRDzt/gcc-4.5-4.5.1/src/gcc/testsuite/../../libcpp/include -I/build/buildd-gcc-4.5_4.5.1-12-kfreebsd-i386-6GRDzt/gcc-4.5-4.5.1/build/gcc/testsuite/gcc/../../../intl -O -DIN_GCC -fPIC -shared
UNRESOLVED: ggcplug.c compilation, -I. -I/build/buildd-gcc-4.5_4.5.1-12-kfreebsd-i386-6GRDzt/gcc-4.5-4.5.1/src/gcc/testsuite -I/build/buildd-gcc-4.5_4.5.1-12-kfreebsd-i386-6GRDzt/gcc-4.5-4.5.1/src/gcc/testsuite/../../gcc -I/build/buildd-gcc-4.5_4.5.1-12-kfreebsd-i386-6GRDzt/gcc-4.5-4.5.1/build/gcc/testsuite/gcc/../../../gcc -I/build/buildd-gcc-4.5_4.5.1-12-kfreebsd-i386-6GRDzt/gcc-4.5-4.5.1/src/gcc/testsuite/../../include -I/build/buildd-gcc-4.5_4.5.1-12-kfreebsd-i386-6GRDzt/gcc-4.5-4.5.1/src/gcc/testsuite/../../libcpp/include -I/build/buildd-gcc-4.5_4.5.1-12-kfreebsd-i386-6GRDzt/gcc-4.5-4.5.1/build/gcc/testsuite/gcc/../../../intl -O -DIN_GCC -fPIC -shared
UNRESOLVED: one_time_plugin.c compilation, -I. -I/build/buildd-gcc-4.5_4.5.1-12-kfreebsd-i386-6GRDzt/gcc-4.5-4.5.1/src/gcc/testsuite -I/build/buildd-gcc-4.5_4.5.1-12-kfreebsd-i386-6GRDzt/gcc-4.5-4.5.1/src/gcc/testsuite/../../gcc -I/build/buildd-gcc-4.5_4.5.1-12-kfreebsd-i386-6GRDzt/gcc-4.5-4.5.1/build/gcc/testsuite/gcc/../../../gcc -I/build/buildd-gcc-4.5_4.5.1-12-kfreebsd-i386-6GRDzt/gcc-4.5-4.5.1/src/gcc/testsuite/../../include -I/build/buildd-gcc-4.5_4.5.1-12-kfreebsd-i386-6GRDzt/gcc-4.5-4.5.1/src/gcc/testsuite/../../libcpp/include -I/build/buildd-gcc-4.5_4.5.1-12-kfreebsd-i386-6GRDzt/gcc-4.5-4.5.1/build/gcc/testsuite/gcc/../../../intl -DIN_GCC -fPIC -shared
UNRESOLVED: start_unit_plugin.c compilation, -I. -I/build/buildd-gcc-4.5_4.5.1-12-kfreebsd-i386-6GRDzt/gcc-4.5-4.5.1/src/gcc/testsuite -I/build/buildd-gcc-4.5_4.5.1-12-kfreebsd-i386-6GRDzt/gcc-4.5-4.5.1/src/gcc/testsuite/../../gcc -I/build/buildd-gcc-4.5_4.5.1-12-kfreebsd-i386-6GRDzt/gcc-4.5-4.5.1/build/gcc/testsuite/gcc/../../../gcc -I/build/buildd-gcc-4.5_4.5.1-12-kfreebsd-i386-6GRDzt/gcc-4.5-4.5.1/src/gcc/testsuite/../../include -I/build/buildd-gcc-4.5_4.5.1-12-kfreebsd-i386-6GRDzt/gcc-4.5-4.5.1/src/gcc/testsuite/../../libcpp/include -I/build/buildd-gcc-4.5_4.5.1-12-kfreebsd-i386-6GRDzt/gcc-4.5-4.5.1/build/gcc/testsuite/gcc/../../../intl -DIN_GCC -fPIC -shared
UNRESOLVED: finish_unit_plugin.c compilation, -I. -I/build/buildd-gcc-4.5_4.5.1-12-kfreebsd-i386-6GRDzt/gcc-4.5-4.5.1/src/gcc/testsuite -I/build/buildd-gcc-4.5_4.5.1-12-kfreebsd-i386-6GRDzt/gcc-4.5-4.5.1/src/gcc/testsuite/../../gcc -I/build/buildd-gcc-4.5_4.5.1-12-kfreebsd-i386-6GRDzt/gcc-4.5-4.5.1/build/gcc/testsuite/gcc/../../../gcc -I/build/buildd-gcc-4.5_4.5.1-12-kfreebsd-i386-6GRDzt/gcc-4.5-4.5.1/src/gcc/testsuite/../../include -I/build/buildd-gcc-4.5_4.5.1-12-kfreebsd-i386-6GRDzt/gcc-4.5-4.5.1/src/gcc/testsuite/../../libcpp/include -I/build/buildd-gcc-4.5_4.5.1-12-kfreebsd-i386-6GRDzt/gcc-4.5-4.5.1/build/gcc/testsuite/gcc/../../../intl -DIN_GCC -fPIC -shared
=== gcc Summary for unix/-fstack-protector ===
# of expected passes 71475
# of unexpected failures 14
# of expected failures 178
# of unresolved testcases 5
# of unsupported tests 691
=== gcc Summary ===
# of expected passes 142950
# of unexpected failures 28
# of expected failures 356
# of unresolved testcases 10
# of unsupported tests 1382
/build/buildd-gcc-4.5_4.5.1-12-kfreebsd-i386-6GRDzt/gcc-4.5-4.5.1/build/gcc/xgcc version 4.5.2 20101210 (prerelease) (Debian 4.5.1-12)
=== gfortran tests ===
Running target unix
FAIL: gfortran.dg/allocatable_function_1.f90 -O0 scan-tree-dump-times original "free" 10
FAIL: gfortran.dg/allocatable_function_1.f90 -O1 scan-tree-dump-times original "free" 10
FAIL: gfortran.dg/allocatable_function_1.f90 -O2 scan-tree-dump-times original "free" 10
FAIL: gfortran.dg/allocatable_function_1.f90 -O3 -fomit-frame-pointer scan-tree-dump-times original "free" 10
FAIL: gfortran.dg/allocatable_function_1.f90 -O3 -fomit-frame-pointer -funroll-loops scan-tree-dump-times original "free" 10
FAIL: gfortran.dg/allocatable_function_1.f90 -O3 -fomit-frame-pointer -funroll-all-loops -finline-functions scan-tree-dump-times original "free" 10
FAIL: gfortran.dg/allocatable_function_1.f90 -O3 -g scan-tree-dump-times original "free" 10
FAIL: gfortran.dg/allocatable_function_1.f90 -Os scan-tree-dump-times original "free" 10
=== gfortran Summary for unix ===
# of expected passes 34273
# of unexpected failures 8
# of expected failures 31
# of unsupported tests 146
Running target unix/-fstack-protector
FAIL: gfortran.dg/allocatable_function_1.f90 -O0 scan-tree-dump-times original "free" 10
FAIL: gfortran.dg/allocatable_function_1.f90 -O1 scan-tree-dump-times original "free" 10
FAIL: gfortran.dg/allocatable_function_1.f90 -O2 scan-tree-dump-times original "free" 10
FAIL: gfortran.dg/allocatable_function_1.f90 -O3 -fomit-frame-pointer scan-tree-dump-times original "free" 10
FAIL: gfortran.dg/allocatable_function_1.f90 -O3 -fomit-frame-pointer -funroll-loops scan-tree-dump-times original "free" 10
FAIL: gfortran.dg/allocatable_function_1.f90 -O3 -fomit-frame-pointer -funroll-all-loops -finline-functions scan-tree-dump-times original "free" 10
FAIL: gfortran.dg/allocatable_function_1.f90 -O3 -g scan-tree-dump-times original "free" 10
FAIL: gfortran.dg/allocatable_function_1.f90 -Os scan-tree-dump-times original "free" 10
=== gfortran Summary for unix/-fstack-protector ===
# of expected passes 34273
# of unexpected failures 8
# of expected failures 31
# of unsupported tests 146
=== gfortran Summary ===
# of expected passes 68546
# of unexpected failures 16
# of expected failures 62
# of unsupported tests 292
/build/buildd-gcc-4.5_4.5.1-12-kfreebsd-i386-6GRDzt/gcc-4.5-4.5.1/build/gcc/testsuite/gfortran/../../gfortran version 4.5.2 20101210 (prerelease) (Debian 4.5.1-12)
=== obj-c++ tests ===
Running target unix
UNRESOLVED: obj-c++.dg/lookup-2.mm -fgnu-runtime compilation failed to produce executable
UNRESOLVED: obj-c++.dg/try-catch-2.mm -fgnu-runtime compilation failed to produce executable
UNRESOLVED: obj-c++.dg/try-catch-9.mm -fgnu-runtime compilation failed to produce executable
=== obj-c++ Summary for unix ===
# of expected passes 440
# of expected failures 3
# of unresolved testcases 3
# of unsupported tests 14
Running target unix/-fstack-protector
UNRESOLVED: obj-c++.dg/lookup-2.mm -fgnu-runtime compilation failed to produce executable
UNRESOLVED: obj-c++.dg/try-catch-2.mm -fgnu-runtime compilation failed to produce executable
UNRESOLVED: obj-c++.dg/try-catch-9.mm -fgnu-runtime compilation failed to produce executable
=== obj-c++ Summary for unix/-fstack-protector ===
# of expected passes 440
# of expected failures 3
# of unresolved testcases 3
# of unsupported tests 14
=== obj-c++ Summary ===
# of expected passes 880
# of expected failures 6
# of unresolved testcases 6
# of unsupported tests 28
/build/buildd-gcc-4.5_4.5.1-12-kfreebsd-i386-6GRDzt/gcc-4.5-4.5.1/build/gcc/testsuite/obj-c++/../../g++ version 4.5.2 20101210 (prerelease) (Debian 4.5.1-12)
=== objc tests ===
Running target unix
=== objc Summary for unix ===
# of expected passes 1882
# of expected failures 7
# of unsupported tests 20
Running target unix/-fstack-protector
=== objc Summary for unix/-fstack-protector ===
# of expected passes 1882
# of expected failures 7
# of unsupported tests 20
=== objc Summary ===
# of expected passes 3764
# of expected failures 14
# of unsupported tests 40
/build/buildd-gcc-4.5_4.5.1-12-kfreebsd-i386-6GRDzt/gcc-4.5-4.5.1/build/gcc/xgcc version 4.5.2 20101210 (prerelease) (Debian 4.5.1-12)
=== libgomp tests ===
Running target unix
FAIL: libgomp.c/lock-1.c execution test
=== libgomp Summary for unix ===
# of expected passes 2551
# of unexpected failures 1
# of unsupported tests 2
Running target unix/-fstack-protector
FAIL: libgomp.c/lib-1.c execution test
FAIL: libgomp.c/lock-1.c execution test
FAIL: libgomp.c/lock-2.c execution test
=== libgomp Summary for unix/-fstack-protector ===
# of expected passes 2549
# of unexpected failures 3
# of unsupported tests 2
=== libgomp Summary ===
# of expected passes 5100
# of unexpected failures 4
# of unsupported tests 4
=== libmudflap tests ===
Running target unix
FAIL: libmudflap.c/pass46-frag.c (-O2) (test for excess errors)
FAIL: libmudflap.c/pass46-frag.c (-O2) (test for excess errors)
FAIL: libmudflap.c/fail31-frag.c (-O3) output pattern test
FAIL: libmudflap.c/pass45-frag.c (-O3) execution test
FAIL: libmudflap.c/pass45-frag.c (-O3) output pattern test
FAIL: libmudflap.c/pass45-frag.c (-O3) execution test
FAIL: libmudflap.c/pass45-frag.c (-O3) output pattern test
FAIL: libmudflap.c/pass46-frag.c (-O3) (test for excess errors)
FAIL: libmudflap.c/pass46-frag.c (-O3) (test for excess errors)
FAIL: libmudflap.c++/pass41-frag.cxx execution test
FAIL: libmudflap.c++/pass41-frag.cxx (-static) execution test
FAIL: libmudflap.c++/pass41-frag.cxx ( -O) execution test
FAIL: libmudflap.c++/pass41-frag.cxx (-O2) execution test
FAIL: libmudflap.c++/pass41-frag.cxx (-O3) execution test
=== libmudflap Summary for unix ===
# of expected passes 1880
# of unexpected failures 14
Running target unix/-fstack-protector
FAIL: libmudflap.c/pass46-frag.c (-O2) (test for excess errors)
FAIL: libmudflap.c/pass46-frag.c (-O2) (test for excess errors)
FAIL: libmudflap.c/fail31-frag.c (-O3) crash test
FAIL: libmudflap.c/fail31-frag.c (-O3) output pattern test
FAIL: libmudflap.c/pass45-frag.c (-O3) execution test
FAIL: libmudflap.c/pass45-frag.c (-O3) output pattern test
FAIL: libmudflap.c/pass45-frag.c (-O3) execution test
FAIL: libmudflap.c/pass45-frag.c (-O3) output pattern test
FAIL: libmudflap.c/pass46-frag.c (-O3) (test for excess errors)
FAIL: libmudflap.c/pass46-frag.c (-O3) (test for excess errors)
FAIL: libmudflap.c++/pass41-frag.cxx execution test
FAIL: libmudflap.c++/pass41-frag.cxx (-static) execution test
FAIL: libmudflap.c++/pass41-frag.cxx ( -O) execution test
FAIL: libmudflap.c++/pass41-frag.cxx (-O2) execution test
FAIL: libmudflap.c++/pass41-frag.cxx (-O3) execution test
=== libmudflap Summary for unix/-fstack-protector ===
# of expected passes 1879
# of unexpected failures 15
=== libmudflap Summary ===
# of expected passes 3759
# of unexpected failures 29
=== libstdc++ tests ===
Running target unix
FAIL: 26_numerics/headers/cmath/c99_classification_macros_c.cc (test for excess errors)
=== libstdc++ Summary for unix ===
# of expected passes 6557
# of unexpected failures 1
# of expected failures 90
# of unsupported tests 504
Running target unix/-fstack-protector
FAIL: 26_numerics/headers/cmath/c99_classification_macros_c.cc (test for excess errors)
=== libstdc++ Summary for unix/-fstack-protector ===
# of expected passes 6557
# of unexpected failures 1
# of expected failures 90
# of unsupported tests 504
=== libstdc++ Summary ===
# of expected passes 13114
# of unexpected failures 2
# of expected failures 180
# of unsupported tests 1008
=== libstdc++ Summary ===
Compiler version: 4.5.2 20101210 (prerelease) (Debian 4.5.1-12)
Platform: i486-pc-kfreebsd-gnu
configure flags: -v --with-pkgversion='Debian 4.5.1-12' --with-bugurl=file:///usr/share/doc/gcc-4.5/README.Bugs --enable-languages=c,c++,fortran,objc,obj-c++ --prefix=/usr --program-suffix=-4.5 --enable-shared --enable-multiarch --enable-linker-build-id --with-system-zlib --libexecdir=/usr/lib --without-included-gettext --enable-threads=posix --with-gxx-include-dir=/usr/include/c++/4.5 --libdir=/usr/lib --enable-nls --enable-clocale=gnu --enable-libstdcxx-debug --enable-libstdcxx-time=yes --enable-plugin --enable-objc-gc --with-arch-32=i586 --with-tune=generic --enable-checking=release --build=i486-kfreebsd-gnu --host=i486-kfreebsd-gnu --target=i486-kfreebsd-gnu
BOOT_CFLAGS=
Build Dependencies:
Desired=Unknown/Install/Remove/Purge/Hold
| Status=Not/Inst/Conf-files/Unpacked/halF-conf/Half-inst/trig-aWait/Trig-pend
|/ Err?=(none)/Reinst-required (Status,Err: uppercase=bad)
||/ Name Version Description
+++-===========================================================-======================-=======================================================================
ii binutils 2.20.51.20100925-1 The GNU assembler, linker and binary utilities
ii g++-4.4 4.4.5-10 The GNU C++ compiler
ii libc0.1 2.11.2-6 Embedded GNU C Library: Shared libraries
ii libcloog-ppl-dev 0.15.9-2 the Chunky Loop Generator (development files)
ii libgmp3-dev 2:4.3.2+dfsg-1 Multiprecision arithmetic library developers tools
ii libmpc-dev 0.8.2-1+b1 multiple precision complex floating-point library development package
ii libmpfr-dev 3.0.0-2 multiple precision floating-point computation developers tools
ii libppl0.10-dev 0.10.2-9 Parma Polyhedra Library (development)
svn-updates:
updates from the 4.5 branch upto 20101210 (r167686).
gcc-textdomain:
Set gettext's domain and textdomain to the versioned package name.
gcc-driver-extra-langs:
Add options and specs for languages that are not built from a source
(but built from separate sources).
gcc-hash-style-both:
Link using --hash-style=both (alpha, amd64, armel, ia64, i386, powerpc, ppc64, s390, sparc)
libstdc++-pic:
Build and install libstdc++_pic.a library.
libstdc++-doclink:
adjust hrefs to point to the local documentation
libstdc++-man-3cxx:
Install libstdc++ man pages with suffix .3cxx instead of .3
libstdc++-test-installed:
Add support to run the libstdc++-v3 testsuite using the
installed shared libraries.
libjava-stacktrace:
libgcj: Lookup source file name and line number in separated
debug files found in /usr/lib/debug
libjava-subdir:
- Set the libjava sublibdir to /usr/lib/gcj-4.5
- Set the default libgcj database dir to /var/lib/gcj-4.5
libjava-jnipath:
- Add /usr/lib/jni to java.library.path.
- When running the i386 binaries on amd64, look in
- /usr/lib32/gcj-x.y and /usr/lib32/jni instead.
libjava-sjlj:
Don't try to use _Unwind_Backtrace on SJLJ targets.
See bug #387875, #388505, GCC PR 29206.
libjava-disable-plugin:
Don't build the gcjwebplugin, even when configured with --enable-plugin
alpha-no-ev4-directive:
never emit .ev4 directive.
boehm-gc-getnprocs:
boehm-gc/pthread_support.c (GC_get_nprocs): Use sysconf as fallback.
note-gnu-stack:
Add .note.GNU-stack sections for gcc's crt files, libffi and boehm-gc
Taken from FC.
m68k-allow-gnu99:
patch to allow gnu99 mode on m68k
libgomp-omp_h-multilib:
Fix up omp.h for multilibs.
sparc-force-cpu:
On sparc default to ultrasparc (v9a) in 32bit mode
pr41848:
Fix PR objc/41848 - workaround ObjC and -fsection-anchors.
gcc-plugindir:
Search for plugins in a default plugin dir, backport from the trunk.
gcc-java-align-data:
java: Align data in .rodata.jutf8.* sections, taken from the trunk.
linux-atomic-builtin-expect:
[ARM] Provide __builtin_expect() hints in linux-atomic.c (backport)
pr24619:
Proposed patch for PR mudflap/24619 (instrumentation of dlopen)
pr45979:
pr40521-sequel:
Sequel to PR40521 -- -g causes GCC to generate .eh_frame
kbsd-gnu:
GNU/k*BSD support
gcc-ice-hack:
Retry the build on an ice, save the calling options and preprocessed
source when the ice is reproducible.
gcc-ice-apport:
Report an ICE to apport (if apport is available
and the environment variable GCC_NOAPPORT is not set)
gcc-arm-earlyclobbers:
Fix earlyclobbers on some arm.md DImode shifts.
libjava-disable-static:
Disable building the static libjava.
libjava-fixed-symlinks:
Remove unneed '..' elements from symlinks in JAVA_HOME
libstdc++-arm-wno-abi:
Temporary work around:
On arm-linux-gnueabi run the libstdc++v3 testsuite with -Wno-abi
ada-mips:
Improve support for mips.
arm-unbreak-eabi-armv4t:
Fix armv4t build on ARM
gcc-multiarch:
Add multiarch support to GCC.
Convert the multilib option to a target triplet,
add multiarch include directories and libraries path:
/usr/local/include/<arch>-linux-gnu
/usr/include/<arch>-linux-gnu
/usr/lib/<arch>-linux-gnu
to the system paths.
mips-triarch:
Build a tri-arch compiler on mips-linux-gnu.
http://gcc.gnu.org/ml/gcc-patches/2009-03/msg01047.html
libjava-nobiarch-check:
For biarch builds, disable the testsuite for the non-default architecture
for runtime libraries, which are not built by default (libjava).
config-ml:
disable some biarch libraries for biarch builds
s390-biarch:
Build a bi-arch compiler on s390-linux-gnu.
http://gcc.gnu.org/ml/gcc-patches/2009-03/msg01044.html
gcc-powerpc-nof:
Don't build nof multlib on powerpc.
gcc-no-add-needed:
On linux targets pass --no-add-needed to the linker.
mips-fix-loongson2f-nop:
On mips, pass -mfix-loongson2f-nop to as, if -mno-fix-loongson2f-nop
is not passed.
gcc-system-root:
Avoid include paths starting with a double slash
Counting all warnings,
there are 0 warnings in stage3 of this bootstrap.
Number of warnings per file:
Number of warning types: