This is the mail archive of the
gcc-testresults@gcc.gnu.org
mailing list for the GCC project.
Results for 4.6.0 20101206 (GCC) testsuite on sparc64-sun-solaris2.9
- From: botcazou at eu dot adacore dot com (Eric Botcazou)
- To: gcc-testresults at gcc dot gnu dot org
- Date: Tue, 7 Dec 2010 14:21:52 +0100 (CET)
- Subject: Results for 4.6.0 20101206 (GCC) testsuite on sparc64-sun-solaris2.9
=== acats tests ===
=== acats Summary ===
# of expected passes 2321
# of unexpected failures 0
Native configuration is sparc64-sun-solaris2.9
=== gcc tests ===
Running target unix
FAIL: gcc.dg/cpp/trad/include.c (internal compiler error)
FAIL: gcc.dg/cpp/trad/include.c (test for excess errors)
FAIL: gcc.dg/20020425-1.c (internal compiler error)
FAIL: gcc.dg/20020425-1.c (test for excess errors)
FAIL: gcc.dg/tree-ssa/pr14814.c scan-tree-dump-times forwprop2 "&" 0
XPASS: gcc.dg/vect/pr33804.c scan-tree-dump-times vect "vectorized 1 loops" 1
XPASS: gcc.dg/vect/pr33804.c scan-tree-dump-times vect "vectorizing stmts using SLP" 1
XPASS: gcc.dg/vect/vect-peel-1.c scan-tree-dump-times vect "vectorized 1 loops" 2
XPASS: gcc.dg/vect/vect-peel-1.c scan-tree-dump-times vect "Alignment of access forced using peeling" 1
XPASS: gcc.dg/vect/vect-peel-2.c scan-tree-dump-times vect "vectorized 1 loops" 2
XPASS: gcc.dg/vect/vect-vfa-slp.c scan-tree-dump-times vect "vectorized 1 loops" 1
XPASS: gcc.dg/vect/slp-23.c scan-tree-dump-times vect "vectorizing stmts using SLP" 1
XPASS: gcc.dg/vect/slp-24.c scan-tree-dump-times vect "vectorized 1 loops" 1
XPASS: gcc.dg/vect/slp-24.c scan-tree-dump-times vect "vectorizing stmts using SLP" 2
XPASS: gcc.dg/vect/slp-35.c scan-tree-dump-times vect "vectorized 1 loops" 1
XPASS: gcc.dg/vect/slp-35.c scan-tree-dump-times vect "vectorizing stmts using SLP" 1
XPASS: gcc.dg/vect/no-tree-pre-slp-29.c scan-tree-dump-times vect "vectorized 1 loops" 2
XPASS: gcc.dg/vect/no-tree-pre-slp-29.c scan-tree-dump-times vect "vectorizing stmts using SLP" 2
=== gcc Summary ===
# of expected passes 69099
# of unexpected failures 5
# of unexpected successes 13
# of expected failures 220
# of unsupported tests 1170
/nfs/nile/nile.build/botcazou/gcc-head/sparc64-sun-solaris2.9/gcc/xgcc version 4.6.0 20101206 for GNAT Pro 6.5.0w (20101205) (GCC)
=== gfortran tests ===
Running target unix
FAIL: gfortran.dg/parameter_array_init_6.f90 -O (internal compiler error)
FAIL: gfortran.dg/parameter_array_init_6.f90 -O (test for errors, line 17)
FAIL: gfortran.dg/parameter_array_init_6.f90 -O (test for excess errors)
=== gfortran Summary ===
# of expected passes 37065
# of unexpected failures 3
# of expected failures 42
# of unsupported tests 248
/nfs/nile/nile.build/botcazou/gcc-head/sparc64-sun-solaris2.9/gcc/testsuite/gfortran/../../gfortran version 4.6.0 20101206 for GNAT Pro 6.5.0w (20101205) (GCC)
=== g++ tests ===
Running target unix
=== g++ Summary ===
# of expected passes 25639
# of expected failures 157
# of unsupported tests 419
/nfs/nile/nile.build/botcazou/gcc-head/sparc64-sun-solaris2.9/gcc/testsuite/g++/../../g++ version 4.6.0 20101206 for GNAT Pro 6.5.0w (20101205) (GCC)
=== gnat tests ===
Running target unix
FAIL: gnat.dg/pack9.adb scan-tree-dump-not optimized "gnat_rcheck"
=== gnat Summary ===
# of expected passes 856
# of unexpected failures 1
# of expected failures 10
# of unsupported tests 4
=== obj-c++ tests ===
Running target unix
WARNING: obj-c++.dg/try-catch-2.mm -fgnu-runtime compilation failed to produce executable
WARNING: obj-c++.dg/try-catch-9.mm -fgnu-runtime compilation failed to produce executable
=== obj-c++ Summary ===
# of expected passes 1217
# of expected failures 10
# of unsupported tests 86
/nfs/nile/nile.build/botcazou/gcc-head/sparc64-sun-solaris2.9/gcc/testsuite/obj-c++/../../g++ version 4.6.0 20101206 for GNAT Pro 6.5.0w (20101205) (GCC)
=== objc tests ===
Running target unix
XPASS: objc.dg-struct-layout-encoding-1/t025_main.m execution test
XPASS: objc.dg-struct-layout-encoding-1/t026_main.m execution test
XPASS: objc.dg-struct-layout-encoding-1/t027_main.m execution test
XPASS: objc.dg-struct-layout-encoding-1/t028_main.m execution test
XPASS: objc.dg-struct-layout-encoding-1/t029_main.m execution test
XPASS: objc.dg-struct-layout-encoding-1/t030_main.m execution test
XPASS: objc.dg-struct-layout-encoding-1/t031_main.m execution test
=== objc Summary ===
# of expected passes 2685
# of unexpected successes 7
# of expected failures 10
# of unsupported tests 98
/nfs/nile/nile.build/botcazou/gcc-head/sparc64-sun-solaris2.9/gcc/xgcc version 4.6.0 20101206 for GNAT Pro 6.5.0w (20101205) (GCC)
=== libgomp tests ===
Running target unix
=== libgomp Summary ===
# of expected passes 2506
# of unsupported tests 2
=== libstdc++ tests ===
Running target unix
FAIL: libstdc++-abi/abi_check
=== libstdc++ Summary ===
# of expected passes 6803
# of unexpected failures 1
# of expected failures 84
# of unsupported tests 735
Compiler version: 4.6.0 20101206 for GNAT Pro 6.5.0w (20101205) (GCC)
Platform: sparc64-sun-solaris2.9
configure flags: --build=sparc64-sun-solaris2.9 --prefix=/nile.build/botcazou/gcc-head/install_sparc64 --with-as=/nile.build/botcazou/gcc-head/install_sparc64/bin/as --with-gmp=/nile.build/botcazou/support/sparc --with-gmp-lib=/nile.build/botcazou/support/sparc/lib/sparcv9 --with-mpfr=/nile.build/botcazou/support/sparc --with-mpfr-lib=/nile.build/botcazou/support/sparc/lib/sparcv9 --with-mpc=/nile.build/botcazou/support/sparc --with-mpc-lib=/nile.build/botcazou/support/sparc/lib/sparcv9 --enable-languages=c,c++,objc,obj-c++,fortran,ada --disable-nls
BOOT_CFLAGS=-g -O2