This is the mail archive of the
gcc-testresults@gcc.gnu.org
mailing list for the GCC project.
Results for 4.4.6 20101203 (prerelease) [gcc-4_4-branch revision 167411] (GCC) testsuite on sparc-sun-solaris2.8
- From: Rainer Orth <ro at CeBiTec dot Uni-Bielefeld dot DE>
- To: gcc-testresults at gcc dot gnu dot org
- Date: Mon, 6 Dec 2010 19:11:35 +0100 (MET)
- Subject: Results for 4.4.6 20101203 (prerelease) [gcc-4_4-branch revision 167411] (GCC) testsuite on sparc-sun-solaris2.8
LAST_UPDATED: Fri Dec 3 13:32:39 UTC 2010 (revision 167411)
=== acats tests ===
=== acats Summary ===
# of expected passes 2315
# of unexpected failures 0
Native configuration is sparc-sun-solaris2.8
=== g++ tests ===
Running target unix
=== g++ Summary for unix ===
# of expected passes 19363
# of expected failures 159
# of unsupported tests 266
Running target unix/-m64
=== g++ Summary for unix/-m64 ===
# of expected passes 19330
# of expected failures 159
# of unsupported tests 267
=== g++ Summary ===
# of expected passes 38693
# of expected failures 318
# of unsupported tests 533
/var/gcc/regression/gcc-4.4-branch/8-gcc/build/gcc/testsuite/g++/../../g++ version 4.4.6 20101203 (prerelease) [gcc-4_4-branch revision 167411] (GCC)
=== gcc tests ===
Running target unix
FAIL: gcc.c-torture/compile/pr38789.c -O0 (test for excess errors)
FAIL: gcc.c-torture/compile/pr38789.c -O1 (test for excess errors)
FAIL: gcc.c-torture/compile/pr38789.c -O2 (test for excess errors)
FAIL: gcc.c-torture/compile/pr38789.c -O3 -fomit-frame-pointer (test for excess errors)
FAIL: gcc.c-torture/compile/pr38789.c -O3 -g (test for excess errors)
FAIL: gcc.c-torture/compile/pr38789.c -Os (test for excess errors)
FAIL: gcc.c-torture/execute/pr38819.c execution, -O2
FAIL: gcc.c-torture/execute/pr38819.c execution, -O3 -fomit-frame-pointer
FAIL: gcc.c-torture/execute/pr38819.c execution, -O3 -fomit-frame-pointer -funroll-loops
FAIL: gcc.c-torture/execute/pr38819.c execution, -O3 -fomit-frame-pointer -funroll-all-loops -finline-functions
FAIL: gcc.c-torture/execute/pr38819.c execution, -O3 -g
WARNING: program timed out.
FAIL: gcc.dg/pr28796-2.c execution test
FAIL: gcc.dg/vect/vect-35.c scan-tree-dump-times vect "vectorized 1 loops" 1
FAIL: gcc.dg/vect/slp-multitypes-2.c execution test
=== gcc Summary for unix ===
# of expected passes 51511
# of unexpected failures 14
# of expected failures 222
# of unsupported tests 784
Running target unix/-m64
FAIL: gcc.c-torture/compile/pr38789.c -O0 (test for excess errors)
FAIL: gcc.c-torture/compile/pr38789.c -O1 (test for excess errors)
FAIL: gcc.c-torture/compile/pr38789.c -O2 (test for excess errors)
FAIL: gcc.c-torture/compile/pr38789.c -O3 -fomit-frame-pointer (test for excess errors)
FAIL: gcc.c-torture/compile/pr38789.c -O3 -g (test for excess errors)
FAIL: gcc.c-torture/compile/pr38789.c -Os (test for excess errors)
FAIL: gcc.dg/cpp/trad/include.c -fno-show-column (internal compiler error)
FAIL: gcc.dg/cpp/trad/include.c -fno-show-column (test for excess errors)
WARNING: program timed out.
FAIL: gcc.dg/pr28796-2.c execution test
=== gcc Summary for unix/-m64 ===
# of expected passes 51507
# of unexpected failures 9
# of expected failures 218
# of unsupported tests 791
=== gcc Summary ===
# of expected passes 103018
# of unexpected failures 23
# of expected failures 440
# of unsupported tests 1575
/var/gcc/regression/gcc-4.4-branch/8-gcc/build/gcc/xgcc version 4.4.6 20101203 (prerelease) [gcc-4_4-branch revision 167411] (GCC)
=== gfortran tests ===
Running target unix
=== gfortran Summary for unix ===
# of expected passes 29910
# of expected failures 11
# of unsupported tests 298
Running target unix/-m64
=== gfortran Summary for unix/-m64 ===
# of expected passes 30059
# of expected failures 11
# of unsupported tests 225
=== gfortran Summary ===
# of expected passes 59969
# of expected failures 22
# of unsupported tests 523
/var/gcc/regression/gcc-4.4-branch/8-gcc/build/gcc/testsuite/gfortran/../../gfortran version 4.4.6 20101203 (prerelease) [gcc-4_4-branch revision 167411] (GCC)
=== gnat tests ===
Running target unix
=== gnat Summary for unix ===
# of expected passes 618
# of expected failures 6
# of unsupported tests 1
Running target unix/-m64
=== gnat Summary for unix/-m64 ===
# of expected passes 618
# of expected failures 6
# of unsupported tests 1
=== gnat Summary ===
# of expected passes 1236
# of expected failures 12
# of unsupported tests 2
=== objc tests ===
Running target unix
=== objc Summary for unix ===
# of expected passes 1866
# of expected failures 15
# of unsupported tests 24
Running target unix/-m64
=== objc Summary for unix/-m64 ===
# of expected passes 1866
# of expected failures 15
# of unsupported tests 24
=== objc Summary ===
# of expected passes 3732
# of expected failures 30
# of unsupported tests 48
/var/gcc/regression/gcc-4.4-branch/8-gcc/build/gcc/xgcc version 4.4.6 20101203 (prerelease) [gcc-4_4-branch revision 167411] (GCC)
=== libffi tests ===
Running target unix
=== libffi Summary for unix ===
# of expected passes 1399
# of unsupported tests 10
Running target unix/-m64
=== libffi Summary for unix/-m64 ===
# of expected passes 1399
# of unsupported tests 10
=== libffi Summary ===
# of expected passes 2798
# of unsupported tests 20
=== libgomp tests ===
Running target unix
=== libgomp Summary for unix ===
# of expected passes 2458
# of unsupported tests 9
Running target unix/-m64
=== libgomp Summary for unix/-m64 ===
# of expected passes 2458
# of unsupported tests 9
=== libgomp Summary ===
# of expected passes 4916
# of unsupported tests 18
=== libjava tests ===
Running target unix
FAIL: events output
FAIL: InvokeInterface execution - source compiled test
FAIL: InvokeInterface -O3 execution - source compiled test
=== libjava Summary for unix ===
# of expected passes 2569
# of unexpected failures 3
# of untested testcases 2
Running target unix/-m64
FAIL: InvokeInterface execution - source compiled test
FAIL: InvokeInterface -O3 execution - source compiled test
=== libjava Summary for unix/-m64 ===
# of expected passes 2570
# of unexpected failures 2
# of untested testcases 2
=== libjava Summary ===
# of expected passes 5139
# of unexpected failures 5
# of untested testcases 4
=== libstdc++ tests ===
Running target unix
=== libstdc++ Summary for unix ===
# of expected passes 5475
# of expected failures 74
# of unsupported tests 541
Running target unix/-m64
=== libstdc++ Summary for unix/-m64 ===
# of expected passes 5475
# of expected failures 74
# of unsupported tests 541
=== libstdc++ Summary ===
# of expected passes 10950
# of expected failures 148
# of unsupported tests 1082
=== libstdc++ Summary ===
Compiler version: 4.4.6 20101203 (prerelease) [gcc-4_4-branch revision 167411] (GCC)
Platform: sparc-sun-solaris2.8
configure flags: --prefix=/vol/gcc --target=sparc-sun-solaris2.8 --with-gmp=/vol/gcc --with-mpfr=/vol/gcc --with-mpc=/vol/gcc --enable-languages=c,ada,c++,fortran,java,objc
BOOT_CFLAGS=-g -O2