This is the mail archive of the
gcc-testresults@gcc.gnu.org
mailing list for the GCC project.
Results for 4.6.0 20101206 (experimental) (GCC) testsuite on spu-unknown-elf
- From: "Werner" <ken at linux dot vnet dot ibm dot com>
- To: gcc-testresults at gcc dot gnu dot org
- Date: Mon, 6 Dec 2010 12:53:07 +0100
- Subject: Results for 4.6.0 20101206 (experimental) (GCC) testsuite on spu-unknown-elf
GCC Version: 4.6.0, SVN revision: 167484
svn co -r 167484 svn://gcc.gnu.org/svn/gcc/trunk
Newlib Version: 2010-12-06 05:01 UTC
cvs -z 9 -d :pserver:anoncvs@sources.redhat.com:/cvs/src co -D '2010-12-06 05:01 UTC' newlib
Binutils Version: 2010-12-06 05:01 UTC
cvs -z 9 -d :pserver:anoncvs@sourceware.org:/cvs/src co -D '2010-12-06 05:01 UTC' binutils
GDB Version: 2010-12-06 05:01 UTC
cvs -d :pserver:anoncvs@sourceware.org:/cvs/src co -D '2010-12-06 05:01 UTC' gdb
build host info:
$ uname -s -r -m -p -i -o
Linux 2.6.18-194.26.1.el5 ppc64 ppc64 ppc64 GNU/Linux
$ gcc -v
Using built-in specs.
Target: ppc64-redhat-linux
Configured with: ../configure --prefix=/usr --mandir=/usr/share/man --infodir=/usr/share/info --enable-shared --enable-threads=posix --enable-checking=release --with-system-zlib --enable-__cxa_atexit --disable-libunwind-exceptions --enable-libgcj-multifile --enable-languages=c,c++,objc,obj-c++,java,fortran --enable-java-awt=gtk --disable-dssi --enable-plugin --with-java-home=/usr/lib/jvm/java-1.4.2-gcj-1.4.2.0/jre --enable-secureplt --with-long-double-128 --host=ppc64-redhat-linux --build=ppc64-redhat-linux --target=ppc64-redhat-linux --with-cpu=default32
Thread model: posix
gcc version 4.1.2 20080704 (Red Hat 4.1.2-48)
$ ld -v
GNU ld version 2.17.50.0.6-14.el5 20061020
############################################################
# GCC test suite results #
############################################################
Target is spu-unknown-elf
=== g++ tests ===
Running target cell-native
FAIL: tmpdir-g++.dg-struct-layout-1/t030 cp_compat_x_tst.o-cp_compat_y_tst.o execute
FAIL: g++.dg/debug/pr44182.C -gdwarf-2 -O2 (test for excess errors)
FAIL: g++.dg/debug/pr44182.C -gdwarf-2 -O3 (test for excess errors)
FAIL: g++.dg/debug/pr44182.C -gdwarf-2 -g3 -O2 (test for excess errors)
FAIL: g++.dg/debug/pr44182.C -gdwarf-2 -g3 -O3 (test for excess errors)
FAIL: g++.dg/debug/dwarf2/nested-2.C scan-assembler [^\\n\\r]*\\\\(DIE[^\\n\\r]*DW_TAG_structure_type\\\\)[\\n\\r]+[^\\n\\r]*"S\\\\\\\\0"[ \\t]+([@|#!]|//?)[ \\t]+DW_AT_name[\\n\\r]+(.*)?\\\\(DIE[^\\n\\r]*DW_TAG_structure_type\\\\)[\\n\\r]+[^\\n\\r]*"T<int>\\\\\\\\0"[ \\t]+(.*)?\\\\(DIE[^\\n\\r]*DW_TAG_template_type_param\\\\)[\\n\\r]+[^\\n\\r]*[\\n\\r]+[^\\n\\r]*[\\n\\r]+[^\\n\\r]*([@|#!]|//?)[ \\t]+end of children of DIE[^\\n\\r]*[\\n\\r]+[^\\n\\r]*end of children of DIE[^\\n\\r]*
FAIL: g++.dg/abi/packed1.C (test for excess errors)
FAIL: g++.dg/cpp0x/noexcept04.C execution test
FAIL: g++.dg/cpp0x/noexcept05.C scan-assembler LSDA
FAIL: g++.dg/eh/spec10.C execution test
FAIL: g++.dg/eh/spec11.C scan-assembler LSDA
FAIL: g++.dg/opt/longbranch1.C (test for excess errors)
FAIL: g++.dg/other/pr42645-1.C (test for excess errors)
FAIL: g++.dg/other/pr42685.C (test for excess errors)
FAIL: g++.dg/template/char1.C (test for warnings, line 4)
FAIL: g++.dg/lto/20081109-1 cp_lto_20081109-1_0.o assemble, -fPIC -flto -flto-partition=1to1
UNRESOLVED: g++.dg/lto/20081109-1 cp_lto_20081109-1_0.o-cp_lto_20081109-1_0.o link -fPIC -flto -flto-partition=1to1
UNRESOLVED: g++.dg/lto/20081109-1 cp_lto_20081109-1_0.o-cp_lto_20081109-1_0.o execute -fPIC -flto -flto-partition=1to1
FAIL: g++.dg/lto/20081118 cp_lto_20081118_0.o assemble, -fPIC -flto -flto-partition=1to1 -r -nostdlib
UNRESOLVED: g++.dg/lto/20081118 cp_lto_20081118_0.o-cp_lto_20081118_1.o link -fPIC -flto -flto-partition=1to1 -r -nostdlib
UNRESOLVED: g++.dg/lto/20081118 cp_lto_20081118_0.o-cp_lto_20081118_1.o execute -fPIC -flto -flto-partition=1to1 -r -nostdlib
FAIL: g++.dg/lto/20081119-1 cp_lto_20081119-1_0.o-cp_lto_20081119-1_1.o link, -fPIC -flto -flto-partition=1to1 -r -nostdlib
UNRESOLVED: g++.dg/lto/20081119-1 cp_lto_20081119-1_0.o-cp_lto_20081119-1_1.o execute -fPIC -flto -flto-partition=1to1 -r -nostdlib
FAIL: g++.dg/lto/20081120-1 cp_lto_20081120-1_0.o-cp_lto_20081120-1_1.o link, -flto -r -nostdlib
UNRESOLVED: g++.dg/lto/20081120-1 cp_lto_20081120-1_0.o-cp_lto_20081120-1_1.o execute -flto -r -nostdlib
FAIL: g++.dg/lto/20081120-2 cp_lto_20081120-2_0.o-cp_lto_20081120-2_1.o link, -flto -r -nostdlib
UNRESOLVED: g++.dg/lto/20081120-2 cp_lto_20081120-2_0.o-cp_lto_20081120-2_1.o execute -flto -r -nostdlib
FAIL: g++.dg/lto/20081123 cp_lto_20081123_1.o assemble, -flto -flto-partition=1to1 -r -nostdlib -fPIC
UNRESOLVED: g++.dg/lto/20081123 cp_lto_20081123_0.o-cp_lto_20081123_1.o link -flto -flto-partition=1to1 -r -nostdlib -fPIC
UNRESOLVED: g++.dg/lto/20081123 cp_lto_20081123_0.o-cp_lto_20081123_1.o execute -flto -flto-partition=1to1 -r -nostdlib -fPIC
FAIL: g++.dg/lto/20081204-1 cp_lto_20081204-1_0.o assemble, -flto -flto-partition=1to1 -fPIC -r -nostdlib
FAIL: g++.dg/lto/20081204-1 cp_lto_20081204-1_1.o assemble, -flto -flto-partition=1to1 -fPIC -r -nostdlib
UNRESOLVED: g++.dg/lto/20081204-1 cp_lto_20081204-1_0.o-cp_lto_20081204-1_1.o link -flto -flto-partition=1to1 -fPIC -r -nostdlib
UNRESOLVED: g++.dg/lto/20081204-1 cp_lto_20081204-1_0.o-cp_lto_20081204-1_1.o execute -flto -flto-partition=1to1 -fPIC -r -nostdlib
FAIL: g++.dg/lto/20081219 cp_lto_20081219_0.o assemble, -fPIC -flto -flto-partition=1to1 -O2
UNRESOLVED: g++.dg/lto/20081219 cp_lto_20081219_0.o-cp_lto_20081219_1.o link -fPIC -flto -flto-partition=1to1 -O2
UNRESOLVED: g++.dg/lto/20081219 cp_lto_20081219_0.o-cp_lto_20081219_1.o execute -fPIC -flto -flto-partition=1to1 -O2
FAIL: g++.dg/lto/20090302 cp_lto_20090302_0.o-cp_lto_20090302_1.o link, -fPIC -flto -flto-partition=1to1 -r -nostdlib
UNRESOLVED: g++.dg/lto/20090302 cp_lto_20090302_0.o-cp_lto_20090302_1.o execute -fPIC -flto -flto-partition=1to1 -r -nostdlib
FAIL: g++.dg/lto/20090313 cp_lto_20090313_0.o-cp_lto_20090313_1.o link, -flto -flto-partition=1to1 -fPIC
UNRESOLVED: g++.dg/lto/20090313 cp_lto_20090313_0.o-cp_lto_20090313_1.o execute -flto -flto-partition=1to1 -fPIC
FAIL: g++.dg/lto/20091002-1 cp_lto_20091002-1_0.o-cp_lto_20091002-1_0.o link, -fPIC -flto
UNRESOLVED: g++.dg/lto/20091002-1 cp_lto_20091002-1_0.o-cp_lto_20091002-1_0.o execute -fPIC -flto
FAIL: g++.dg/lto/20091002-2 cp_lto_20091002-2_0.o-cp_lto_20091002-2_0.o link, -fPIC
UNRESOLVED: g++.dg/lto/20091002-2 cp_lto_20091002-2_0.o-cp_lto_20091002-2_0.o execute -fPIC
FAIL: g++.dg/lto/20091002-3 cp_lto_20091002-3_0.o-cp_lto_20091002-3_0.o link, -fPIC
UNRESOLVED: g++.dg/lto/20091002-3 cp_lto_20091002-3_0.o-cp_lto_20091002-3_0.o execute -fPIC
FAIL: g++.dg/lto/20091026-1 cp_lto_20091026-1_0.o-cp_lto_20091026-1_1.o link, -O0 -flto -flto-partition=none
UNRESOLVED: g++.dg/lto/20091026-1 cp_lto_20091026-1_0.o-cp_lto_20091026-1_1.o execute -O0 -flto -flto-partition=none
FAIL: g++.dg/lto/20091026-1 cp_lto_20091026-1_0.o-cp_lto_20091026-1_1.o link, -O2 -flto -flto-partition=none
UNRESOLVED: g++.dg/lto/20091026-1 cp_lto_20091026-1_0.o-cp_lto_20091026-1_1.o execute -O2 -flto -flto-partition=none
FAIL: g++.dg/lto/20091026-1 cp_lto_20091026-1_0.o-cp_lto_20091026-1_1.o link, -O0 -flto -flto-partition=1to1
UNRESOLVED: g++.dg/lto/20091026-1 cp_lto_20091026-1_0.o-cp_lto_20091026-1_1.o execute -O0 -flto -flto-partition=1to1
FAIL: g++.dg/lto/20091026-1 cp_lto_20091026-1_0.o-cp_lto_20091026-1_1.o link, -O2 -flto -flto-partition=1to1
UNRESOLVED: g++.dg/lto/20091026-1 cp_lto_20091026-1_0.o-cp_lto_20091026-1_1.o execute -O2 -flto -flto-partition=1to1
FAIL: g++.dg/lto/20091026-1 cp_lto_20091026-1_0.o-cp_lto_20091026-1_1.o link, -O0 -flto
UNRESOLVED: g++.dg/lto/20091026-1 cp_lto_20091026-1_0.o-cp_lto_20091026-1_1.o execute -O0 -flto
FAIL: g++.dg/lto/20091026-1 cp_lto_20091026-1_0.o-cp_lto_20091026-1_1.o link, -O2 -flto
UNRESOLVED: g++.dg/lto/20091026-1 cp_lto_20091026-1_0.o-cp_lto_20091026-1_1.o execute -O2 -flto
FAIL: g++.dg/lto/20100724-1 cp_lto_20100724-1_0.o-cp_lto_20100724-1_0.o link, -ftoplevel-reorder -flto -flto-partition=none
UNRESOLVED: g++.dg/lto/20100724-1 cp_lto_20100724-1_0.o-cp_lto_20100724-1_0.o execute -ftoplevel-reorder -flto -flto-partition=none
FAIL: g++.dg/lto/20100724-1 cp_lto_20100724-1_0.o-cp_lto_20100724-1_0.o link, -ftoplevel-reorder -flto -flto-partition=1to1
UNRESOLVED: g++.dg/lto/20100724-1 cp_lto_20100724-1_0.o-cp_lto_20100724-1_0.o execute -ftoplevel-reorder -flto -flto-partition=1to1
FAIL: g++.dg/lto/20101010-4 cp_lto_20101010-4_0.o-cp_lto_20101010-4_0.o link, -std=c++0x -flto -r -nostdlib
UNRESOLVED: g++.dg/lto/20101010-4 cp_lto_20101010-4_0.o-cp_lto_20101010-4_0.o execute -std=c++0x -flto -r -nostdlib
FAIL: g++.dg/lto/20101010-4 cp_lto_20101010-4_0.o-cp_lto_20101010-4_0.o link, -std=c++0x -flto -g -r -nostdlib
UNRESOLVED: g++.dg/lto/20101010-4 cp_lto_20101010-4_0.o-cp_lto_20101010-4_0.o execute -std=c++0x -flto -g -r -nostdlib
FAIL: g++.dg/lto/20101015-2 cp_lto_20101015-2_0.o-cp_lto_20101015-2_0.o link, -flto
UNRESOLVED: g++.dg/lto/20101015-2 cp_lto_20101015-2_0.o-cp_lto_20101015-2_0.o execute -flto
FAIL: g++.dg/lto/20101015-2 cp_lto_20101015-2_0.o-cp_lto_20101015-2_0.o link, -g -flto
UNRESOLVED: g++.dg/lto/20101015-2 cp_lto_20101015-2_0.o-cp_lto_20101015-2_0.o execute -g -flto
FAIL: g++.dg/lto/pr45679-1 cp_lto_pr45679-1_0.o-cp_lto_pr45679-1_1.o link, -O3 -Wno-multichar
UNRESOLVED: g++.dg/lto/pr45679-1 cp_lto_pr45679-1_0.o-cp_lto_pr45679-1_1.o execute -O3 -Wno-multichar
FAIL: g++.dg/lto/pr45679-2 cp_lto_pr45679-2_0.o-cp_lto_pr45679-2_1.o link, -O3 -Wno-multichar
UNRESOLVED: g++.dg/lto/pr45679-2 cp_lto_pr45679-2_0.o-cp_lto_pr45679-2_1.o execute -O3 -Wno-multichar
FAIL: g++.dg/torture/pr45699.C -O1 execution test
FAIL: g++.dg/torture/pr45699.C -O2 execution test
FAIL: g++.dg/torture/pr45699.C -O3 -fomit-frame-pointer execution test
FAIL: g++.dg/torture/pr45699.C -O3 -fomit-frame-pointer -funroll-loops execution test
FAIL: g++.dg/torture/pr45699.C -O3 -fomit-frame-pointer -funroll-all-loops -finline-functions execution test
FAIL: g++.dg/torture/pr45699.C -O3 -g execution test
FAIL: g++.dg/torture/pr45699.C -Os execution test
FAIL: g++.dg/torture/pr45699.C -O2 -flto -flto-partition=none execution test
FAIL: g++.dg/torture/pr45699.C -O2 -flto execution test
FAIL: g++.dg/torture/pr46111.C -O0 (test for excess errors)
FAIL: g++.dg/torture/pr46111.C -O1 (test for excess errors)
FAIL: g++.dg/torture/pr46111.C -O2 (test for excess errors)
FAIL: g++.dg/torture/pr46111.C -O3 -fomit-frame-pointer (test for excess errors)
FAIL: g++.dg/torture/pr46111.C -O3 -fomit-frame-pointer -funroll-loops (test for excess errors)
FAIL: g++.dg/torture/pr46111.C -O3 -fomit-frame-pointer -funroll-all-loops -finline-functions (test for excess errors)
FAIL: g++.dg/torture/pr46111.C -O3 -g (test for excess errors)
FAIL: g++.dg/torture/pr46111.C -Os (test for excess errors)
FAIL: g++.dg/torture/pr46111.C -O2 -flto -flto-partition=none (test for excess errors)
FAIL: g++.dg/torture/pr46111.C -O2 -flto (test for excess errors)
FAIL: g++.dg/torture/stackalign/eh-alloca-1.C -O0 (test for excess errors)
WARNING: g++.dg/torture/stackalign/eh-alloca-1.C -O0 compilation failed to produce executable
FAIL: g++.dg/torture/stackalign/eh-alloca-1.C -O1 (test for excess errors)
WARNING: g++.dg/torture/stackalign/eh-alloca-1.C -O1 compilation failed to produce executable
FAIL: g++.dg/torture/stackalign/eh-alloca-1.C -O2 (test for excess errors)
WARNING: g++.dg/torture/stackalign/eh-alloca-1.C -O2 compilation failed to produce executable
FAIL: g++.dg/torture/stackalign/eh-alloca-1.C -O3 -fomit-frame-pointer (test for excess errors)
WARNING: g++.dg/torture/stackalign/eh-alloca-1.C -O3 -fomit-frame-pointer compilation failed to produce executable
FAIL: g++.dg/torture/stackalign/eh-alloca-1.C -O3 -g (test for excess errors)
WARNING: g++.dg/torture/stackalign/eh-alloca-1.C -O3 -g compilation failed to produce executable
FAIL: g++.dg/torture/stackalign/eh-alloca-1.C -Os (test for excess errors)
WARNING: g++.dg/torture/stackalign/eh-alloca-1.C -Os compilation failed to produce executable
FAIL: g++.dg/torture/stackalign/eh-alloca-1.C -O2 -flto -flto-partition=none (test for excess errors)
WARNING: g++.dg/torture/stackalign/eh-alloca-1.C -O2 -flto -flto-partition=none compilation failed to produce executable
FAIL: g++.dg/torture/stackalign/eh-alloca-1.C -O2 -flto (test for excess errors)
WARNING: g++.dg/torture/stackalign/eh-alloca-1.C -O2 -flto compilation failed to produce executable
FAIL: g++.dg/torture/stackalign/eh-global-1.C -O0 (test for excess errors)
WARNING: g++.dg/torture/stackalign/eh-global-1.C -O0 compilation failed to produce executable
FAIL: g++.dg/torture/stackalign/eh-global-1.C -O1 (test for excess errors)
WARNING: g++.dg/torture/stackalign/eh-global-1.C -O1 compilation failed to produce executable
FAIL: g++.dg/torture/stackalign/eh-global-1.C -O2 (test for excess errors)
WARNING: g++.dg/torture/stackalign/eh-global-1.C -O2 compilation failed to produce executable
FAIL: g++.dg/torture/stackalign/eh-global-1.C -O3 -fomit-frame-pointer (test for excess errors)
WARNING: g++.dg/torture/stackalign/eh-global-1.C -O3 -fomit-frame-pointer compilation failed to produce executable
FAIL: g++.dg/torture/stackalign/eh-global-1.C -O3 -g (test for excess errors)
WARNING: g++.dg/torture/stackalign/eh-global-1.C -O3 -g compilation failed to produce executable
FAIL: g++.dg/torture/stackalign/eh-global-1.C -Os (test for excess errors)
WARNING: g++.dg/torture/stackalign/eh-global-1.C -Os compilation failed to produce executable
FAIL: g++.dg/torture/stackalign/eh-global-1.C -O2 -flto -flto-partition=none (test for excess errors)
WARNING: g++.dg/torture/stackalign/eh-global-1.C -O2 -flto -flto-partition=none compilation failed to produce executable
FAIL: g++.dg/torture/stackalign/eh-global-1.C -O2 -flto (test for excess errors)
WARNING: g++.dg/torture/stackalign/eh-global-1.C -O2 -flto compilation failed to produce executable
FAIL: g++.dg/torture/stackalign/eh-inline-1.C -O0 (test for excess errors)
WARNING: g++.dg/torture/stackalign/eh-inline-1.C -O0 compilation failed to produce executable
FAIL: g++.dg/torture/stackalign/eh-inline-1.C -O1 (test for excess errors)
WARNING: g++.dg/torture/stackalign/eh-inline-1.C -O1 compilation failed to produce executable
FAIL: g++.dg/torture/stackalign/eh-inline-1.C -O2 (test for excess errors)
WARNING: g++.dg/torture/stackalign/eh-inline-1.C -O2 compilation failed to produce executable
FAIL: g++.dg/torture/stackalign/eh-inline-1.C -O3 -fomit-frame-pointer (test for excess errors)
WARNING: g++.dg/torture/stackalign/eh-inline-1.C -O3 -fomit-frame-pointer compilation failed to produce executable
FAIL: g++.dg/torture/stackalign/eh-inline-1.C -O3 -g (test for excess errors)
WARNING: g++.dg/torture/stackalign/eh-inline-1.C -O3 -g compilation failed to produce executable
FAIL: g++.dg/torture/stackalign/eh-inline-1.C -Os (test for excess errors)
WARNING: g++.dg/torture/stackalign/eh-inline-1.C -Os compilation failed to produce executable
FAIL: g++.dg/torture/stackalign/eh-inline-1.C -O2 -flto -flto-partition=none (test for excess errors)
WARNING: g++.dg/torture/stackalign/eh-inline-1.C -O2 -flto -flto-partition=none compilation failed to produce executable
FAIL: g++.dg/torture/stackalign/eh-inline-1.C -O2 -flto (test for excess errors)
WARNING: g++.dg/torture/stackalign/eh-inline-1.C -O2 -flto compilation failed to produce executable
FAIL: g++.dg/torture/stackalign/eh-inline-2.C -O0 (test for excess errors)
WARNING: g++.dg/torture/stackalign/eh-inline-2.C -O0 compilation failed to produce executable
FAIL: g++.dg/torture/stackalign/eh-inline-2.C -O1 (test for excess errors)
WARNING: g++.dg/torture/stackalign/eh-inline-2.C -O1 compilation failed to produce executable
FAIL: g++.dg/torture/stackalign/eh-inline-2.C -O2 (test for excess errors)
WARNING: g++.dg/torture/stackalign/eh-inline-2.C -O2 compilation failed to produce executable
FAIL: g++.dg/torture/stackalign/eh-inline-2.C -O3 -fomit-frame-pointer (test for excess errors)
WARNING: g++.dg/torture/stackalign/eh-inline-2.C -O3 -fomit-frame-pointer compilation failed to produce executable
FAIL: g++.dg/torture/stackalign/eh-inline-2.C -O3 -g (test for excess errors)
WARNING: g++.dg/torture/stackalign/eh-inline-2.C -O3 -g compilation failed to produce executable
FAIL: g++.dg/torture/stackalign/eh-inline-2.C -Os (test for excess errors)
WARNING: g++.dg/torture/stackalign/eh-inline-2.C -Os compilation failed to produce executable
FAIL: g++.dg/torture/stackalign/eh-inline-2.C -O2 -flto -flto-partition=none (test for excess errors)
WARNING: g++.dg/torture/stackalign/eh-inline-2.C -O2 -flto -flto-partition=none compilation failed to produce executable
FAIL: g++.dg/torture/stackalign/eh-inline-2.C -O2 -flto (test for excess errors)
WARNING: g++.dg/torture/stackalign/eh-inline-2.C -O2 -flto compilation failed to produce executable
FAIL: g++.dg/torture/stackalign/eh-vararg-1.C -O0 (test for excess errors)
WARNING: g++.dg/torture/stackalign/eh-vararg-1.C -O0 compilation failed to produce executable
FAIL: g++.dg/torture/stackalign/eh-vararg-1.C -O1 (test for excess errors)
WARNING: g++.dg/torture/stackalign/eh-vararg-1.C -O1 compilation failed to produce executable
FAIL: g++.dg/torture/stackalign/eh-vararg-1.C -O2 (test for excess errors)
WARNING: g++.dg/torture/stackalign/eh-vararg-1.C -O2 compilation failed to produce executable
FAIL: g++.dg/torture/stackalign/eh-vararg-1.C -O3 -fomit-frame-pointer (test for excess errors)
WARNING: g++.dg/torture/stackalign/eh-vararg-1.C -O3 -fomit-frame-pointer compilation failed to produce executable
FAIL: g++.dg/torture/stackalign/eh-vararg-1.C -O3 -g (test for excess errors)
WARNING: g++.dg/torture/stackalign/eh-vararg-1.C -O3 -g compilation failed to produce executable
FAIL: g++.dg/torture/stackalign/eh-vararg-1.C -Os (test for excess errors)
WARNING: g++.dg/torture/stackalign/eh-vararg-1.C -Os compilation failed to produce executable
FAIL: g++.dg/torture/stackalign/eh-vararg-1.C -O2 -flto -flto-partition=none (test for excess errors)
WARNING: g++.dg/torture/stackalign/eh-vararg-1.C -O2 -flto -flto-partition=none compilation failed to produce executable
FAIL: g++.dg/torture/stackalign/eh-vararg-1.C -O2 -flto (test for excess errors)
WARNING: g++.dg/torture/stackalign/eh-vararg-1.C -O2 -flto compilation failed to produce executable
FAIL: g++.dg/torture/stackalign/eh-vararg-2.C -O0 (test for excess errors)
WARNING: g++.dg/torture/stackalign/eh-vararg-2.C -O0 compilation failed to produce executable
FAIL: g++.dg/torture/stackalign/eh-vararg-2.C -O1 (test for excess errors)
WARNING: g++.dg/torture/stackalign/eh-vararg-2.C -O1 compilation failed to produce executable
FAIL: g++.dg/torture/stackalign/eh-vararg-2.C -O2 (test for excess errors)
WARNING: g++.dg/torture/stackalign/eh-vararg-2.C -O2 compilation failed to produce executable
FAIL: g++.dg/torture/stackalign/eh-vararg-2.C -O3 -fomit-frame-pointer (test for excess errors)
WARNING: g++.dg/torture/stackalign/eh-vararg-2.C -O3 -fomit-frame-pointer compilation failed to produce executable
FAIL: g++.dg/torture/stackalign/eh-vararg-2.C -O3 -g (test for excess errors)
WARNING: g++.dg/torture/stackalign/eh-vararg-2.C -O3 -g compilation failed to produce executable
FAIL: g++.dg/torture/stackalign/eh-vararg-2.C -Os (test for excess errors)
WARNING: g++.dg/torture/stackalign/eh-vararg-2.C -Os compilation failed to produce executable
FAIL: g++.dg/torture/stackalign/eh-vararg-2.C -O2 -flto -flto-partition=none (test for excess errors)
WARNING: g++.dg/torture/stackalign/eh-vararg-2.C -O2 -flto -flto-partition=none compilation failed to produce executable
FAIL: g++.dg/torture/stackalign/eh-vararg-2.C -O2 -flto (test for excess errors)
WARNING: g++.dg/torture/stackalign/eh-vararg-2.C -O2 -flto compilation failed to produce executable
FAIL: g++.old-deja/g++.jason/thunk3.C (test for excess errors)
WARNING: g++.old-deja/g++.jason/thunk3.C compilation failed to produce executable
=== g++ Summary ===
# of expected passes 24910
# of unexpected failures 111
# of expected failures 155
# of unresolved testcases 32
# of unsupported tests 472
/home/kwerner/dailybuild/spu-tc-2010-12-06/gcc-build/gcc/testsuite/g++/../../g++ version 4.6.0 20101206 (experimental) (GCC)
=== gcc tests ===
Running target cell-native
FAIL: gcc.c-torture/execute/vector-shift1.c compilation, -O0 (internal compiler error)
UNRESOLVED: gcc.c-torture/execute/vector-shift1.c execution, -O0
FAIL: tmpdir-gcc.dg-struct-layout-1/t028 c_compat_x_tst.o-c_compat_y_tst.o link
UNRESOLVED: tmpdir-gcc.dg-struct-layout-1/t028 c_compat_x_tst.o-c_compat_y_tst.o execute
FAIL: gcc.dg/const-uniq-1.c scan-tree-dump-times gimple "L\\\$?C0" 2
FAIL: gcc.dg/errno-1.c scan-assembler do_not_optimize_away
FAIL: gcc.dg/ftrapv-1.c (test for excess errors)
WARNING: gcc.dg/ftrapv-1.c compilation failed to produce executable
FAIL: gcc.dg/ftrapv-2.c (test for excess errors)
WARNING: gcc.dg/ftrapv-2.c compilation failed to produce executable
FAIL: gcc.dg/march.c (test for errors, line )
FAIL: gcc.dg/march.c (test for excess errors)
FAIL: gcc.dg/mtune.c (test for errors, line )
FAIL: gcc.dg/mtune.c (test for excess errors)
FAIL: gcc.dg/pr30286.c (test for excess errors)
WARNING: gcc.dg/pr30286.c compilation failed to produce executable
FAIL: gcc.dg/pr42629.c (test for excess errors)
FAIL: gcc.dg/pr42685.c (test for excess errors)
FAIL: gcc.dg/pr42715.c (test for excess errors)
FAIL: gcc.dg/pr43670.c (test for excess errors)
FAIL: gcc.dg/pr44290-1.c (internal compiler error)
FAIL: gcc.dg/pr44290-1.c (test for excess errors)
FAIL: gcc.dg/pr44290-2.c (internal compiler error)
FAIL: gcc.dg/pr44290-2.c (test for excess errors)
FAIL: gcc.dg/pr45055.c (test for excess errors)
FAIL: gcc.dg/pr45259.c (test for excess errors)
FAIL: gcc.dg/pr46252.c (test for excess errors)
FAIL: gcc.dg/pr46571.c (test for excess errors)
FAIL: gcc.dg/sms-2.c scan-rtl-dump-times sms "SMS succeeded" 1
FAIL: gcc.dg/sms-3.c scan-rtl-dump-times sms "SMS succeeded" 1
FAIL: gcc.dg/sms-5.c scan-rtl-dump-times sms "SMS succeeded" 1
FAIL: gcc.dg/sms-6.c scan-rtl-dump-times sms "SMS succeeded" 1
FAIL: gcc.dg/sms-7.c scan-rtl-dump-times sms "SMS succeeded" 1
FAIL: gcc.dg/stack-usage-1.c (test for excess errors)
FAIL: gcc.dg/stack-usage-1.c scan-file foo\\t(256|264)\\tstatic
FAIL: gcc.dg/lto/20081120-1 c_lto_20081120-1_0.o-c_lto_20081120-1_1.o link, -flto -r -nostdlib
UNRESOLVED: gcc.dg/lto/20081120-1 c_lto_20081120-1_0.o-c_lto_20081120-1_1.o execute -flto -r -nostdlib
FAIL: gcc.dg/lto/20081120-2 c_lto_20081120-2_0.o-c_lto_20081120-2_1.o link, -flto -flto-partition=1to1 -r -nostdlib
UNRESOLVED: gcc.dg/lto/20081120-2 c_lto_20081120-2_0.o-c_lto_20081120-2_1.o execute -flto -flto-partition=1to1 -r -nostdlib
FAIL: gcc.dg/lto/20081204-1 c_lto_20081204-1_0.o-c_lto_20081204-1_1.o link, -flto -flto-partition=1to1 -fPIC -r -nostdlib
UNRESOLVED: gcc.dg/lto/20081204-1 c_lto_20081204-1_0.o-c_lto_20081204-1_1.o execute -flto -flto-partition=1to1 -fPIC -r -nostdlib
FAIL: gcc.dg/lto/20081212-1 c_lto_20081212-1_0.o-c_lto_20081212-1_0.o link, -r -nostdlib
UNRESOLVED: gcc.dg/lto/20081212-1 c_lto_20081212-1_0.o-c_lto_20081212-1_0.o execute -r -nostdlib
FAIL: scan-symbol exported_var: dump file does not exist
FAIL: gcc.dg/lto/20081224 c_lto_20081224_0.o-c_lto_20081224_1.o link, -flto -flto-partition=1to1 -r -nostdlib -fPIC
UNRESOLVED: gcc.dg/lto/20081224 c_lto_20081224_0.o-c_lto_20081224_1.o execute -flto -flto-partition=1to1 -r -nostdlib -fPIC
FAIL: gcc.dg/lto/20090116 c_lto_20090116_0.o-c_lto_20090116_0.o link, -O1 -flto -flto-partition=1to1 -fPIC
UNRESOLVED: gcc.dg/lto/20090116 c_lto_20090116_0.o-c_lto_20090116_0.o execute -O1 -flto -flto-partition=1to1 -fPIC
FAIL: gcc.dg/lto/20090126-1 c_lto_20090126-1_0.o-c_lto_20090126-1_0.o link, -O0 -flto -flto-partition=1to1
UNRESOLVED: gcc.dg/lto/20090126-1 c_lto_20090126-1_0.o-c_lto_20090126-1_0.o execute -O0 -flto -flto-partition=1to1
FAIL: gcc.dg/lto/20090126-2 c_lto_20090126-2_0.o-c_lto_20090126-2_0.o link, -fPIC -O2 -flto -flto-partition=1to1
UNRESOLVED: gcc.dg/lto/20090126-2 c_lto_20090126-2_0.o-c_lto_20090126-2_0.o execute -fPIC -O2 -flto -flto-partition=1to1
FAIL: gcc.dg/lto/20090210 c_lto_20090210_1.o assemble, -O0 -flto -flto-partition=none
UNRESOLVED: gcc.dg/lto/20090210 c_lto_20090210_0.o-c_lto_20090210_1.o link -O0 -flto -flto-partition=none
UNRESOLVED: gcc.dg/lto/20090210 c_lto_20090210_0.o-c_lto_20090210_1.o execute -O0 -flto -flto-partition=none
FAIL: gcc.dg/lto/20090210 c_lto_20090210_1.o assemble, -O2 -flto -flto-partition=none
UNRESOLVED: gcc.dg/lto/20090210 c_lto_20090210_0.o-c_lto_20090210_1.o link -O2 -flto -flto-partition=none
UNRESOLVED: gcc.dg/lto/20090210 c_lto_20090210_0.o-c_lto_20090210_1.o execute -O2 -flto -flto-partition=none
FAIL: gcc.dg/lto/20090210 c_lto_20090210_1.o assemble, -O0 -flto -flto-partition=1to1
UNRESOLVED: gcc.dg/lto/20090210 c_lto_20090210_0.o-c_lto_20090210_1.o link -O0 -flto -flto-partition=1to1
UNRESOLVED: gcc.dg/lto/20090210 c_lto_20090210_0.o-c_lto_20090210_1.o execute -O0 -flto -flto-partition=1to1
FAIL: gcc.dg/lto/20090210 c_lto_20090210_1.o assemble, -O2 -flto -flto-partition=1to1
UNRESOLVED: gcc.dg/lto/20090210 c_lto_20090210_0.o-c_lto_20090210_1.o link -O2 -flto -flto-partition=1to1
UNRESOLVED: gcc.dg/lto/20090210 c_lto_20090210_0.o-c_lto_20090210_1.o execute -O2 -flto -flto-partition=1to1
FAIL: gcc.dg/lto/20090210 c_lto_20090210_1.o assemble, -O0 -flto
UNRESOLVED: gcc.dg/lto/20090210 c_lto_20090210_0.o-c_lto_20090210_1.o link -O0 -flto
UNRESOLVED: gcc.dg/lto/20090210 c_lto_20090210_0.o-c_lto_20090210_1.o execute -O0 -flto
FAIL: gcc.dg/lto/20090210 c_lto_20090210_1.o assemble, -O2 -flto
UNRESOLVED: gcc.dg/lto/20090210 c_lto_20090210_0.o-c_lto_20090210_1.o link -O2 -flto
UNRESOLVED: gcc.dg/lto/20090210 c_lto_20090210_0.o-c_lto_20090210_1.o execute -O2 -flto
FAIL: gcc.dg/lto/20090219 c_lto_20090219_0.o-c_lto_20090219_0.o link, -O3 -flto -flto-partition=1to1 -fPIC -r -nostdlib
UNRESOLVED: gcc.dg/lto/20090219 c_lto_20090219_0.o-c_lto_20090219_0.o execute -O3 -flto -flto-partition=1to1 -fPIC -r -nostdlib
FAIL: gcc.dg/lto/20090914-1 c_lto_20090914-1_0.o assemble, -flto -g -fvar-tracking-assignments (internal compiler error)
UNRESOLVED: gcc.dg/lto/20090914-1 c_lto_20090914-1_0.o-c_lto_20090914-1_0.o link -flto
UNRESOLVED: gcc.dg/lto/20090914-1 c_lto_20090914-1_0.o-c_lto_20090914-1_0.o execute -flto
FAIL: gcc.dg/lto/20091013-1 c_lto_20091013-1_1.o assemble, -fPIC -r -nostdlib -flto
FAIL: gcc.dg/lto/20091013-1 c_lto_20091013-1_2.o assemble, -fPIC -r -nostdlib -flto
UNRESOLVED: gcc.dg/lto/20091013-1 c_lto_20091013-1_0.o-c_lto_20091013-1_2.o link -fPIC -r -nostdlib -flto
UNRESOLVED: gcc.dg/lto/20091013-1 c_lto_20091013-1_0.o-c_lto_20091013-1_2.o execute -fPIC -r -nostdlib -flto
FAIL: gcc.dg/lto/20091013-1 c_lto_20091013-1_1.o assemble, -fPIC -r -nostdlib -O2 -flto
FAIL: gcc.dg/lto/20091013-1 c_lto_20091013-1_2.o assemble, -fPIC -r -nostdlib -O2 -flto
UNRESOLVED: gcc.dg/lto/20091013-1 c_lto_20091013-1_0.o-c_lto_20091013-1_2.o link -fPIC -r -nostdlib -O2 -flto
UNRESOLVED: gcc.dg/lto/20091013-1 c_lto_20091013-1_0.o-c_lto_20091013-1_2.o execute -fPIC -r -nostdlib -O2 -flto
FAIL: gcc.dg/lto/20091014-1 c_lto_20091014-1_0.o-c_lto_20091014-1_0.o link, -fPIC -r -nostdlib -flto
UNRESOLVED: gcc.dg/lto/20091014-1 c_lto_20091014-1_0.o-c_lto_20091014-1_0.o execute -fPIC -r -nostdlib -flto
FAIL: gcc.dg/lto/20091015-1 c_lto_20091015-1_0.o-c_lto_20091015-1_2.o link, -fPIC -r -nostdlib -O2 -flto
UNRESOLVED: gcc.dg/lto/20091015-1 c_lto_20091015-1_0.o-c_lto_20091015-1_2.o execute -fPIC -r -nostdlib -O2 -flto
FAIL: gcc.dg/lto/20091015-1 c_lto_20091015-1_0.o-c_lto_20091015-1_2.o link, -fPIC -r -nostdlib -O2 -flto -flto-partition=1to1
UNRESOLVED: gcc.dg/lto/20091015-1 c_lto_20091015-1_0.o-c_lto_20091015-1_2.o execute -fPIC -r -nostdlib -O2 -flto -flto-partition=1to1
FAIL: gcc.dg/lto/20091016-1 c_lto_20091016-1_0.o-c_lto_20091016-1_1.o link, -fPIC -r -nostdlib -O2 -flto
UNRESOLVED: gcc.dg/lto/20091016-1 c_lto_20091016-1_0.o-c_lto_20091016-1_1.o execute -fPIC -r -nostdlib -O2 -flto
FAIL: gcc.dg/lto/20091020-1 c_lto_20091020-1_0.o-c_lto_20091020-1_1.o link, -fPIC -r -nostdlib -flto
UNRESOLVED: gcc.dg/lto/20091020-1 c_lto_20091020-1_0.o-c_lto_20091020-1_1.o execute -fPIC -r -nostdlib -flto
FAIL: gcc.dg/lto/20091020-2 c_lto_20091020-2_0.o-c_lto_20091020-2_1.o link, -fPIC -r -nostdlib -flto
UNRESOLVED: gcc.dg/lto/20091020-2 c_lto_20091020-2_0.o-c_lto_20091020-2_1.o execute -fPIC -r -nostdlib -flto
FAIL: gcc.dg/lto/20091027-1 c_lto_20091027-1_0.o-c_lto_20091027-1_1.o link, -O0 -flto -flto-partition=none
UNRESOLVED: gcc.dg/lto/20091027-1 c_lto_20091027-1_0.o-c_lto_20091027-1_1.o execute -O0 -flto -flto-partition=none
FAIL: gcc.dg/lto/20091027-1 c_lto_20091027-1_0.o-c_lto_20091027-1_1.o link, -O2 -flto -flto-partition=none
UNRESOLVED: gcc.dg/lto/20091027-1 c_lto_20091027-1_0.o-c_lto_20091027-1_1.o execute -O2 -flto -flto-partition=none
FAIL: gcc.dg/lto/20091027-1 c_lto_20091027-1_0.o-c_lto_20091027-1_1.o link, -O0 -flto -flto-partition=1to1
UNRESOLVED: gcc.dg/lto/20091027-1 c_lto_20091027-1_0.o-c_lto_20091027-1_1.o execute -O0 -flto -flto-partition=1to1
FAIL: gcc.dg/lto/20091027-1 c_lto_20091027-1_0.o-c_lto_20091027-1_1.o link, -O2 -flto -flto-partition=1to1
UNRESOLVED: gcc.dg/lto/20091027-1 c_lto_20091027-1_0.o-c_lto_20091027-1_1.o execute -O2 -flto -flto-partition=1to1
FAIL: gcc.dg/lto/20091027-1 c_lto_20091027-1_0.o-c_lto_20091027-1_1.o link, -O0 -flto
UNRESOLVED: gcc.dg/lto/20091027-1 c_lto_20091027-1_0.o-c_lto_20091027-1_1.o execute -O0 -flto
FAIL: gcc.dg/lto/20091027-1 c_lto_20091027-1_0.o-c_lto_20091027-1_1.o link, -O2 -flto
UNRESOLVED: gcc.dg/lto/20091027-1 c_lto_20091027-1_0.o-c_lto_20091027-1_1.o execute -O2 -flto
FAIL: gcc.dg/lto/20100426 c_lto_20100426_0.o-c_lto_20100426_0.o link, -r -nostdlib -flto -g
UNRESOLVED: gcc.dg/lto/20100426 c_lto_20100426_0.o-c_lto_20100426_0.o execute -r -nostdlib -flto -g
FAIL: gcc.dg/lto/20100430-1 c_lto_20100430-1_0.o-c_lto_20100430-1_0.o link, -O2 -fprofile-arcs -flto -r -nostdlib
UNRESOLVED: gcc.dg/lto/20100430-1 c_lto_20100430-1_0.o-c_lto_20100430-1_0.o execute -O2 -fprofile-arcs -flto -r -nostdlib
FAIL: gcc.dg/lto/20100603-1 c_lto_20100603-1_0.o-c_lto_20100603-1_0.o link, -O0 -flto -flto-partition=none
UNRESOLVED: gcc.dg/lto/20100603-1 c_lto_20100603-1_0.o-c_lto_20100603-1_0.o execute -O0 -flto -flto-partition=none
FAIL: gcc.dg/lto/20100603-1 c_lto_20100603-1_0.o-c_lto_20100603-1_0.o link, -O2 -flto -flto-partition=none
UNRESOLVED: gcc.dg/lto/20100603-1 c_lto_20100603-1_0.o-c_lto_20100603-1_0.o execute -O2 -flto -flto-partition=none
FAIL: gcc.dg/lto/20100603-1 c_lto_20100603-1_0.o-c_lto_20100603-1_0.o link, -O0 -flto -flto-partition=1to1
UNRESOLVED: gcc.dg/lto/20100603-1 c_lto_20100603-1_0.o-c_lto_20100603-1_0.o execute -O0 -flto -flto-partition=1to1
FAIL: gcc.dg/lto/20100603-1 c_lto_20100603-1_0.o-c_lto_20100603-1_0.o link, -O2 -flto -flto-partition=1to1
UNRESOLVED: gcc.dg/lto/20100603-1 c_lto_20100603-1_0.o-c_lto_20100603-1_0.o execute -O2 -flto -flto-partition=1to1
FAIL: gcc.dg/lto/20100603-1 c_lto_20100603-1_0.o-c_lto_20100603-1_0.o link, -O0 -flto
UNRESOLVED: gcc.dg/lto/20100603-1 c_lto_20100603-1_0.o-c_lto_20100603-1_0.o execute -O0 -flto
FAIL: gcc.dg/lto/20100603-1 c_lto_20100603-1_0.o-c_lto_20100603-1_0.o link, -O2 -flto
UNRESOLVED: gcc.dg/lto/20100603-1 c_lto_20100603-1_0.o-c_lto_20100603-1_0.o execute -O2 -flto
FAIL: gcc.dg/lto/20100603-2 c_lto_20100603-2_0.o-c_lto_20100603-2_0.o link, -O0 -flto -flto-partition=none
UNRESOLVED: gcc.dg/lto/20100603-2 c_lto_20100603-2_0.o-c_lto_20100603-2_0.o execute -O0 -flto -flto-partition=none
FAIL: gcc.dg/lto/20100603-2 c_lto_20100603-2_0.o-c_lto_20100603-2_0.o link, -O2 -flto -flto-partition=none
UNRESOLVED: gcc.dg/lto/20100603-2 c_lto_20100603-2_0.o-c_lto_20100603-2_0.o execute -O2 -flto -flto-partition=none
FAIL: gcc.dg/lto/20100603-2 c_lto_20100603-2_0.o-c_lto_20100603-2_0.o link, -O0 -flto -flto-partition=1to1
UNRESOLVED: gcc.dg/lto/20100603-2 c_lto_20100603-2_0.o-c_lto_20100603-2_0.o execute -O0 -flto -flto-partition=1to1
FAIL: gcc.dg/lto/20100603-2 c_lto_20100603-2_0.o-c_lto_20100603-2_0.o link, -O2 -flto -flto-partition=1to1
UNRESOLVED: gcc.dg/lto/20100603-2 c_lto_20100603-2_0.o-c_lto_20100603-2_0.o execute -O2 -flto -flto-partition=1to1
FAIL: gcc.dg/lto/20100603-2 c_lto_20100603-2_0.o-c_lto_20100603-2_0.o link, -O0 -flto
UNRESOLVED: gcc.dg/lto/20100603-2 c_lto_20100603-2_0.o-c_lto_20100603-2_0.o execute -O0 -flto
FAIL: gcc.dg/lto/20100603-2 c_lto_20100603-2_0.o-c_lto_20100603-2_0.o link, -O2 -flto
UNRESOLVED: gcc.dg/lto/20100603-2 c_lto_20100603-2_0.o-c_lto_20100603-2_0.o execute -O2 -flto
FAIL: gcc.dg/lto/20100603-3 c_lto_20100603-3_0.o-c_lto_20100603-3_0.o link, -O0 -flto -flto-partition=none
UNRESOLVED: gcc.dg/lto/20100603-3 c_lto_20100603-3_0.o-c_lto_20100603-3_0.o execute -O0 -flto -flto-partition=none
FAIL: gcc.dg/lto/20100603-3 c_lto_20100603-3_0.o-c_lto_20100603-3_0.o link, -O2 -flto -flto-partition=none
UNRESOLVED: gcc.dg/lto/20100603-3 c_lto_20100603-3_0.o-c_lto_20100603-3_0.o execute -O2 -flto -flto-partition=none
FAIL: gcc.dg/lto/20100603-3 c_lto_20100603-3_0.o-c_lto_20100603-3_0.o link, -O0 -flto -flto-partition=1to1
UNRESOLVED: gcc.dg/lto/20100603-3 c_lto_20100603-3_0.o-c_lto_20100603-3_0.o execute -O0 -flto -flto-partition=1to1
FAIL: gcc.dg/lto/20100603-3 c_lto_20100603-3_0.o-c_lto_20100603-3_0.o link, -O2 -flto -flto-partition=1to1
UNRESOLVED: gcc.dg/lto/20100603-3 c_lto_20100603-3_0.o-c_lto_20100603-3_0.o execute -O2 -flto -flto-partition=1to1
FAIL: gcc.dg/lto/20100603-3 c_lto_20100603-3_0.o-c_lto_20100603-3_0.o link, -O0 -flto
UNRESOLVED: gcc.dg/lto/20100603-3 c_lto_20100603-3_0.o-c_lto_20100603-3_0.o execute -O0 -flto
FAIL: gcc.dg/lto/20100603-3 c_lto_20100603-3_0.o-c_lto_20100603-3_0.o link, -O2 -flto
UNRESOLVED: gcc.dg/lto/20100603-3 c_lto_20100603-3_0.o-c_lto_20100603-3_0.o execute -O2 -flto
FAIL: gcc.dg/lto/pr45736 c_lto_pr45736_0.o-c_lto_pr45736_0.o link, -flto -r -nostdlib -O
UNRESOLVED: gcc.dg/lto/pr45736 c_lto_pr45736_0.o-c_lto_pr45736_0.o execute -flto -r -nostdlib -O
FAIL: gcc.dg/tls/thr-cse-1.c scan-assembler-not emutls_get_address.*emutls_get_address.*
FAIL: gcc.dg/torture/builtin-cproj-1.c -O0 (test for excess errors)
FAIL: gcc.dg/torture/builtin-cproj-1.c -O1 (test for excess errors)
FAIL: gcc.dg/torture/builtin-cproj-1.c -O2 (test for excess errors)
FAIL: gcc.dg/torture/builtin-cproj-1.c -O3 -fomit-frame-pointer (test for excess errors)
FAIL: gcc.dg/torture/builtin-cproj-1.c -O3 -fomit-frame-pointer -funroll-loops (test for excess errors)
FAIL: gcc.dg/torture/builtin-cproj-1.c -O3 -fomit-frame-pointer -funroll-all-loops -finline-functions (test for excess errors)
FAIL: gcc.dg/torture/builtin-cproj-1.c -O3 -g (test for excess errors)
FAIL: gcc.dg/torture/builtin-cproj-1.c -Os (test for excess errors)
FAIL: gcc.dg/torture/builtin-cproj-1.c -O2 -flto -flto-partition=none (test for excess errors)
FAIL: gcc.dg/torture/builtin-cproj-1.c -O2 -flto (test for excess errors)
FAIL: gcc.dg/torture/vector-shift2.c -O0 execution test
FAIL: gcc.dg/torture/vector-shift2.c -O1 execution test
FAIL: gcc.dg/torture/vector-shift2.c -O2 execution test
FAIL: gcc.dg/torture/vector-shift2.c -O3 -fomit-frame-pointer execution test
FAIL: gcc.dg/torture/vector-shift2.c -O3 -g execution test
FAIL: gcc.dg/torture/vector-shift2.c -Os execution test
FAIL: gcc.dg/torture/vector-shift2.c -O2 -flto -flto-partition=none execution test
FAIL: gcc.dg/torture/vector-shift2.c -O2 -flto execution test
XPASS: gcc.dg/tree-ssa/20040204-1.c scan-tree-dump-times optimized "link_error" 0
FAIL: gcc.dg/tree-ssa/loadpre6.c scan-tree-dump-times pre "Insertions: 2" 1
FAIL: gcc.dg/tree-ssa/loop-11.c scan-tree-dump-times optimized "if " 0
FAIL: gcc.dg/tree-ssa/loop-36.c scan-tree-dump-not dce2 "c.array"
FAIL: gcc.dg/tree-ssa/loop-37.c scan-tree-dump-not optimized "my_array"
FAIL: gcc.dg/tree-ssa/pr14814.c scan-tree-dump-times forwprop2 "&" 0
FAIL: gcc.dg/tree-ssa/pr21829.c scan-tree-dump-not optimized "if \\("
FAIL: gcc.dg/vect/costmodel/spu/costmodel-vect-33.c scan-tree-dump-times vect "vectorization not profitable" 0
FAIL: gcc.dg/vect/costmodel/spu/costmodel-vect-33.c scan-tree-dump-times vect "vectorized 1 loops" 1
FAIL: gcc.dg/vect/vect-70.c execution test
=== gcc Summary ===
# of expected passes 68963
# of unexpected failures 112
# of unexpected successes 1
# of expected failures 190
# of unresolved testcases 62
# of unsupported tests 1107
/home/kwerner/dailybuild/spu-tc-2010-12-06/gcc-build/gcc/xgcc version 4.6.0 20101206 (experimental) (GCC)
=== gfortran tests ===
Running target cell-native
FAIL: gfortran.dg/bessel_6.f90 -O0 execution test
FAIL: gfortran.dg/bessel_6.f90 -O1 execution test
FAIL: gfortran.dg/bessel_6.f90 -O2 execution test
FAIL: gfortran.dg/bessel_6.f90 -O3 -fomit-frame-pointer execution test
FAIL: gfortran.dg/bessel_6.f90 -O3 -fomit-frame-pointer -funroll-loops execution test
FAIL: gfortran.dg/bessel_6.f90 -O3 -fomit-frame-pointer -funroll-all-loops -finline-functions execution test
FAIL: gfortran.dg/bessel_6.f90 -O3 -g execution test
FAIL: gfortran.dg/bessel_6.f90 -Os execution test
FAIL: gfortran.dg/bessel_7.f90 -O0 execution test
FAIL: gfortran.dg/bessel_7.f90 -O1 execution test
FAIL: gfortran.dg/bessel_7.f90 -O2 execution test
FAIL: gfortran.dg/bessel_7.f90 -O3 -fomit-frame-pointer execution test
FAIL: gfortran.dg/bessel_7.f90 -O3 -fomit-frame-pointer -funroll-loops execution test
FAIL: gfortran.dg/bessel_7.f90 -O3 -fomit-frame-pointer -funroll-all-loops -finline-functions execution test
FAIL: gfortran.dg/bessel_7.f90 -O3 -g execution test
FAIL: gfortran.dg/bessel_7.f90 -Os execution test
FAIL: gfortran.dg/complex_intrinsic_5.f90 -O0 execution test
FAIL: gfortran.dg/complex_intrinsic_5.f90 -O1 execution test
FAIL: gfortran.dg/complex_intrinsic_5.f90 -O2 execution test
FAIL: gfortran.dg/complex_intrinsic_5.f90 -O3 -fomit-frame-pointer execution test
FAIL: gfortran.dg/complex_intrinsic_5.f90 -O3 -fomit-frame-pointer -funroll-loops execution test
FAIL: gfortran.dg/complex_intrinsic_5.f90 -O3 -fomit-frame-pointer -funroll-all-loops -finline-functions execution test
FAIL: gfortran.dg/complex_intrinsic_5.f90 -O3 -g execution test
FAIL: gfortran.dg/complex_intrinsic_5.f90 -Os execution test
FAIL: gfortran.dg/erf_2.F90 -O0 execution test
FAIL: gfortran.dg/ldist-pr45199.f -O scan-tree-dump ldist "distributed: split to 9 loops"
FAIL: gfortran.dg/ldist-pr45199.f -O scan-tree-dump-times ldist "__builtin_memset" 18
XPASS: gfortran.dg/pr25923.f90 -O PR45505 (test for warnings, line 13)
XPASS: gfortran.dg/pr25923.f90 -O PR45505 (test for bogus messages, line 22)
FAIL: gfortran.dg/realloc_on_assign_2.f03 -O0 execution test
FAIL: gfortran.dg/realloc_on_assign_2.f03 -O1 execution test
FAIL: gfortran.dg/realloc_on_assign_2.f03 -O2 execution test
FAIL: gfortran.dg/realloc_on_assign_2.f03 -O3 -fomit-frame-pointer execution test
FAIL: gfortran.dg/realloc_on_assign_2.f03 -O3 -fomit-frame-pointer -funroll-loops execution test
FAIL: gfortran.dg/realloc_on_assign_2.f03 -O3 -fomit-frame-pointer -funroll-all-loops -finline-functions execution test
FAIL: gfortran.dg/realloc_on_assign_2.f03 -O3 -g execution test
FAIL: gfortran.dg/realloc_on_assign_2.f03 -Os execution test
FAIL: gfortran.dg/subref_array_pointer_4.f90 -O3 -fomit-frame-pointer (internal compiler error)
FAIL: gfortran.dg/subref_array_pointer_4.f90 -O3 -fomit-frame-pointer (test for excess errors)
WARNING: gfortran.dg/subref_array_pointer_4.f90 -O3 -fomit-frame-pointer compilation failed to produce executable
FAIL: gfortran.dg/subref_array_pointer_4.f90 -O3 -fomit-frame-pointer -funroll-loops (internal compiler error)
FAIL: gfortran.dg/subref_array_pointer_4.f90 -O3 -fomit-frame-pointer -funroll-loops (test for excess errors)
WARNING: gfortran.dg/subref_array_pointer_4.f90 -O3 -fomit-frame-pointer -funroll-loops compilation failed to produce executable
FAIL: gfortran.dg/subref_array_pointer_4.f90 -O3 -fomit-frame-pointer -funroll-all-loops -finline-functions (internal compiler error)
FAIL: gfortran.dg/subref_array_pointer_4.f90 -O3 -fomit-frame-pointer -funroll-all-loops -finline-functions (test for excess errors)
WARNING: gfortran.dg/subref_array_pointer_4.f90 -O3 -fomit-frame-pointer -funroll-all-loops -finline-functions compilation failed to produce executable
FAIL: gfortran.dg/subref_array_pointer_4.f90 -O3 -g (internal compiler error)
FAIL: gfortran.dg/subref_array_pointer_4.f90 -O3 -g (test for excess errors)
WARNING: gfortran.dg/subref_array_pointer_4.f90 -O3 -g compilation failed to produce executable
FAIL: gfortran.dg/sum_init_expr.f03 -O execution test
FAIL: gfortran.dg/lto/20091016-1 f_lto_20091016-1_0.o-f_lto_20091016-1_0.o link, -flto -g -fPIC -shared
UNRESOLVED: gfortran.dg/lto/20091016-1 f_lto_20091016-1_0.o-f_lto_20091016-1_0.o execute -flto -g -fPIC -shared
FAIL: gfortran.dg/lto/20091016-1 f_lto_20091016-1_0.o-f_lto_20091016-1_0.o link, -O -flto -g -fPIC -shared
UNRESOLVED: gfortran.dg/lto/20091016-1 f_lto_20091016-1_0.o-f_lto_20091016-1_0.o execute -O -flto -g -fPIC -shared
FAIL: gfortran.dg/lto/20091028-1 f_lto_20091028-1_0.o-f_lto_20091028-1_1.o link, -O0 -flto -flto-partition=none
UNRESOLVED: gfortran.dg/lto/20091028-1 f_lto_20091028-1_0.o-f_lto_20091028-1_1.o execute -O0 -flto -flto-partition=none
FAIL: gfortran.dg/lto/20091028-1 f_lto_20091028-1_0.o-f_lto_20091028-1_1.o link, -O2 -flto -flto-partition=none
UNRESOLVED: gfortran.dg/lto/20091028-1 f_lto_20091028-1_0.o-f_lto_20091028-1_1.o execute -O2 -flto -flto-partition=none
FAIL: gfortran.dg/lto/20091028-1 f_lto_20091028-1_0.o-f_lto_20091028-1_1.o link, -O0 -flto -flto-partition=1to1
UNRESOLVED: gfortran.dg/lto/20091028-1 f_lto_20091028-1_0.o-f_lto_20091028-1_1.o execute -O0 -flto -flto-partition=1to1
FAIL: gfortran.dg/lto/20091028-1 f_lto_20091028-1_0.o-f_lto_20091028-1_1.o link, -O2 -flto -flto-partition=1to1
UNRESOLVED: gfortran.dg/lto/20091028-1 f_lto_20091028-1_0.o-f_lto_20091028-1_1.o execute -O2 -flto -flto-partition=1to1
FAIL: gfortran.dg/lto/20091028-1 f_lto_20091028-1_0.o-f_lto_20091028-1_1.o link, -O0 -flto
UNRESOLVED: gfortran.dg/lto/20091028-1 f_lto_20091028-1_0.o-f_lto_20091028-1_1.o execute -O0 -flto
FAIL: gfortran.dg/lto/20091028-1 f_lto_20091028-1_0.o-f_lto_20091028-1_1.o link, -O2 -flto
UNRESOLVED: gfortran.dg/lto/20091028-1 f_lto_20091028-1_0.o-f_lto_20091028-1_1.o execute -O2 -flto
FAIL: gfortran.dg/lto/20091028-2 f_lto_20091028-2_0.o-f_lto_20091028-2_1.o link, -O0 -flto -flto-partition=none
UNRESOLVED: gfortran.dg/lto/20091028-2 f_lto_20091028-2_0.o-f_lto_20091028-2_1.o execute -O0 -flto -flto-partition=none
FAIL: gfortran.dg/lto/20091028-2 f_lto_20091028-2_0.o-f_lto_20091028-2_1.o link, -O2 -flto -flto-partition=none
UNRESOLVED: gfortran.dg/lto/20091028-2 f_lto_20091028-2_0.o-f_lto_20091028-2_1.o execute -O2 -flto -flto-partition=none
FAIL: gfortran.dg/lto/20091028-2 f_lto_20091028-2_0.o-f_lto_20091028-2_1.o link, -O0 -flto -flto-partition=1to1
UNRESOLVED: gfortran.dg/lto/20091028-2 f_lto_20091028-2_0.o-f_lto_20091028-2_1.o execute -O0 -flto -flto-partition=1to1
FAIL: gfortran.dg/lto/20091028-2 f_lto_20091028-2_0.o-f_lto_20091028-2_1.o link, -O2 -flto -flto-partition=1to1
UNRESOLVED: gfortran.dg/lto/20091028-2 f_lto_20091028-2_0.o-f_lto_20091028-2_1.o execute -O2 -flto -flto-partition=1to1
FAIL: gfortran.dg/lto/20091028-2 f_lto_20091028-2_0.o-f_lto_20091028-2_1.o link, -O0 -flto
UNRESOLVED: gfortran.dg/lto/20091028-2 f_lto_20091028-2_0.o-f_lto_20091028-2_1.o execute -O0 -flto
FAIL: gfortran.dg/lto/20091028-2 f_lto_20091028-2_0.o-f_lto_20091028-2_1.o link, -O2 -flto
UNRESOLVED: gfortran.dg/lto/20091028-2 f_lto_20091028-2_0.o-f_lto_20091028-2_1.o execute -O2 -flto
FAIL: gfortran.dg/vect/fast-math-vect-8.f90 scan-tree-dump-times vect "vectorized 1 loops" 1
=== gfortran Summary ===
# of expected passes 35970
# of unexpected failures 59
# of unexpected successes 2
# of expected failures 77
# of unresolved testcases 14
# of unsupported tests 475
/home/kwerner/dailybuild/spu-tc-2010-12-06/gcc-build/gcc/testsuite/gfortran/../../gfortran version 4.6.0 20101206 (experimental) (GCC)
Compiler version: 4.6.0 20101206 (experimental) (GCC)
Platform: spu-unknown-elf
configure flags: --target=spu --disable-nls --enable-languages=c,c++,fortran --with-newlib --with-headers --enable-version-specific-runtime-libs --prefix=/home/kwerner/dailybuild/spu-tc-2010-12-06/spu-toolchain
############################################################
# Binutils test suite results #
############################################################
Target is spu-unknown-elf
Host is powerpc64-unknown-linux-gnu
=== binutils tests ===
Running target unix
WARNING: Assuming target board is the local machine (which is probably wrong).
=== binutils Summary ===
# of expected passes 76
# of unsupported tests 5
Host is powerpc64-unknown-linux-gnu
=== gas tests ===
Running target unix
WARNING: Assuming target board is the local machine (which is probably wrong).
=== gas Summary ===
# of expected passes 118
Host is powerpc64-unknown-linux-gnu
=== ld tests ===
Running target unix
WARNING: Assuming target board is the local machine (which is probably wrong).
=== ld Summary ===
# of expected passes 190
# of expected failures 9
# of untested testcases 1
# of unsupported tests 3
Platform: spu-unknown-elf
configure flags: --target=spu --prefix=/home/kwerner/dailybuild/spu-tc-2010-12-06/spu-toolchain
############################################################
# GDB test suite results #
############################################################
Native configuration is powerpc64-unknown-linux-gnu
=== gdb tests ===
Running target cell-native
FAIL: gdb.base/frame-args.exp: frame 1 with print frame-arguments set to scalars
FAIL: gdb.base/interrupt.exp: call function when asleep (wrong output)
FAIL: gdb.base/interrupt.exp: echo data
FAIL: gdb.base/interrupt.exp: Send Control-C, second time
FAIL: gdb.base/interrupt.exp: signal SIGINT (the program is no longer running)
FAIL: gdb.base/interrupt.exp: send end of file
FAIL: gdb.base/label.exp: continue to 'here'
FAIL: gdb.base/longjmp.exp: next over longjmp(1)
FAIL: gdb.base/longjmp.exp: next over call_longjmp (2)
FAIL: gdb.base/longjmp.exp: next over patt3
FAIL: gdb.base/macscp.exp: info macro FROM_COMMANDLINE
FAIL: gdb.base/siginfo-infcall.exp: continue to the handler
FAIL: gdb.base/watch-read.exp: read watchpoint triggers when value doesn't change, trapping reads and writes
FAIL: gdb.base/watch-read.exp: only read watchpoint triggers when value doesn't change
FAIL: gdb.base/watch-vfork.exp: Watchpoint triggers after vfork (sw) (timeout)
FAIL: gdb.cp/abstract-origin.exp: p problem
FAIL: gdb.cp/cpexprs.exp: list base::overload(void)
FAIL: gdb.cp/cpexprs.exp: setting breakpoint at base::overload(void)
FAIL: gdb.cp/cpexprs.exp: continue to base::overload(void)
FAIL: gdb.cp/namespace.exp: whatis C::cOtherFileType
FAIL: gdb.cp/namespace.exp: whatis ::C::cOtherFileType
FAIL: gdb.cp/namespace.exp: whatis C::cOtherFileVar
FAIL: gdb.cp/namespace.exp: whatis ::C::cOtherFileVar
FAIL: gdb.cp/namespace.exp: print C::cOtherFileVar
FAIL: gdb.cp/namespace.exp: print ::C::cOtherFileVar
FAIL: gdb.cp/temargs.exp: continue to breakpoint: continue to fourth breakpoint for temargs
FAIL: gdb.cp/templates.exp: ptype empty
FAIL: gdb.cp/templates.exp: ptype arg
FAIL: gdb.dwarf2/dw2-ranges.exp: info line main
FAIL: gdb.dwarf2/dw2-ranges.exp: info line func
FAIL: gdb.dwarf2/dw2-ranges.exp: info line main2
FAIL: gdb.dwarf2/dw2-ranges.exp: info line func2
FAIL: gdb.mi/mi-var-cmd.exp: in-and-out-of-scope: in scope now
FAIL: gdb.modula2/unbounded-array.exp: print unbounded array contents
FAIL: gdb.objc/objcdecode.exp: continue after break on multiply defined symbol (GDB internal error)
FAIL: gdb.opencl/datatypes.exp: whatis ph
FAIL: gdb.opencl/datatypes.exp: whatis *ph
FAIL: gdb.opt/inline-bt.exp: continue to bar (1)
FAIL: gdb.opt/inline-bt.exp: continue to bar (2)
FAIL: gdb.opt/inline-bt.exp: continue to bar (3)
FAIL: gdb.opt/inline-cmds.exp: continue to bar (1)
FAIL: gdb.opt/inline-cmds.exp: continue to bar (2)
FAIL: gdb.opt/inline-cmds.exp: continue to marker
FAIL: gdb.opt/inline-cmds.exp: step into finish marker
FAIL: gdb.opt/inline-cmds.exp: enter inlined_fn from noinline
FAIL: gdb.opt/inline-cmds.exp: backtrace at inlined_fn from noinline
FAIL: gdb.opt/inline-cmds.exp: inlined_fn from noinline inlined
FAIL: gdb.opt/inline-cmds.exp: up to noinline
FAIL: gdb.opt/inline-cmds.exp: noinline from outer_inline1 not inlined
FAIL: gdb.opt/inline-cmds.exp: up to outer_inline1
FAIL: gdb.opt/inline-cmds.exp: outer_inline1 inlined
FAIL: gdb.opt/inline-cmds.exp: up to outer_inline2
FAIL: gdb.opt/inline-cmds.exp: outer_inline2 inlined
FAIL: gdb.opt/inline-cmds.exp: up from outer_inline2
FAIL: gdb.opt/inline-cmds.exp: main not inlined
FAIL: gdb.opt/inline-locals.exp: continue to bar (1)
FAIL: gdb.opt/inline-locals.exp: continue to bar (2)
FAIL: gdb.opt/inline-locals.exp: continue to bar (3)
FAIL: gdb.threads/local-watch-wrong-thread.exp: set local watchpoint on *myp
FAIL: gdb.threads/local-watch-wrong-thread.exp: local watchpoint triggers
FAIL: gdb.threads/local-watch-wrong-thread.exp: set local watchpoint on *myp, with false conditional
FAIL: gdb.threads/local-watch-wrong-thread.exp: breakpoint on the other thread
FAIL: gdb.threads/local-watch-wrong-thread.exp: the other thread stopped on breakpoint
FAIL: gdb.threads/local-watch-wrong-thread.exp: delete 5
FAIL: gdb.threads/local-watch-wrong-thread.exp: local watchpoint is still in breakpoint list
FAIL: gdb.threads/local-watch-wrong-thread.exp: local watchpoint still triggers
FAIL: gdb.threads/local-watch-wrong-thread.exp: breakpoint on thread_function0's caller
FAIL: gdb.threads/local-watch-wrong-thread.exp: local watchpoint automatically deleted (timeout)
FAIL: gdb.threads/tls.exp: at least one th in spin while stopped at second th
FAIL: gdb.threads/tls.exp: info address me
FAIL: gdb.threads/watchthreads.exp: watch args[1]
FAIL: gdb.threads/watchthreads.exp: threaded watch loop
FAIL: gdb.threads/watchthreads.exp: first watchpoint on args[1] hit
FAIL: gdb.threads/watchthreads.exp: watchpoint on args[0] hit in thread
FAIL: gdb.threads/watchthreads.exp: watchpoint on args[1] hit in thread
FAIL: gdb.threads/watchthreads.exp: combination of threaded watchpoints = 30
FAIL: gdb.trace/tfile.exp: print constglob on trace file
=== gdb Summary ===
# of expected passes 23820
# of unexpected failures 77
# of expected failures 67
# of known failures 75
# of untested testcases 14
# of unsupported tests 64
/home/kwerner/dailybuild/spu-tc-2010-12-06/gdb-build/gdb/testsuite/../../gdb/gdb version 7.2.50.20101206-cvs -nw -nx
Platform: powerpc64-unknown-linux-gnu
configure flags: --enable-targets=spu --with-expat --disable-nls --disable-install-libbfd --prefix=/home/kwerner/dailybuild/spu-tc-2010-12-06/spu-toolchain