This is the mail archive of the
gcc-testresults@gcc.gnu.org
mailing list for the GCC project.
Results for 4.4.6 20101126 (prerelease) [gcc-4_4-branch revision 167156] (GCC) testsuite on i386-pc-solaris2.11
- From: Rainer Orth <ro at CeBiTec dot Uni-Bielefeld dot DE>
- To: gcc-testresults at gcc dot gnu dot org
- Date: Tue, 30 Nov 2010 18:45:00 +0100 (MET)
- Subject: Results for 4.4.6 20101126 (prerelease) [gcc-4_4-branch revision 167156] (GCC) testsuite on i386-pc-solaris2.11
LAST_UPDATED: Fri Nov 26 19:34:08 UTC 2010 (revision 167156)
=== acats tests ===
=== acats Summary ===
# of expected passes 2315
# of unexpected failures 0
Native configuration is i386-pc-solaris2.11
=== g++ tests ===
Running target unix
=== g++ Summary for unix ===
# of expected passes 20097
# of expected failures 158
# of unsupported tests 159
Running target unix/-m64
=== g++ Summary for unix/-m64 ===
# of expected passes 19791
# of expected failures 158
# of unsupported tests 306
=== g++ Summary ===
# of expected passes 39888
# of expected failures 316
# of unsupported tests 465
/var/gcc/regression/gcc-4.4-branch/11-gcc/build/gcc/testsuite/g++/../../g++ version 4.4.6 20101126 (prerelease) [gcc-4_4-branch revision 167156] (GCC)
=== gcc tests ===
Running target unix
FAIL: gcc.c-torture/execute/990127-2.c execution, -O2
FAIL: gcc.c-torture/execute/990127-2.c execution, -Os
FAIL: gcc.dg/compat/vector-1b c_compat_x_tst.o-c_compat_y_tst.o execute
FAIL: gcc.dg/compat/vector-2b c_compat_x_tst.o-c_compat_y_tst.o execute
XPASS: gcc.dg/tree-ssa/20040204-1.c scan-tree-dump-times optimized "link_error" 0
FAIL: gcc.target/i386/avx-vpermilpd-2.c (test for excess errors)
WARNING: gcc.target/i386/avx-vpermilpd-2.c compilation failed to produce executable
FAIL: gcc.target/i386/avx-vpermilpd-256-2.c (test for excess errors)
WARNING: gcc.target/i386/avx-vpermilpd-256-2.c compilation failed to produce executable
=== gcc Summary for unix ===
# of expected passes 57177
# of unexpected failures 6
# of unexpected successes 1
# of expected failures 190
# of unsupported tests 582
Running target unix/-m64
UNRESOLVED: gcc.c-torture/execute/960321-1.c execution, -O1
UNRESOLVED: gcc.c-torture/execute/960321-1.c execution, -O2
UNRESOLVED: gcc.c-torture/execute/960321-1.c execution, -O3 -fomit-frame-pointer
UNRESOLVED: gcc.c-torture/execute/960321-1.c execution, -O3 -g
UNRESOLVED: gcc.c-torture/execute/960321-1.c execution, -Os
FAIL: gcc.dg/compat/vector-1b c_compat_x_tst.o-c_compat_y_tst.o execute
FAIL: gcc.dg/compat/vector-2b c_compat_x_tst.o-c_compat_y_tst.o execute
FAIL: gcc.dg/cpp/trad/include.c -fno-show-column (internal compiler error)
FAIL: gcc.dg/cpp/trad/include.c -fno-show-column (test for excess errors)
FAIL: gcc.target/i386/avx-vcvtsd2si-2.c (test for excess errors)
WARNING: gcc.target/i386/avx-vcvtsd2si-2.c compilation failed to produce executable
FAIL: gcc.target/i386/avx-vcvtsi2ss-2.c (test for excess errors)
WARNING: gcc.target/i386/avx-vcvtsi2ss-2.c compilation failed to produce executable
FAIL: gcc.target/i386/avx-vcvtss2si-2.c (test for excess errors)
WARNING: gcc.target/i386/avx-vcvtss2si-2.c compilation failed to produce executable
FAIL: gcc.target/i386/avx-vcvttsd2si-2.c (test for excess errors)
WARNING: gcc.target/i386/avx-vcvttsd2si-2.c compilation failed to produce executable
FAIL: gcc.target/i386/avx-vcvttss2si-2.c (test for excess errors)
WARNING: gcc.target/i386/avx-vcvttss2si-2.c compilation failed to produce executable
FAIL: gcc.target/i386/avx-vpermilpd-2.c (test for excess errors)
WARNING: gcc.target/i386/avx-vpermilpd-2.c compilation failed to produce executable
FAIL: gcc.target/i386/avx-vpermilpd-256-2.c (test for excess errors)
WARNING: gcc.target/i386/avx-vpermilpd-256-2.c compilation failed to produce executable
=== gcc Summary for unix/-m64 ===
# of expected passes 56832
# of unexpected failures 11
# of expected failures 194
# of unresolved testcases 5
# of unsupported tests 864
=== gcc Summary ===
# of expected passes 114009
# of unexpected failures 17
# of unexpected successes 1
# of expected failures 384
# of unresolved testcases 5
# of unsupported tests 1446
/var/gcc/regression/gcc-4.4-branch/11-gcc/build/gcc/xgcc version 4.4.6 20101126 (prerelease) [gcc-4_4-branch revision 167156] (GCC)
=== gfortran tests ===
Running target unix
=== gfortran Summary for unix ===
# of expected passes 30242
# of expected failures 9
# of unsupported tests 139
Running target unix/-m64
=== gfortran Summary for unix/-m64 ===
# of expected passes 30387
# of expected failures 9
# of unsupported tests 70
=== gfortran Summary ===
# of expected passes 60629
# of expected failures 18
# of unsupported tests 209
/var/gcc/regression/gcc-4.4-branch/11-gcc/build/gcc/testsuite/gfortran/../../gfortran version 4.4.6 20101126 (prerelease) [gcc-4_4-branch revision 167156] (GCC)
=== gnat tests ===
Running target unix
=== gnat Summary for unix ===
# of expected passes 617
# of expected failures 6
# of unsupported tests 1
Running target unix/-m64
=== gnat Summary for unix/-m64 ===
# of expected passes 617
# of expected failures 6
# of unsupported tests 1
=== gnat Summary ===
# of expected passes 1234
# of expected failures 12
# of unsupported tests 2
=== objc tests ===
Running target unix
=== objc Summary for unix ===
# of expected passes 1874
# of expected failures 7
# of unsupported tests 24
Running target unix/-m64
=== objc Summary for unix/-m64 ===
# of expected passes 1866
# of expected failures 15
# of unsupported tests 24
=== objc Summary ===
# of expected passes 3740
# of expected failures 22
# of unsupported tests 48
/var/gcc/regression/gcc-4.4-branch/11-gcc/build/gcc/xgcc version 4.4.6 20101126 (prerelease) [gcc-4_4-branch revision 167156] (GCC)
=== libffi tests ===
Running target unix
=== libffi Summary for unix ===
# of expected passes 1399
# of unsupported tests 10
Running target unix/-m64
=== libffi Summary for unix/-m64 ===
# of expected passes 1399
# of unsupported tests 10
=== libffi Summary ===
# of expected passes 2798
# of unsupported tests 20
=== libgomp tests ===
Running target unix
FAIL: libgomp.c/loop-8.c execution test
FAIL: libgomp.c/pr33880.c execution test
FAIL: libgomp.fortran/omp_parse1.f90 -O0 execution test
FAIL: libgomp.fortran/omp_parse1.f90 -O1 execution test
FAIL: libgomp.fortran/omp_parse1.f90 -O2 execution test
FAIL: libgomp.fortran/omp_parse1.f90 -O3 -fomit-frame-pointer execution test
FAIL: libgomp.fortran/omp_parse1.f90 -O3 -fomit-frame-pointer -funroll-loops execution test
FAIL: libgomp.fortran/omp_parse1.f90 -O3 -fomit-frame-pointer -funroll-all-loops -finline-functions execution test
FAIL: libgomp.fortran/omp_parse1.f90 -O3 -g execution test
FAIL: libgomp.fortran/omp_parse1.f90 -Os execution test
=== libgomp Summary for unix ===
# of expected passes 2462
# of unexpected failures 10
# of unsupported tests 2
Running target unix/-m64
FAIL: libgomp.c/atomic-2.c (test for excess errors)
WARNING: libgomp.c/atomic-2.c compilation failed to produce executable
FAIL: libgomp.c/atomic-5.c (test for excess errors)
WARNING: libgomp.c/atomic-5.c compilation failed to produce executable
=== libgomp Summary for unix/-m64 ===
# of expected passes 2468
# of unexpected failures 2
# of unsupported tests 2
=== libgomp Summary ===
# of expected passes 4930
# of unexpected failures 12
# of unsupported tests 4
=== libjava tests ===
Running target unix
FAIL: events output
FAIL: Throw_2 execution - source compiled test
FAIL: Throw_2 -findirect-dispatch execution - source compiled test
FAIL: Throw_2 -O3 execution - source compiled test
FAIL: Throw_2 -O3 -findirect-dispatch execution - source compiled test
=== libjava Summary for unix ===
# of expected passes 2565
# of unexpected failures 5
# of untested testcases 4
Running target unix/-m64
FAIL: /vol/gcc/src/hg/gcc-4.4-branch/local/libjava/testsuite/libjava.jar/TestClosureGC.jar execution - gij test
FAIL: /vol/gcc/src/hg/gcc-4.4-branch/local/libjava/testsuite/libjava.jar/simple.jar execution - gij test
FAIL: PR15133 execution - gij test
FAIL: PR18116 execution - gij test
FAIL: PR28178 execution - gij test
FAIL: bytebuffer execution - gij test
FAIL: calls execution - gij test
FAIL: cxxtest execution - gij test
FAIL: directbuffer execution - gij test
FAIL: field execution - gij test
FAIL: final_method execution - gij test
FAIL: findclass execution - gij test
FAIL: findclass2 execution - gij test
FAIL: iface execution - gij test
FAIL: init execution - gij test
FAIL: invoke execution - gij test
FAIL: jniutf execution - gij test
FAIL: martin execution - gij test
FAIL: noclass execution - gij test
FAIL: overload execution - gij test
FAIL: pr11951 execution - gij test
FAIL: pr18278 execution - gij test
FAIL: pr23739 execution - gij test
FAIL: register execution - gij test
FAIL: register2 execution - gij test
FAIL: simple_int execution - gij test
FAIL: throwit execution - gij test
FAIL: virtual execution - gij test
FAIL: PR16923 run
FAIL: pr29812 execution - gij test
FAIL: getargssize run
FAIL: getlocalvartable run
FAIL: getstacktrace run
FAIL: ExtraClassLoader execution - source compiled test
FAIL: ExtraClassLoader -findirect-dispatch execution - source compiled test
FAIL: ExtraClassLoader -O3 execution - source compiled test
FAIL: ExtraClassLoader -O3 -findirect-dispatch execution - source compiled test
FAIL: ProxyTest execution - source compiled test
FAIL: ProxyTest -findirect-dispatch execution - source compiled test
FAIL: ProxyTest -O3 execution - source compiled test
FAIL: ProxyTest -O3 -findirect-dispatch execution - source compiled test
FAIL: TestProxy execution - source compiled test
FAIL: TestProxy -findirect-dispatch execution - source compiled test
FAIL: TestProxy -O3 execution - source compiled test
FAIL: TestProxy -O3 -findirect-dispatch execution - source compiled test
FAIL: Throw_2 execution - source compiled test
FAIL: Throw_2 -findirect-dispatch execution - source compiled test
FAIL: Throw_2 -O3 execution - source compiled test
FAIL: Throw_2 -O3 -findirect-dispatch execution - source compiled test
FAIL: /var/gcc/regression/gcc-4.4-branch/11-gcc/build/i386-pc-solaris2.11/libjava/testsuite/TestEarlyGC.exe execution - /var/gcc/regression/gcc-4.4-branch/11-gcc/build/i386-pc-solaris2.11/libjava/testsuite/TestEarlyGC.exe
=== libjava Summary for unix/-m64 ===
# of expected passes 2478
# of unexpected failures 50
# of untested testcases 50
=== libjava Summary ===
# of expected passes 5043
# of unexpected failures 55
# of untested testcases 54
=== libstdc++ tests ===
Running target unix
=== libstdc++ Summary for unix ===
# of expected passes 5768
# of expected failures 79
# of unsupported tests 392
Running target unix/-m64
=== libstdc++ Summary for unix/-m64 ===
# of expected passes 5777
# of expected failures 79
# of unsupported tests 387
=== libstdc++ Summary ===
# of expected passes 11545
# of expected failures 158
# of unsupported tests 779
=== libstdc++ Summary ===
Compiler version: 4.4.6 20101126 (prerelease) [gcc-4_4-branch revision 167156] (GCC)
Platform: i386-pc-solaris2.11
configure flags: --prefix=/vol/gcc --target=i386-pc-solaris2.11 --with-gmp=/vol/gcc --with-mpfr=/vol/gcc --with-mpc=/vol/gcc --enable-languages=all,ada
BOOT_CFLAGS=-g -O2