This is the mail archive of the
gcc-testresults@gcc.gnu.org
mailing list for the GCC project.
Results for 4.6.0 20101126 (experimental) [trunk revision 167186] (GCC) testsuite on i386-pc-solaris2.11
- From: Rainer Orth <ro at CeBiTec dot Uni-Bielefeld dot DE>
- To: gcc-testresults at gcc dot gnu dot org
- Date: Tue, 30 Nov 2010 18:45:00 +0100 (MET)
- Subject: Results for 4.6.0 20101126 (experimental) [trunk revision 167186] (GCC) testsuite on i386-pc-solaris2.11
LAST_UPDATED: Fri Nov 26 19:29:54 UTC 2010 (revision 167186)
=== acats tests ===
=== acats Summary ===
# of expected passes 2321
# of unexpected failures 0
Native configuration is i386-pc-solaris2.11
=== g++ tests ===
Running target unix
FAIL: g++.dg/tree-prof/partition1.C compilation, -g -fprofile-generate
UNRESOLVED: g++.dg/tree-prof/partition1.C execution, -g -fprofile-generate
UNRESOLVED: g++.dg/tree-prof/partition1.C compilation, -g -fprofile-use
UNRESOLVED: g++.dg/tree-prof/partition1.C execution, -g -fprofile-use
FAIL: g++.dg/tree-prof/partition1.C compilation, -O3 -g -fprofile-generate
UNRESOLVED: g++.dg/tree-prof/partition1.C execution, -O3 -g -fprofile-generate
UNRESOLVED: g++.dg/tree-prof/partition1.C compilation, -O3 -g -fprofile-use
UNRESOLVED: g++.dg/tree-prof/partition1.C execution, -O3 -g -fprofile-use
FAIL: g++.dg/tree-prof/partition2.C compilation, -g -fprofile-generate
UNRESOLVED: g++.dg/tree-prof/partition2.C execution, -g -fprofile-generate
UNRESOLVED: g++.dg/tree-prof/partition2.C compilation, -g -fprofile-use
UNRESOLVED: g++.dg/tree-prof/partition2.C execution, -g -fprofile-use
FAIL: g++.dg/tree-prof/partition2.C compilation, -O3 -g -fprofile-generate
UNRESOLVED: g++.dg/tree-prof/partition2.C execution, -O3 -g -fprofile-generate
UNRESOLVED: g++.dg/tree-prof/partition2.C compilation, -O3 -g -fprofile-use
UNRESOLVED: g++.dg/tree-prof/partition2.C execution, -O3 -g -fprofile-use
=== g++ Summary for unix ===
# of expected passes 25362
# of unexpected failures 4
# of expected failures 157
# of unresolved testcases 12
# of unsupported tests 184
Running target unix/-m64
FAIL: g++.dg/tls/static-1.C execution test
FAIL: g++.dg/tree-prof/partition1.C compilation, -g -fprofile-generate
UNRESOLVED: g++.dg/tree-prof/partition1.C execution, -g -fprofile-generate
UNRESOLVED: g++.dg/tree-prof/partition1.C compilation, -g -fprofile-use
UNRESOLVED: g++.dg/tree-prof/partition1.C execution, -g -fprofile-use
FAIL: g++.dg/tree-prof/partition1.C compilation, -O3 -g -fprofile-generate
UNRESOLVED: g++.dg/tree-prof/partition1.C execution, -O3 -g -fprofile-generate
UNRESOLVED: g++.dg/tree-prof/partition1.C compilation, -O3 -g -fprofile-use
UNRESOLVED: g++.dg/tree-prof/partition1.C execution, -O3 -g -fprofile-use
FAIL: g++.dg/tree-prof/partition2.C compilation, -g -fprofile-generate
UNRESOLVED: g++.dg/tree-prof/partition2.C execution, -g -fprofile-generate
UNRESOLVED: g++.dg/tree-prof/partition2.C compilation, -g -fprofile-use
UNRESOLVED: g++.dg/tree-prof/partition2.C execution, -g -fprofile-use
FAIL: g++.dg/tree-prof/partition2.C compilation, -O3 -g -fprofile-generate
UNRESOLVED: g++.dg/tree-prof/partition2.C execution, -O3 -g -fprofile-generate
UNRESOLVED: g++.dg/tree-prof/partition2.C compilation, -O3 -g -fprofile-use
UNRESOLVED: g++.dg/tree-prof/partition2.C execution, -O3 -g -fprofile-use
=== g++ Summary for unix/-m64 ===
# of expected passes 25600
# of unexpected failures 5
# of expected failures 157
# of unresolved testcases 12
# of unsupported tests 379
=== g++ Summary ===
# of expected passes 50962
# of unexpected failures 9
# of expected failures 314
# of unresolved testcases 24
# of unsupported tests 563
/var/gcc/regression/trunk/11-gcc-gas/build/gcc/testsuite/g++/../../g++ version 4.6.0 20101126 (experimental) [trunk revision 167186] (GCC)
=== gcc tests ===
Running target unix
FAIL: gcc.dg/pr14963.c (internal compiler error)
FAIL: gcc.dg/pr14963.c (test for excess errors)
XPASS: gcc.dg/tree-ssa/20040204-1.c scan-tree-dump-times optimized "link_error" 0
FAIL: gcc.target/i386/avx-vmovntdq-256-1.c (test for excess errors)
WARNING: gcc.target/i386/avx-vmovntdq-256-1.c compilation failed to produce executable
FAIL: gcc.target/i386/avx-vmovntpd-256-1.c (test for excess errors)
WARNING: gcc.target/i386/avx-vmovntpd-256-1.c compilation failed to produce executable
FAIL: gcc.target/i386/avx-vmovntps-256-1.c (test for excess errors)
WARNING: gcc.target/i386/avx-vmovntps-256-1.c compilation failed to produce executable
=== gcc Summary for unix ===
# of expected passes 74562
# of unexpected failures 5
# of unexpected successes 1
# of expected failures 204
# of unsupported tests 788
Running target unix/-m64
FAIL: gcc.dg/cpp/trad/include.c (internal compiler error)
FAIL: gcc.dg/cpp/trad/include.c (test for excess errors)
FAIL: gcc.dg/pr14963.c (internal compiler error)
FAIL: gcc.dg/pr14963.c (test for excess errors)
XPASS: gcc.dg/tree-ssa/20040204-1.c scan-tree-dump-times optimized "link_error" 0
FAIL: gcc.target/i386/avx-vmovntdq-256-1.c (test for excess errors)
WARNING: gcc.target/i386/avx-vmovntdq-256-1.c compilation failed to produce executable
FAIL: gcc.target/i386/avx-vmovntpd-256-1.c (test for excess errors)
WARNING: gcc.target/i386/avx-vmovntpd-256-1.c compilation failed to produce executable
FAIL: gcc.target/i386/avx-vmovntps-256-1.c (test for excess errors)
WARNING: gcc.target/i386/avx-vmovntps-256-1.c compilation failed to produce executable
=== gcc Summary for unix/-m64 ===
# of expected passes 74676
# of unexpected failures 7
# of unexpected successes 1
# of expected failures 204
# of unsupported tests 1198
=== gcc Summary ===
# of expected passes 149238
# of unexpected failures 12
# of unexpected successes 2
# of expected failures 408
# of unsupported tests 1986
/var/gcc/regression/trunk/11-gcc-gas/build/gcc/xgcc version 4.6.0 20101126 (experimental) [trunk revision 167186] (GCC)
=== gfortran tests ===
Running target unix
=== gfortran Summary for unix ===
# of expected passes 37132
# of expected failures 42
# of unsupported tests 196
Running target unix/-m64
=== gfortran Summary for unix/-m64 ===
# of expected passes 37383
# of expected failures 40
# of unsupported tests 80
=== gfortran Summary ===
# of expected passes 74515
# of expected failures 82
# of unsupported tests 276
/var/gcc/regression/trunk/11-gcc-gas/build/gcc/testsuite/gfortran/../../gfortran version 4.6.0 20101126 (experimental) [trunk revision 167186] (GCC)
=== gnat tests ===
Running target unix
=== gnat Summary for unix ===
# of expected passes 858
# of expected failures 10
# of unsupported tests 3
Running target unix/-m64
=== gnat Summary for unix/-m64 ===
# of expected passes 858
# of expected failures 10
# of unsupported tests 3
=== gnat Summary ===
# of expected passes 1716
# of expected failures 20
# of unsupported tests 6
=== objc tests ===
Running target unix
XPASS: objc.dg-struct-layout-encoding-1/t026_main.m execution test
=== objc Summary for unix ===
# of expected passes 2682
# of unexpected successes 1
# of expected failures 6
# of unsupported tests 74
Running target unix/-m64
XPASS: objc.dg-struct-layout-encoding-1/t026_main.m execution test
=== objc Summary for unix/-m64 ===
# of expected passes 2672
# of unexpected successes 1
# of expected failures 16
# of unsupported tests 74
=== objc Summary ===
# of expected passes 5354
# of unexpected successes 2
# of expected failures 22
# of unsupported tests 148
/var/gcc/regression/trunk/11-gcc-gas/build/gcc/xgcc version 4.6.0 20101126 (experimental) [trunk revision 167186] (GCC)
=== libffi tests ===
Running target unix
=== libffi Summary for unix ===
# of expected passes 1634
# of expected failures 10
# of unsupported tests 15
Running target unix/-m64
=== libffi Summary for unix/-m64 ===
# of expected passes 1634
# of expected failures 10
# of unsupported tests 15
=== libffi Summary ===
# of expected passes 3268
# of expected failures 20
# of unsupported tests 30
=== libgomp tests ===
Running target unix
=== libgomp Summary for unix ===
# of expected passes 2490
# of unsupported tests 2
Running target unix/-m64
FAIL: libgomp.c/copyin-3.c execution test
FAIL: libgomp.c/nqueens-1.c execution test
FAIL: libgomp.c/pr24455.c execution test
FAIL: libgomp.c++/ctor-10.C -O0 execution test
FAIL: libgomp.c++/ctor-10.C -O1 execution test
FAIL: libgomp.c++/ctor-10.C -O2 execution test
FAIL: libgomp.c++/ctor-10.C -O3 -fomit-frame-pointer execution test
FAIL: libgomp.c++/ctor-10.C -O3 -fomit-frame-pointer -funroll-loops execution test
FAIL: libgomp.c++/ctor-10.C -O3 -fomit-frame-pointer -funroll-all-loops -finline-functions execution test
FAIL: libgomp.c++/ctor-10.C -O3 -g execution test
FAIL: libgomp.c++/ctor-10.C -Os execution test
FAIL: libgomp.c++/pr24455.C -O0 execution test
FAIL: libgomp.c++/pr24455.C -O1 execution test
FAIL: libgomp.c++/pr24455.C -O2 execution test
FAIL: libgomp.c++/pr24455.C -O3 -fomit-frame-pointer execution test
FAIL: libgomp.c++/pr24455.C -O3 -fomit-frame-pointer -funroll-loops execution test
FAIL: libgomp.c++/pr24455.C -O3 -fomit-frame-pointer -funroll-all-loops -finline-functions execution test
FAIL: libgomp.c++/pr24455.C -O3 -g execution test
FAIL: libgomp.c++/pr24455.C -Os execution test
=== libgomp Summary for unix/-m64 ===
# of expected passes 2471
# of unexpected failures 19
# of unsupported tests 2
=== libgomp Summary ===
# of expected passes 4961
# of unexpected failures 19
# of unsupported tests 4
=== libjava tests ===
Running target unix
=== libjava Summary for unix ===
# of expected passes 2574
Running target unix/-m64
FAIL: PR16923 run
=== libjava Summary for unix/-m64 ===
# of expected passes 2573
# of unexpected failures 1
# of untested testcases 1
=== libjava Summary ===
# of expected passes 5147
# of unexpected failures 1
# of untested testcases 1
=== libstdc++ tests ===
Running target unix
FAIL: libstdc++-abi/abi_check
FAIL: 20_util/unique_ptr/requirements/explicit_instantiation/explicit_instantiation.cc (test for excess errors)
=== libstdc++ Summary for unix ===
# of expected passes 7300
# of unexpected failures 2
# of expected failures 83
# of unsupported tests 457
Running target unix/-m64
FAIL: libstdc++-abi/abi_check
FAIL: 20_util/unique_ptr/requirements/explicit_instantiation/explicit_instantiation.cc (test for excess errors)
=== libstdc++ Summary for unix/-m64 ===
# of expected passes 7300
# of unexpected failures 2
# of expected failures 83
# of unsupported tests 457
=== libstdc++ Summary ===
# of expected passes 14600
# of unexpected failures 4
# of expected failures 166
# of unsupported tests 914
Compiler version: 4.6.0 20101126 (experimental) [trunk revision 167186] (GCC)
Platform: i386-pc-solaris2.11
configure flags: --prefix=/vol/gcc --target=i386-pc-solaris2.11 --with-as=/usr/sfw/bin/gas --with-gnu-as --with-gmp=/vol/gcc --with-mpfr=/vol/gcc --with-mpc=/vol/gcc --enable-languages=all,ada
BOOT_CFLAGS=-g -O2