This is the mail archive of the
gcc-testresults@gcc.gnu.org
mailing list for the GCC project.
Results for 4.6.0 20101120 (experimental) (GCC) testsuite on armv5tel-brewer-linux-gnueabi
- From: Mikael Pettersson <mikpe at it dot uu dot se>
- To: gcc-testresults at gcc dot gnu dot org
- Date: Mon, 29 Nov 2010 07:00:07 +0100
- Subject: Results for 4.6.0 20101120 (experimental) (GCC) testsuite on armv5tel-brewer-linux-gnueabi
LAST_UPDATED: Obtained from SVN: trunk revision 166987
Native configuration is armv5tel-brewer-linux-gnueabi
=== libffi tests ===
Running target unix
XPASS: libffi.call/cls_longdouble.c -O0 -W -Wall execution test
XPASS: libffi.call/cls_longdouble.c -O2 execution test
XPASS: libffi.call/cls_longdouble.c -O3 execution test
XPASS: libffi.call/cls_longdouble.c -Os execution test
XPASS: libffi.call/cls_longdouble.c -O2 -fomit-frame-pointer execution test
=== libffi Summary ===
# of expected passes 1629
# of unexpected successes 5
# of expected failures 10
# of unsupported tests 15
=== libgomp tests ===
Running target unix
FAIL: libgomp.c++/ctor-3.C -O0 execution test
FAIL: libgomp.c++/ctor-3.C -O1 execution test
FAIL: libgomp.c++/ctor-3.C -O2 execution test
FAIL: libgomp.c++/ctor-3.C -O3 -fomit-frame-pointer execution test
FAIL: libgomp.c++/ctor-3.C -O3 -fomit-frame-pointer -funroll-loops execution test
FAIL: libgomp.c++/ctor-3.C -O3 -fomit-frame-pointer -funroll-all-loops -finline-functions execution test
FAIL: libgomp.c++/ctor-3.C -O3 -g execution test
FAIL: libgomp.c++/ctor-3.C -Os execution test
WARNING: program timed out.
FAIL: libgomp.fortran/strassen.f90 -O execution test
=== libgomp Summary ===
# of expected passes 2485
# of unexpected failures 9
=== libjava tests ===
Running target unix
FAIL: Throw_2 execution - source compiled test
FAIL: Throw_2 -findirect-dispatch execution - source compiled test
FAIL: Throw_2 -O3 execution - source compiled test
FAIL: Throw_2 -O3 -findirect-dispatch execution - source compiled test
=== libjava Summary ===
# of expected passes 2566
# of unexpected failures 4
# of untested testcases 4
=== libstdc++ tests ===
Running target unix
=== libstdc++ Summary ===
# of expected passes 7880
# of expected failures 84
# of unsupported tests 151
=== g++ tests ===
Running target unix
FAIL: g++.dg/abi/local1.C execution test
FAIL: g++.dg/abi/packed1.C (test for excess errors)
FAIL: g++.dg/opt/pr30965.C scan-tree-dump-times optimized "variable_..D. = v_..D." 2
XPASS: g++.dg/other/packed1.C execution test
FAIL: g++.dg/template/char1.C (test for warnings, line 4)
FAIL: g++.dg/warn/Wunused-parm-3.C (test for excess errors)
FAIL: 23:is 1:should be 2
FAIL: g++.dg/gcov/gcov-2.C gcov: 1 failures in line counts, 0 in branch percentages, 0 in return percentages
FAIL: g++.dg/gomp/clause-2.C (test for errors, line 32)
FAIL: g++.dg/vect/pr36648.cc scan-tree-dump-times vect "vectorized 1 loops" 1
FAIL: g++.dg/vect/pr36648.cc scan-tree-dump-times vect "vectorizing stmts using SLP" 1
=== g++ Summary ===
# of expected passes 23685
# of unexpected failures 10
# of unexpected successes 1
# of expected failures 154
# of unsupported tests 329
/home/mikpe/objdir46/gcc/testsuite/g++/../../g++ version 4.6.0 20101120 (experimental) (GCC)
=== gcc tests ===
Running target unix
FAIL: gcc.c-torture/compile/limits-exprparen.c -O0 (internal compiler error)
FAIL: gcc.c-torture/compile/limits-exprparen.c -O0 (test for excess errors)
FAIL: gcc.c-torture/compile/limits-exprparen.c -O1 (internal compiler error)
FAIL: gcc.c-torture/compile/limits-exprparen.c -O1 (test for excess errors)
FAIL: gcc.c-torture/compile/limits-exprparen.c -O2 (internal compiler error)
FAIL: gcc.c-torture/compile/limits-exprparen.c -O2 (test for excess errors)
FAIL: gcc.c-torture/compile/limits-exprparen.c -O3 -fomit-frame-pointer (internal compiler error)
FAIL: gcc.c-torture/compile/limits-exprparen.c -O3 -fomit-frame-pointer (test for excess errors)
FAIL: gcc.c-torture/compile/limits-exprparen.c -O3 -g (internal compiler error)
FAIL: gcc.c-torture/compile/limits-exprparen.c -O3 -g (test for excess errors)
FAIL: gcc.c-torture/compile/limits-exprparen.c -Os (internal compiler error)
FAIL: gcc.c-torture/compile/limits-exprparen.c -Os (test for excess errors)
FAIL: gcc.dg/c99-stdint-1.c (test for excess errors)
FAIL: gcc.dg/c99-stdint-7.c (test for excess errors)
FAIL: gcc.dg/cproj-fails-with-broken-glibc.c execution test
FAIL: gcc.dg/stack-usage-1.c (test for excess errors)
FAIL: gcc.dg/stack-usage-1.c scan-file foo\\t(256|264)\\tstatic
FAIL: gcc.dg/uninit-13.c unconditional (test for warnings, line 8)
FAIL: gcc.dg/uninit-13.c (test for excess errors)
FAIL: gcc.dg/torture/vector-shift2.c -O0 execution test
FAIL: gcc.dg/torture/vector-shift2.c -O1 execution test
FAIL: gcc.dg/torture/vector-shift2.c -O2 execution test
FAIL: gcc.dg/torture/vector-shift2.c -O3 -fomit-frame-pointer execution test
FAIL: gcc.dg/torture/vector-shift2.c -O3 -g execution test
FAIL: gcc.dg/torture/vector-shift2.c -Os execution test
XPASS: gcc.dg/tree-ssa/20040204-1.c scan-tree-dump-times optimized "link_error" 0
XPASS: gcc.dg/vect/vect-16.c scan-tree-dump-times vect "vectorized 1 loops" 1
FAIL: gcc.dg/vect/vect-72.c scan-tree-dump-times vect "Alignment of access forced using peeling" 0
FAIL: gcc.dg/vect/vect-multitypes-11.c scan-tree-dump-times vect "vectorized 1 loops" 1
FAIL: gcc.dg/vect/vect-multitypes-12.c scan-tree-dump-times vect "vectorized 1 loops" 1
FAIL: gcc.dg/vect/vect-peel-3.c scan-tree-dump-times vect "Vectorizing an unaligned access" 1
FAIL: gcc.dg/vect/vect-peel-4.c scan-tree-dump-times vect "Vectorizing an unaligned access" 1
FAIL: gcc.dg/vect/vect-reduc-dot-s16b.c scan-tree-dump-times vect "vectorized 1 loops" 0
FAIL: gcc.dg/vect/vect-reduc-pattern-1a.c scan-tree-dump-times vect "vectorized 1 loops" 0
FAIL: gcc.dg/vect/vect-reduc-pattern-1b.c scan-tree-dump-times vect "vectorized 1 loops" 0
FAIL: gcc.dg/vect/vect-reduc-pattern-1c.c scan-tree-dump-times vect "vectorized 1 loops" 0
FAIL: gcc.dg/vect/vect-reduc-pattern-2a.c scan-tree-dump-times vect "vectorized 1 loops" 0
FAIL: gcc.dg/vect/vect-reduc-pattern-2b.c scan-tree-dump-times vect "vectorized 1 loops" 0
XPASS: gcc.dg/vect/slp-reduc-3.c scan-tree-dump-times vect "vectorizing stmts using SLP" 1
FAIL: gcc.dg/vect/bb-slp-10.c scan-tree-dump-times slp "unsupported alignment in basic block." 1
FAIL: gcc.dg/vect/wrapv-vect-reduc-pattern-2c.c scan-tree-dump-times vect "vectorized 1 loops" 0
XPASS: gcc.dg/vect/no-scevccp-outer-16.c scan-tree-dump-times vect "OUTER LOOP VECTORIZED." 1
XPASS: gcc.dg/vect/no-scevccp-outer-17.c scan-tree-dump-times vect "OUTER LOOP VECTORIZED." 1
XPASS: gcc.dg/vect/no-scevccp-outer-19.c scan-tree-dump-times vect "OUTER LOOP VECTORIZED." 1
XPASS: gcc.dg/vect/no-scevccp-outer-21.c scan-tree-dump-times vect "OUTER LOOP VECTORIZED." 1
FAIL: gcc.target/arm/fp16-compile-none-1.c (test for errors, line 6)
FAIL: gcc.target/arm/fp16-compile-none-1.c (test for excess errors)
FAIL: gcc.target/arm/pr40457-2.c scan-assembler stm
FAIL: gcc.target/arm/sync-1.c execution test
=== gcc Summary ===
# of expected passes 61846
# of unexpected failures 42
# of unexpected successes 7
# of expected failures 189
# of unsupported tests 885
/home/mikpe/objdir46/gcc/xgcc version 4.6.0 20101120 (experimental) (GCC)
=== gfortran tests ===
Running target unix
XPASS: gfortran.dg/pr25923.f90 -O PR45505 (test for warnings, line 13)
XPASS: gfortran.dg/pr25923.f90 -O PR45505 (test for bogus messages, line 22)
FAIL: gfortran.dg/pr45636.f90 -O scan-tree-dump-times forwprop2 "memset" 0
FAIL: gfortran.dg/vect/vect-1.f90 -O scan-tree-dump-times vect "vectorized 3 loops" 1
FAIL: gfortran.dg/vect/vect-2.f90 -O scan-tree-dump-times vect "vectorized 3 loops" 1
FAIL: gfortran.dg/vect/vect-4.f90 -O scan-tree-dump-times vect "vectorized 1 loops" 1
FAIL: gfortran.dg/vect/pr32377.f90 -O scan-tree-dump-times vect "vectorized 2 loops" 1
FAIL: gfortran.dg/vect/fast-math-pr38968.f90 scan-tree-dump vect "vectorized 1 loops"
FAIL: gfortran.dg/vect/fast-math-vect-8.f90 scan-tree-dump-times vect "vectorized 1 loops" 1
FAIL: gfortran.dg/vect/no-vfa-pr32377.f90 scan-tree-dump-times vect "vectorized 2 loops" 1
=== gfortran Summary ===
# of expected passes 36038
# of unexpected failures 8
# of unexpected successes 2
# of expected failures 40
# of unsupported tests 359
=== obj-c++ tests ===
Running target unix
WARNING: obj-c++.dg/try-catch-2.mm -fgnu-runtime compilation failed to produce executable
WARNING: obj-c++.dg/try-catch-9.mm -fgnu-runtime compilation failed to produce executable
FAIL: obj-c++.dg/property/at-property-2.mm -fgnu-runtime (test for errors, line 12)
=== obj-c++ Summary ===
# of expected passes 1096
# of unexpected failures 1
# of expected failures 2
# of unsupported tests 68
/home/mikpe/objdir46/gcc/testsuite/obj-c++/../../g++ version 4.6.0 20101120 (experimental) (GCC)
=== objc tests ===
Running target unix
XPASS: objc.dg-struct-layout-encoding-1/t026_main.m execution test
=== objc Summary ===
# of expected passes 2591
# of unexpected successes 1
# of expected failures 14
# of unsupported tests 62
/home/mikpe/objdir46/gcc/xgcc version 4.6.0 20101120 (experimental) (GCC)
Compiler version: 4.6.0 20101120 (experimental) (GCC)
Platform: armv5tel-brewer-linux-gnueabi
configure flags: --prefix=/home/mikpe/crap --enable-bootstrap --enable-shared --enable-threads=posix --enable-checking=release --with-system-zlib --enable-__cxa_atexit --disable-libunwind-exceptions --enable-languages=c,c++,objc,obj-c++,java,fortran --enable-java-awt=gtk --disable-dssi --with-java-home=/usr/lib/jvm/java-1.5.0-gcj-1.5.0.0/jre --enable-libgcj-multifile --disable-java-maintainer-mode --with-ecj-jar=/usr/share/java/eclipse-ecj.jar --disable-libjava-multilib --disable-sjlj-exceptions --with-arch=armv5te --with-tune=xscale --build=armv5tel-brewer-linux-gnueabi --with-gmp=/home/mikpe/pkgs/linux-armv5l/gmp-4.3.2 --with-mpfr=/home/mikpe/pkgs/linux-armv5l/mpfr-2.4.2 --with-mpc=/home/mikpe/pkgs/linux-armv5l/mpc-0.8.2 --disable-plugin --disable-lto --disable-libmudflap
BOOT_CFLAGS=-g -O2
** LOCAL PATCHES APPLIED **
gcc46-pr45979.patch: proposed fix for PR pch/45979
gcc46-pr46508-revert-r166032.patch: temporarily revert r166032 to fix PR libffi/46508 on ARM