This is the mail archive of the
gcc-testresults@gcc.gnu.org
mailing list for the GCC project.
Results for 4.6.0 20101119 (experimental) [trunk revision 166950] (GCC) testsuite on sparc-sun-solaris2.11
- From: Rainer Orth <ro at CeBiTec dot Uni-Bielefeld dot DE>
- To: gcc-testresults at gcc dot gnu dot org
- Date: Mon, 22 Nov 2010 19:42:34 +0100 (MET)
- Subject: Results for 4.6.0 20101119 (experimental) [trunk revision 166950] (GCC) testsuite on sparc-sun-solaris2.11
LAST_UPDATED: Fri Nov 19 19:00:45 UTC 2010 (revision 166950)
=== acats tests ===
FAIL: c52103x
FAIL: c52104x
FAIL: c52104y
FAIL: cb1010a
FAIL: cb1010c
FAIL: cb1010d
=== acats Summary ===
# of expected passes 2315
# of unexpected failures 6
Native configuration is sparc-sun-solaris2.11
=== g++ tests ===
Running target unix
=== g++ Summary for unix ===
# of expected passes 24893
# of expected failures 157
# of unsupported tests 419
Running target unix/-m64
=== g++ Summary for unix/-m64 ===
# of expected passes 25505
# of expected failures 157
# of unsupported tests 416
=== g++ Summary ===
# of expected passes 50398
# of expected failures 314
# of unsupported tests 835
/var/gcc/regression/trunk/11-gcc/build/gcc/testsuite/g++/../../g++ version 4.6.0 20101119 (experimental) [trunk revision 166950] (GCC)
=== gcc tests ===
Running target unix
FAIL: gcc.dg/vect/pr46009.c scan-tree-dump-times vect "vectorized 1 loops" 2
XPASS: gcc.dg/vect/vect-peel-1.c scan-tree-dump-times vect "vectorized 1 loops" 2
XPASS: gcc.dg/vect/vect-peel-1.c scan-tree-dump-times vect "Alignment of access forced using peeling" 1
XPASS: gcc.dg/vect/vect-peel-2.c scan-tree-dump-times vect "vectorized 1 loops" 2
FAIL: gcc.dg/vect/vect-peel-3.c scan-tree-dump-times vect "vectorized 1 loops" 2
XPASS: gcc.dg/vect/vect-vfa-slp.c scan-tree-dump-times vect "vectorized 1 loops" 1
XPASS: gcc.dg/vect/slp-23.c scan-tree-dump-times vect "vectorizing stmts using SLP" 1
XPASS: gcc.dg/vect/slp-35.c scan-tree-dump-times vect "vectorized 1 loops" 1
XPASS: gcc.dg/vect/slp-35.c scan-tree-dump-times vect "vectorizing stmts using SLP" 1
XPASS: gcc.dg/vect/no-tree-pre-slp-29.c scan-tree-dump-times vect "vectorized 1 loops" 2
XPASS: gcc.dg/vect/no-tree-pre-slp-29.c scan-tree-dump-times vect "vectorizing stmts using SLP" 2
=== gcc Summary for unix ===
# of expected passes 68491
# of unexpected failures 2
# of unexpected successes 9
# of expected failures 228
# of unsupported tests 1150
Running target unix/-m64
FAIL: gcc.dg/cpp/trad/include.c (internal compiler error)
FAIL: gcc.dg/cpp/trad/include.c (test for excess errors)
FAIL: gcc.dg/tree-ssa/pr14814.c scan-tree-dump-times forwprop2 "&" 0
XPASS: gcc.dg/vect/pr33804.c scan-tree-dump-times vect "vectorized 1 loops" 1
XPASS: gcc.dg/vect/pr33804.c scan-tree-dump-times vect "vectorizing stmts using SLP" 1
FAIL: gcc.dg/vect/pr46009.c scan-tree-dump-times vect "vectorized 1 loops" 2
XPASS: gcc.dg/vect/vect-peel-1.c scan-tree-dump-times vect "vectorized 1 loops" 2
XPASS: gcc.dg/vect/vect-peel-1.c scan-tree-dump-times vect "Alignment of access forced using peeling" 1
XPASS: gcc.dg/vect/vect-peel-2.c scan-tree-dump-times vect "vectorized 1 loops" 2
FAIL: gcc.dg/vect/vect-peel-3.c scan-tree-dump-times vect "vectorized 1 loops" 2
XPASS: gcc.dg/vect/vect-vfa-slp.c scan-tree-dump-times vect "vectorized 1 loops" 1
XPASS: gcc.dg/vect/slp-23.c scan-tree-dump-times vect "vectorizing stmts using SLP" 1
XPASS: gcc.dg/vect/slp-24.c scan-tree-dump-times vect "vectorized 1 loops" 1
XPASS: gcc.dg/vect/slp-24.c scan-tree-dump-times vect "vectorizing stmts using SLP" 2
XPASS: gcc.dg/vect/slp-35.c scan-tree-dump-times vect "vectorized 1 loops" 1
XPASS: gcc.dg/vect/slp-35.c scan-tree-dump-times vect "vectorizing stmts using SLP" 1
XPASS: gcc.dg/vect/no-tree-pre-slp-29.c scan-tree-dump-times vect "vectorized 1 loops" 2
XPASS: gcc.dg/vect/no-tree-pre-slp-29.c scan-tree-dump-times vect "vectorizing stmts using SLP" 2
=== gcc Summary for unix/-m64 ===
# of expected passes 69104
# of unexpected failures 5
# of unexpected successes 13
# of expected failures 220
# of unsupported tests 1156
=== gcc Summary ===
# of expected passes 137595
# of unexpected failures 7
# of unexpected successes 22
# of expected failures 448
# of unsupported tests 2306
/var/gcc/regression/trunk/11-gcc/build/gcc/xgcc version 4.6.0 20101119 (experimental) [trunk revision 166950] (GCC)
=== gfortran tests ===
Running target unix
FAIL: gfortran.dg/array_constructor_33.f90 -O (test for excess errors)
WARNING: program timed out.
=== gfortran Summary for unix ===
# of expected passes 37006
# of unexpected failures 1
# of expected failures 44
# of unsupported tests 224
Running target unix/-m64
FAIL: gfortran.dg/array_constructor_33.f90 -O (test for excess errors)
WARNING: program timed out.
=== gfortran Summary for unix/-m64 ===
# of expected passes 37287
# of unexpected failures 1
# of expected failures 42
# of unsupported tests 87
=== gfortran Summary ===
# of expected passes 74293
# of unexpected failures 2
# of expected failures 86
# of unsupported tests 311
=== gnat tests ===
Running target unix
FAIL: gnat.dg/null_pointer_deref2.adb execution test
FAIL: gnat.dg/stack_check1.adb execution test
FAIL: gnat.dg/stack_check2.adb execution test
=== gnat Summary for unix ===
# of expected passes 851
# of unexpected failures 3
# of expected failures 10
# of unsupported tests 6
Running target unix/-m64
FAIL: gnat.dg/null_pointer_deref2.adb execution test
FAIL: gnat.dg/stack_check1.adb execution test
FAIL: gnat.dg/stack_check2.adb execution test
=== gnat Summary for unix/-m64 ===
# of expected passes 851
# of unexpected failures 3
# of expected failures 10
# of unsupported tests 6
=== gnat Summary ===
# of expected passes 1702
# of unexpected failures 6
# of expected failures 20
# of unsupported tests 12
=== objc tests ===
Running target unix
XPASS: objc.dg-struct-layout-encoding-1/t025_main.m execution test
XPASS: objc.dg-struct-layout-encoding-1/t026_main.m execution test
XPASS: objc.dg-struct-layout-encoding-1/t027_main.m execution test
XPASS: objc.dg-struct-layout-encoding-1/t028_main.m execution test
XPASS: objc.dg-struct-layout-encoding-1/t029_main.m execution test
XPASS: objc.dg-struct-layout-encoding-1/t030_main.m execution test
XPASS: objc.dg-struct-layout-encoding-1/t031_main.m execution test
=== objc Summary for unix ===
# of expected passes 2651
# of unexpected successes 7
# of expected failures 10
# of unsupported tests 74
Running target unix/-m64
XPASS: objc.dg-struct-layout-encoding-1/t025_main.m execution test
XPASS: objc.dg-struct-layout-encoding-1/t026_main.m execution test
XPASS: objc.dg-struct-layout-encoding-1/t027_main.m execution test
XPASS: objc.dg-struct-layout-encoding-1/t028_main.m execution test
XPASS: objc.dg-struct-layout-encoding-1/t029_main.m execution test
XPASS: objc.dg-struct-layout-encoding-1/t030_main.m execution test
XPASS: objc.dg-struct-layout-encoding-1/t031_main.m execution test
=== objc Summary for unix/-m64 ===
# of expected passes 2651
# of unexpected successes 7
# of expected failures 10
# of unsupported tests 74
=== objc Summary ===
# of expected passes 5302
# of unexpected successes 14
# of expected failures 20
# of unsupported tests 148
/var/gcc/regression/trunk/11-gcc/build/gcc/xgcc version 4.6.0 20101119 (experimental) [trunk revision 166950] (GCC)
=== libffi tests ===
Running target unix
=== libffi Summary for unix ===
# of expected passes 1634
# of expected failures 10
# of unsupported tests 15
Running target unix/-m64
=== libffi Summary for unix/-m64 ===
# of expected passes 1634
# of expected failures 10
# of unsupported tests 15
=== libffi Summary ===
# of expected passes 3268
# of expected failures 20
# of unsupported tests 30
=== libgomp tests ===
Running target unix
=== libgomp Summary for unix ===
# of expected passes 2476
# of unsupported tests 9
Running target unix/-m64
=== libgomp Summary for unix/-m64 ===
# of expected passes 2476
# of unsupported tests 9
=== libgomp Summary ===
# of expected passes 4952
# of unsupported tests 18
=== libjava tests ===
Running target unix
FAIL: TestClosureGC run
FAIL: Array_3 execution - source compiled test
FAIL: Array_3 -findirect-dispatch execution - source compiled test
FAIL: Array_3 -O3 execution - source compiled test
FAIL: Array_3 -O3 -findirect-dispatch execution - source compiled test
FAIL: Invoke_1 execution - source compiled test
FAIL: Invoke_1 -findirect-dispatch execution - source compiled test
FAIL: Invoke_1 -O3 execution - source compiled test
FAIL: Invoke_1 -O3 -findirect-dispatch execution - source compiled test
FAIL: PR218 execution - source compiled test
FAIL: PR218 -O3 execution - source compiled test
FAIL: StackTrace2 execution - source compiled test
FAIL: StackTrace2 -findirect-dispatch execution - source compiled test
FAIL: StackTrace2 -O3 execution - source compiled test
FAIL: StackTrace2 -O3 -findirect-dispatch execution - source compiled test
FAIL: Throw_2 execution - source compiled test
FAIL: Throw_2 -findirect-dispatch execution - source compiled test
FAIL: Throw_2 -O3 execution - source compiled test
FAIL: Throw_2 -O3 -findirect-dispatch execution - source compiled test
FAIL: Throw_3 execution - source compiled test
FAIL: Throw_3 -findirect-dispatch execution - source compiled test
FAIL: Throw_3 -O3 execution - source compiled test
FAIL: Throw_3 -O3 -findirect-dispatch execution - source compiled test
FAIL: pr83 -findirect-dispatch execution - source compiled test
FAIL: pr83 -O3 -findirect-dispatch execution - source compiled test
=== libjava Summary for unix ===
# of expected passes 2525
# of unexpected failures 25
# of untested testcases 25
Running target unix/-m64
FAIL: TestClosureGC run
FAIL: Array_3 execution - source compiled test
FAIL: Array_3 -findirect-dispatch execution - source compiled test
FAIL: Array_3 -O3 execution - source compiled test
FAIL: Array_3 -O3 -findirect-dispatch execution - source compiled test
FAIL: Invoke_1 execution - source compiled test
FAIL: Invoke_1 -findirect-dispatch execution - source compiled test
FAIL: Invoke_1 -O3 execution - source compiled test
FAIL: Invoke_1 -O3 -findirect-dispatch execution - source compiled test
FAIL: PR218 execution - source compiled test
FAIL: PR218 -O3 execution - source compiled test
FAIL: StackTrace2 execution - source compiled test
FAIL: StackTrace2 -findirect-dispatch execution - source compiled test
FAIL: StackTrace2 -O3 execution - source compiled test
FAIL: StackTrace2 -O3 -findirect-dispatch execution - source compiled test
FAIL: Throw_2 execution - source compiled test
FAIL: Throw_2 -findirect-dispatch execution - source compiled test
FAIL: Throw_2 -O3 execution - source compiled test
FAIL: Throw_2 -O3 -findirect-dispatch execution - source compiled test
FAIL: Throw_3 execution - source compiled test
FAIL: Throw_3 -findirect-dispatch execution - source compiled test
FAIL: Throw_3 -O3 execution - source compiled test
FAIL: Throw_3 -O3 -findirect-dispatch execution - source compiled test
FAIL: pr83 -findirect-dispatch execution - source compiled test
FAIL: pr83 -O3 -findirect-dispatch execution - source compiled test
=== libjava Summary for unix/-m64 ===
# of expected passes 2525
# of unexpected failures 25
# of untested testcases 25
=== libjava Summary ===
# of expected passes 5050
# of unexpected failures 50
# of untested testcases 50
=== libstdc++ tests ===
Running target unix
FAIL: libstdc++-abi/abi_check
FAIL: 30_threads/async/42819.cc execution test
FAIL: 30_threads/async/any.cc execution test
FAIL: 30_threads/async/async.cc execution test
FAIL: 30_threads/async/sync.cc execution test
FAIL: 30_threads/call_once/39909.cc execution test
FAIL: 30_threads/call_once/call_once1.cc execution test
FAIL: 30_threads/future/members/get.cc execution test
FAIL: 30_threads/future/members/get2.cc execution test
FAIL: 30_threads/future/members/valid.cc execution test
FAIL: 30_threads/future/members/wait.cc execution test
FAIL: 30_threads/future/members/wait_for.cc execution test
FAIL: 30_threads/future/members/wait_until.cc execution test
FAIL: 30_threads/packaged_task/cons/alloc.cc execution test
FAIL: 30_threads/packaged_task/members/get_future.cc execution test
FAIL: 30_threads/packaged_task/members/invoke.cc execution test
FAIL: 30_threads/packaged_task/members/invoke2.cc execution test
FAIL: 30_threads/packaged_task/members/invoke3.cc execution test
FAIL: 30_threads/packaged_task/members/invoke4.cc execution test
FAIL: 30_threads/packaged_task/members/invoke5.cc execution test
FAIL: 30_threads/packaged_task/members/reset2.cc execution test
FAIL: 30_threads/promise/cons/alloc.cc execution test
FAIL: 30_threads/promise/cons/move.cc execution test
FAIL: 30_threads/promise/cons/move_assign.cc execution test
FAIL: 30_threads/promise/members/get_future.cc execution test
FAIL: 30_threads/promise/members/set_exception.cc execution test
FAIL: 30_threads/promise/members/set_exception2.cc execution test
FAIL: 30_threads/promise/members/set_value.cc execution test
FAIL: 30_threads/promise/members/set_value2.cc execution test
FAIL: 30_threads/promise/members/set_value3.cc execution test
FAIL: 30_threads/promise/members/swap.cc execution test
FAIL: 30_threads/shared_future/members/get.cc execution test
FAIL: 30_threads/shared_future/members/get2.cc execution test
FAIL: 30_threads/shared_future/members/valid.cc execution test
FAIL: 30_threads/shared_future/members/wait.cc execution test
FAIL: 30_threads/shared_future/members/wait_for.cc execution test
FAIL: 30_threads/shared_future/members/wait_until.cc execution test
=== libstdc++ Summary for unix ===
# of expected passes 7233
# of unexpected failures 37
# of expected failures 84
# of unsupported tests 452
Running target unix/-m64
FAIL: libstdc++-abi/abi_check
=== libstdc++ Summary for unix/-m64 ===
# of expected passes 7269
# of unexpected failures 1
# of expected failures 84
# of unsupported tests 452
=== libstdc++ Summary ===
# of expected passes 14502
# of unexpected failures 38
# of expected failures 168
# of unsupported tests 904
Compiler version: 4.6.0 20101119 (experimental) [trunk revision 166950] (GCC)
Platform: sparc-sun-solaris2.11
configure flags: --prefix=/vol/gcc --target=sparc-sun-solaris2.11 --with-gmp=/vol/gcc --with-mpfr=/vol/gcc --with-mpc=/vol/gcc --enable-languages=all,ada
BOOT_CFLAGS=-g -O2