This is the mail archive of the
gcc-testresults@gcc.gnu.org
mailing list for the GCC project.
Results for 4.6.0 20101112 (experimental) [trunk revision 166657] (GCC) testsuite on sparc-sun-solaris2.11
- From: Rainer Orth <ro at CeBiTec dot Uni-Bielefeld dot DE>
- To: gcc-testresults at gcc dot gnu dot org
- Date: Mon, 15 Nov 2010 19:42:08 +0100 (MET)
- Subject: Results for 4.6.0 20101112 (experimental) [trunk revision 166657] (GCC) testsuite on sparc-sun-solaris2.11
LAST_UPDATED: Fri Nov 12 17:06:00 UTC 2010 (revision 166657)
=== acats tests ===
FAIL: c52103x
FAIL: c52104x
FAIL: c52104y
FAIL: cb1010a
FAIL: cb1010c
FAIL: cb1010d
=== acats Summary ===
# of expected passes 2315
# of unexpected failures 6
Native configuration is sparc-sun-solaris2.11
=== g++ tests ===
Running target unix
FAIL: g++.dg/lto/20081109 cp_lto_20081109_0.o-cp_lto_20081109_1.o link, -O0 -flto -flto-partition=none
UNRESOLVED: g++.dg/lto/20081109 cp_lto_20081109_0.o-cp_lto_20081109_1.o execute -O0 -flto -flto-partition=none
FAIL: g++.dg/lto/20081109 cp_lto_20081109_0.o-cp_lto_20081109_1.o link, -O2 -flto -flto-partition=none
UNRESOLVED: g++.dg/lto/20081109 cp_lto_20081109_0.o-cp_lto_20081109_1.o execute -O2 -flto -flto-partition=none
FAIL: g++.dg/lto/20081109 cp_lto_20081109_0.o-cp_lto_20081109_1.o link, -O0 -flto -flto-partition=1to1
UNRESOLVED: g++.dg/lto/20081109 cp_lto_20081109_0.o-cp_lto_20081109_1.o execute -O0 -flto -flto-partition=1to1
FAIL: g++.dg/lto/20081109 cp_lto_20081109_0.o-cp_lto_20081109_1.o link, -O2 -flto -flto-partition=1to1
UNRESOLVED: g++.dg/lto/20081109 cp_lto_20081109_0.o-cp_lto_20081109_1.o execute -O2 -flto -flto-partition=1to1
FAIL: g++.dg/lto/20081109 cp_lto_20081109_0.o-cp_lto_20081109_1.o link, -O0 -flto
UNRESOLVED: g++.dg/lto/20081109 cp_lto_20081109_0.o-cp_lto_20081109_1.o execute -O0 -flto
FAIL: g++.dg/lto/20081109 cp_lto_20081109_0.o-cp_lto_20081109_1.o link, -O2 -flto
UNRESOLVED: g++.dg/lto/20081109 cp_lto_20081109_0.o-cp_lto_20081109_1.o execute -O2 -flto
FAIL: g++.dg/lto/20081118-1 cp_lto_20081118-1_0.o-cp_lto_20081118-1_1.o link, -O2 -flto -flto-partition=none
UNRESOLVED: g++.dg/lto/20081118-1 cp_lto_20081118-1_0.o-cp_lto_20081118-1_1.o execute -O2 -flto -flto-partition=none
FAIL: g++.dg/lto/20081118-1 cp_lto_20081118-1_0.o-cp_lto_20081118-1_1.o link, -O2 -flto -flto-partition=1to1
UNRESOLVED: g++.dg/lto/20081118-1 cp_lto_20081118-1_0.o-cp_lto_20081118-1_1.o execute -O2 -flto -flto-partition=1to1
FAIL: g++.dg/lto/20081118-1 cp_lto_20081118-1_0.o-cp_lto_20081118-1_1.o link, -O2 -flto
UNRESOLVED: g++.dg/lto/20081118-1 cp_lto_20081118-1_0.o-cp_lto_20081118-1_1.o execute -O2 -flto
FAIL: g++.dg/lto/20081127 cp_lto_20081127_0.o-cp_lto_20081127_1.o link, -O0 -flto -flto-partition=none
UNRESOLVED: g++.dg/lto/20081127 cp_lto_20081127_0.o-cp_lto_20081127_1.o execute -O0 -flto -flto-partition=none
FAIL: g++.dg/lto/20081127 cp_lto_20081127_0.o-cp_lto_20081127_1.o link, -O0 -flto -flto-partition=1to1
UNRESOLVED: g++.dg/lto/20081127 cp_lto_20081127_0.o-cp_lto_20081127_1.o execute -O0 -flto -flto-partition=1to1
FAIL: g++.dg/lto/20081127 cp_lto_20081127_0.o-cp_lto_20081127_1.o link, -O0 -flto
UNRESOLVED: g++.dg/lto/20081127 cp_lto_20081127_0.o-cp_lto_20081127_1.o execute -O0 -flto
FAIL: g++.dg/lto/20081203 cp_lto_20081203_0.o-cp_lto_20081203_1.o link, -O2 -flto -flto-partition=none
UNRESOLVED: g++.dg/lto/20081203 cp_lto_20081203_0.o-cp_lto_20081203_1.o execute -O2 -flto -flto-partition=none
FAIL: g++.dg/lto/20081203 cp_lto_20081203_0.o-cp_lto_20081203_1.o link, -O2 -flto -flto-partition=1to1
UNRESOLVED: g++.dg/lto/20081203 cp_lto_20081203_0.o-cp_lto_20081203_1.o execute -O2 -flto -flto-partition=1to1
FAIL: g++.dg/lto/20081203 cp_lto_20081203_0.o-cp_lto_20081203_1.o link, -O2 -flto
UNRESOLVED: g++.dg/lto/20081203 cp_lto_20081203_0.o-cp_lto_20081203_1.o execute -O2 -flto
FAIL: g++.dg/lto/20081204-2 cp_lto_20081204-2_0.o-cp_lto_20081204-2_1.o link, -flto -flto-partition=1to1 -O3
UNRESOLVED: g++.dg/lto/20081204-2 cp_lto_20081204-2_0.o-cp_lto_20081204-2_1.o execute -flto -flto-partition=1to1 -O3
FAIL: g++.dg/lto/20081209 cp_lto_20081209_0.o-cp_lto_20081209_1.o link, -O2 -flto -flto-partition=none
UNRESOLVED: g++.dg/lto/20081209 cp_lto_20081209_0.o-cp_lto_20081209_1.o execute -O2 -flto -flto-partition=none
FAIL: g++.dg/lto/20081209 cp_lto_20081209_0.o-cp_lto_20081209_1.o link, -O2 -flto -flto-partition=1to1
UNRESOLVED: g++.dg/lto/20081209 cp_lto_20081209_0.o-cp_lto_20081209_1.o execute -O2 -flto -flto-partition=1to1
FAIL: g++.dg/lto/20081209 cp_lto_20081209_0.o-cp_lto_20081209_1.o link, -O2 -flto
UNRESOLVED: g++.dg/lto/20081209 cp_lto_20081209_0.o-cp_lto_20081209_1.o execute -O2 -flto
FAIL: g++.dg/lto/20081211-1 cp_lto_20081211-1_0.o-cp_lto_20081211-1_1.o link, -O2 -flto -flto-partition=none
UNRESOLVED: g++.dg/lto/20081211-1 cp_lto_20081211-1_0.o-cp_lto_20081211-1_1.o execute -O2 -flto -flto-partition=none
FAIL: g++.dg/lto/20081211-1 cp_lto_20081211-1_0.o-cp_lto_20081211-1_1.o link, -O2 -flto -flto-partition=1to1
UNRESOLVED: g++.dg/lto/20081211-1 cp_lto_20081211-1_0.o-cp_lto_20081211-1_1.o execute -O2 -flto -flto-partition=1to1
FAIL: g++.dg/lto/20081211-1 cp_lto_20081211-1_0.o-cp_lto_20081211-1_1.o link, -O2 -flto
UNRESOLVED: g++.dg/lto/20081211-1 cp_lto_20081211-1_0.o-cp_lto_20081211-1_1.o execute -O2 -flto
FAIL: g++.dg/lto/20081219 cp_lto_20081219_0.o-cp_lto_20081219_1.o link, -fPIC -flto -flto-partition=1to1 -O2
UNRESOLVED: g++.dg/lto/20081219 cp_lto_20081219_0.o-cp_lto_20081219_1.o execute -fPIC -flto -flto-partition=1to1 -O2
FAIL: g++.dg/lto/20090302 cp_lto_20090302_0.o-cp_lto_20090302_1.o link, -fPIC -flto -flto-partition=1to1 -r -nostdlib
UNRESOLVED: g++.dg/lto/20090302 cp_lto_20090302_0.o-cp_lto_20090302_1.o execute -fPIC -flto -flto-partition=1to1 -r -nostdlib
FAIL: g++.dg/lto/20090303 cp_lto_20090303_0.o-cp_lto_20090303_0.o execute -flto -flto-partition=1to1
FAIL: g++.dg/lto/20090311 cp_lto_20090311_0.o-cp_lto_20090311_1.o link, -O2 -flto -flto-partition=none
UNRESOLVED: g++.dg/lto/20090311 cp_lto_20090311_0.o-cp_lto_20090311_1.o execute -O2 -flto -flto-partition=none
FAIL: g++.dg/lto/20090311 cp_lto_20090311_0.o-cp_lto_20090311_1.o link, -O2 -flto -flto-partition=1to1
UNRESOLVED: g++.dg/lto/20090311 cp_lto_20090311_0.o-cp_lto_20090311_1.o execute -O2 -flto -flto-partition=1to1
FAIL: g++.dg/lto/20090311 cp_lto_20090311_0.o-cp_lto_20090311_1.o link, -O2 -flto
UNRESOLVED: g++.dg/lto/20090311 cp_lto_20090311_0.o-cp_lto_20090311_1.o execute -O2 -flto
FAIL: g++.dg/lto/20090312 cp_lto_20090312_0.o-cp_lto_20090312_1.o link, -O0 -flto -flto-partition=none
UNRESOLVED: g++.dg/lto/20090312 cp_lto_20090312_0.o-cp_lto_20090312_1.o execute -O0 -flto -flto-partition=none
FAIL: g++.dg/lto/20090312 cp_lto_20090312_0.o-cp_lto_20090312_1.o link, -O2 -flto -flto-partition=none
UNRESOLVED: g++.dg/lto/20090312 cp_lto_20090312_0.o-cp_lto_20090312_1.o execute -O2 -flto -flto-partition=none
FAIL: g++.dg/lto/20090312 cp_lto_20090312_0.o-cp_lto_20090312_1.o link, -O0 -flto -flto-partition=1to1
UNRESOLVED: g++.dg/lto/20090312 cp_lto_20090312_0.o-cp_lto_20090312_1.o execute -O0 -flto -flto-partition=1to1
FAIL: g++.dg/lto/20090312 cp_lto_20090312_0.o-cp_lto_20090312_1.o link, -O2 -flto -flto-partition=1to1
UNRESOLVED: g++.dg/lto/20090312 cp_lto_20090312_0.o-cp_lto_20090312_1.o execute -O2 -flto -flto-partition=1to1
FAIL: g++.dg/lto/20090312 cp_lto_20090312_0.o-cp_lto_20090312_1.o link, -O0 -flto
UNRESOLVED: g++.dg/lto/20090312 cp_lto_20090312_0.o-cp_lto_20090312_1.o execute -O0 -flto
FAIL: g++.dg/lto/20090312 cp_lto_20090312_0.o-cp_lto_20090312_1.o link, -O2 -flto
UNRESOLVED: g++.dg/lto/20090312 cp_lto_20090312_0.o-cp_lto_20090312_1.o execute -O2 -flto
FAIL: g++.dg/lto/20090313 cp_lto_20090313_0.o-cp_lto_20090313_1.o link, -flto -flto-partition=1to1 -fPIC
UNRESOLVED: g++.dg/lto/20090313 cp_lto_20090313_0.o-cp_lto_20090313_1.o execute -flto -flto-partition=1to1 -fPIC
FAIL: g++.dg/lto/20091026-1 cp_lto_20091026-1_0.o-cp_lto_20091026-1_1.o link, -O2 -flto -flto-partition=none
UNRESOLVED: g++.dg/lto/20091026-1 cp_lto_20091026-1_0.o-cp_lto_20091026-1_1.o execute -O2 -flto -flto-partition=none
FAIL: g++.dg/lto/20091026-1 cp_lto_20091026-1_0.o-cp_lto_20091026-1_1.o link, -O2 -flto -flto-partition=1to1
UNRESOLVED: g++.dg/lto/20091026-1 cp_lto_20091026-1_0.o-cp_lto_20091026-1_1.o execute -O2 -flto -flto-partition=1to1
FAIL: g++.dg/lto/20091026-1 cp_lto_20091026-1_0.o-cp_lto_20091026-1_1.o link, -O2 -flto
UNRESOLVED: g++.dg/lto/20091026-1 cp_lto_20091026-1_0.o-cp_lto_20091026-1_1.o execute -O2 -flto
FAIL: g++.dg/lto/20100603-1 cp_lto_20100603-1_0.o-cp_lto_20100603-1_1.o link, -O2 -flto -flto-partition=none
UNRESOLVED: g++.dg/lto/20100603-1 cp_lto_20100603-1_0.o-cp_lto_20100603-1_1.o execute -O2 -flto -flto-partition=none
FAIL: g++.dg/lto/20100603-1 cp_lto_20100603-1_0.o-cp_lto_20100603-1_1.o link, -O2 -flto -flto-partition=1to1
UNRESOLVED: g++.dg/lto/20100603-1 cp_lto_20100603-1_0.o-cp_lto_20100603-1_1.o execute -O2 -flto -flto-partition=1to1
FAIL: g++.dg/lto/20100603-1 cp_lto_20100603-1_0.o-cp_lto_20100603-1_1.o link, -O2 -flto
UNRESOLVED: g++.dg/lto/20100603-1 cp_lto_20100603-1_0.o-cp_lto_20100603-1_1.o execute -O2 -flto
FAIL: g++.dg/lto/20101020-1 cp_lto_20101020-1_0.o-cp_lto_20101020-1_1.o link, -O2 -flto -flto-partition=none
UNRESOLVED: g++.dg/lto/20101020-1 cp_lto_20101020-1_0.o-cp_lto_20101020-1_1.o execute -O2 -flto -flto-partition=none
FAIL: g++.dg/lto/20101020-1 cp_lto_20101020-1_0.o-cp_lto_20101020-1_1.o link, -O2 -flto -flto-partition=1to1
UNRESOLVED: g++.dg/lto/20101020-1 cp_lto_20101020-1_0.o-cp_lto_20101020-1_1.o execute -O2 -flto -flto-partition=1to1
FAIL: g++.dg/lto/20101020-1 cp_lto_20101020-1_0.o-cp_lto_20101020-1_1.o link, -O2 -flto
UNRESOLVED: g++.dg/lto/20101020-1 cp_lto_20101020-1_0.o-cp_lto_20101020-1_1.o execute -O2 -flto
FAIL: g++.dg/torture/pr34850.C -O0 (test for excess errors)
FAIL: g++.dg/torture/pr34850.C -O1 (test for excess errors)
FAIL: g++.dg/torture/pr34850.C -O2 (test for excess errors)
FAIL: g++.dg/torture/pr34850.C -O3 -fomit-frame-pointer (test for excess errors)
FAIL: g++.dg/torture/pr34850.C -O3 -g (test for excess errors)
FAIL: g++.dg/torture/pr34850.C -Os (test for excess errors)
FAIL: g++.dg/torture/pr34850.C -O2 -flto -flto-partition=none (test for excess errors)
FAIL: g++.dg/torture/pr34850.C -O2 -flto (test for excess errors)
FAIL: g++.dg/torture/pr43879-1_1.C -O2 -flto -flto-partition=none (test for excess errors)
WARNING: g++.dg/torture/pr43879-1_1.C -O2 -flto -flto-partition=none compilation failed to produce executable
FAIL: g++.dg/torture/pr43879-1_1.C -O2 -flto (test for excess errors)
WARNING: g++.dg/torture/pr43879-1_1.C -O2 -flto compilation failed to produce executable
=== g++ Summary for unix ===
# of expected passes 24798
# of unexpected failures 54
# of expected failures 157
# of unresolved testcases 43
# of unsupported tests 417
Running target unix/-m64
FAIL: g++.dg/lto/20081109 cp_lto_20081109_0.o-cp_lto_20081109_1.o execute -O2 -flto -flto-partition=1to1
FAIL: g++.dg/lto/20090303 cp_lto_20090303_0.o-cp_lto_20090303_0.o link, -flto -flto-partition=1to1
UNRESOLVED: g++.dg/lto/20090303 cp_lto_20090303_0.o-cp_lto_20090303_0.o execute -flto -flto-partition=1to1
FAIL: g++.dg/torture/pr34850.C -O0 (test for excess errors)
FAIL: g++.dg/torture/pr34850.C -O1 (test for excess errors)
FAIL: g++.dg/torture/pr34850.C -O2 (test for excess errors)
FAIL: g++.dg/torture/pr34850.C -O3 -fomit-frame-pointer (test for excess errors)
FAIL: g++.dg/torture/pr34850.C -O3 -g (test for excess errors)
FAIL: g++.dg/torture/pr34850.C -Os (test for excess errors)
FAIL: g++.dg/torture/pr34850.C -O2 -flto -flto-partition=none (test for excess errors)
FAIL: g++.dg/torture/pr34850.C -O2 -flto (test for excess errors)
=== g++ Summary for unix/-m64 ===
# of expected passes 25479
# of unexpected failures 10
# of expected failures 157
# of unresolved testcases 1
# of unsupported tests 414
=== g++ Summary ===
# of expected passes 50277
# of unexpected failures 64
# of expected failures 314
# of unresolved testcases 44
# of unsupported tests 831
/var/gcc/regression/trunk/11-gcc-gas/build/gcc/testsuite/g++/../../g++ version 4.6.0 20101112 (experimental) [trunk revision 166657] (GCC)
=== gcc tests ===
Running target unix
FAIL: gcc.c-torture/execute/builtins/complex-1.c compilation, -O2 -flto -flto-partition=none
UNRESOLVED: gcc.c-torture/execute/builtins/complex-1.c execution, -O2 -flto -flto-partition=none
FAIL: gcc.c-torture/execute/builtins/complex-1.c compilation, -O2 -flto
UNRESOLVED: gcc.c-torture/execute/builtins/complex-1.c execution, -O2 -flto
FAIL: gcc.c-torture/execute/builtins/fprintf.c compilation, -O2 -flto -flto-partition=none
UNRESOLVED: gcc.c-torture/execute/builtins/fprintf.c execution, -O2 -flto -flto-partition=none
FAIL: gcc.c-torture/execute/builtins/fprintf.c compilation, -O2 -flto
UNRESOLVED: gcc.c-torture/execute/builtins/fprintf.c execution, -O2 -flto
FAIL: gcc.c-torture/execute/builtins/memchr.c compilation, -O2 -flto -flto-partition=none
UNRESOLVED: gcc.c-torture/execute/builtins/memchr.c execution, -O2 -flto -flto-partition=none
FAIL: gcc.c-torture/execute/builtins/memchr.c compilation, -O2 -flto
UNRESOLVED: gcc.c-torture/execute/builtins/memchr.c execution, -O2 -flto
FAIL: gcc.c-torture/execute/builtins/printf.c compilation, -O2 -flto -flto-partition=none
UNRESOLVED: gcc.c-torture/execute/builtins/printf.c execution, -O2 -flto -flto-partition=none
FAIL: gcc.c-torture/execute/builtins/printf.c compilation, -O2 -flto
UNRESOLVED: gcc.c-torture/execute/builtins/printf.c execution, -O2 -flto
FAIL: gcc.c-torture/execute/builtins/strchr.c compilation, -O2 -flto -flto-partition=none
UNRESOLVED: gcc.c-torture/execute/builtins/strchr.c execution, -O2 -flto -flto-partition=none
FAIL: gcc.c-torture/execute/builtins/strchr.c compilation, -O2 -flto
UNRESOLVED: gcc.c-torture/execute/builtins/strchr.c execution, -O2 -flto
FAIL: gcc.c-torture/execute/builtins/strncmp-2.c compilation, -O2 -flto -flto-partition=none
UNRESOLVED: gcc.c-torture/execute/builtins/strncmp-2.c execution, -O2 -flto -flto-partition=none
FAIL: gcc.c-torture/execute/builtins/strncmp-2.c compilation, -O2 -flto
UNRESOLVED: gcc.c-torture/execute/builtins/strncmp-2.c execution, -O2 -flto
FAIL: gcc.c-torture/execute/builtins/strncmp.c compilation, -O2 -flto -flto-partition=none
UNRESOLVED: gcc.c-torture/execute/builtins/strncmp.c execution, -O2 -flto -flto-partition=none
FAIL: gcc.c-torture/execute/builtins/strncmp.c compilation, -O2 -flto
UNRESOLVED: gcc.c-torture/execute/builtins/strncmp.c execution, -O2 -flto
FAIL: gcc.c-torture/execute/builtins/strspn.c compilation, -O2 -flto -flto-partition=none
UNRESOLVED: gcc.c-torture/execute/builtins/strspn.c execution, -O2 -flto -flto-partition=none
FAIL: gcc.c-torture/execute/builtins/strspn.c compilation, -O2 -flto
UNRESOLVED: gcc.c-torture/execute/builtins/strspn.c execution, -O2 -flto
FAIL: gcc.c-torture/execute/builtins/strstr.c compilation, -O2 -flto -flto-partition=none
UNRESOLVED: gcc.c-torture/execute/builtins/strstr.c execution, -O2 -flto -flto-partition=none
FAIL: gcc.c-torture/execute/builtins/strstr.c compilation, -O2 -flto
UNRESOLVED: gcc.c-torture/execute/builtins/strstr.c execution, -O2 -flto
FAIL: gcc.c-torture/execute/20040709-2.c execution, -O1
FAIL: gcc.c-torture/execute/20040709-2.c execution, -Os
FAIL: gcc.dg/pr30762-1.c (test for excess errors)
FAIL: gcc.dg/pr31529-1.c (test for excess errors)
FAIL: gcc.dg/pr34457-1.c (test for excess errors)
FAIL: gcc.dg/lto/20081111 c_lto_20081111_0.o-c_lto_20081111_1.o link, -O2 -flto -flto-partition=none
UNRESOLVED: gcc.dg/lto/20081111 c_lto_20081111_0.o-c_lto_20081111_1.o execute -O2 -flto -flto-partition=none
FAIL: gcc.dg/lto/20081111 c_lto_20081111_0.o-c_lto_20081111_1.o link, -O2 -flto -flto-partition=1to1
UNRESOLVED: gcc.dg/lto/20081111 c_lto_20081111_0.o-c_lto_20081111_1.o execute -O2 -flto -flto-partition=1to1
FAIL: gcc.dg/lto/20081111 c_lto_20081111_0.o-c_lto_20081111_1.o link, -O2 -flto
UNRESOLVED: gcc.dg/lto/20081111 c_lto_20081111_0.o-c_lto_20081111_1.o execute -O2 -flto
FAIL: gcc.dg/lto/20081112 c_lto_20081112_0.o-c_lto_20081112_1.o link, -O2 -flto -flto-partition=none
UNRESOLVED: gcc.dg/lto/20081112 c_lto_20081112_0.o-c_lto_20081112_1.o execute -O2 -flto -flto-partition=none
FAIL: gcc.dg/lto/20081112 c_lto_20081112_0.o-c_lto_20081112_1.o link, -O2 -flto -flto-partition=1to1
UNRESOLVED: gcc.dg/lto/20081112 c_lto_20081112_0.o-c_lto_20081112_1.o execute -O2 -flto -flto-partition=1to1
FAIL: gcc.dg/lto/20081112 c_lto_20081112_0.o-c_lto_20081112_1.o link, -O2 -flto
UNRESOLVED: gcc.dg/lto/20081112 c_lto_20081112_0.o-c_lto_20081112_1.o execute -O2 -flto
FAIL: gcc.dg/lto/20081115 c_lto_20081115_0.o-c_lto_20081115_2.o link, -O2 -DOPTIMIZE -flto -flto-partition=1to1
UNRESOLVED: gcc.dg/lto/20081115 c_lto_20081115_0.o-c_lto_20081115_2.o execute -O2 -DOPTIMIZE -flto -flto-partition=1to1
FAIL: gcc.dg/lto/20081118 c_lto_20081118_0.o-c_lto_20081118_2.o link, -O2 -DOPTIMIZE -flto -flto-partition=1to1
UNRESOLVED: gcc.dg/lto/20081118 c_lto_20081118_0.o-c_lto_20081118_2.o execute -O2 -DOPTIMIZE -flto -flto-partition=1to1
FAIL: gcc.dg/lto/20081201-1 c_lto_20081201-1_0.o-c_lto_20081201-1_2.o link, -O2 -DOPTIMIZE -flto -flto-partition=1to1
UNRESOLVED: gcc.dg/lto/20081201-1 c_lto_20081201-1_0.o-c_lto_20081201-1_2.o execute -O2 -DOPTIMIZE -flto -flto-partition=1to1
FAIL: gcc.dg/lto/20081201-2 c_lto_20081201-2_0.o-c_lto_20081201-2_1.o link, -O3 -flto -flto-partition=1to1
UNRESOLVED: gcc.dg/lto/20081201-2 c_lto_20081201-2_0.o-c_lto_20081201-2_1.o execute -O3 -flto -flto-partition=1to1
FAIL: gcc.dg/lto/20081204-1 c_lto_20081204-1_0.o-c_lto_20081204-1_1.o link, -flto -flto-partition=1to1 -fPIC -r -nostdlib
UNRESOLVED: gcc.dg/lto/20081204-1 c_lto_20081204-1_0.o-c_lto_20081204-1_1.o execute -flto -flto-partition=1to1 -fPIC -r -nostdlib
FAIL: gcc.dg/lto/20081222 c_lto_20081222_0.o-c_lto_20081222_1.o link, -O2 -flto -flto-partition=none
UNRESOLVED: gcc.dg/lto/20081222 c_lto_20081222_0.o-c_lto_20081222_1.o execute -O2 -flto -flto-partition=none
FAIL: gcc.dg/lto/20081222 c_lto_20081222_0.o-c_lto_20081222_1.o link, -O2 -flto -flto-partition=1to1
UNRESOLVED: gcc.dg/lto/20081222 c_lto_20081222_0.o-c_lto_20081222_1.o execute -O2 -flto -flto-partition=1to1
FAIL: gcc.dg/lto/20081222 c_lto_20081222_0.o-c_lto_20081222_1.o link, -O2 -flto
UNRESOLVED: gcc.dg/lto/20081222 c_lto_20081222_0.o-c_lto_20081222_1.o execute -O2 -flto
FAIL: gcc.dg/lto/20081224 c_lto_20081224_0.o-c_lto_20081224_1.o link, -flto -flto-partition=1to1 -r -nostdlib -fPIC
UNRESOLVED: gcc.dg/lto/20081224 c_lto_20081224_0.o-c_lto_20081224_1.o execute -flto -flto-partition=1to1 -r -nostdlib -fPIC
FAIL: gcc.dg/lto/20090210 c_lto_20090210_0.o-c_lto_20090210_1.o link, -O2 -flto -flto-partition=none
UNRESOLVED: gcc.dg/lto/20090210 c_lto_20090210_0.o-c_lto_20090210_1.o execute -O2 -flto -flto-partition=none
FAIL: gcc.dg/lto/20090210 c_lto_20090210_0.o-c_lto_20090210_1.o link, -O2 -flto -flto-partition=1to1
UNRESOLVED: gcc.dg/lto/20090210 c_lto_20090210_0.o-c_lto_20090210_1.o execute -O2 -flto -flto-partition=1to1
FAIL: gcc.dg/lto/20090210 c_lto_20090210_0.o-c_lto_20090210_1.o link, -O2 -flto
UNRESOLVED: gcc.dg/lto/20090210 c_lto_20090210_0.o-c_lto_20090210_1.o execute -O2 -flto
FAIL: gcc.dg/lto/20090213 c_lto_20090213_0.o-c_lto_20090213_1.o link, -O2 -flto -flto-partition=none
UNRESOLVED: gcc.dg/lto/20090213 c_lto_20090213_0.o-c_lto_20090213_1.o execute -O2 -flto -flto-partition=none
FAIL: gcc.dg/lto/20090213 c_lto_20090213_0.o-c_lto_20090213_1.o link, -O2 -flto -flto-partition=1to1
UNRESOLVED: gcc.dg/lto/20090213 c_lto_20090213_0.o-c_lto_20090213_1.o execute -O2 -flto -flto-partition=1to1
FAIL: gcc.dg/lto/20090213 c_lto_20090213_0.o-c_lto_20090213_1.o link, -O2 -flto
UNRESOLVED: gcc.dg/lto/20090213 c_lto_20090213_0.o-c_lto_20090213_1.o execute -O2 -flto
FAIL: gcc.dg/lto/20090218-2 c_lto_20090218-2_0.o-c_lto_20090218-2_1.o link, -O2 -flto -flto-partition=none
UNRESOLVED: gcc.dg/lto/20090218-2 c_lto_20090218-2_0.o-c_lto_20090218-2_1.o execute -O2 -flto -flto-partition=none
FAIL: gcc.dg/lto/20090218-2 c_lto_20090218-2_0.o-c_lto_20090218-2_1.o link, -O2 -flto -flto-partition=1to1
UNRESOLVED: gcc.dg/lto/20090218-2 c_lto_20090218-2_0.o-c_lto_20090218-2_1.o execute -O2 -flto -flto-partition=1to1
FAIL: gcc.dg/lto/20090218-2 c_lto_20090218-2_0.o-c_lto_20090218-2_1.o link, -O2 -flto
UNRESOLVED: gcc.dg/lto/20090218-2 c_lto_20090218-2_0.o-c_lto_20090218-2_1.o execute -O2 -flto
FAIL: gcc.dg/lto/20090218 c_lto_20090218_0.o-c_lto_20090218_3.o link, -O2 -flto -flto-partition=none
UNRESOLVED: gcc.dg/lto/20090218 c_lto_20090218_0.o-c_lto_20090218_3.o execute -O2 -flto -flto-partition=none
FAIL: gcc.dg/lto/20090218 c_lto_20090218_0.o-c_lto_20090218_3.o link, -O2 -flto -flto-partition=1to1
UNRESOLVED: gcc.dg/lto/20090218 c_lto_20090218_0.o-c_lto_20090218_3.o execute -O2 -flto -flto-partition=1to1
FAIL: gcc.dg/lto/20090218 c_lto_20090218_0.o-c_lto_20090218_3.o link, -O2 -flto
UNRESOLVED: gcc.dg/lto/20090218 c_lto_20090218_0.o-c_lto_20090218_3.o execute -O2 -flto
FAIL: gcc.dg/lto/20090312 c_lto_20090312_0.o-c_lto_20090312_1.o link, -O2 -flto -flto-partition=none
UNRESOLVED: gcc.dg/lto/20090312 c_lto_20090312_0.o-c_lto_20090312_1.o execute -O2 -flto -flto-partition=none
FAIL: gcc.dg/lto/20090312 c_lto_20090312_0.o-c_lto_20090312_1.o link, -O2 -flto -flto-partition=1to1
UNRESOLVED: gcc.dg/lto/20090312 c_lto_20090312_0.o-c_lto_20090312_1.o execute -O2 -flto -flto-partition=1to1
FAIL: gcc.dg/lto/20090312 c_lto_20090312_0.o-c_lto_20090312_1.o link, -O2 -flto
UNRESOLVED: gcc.dg/lto/20090312 c_lto_20090312_0.o-c_lto_20090312_1.o execute -O2 -flto
FAIL: gcc.dg/lto/20090717 c_lto_20090717_0.o-c_lto_20090717_1.o link, -O0 -flto -flto-partition=none
UNRESOLVED: gcc.dg/lto/20090717 c_lto_20090717_0.o-c_lto_20090717_1.o execute -O0 -flto -flto-partition=none
FAIL: gcc.dg/lto/20090717 c_lto_20090717_0.o-c_lto_20090717_1.o link, -O2 -flto -flto-partition=none
UNRESOLVED: gcc.dg/lto/20090717 c_lto_20090717_0.o-c_lto_20090717_1.o execute -O2 -flto -flto-partition=none
FAIL: gcc.dg/lto/20090717 c_lto_20090717_0.o-c_lto_20090717_1.o link, -O0 -flto -flto-partition=1to1
UNRESOLVED: gcc.dg/lto/20090717 c_lto_20090717_0.o-c_lto_20090717_1.o execute -O0 -flto -flto-partition=1to1
FAIL: gcc.dg/lto/20090717 c_lto_20090717_0.o-c_lto_20090717_1.o link, -O2 -flto -flto-partition=1to1
UNRESOLVED: gcc.dg/lto/20090717 c_lto_20090717_0.o-c_lto_20090717_1.o execute -O2 -flto -flto-partition=1to1
FAIL: gcc.dg/lto/20090717 c_lto_20090717_0.o-c_lto_20090717_1.o link, -O0 -flto
UNRESOLVED: gcc.dg/lto/20090717 c_lto_20090717_0.o-c_lto_20090717_1.o execute -O0 -flto
FAIL: gcc.dg/lto/20090717 c_lto_20090717_0.o-c_lto_20090717_1.o link, -O2 -flto
UNRESOLVED: gcc.dg/lto/20090717 c_lto_20090717_0.o-c_lto_20090717_1.o execute -O2 -flto
FAIL: gcc.dg/lto/20090812 c_lto_20090812_0.o-c_lto_20090812_1.o link, -O2 -flto -flto-partition=none
UNRESOLVED: gcc.dg/lto/20090812 c_lto_20090812_0.o-c_lto_20090812_1.o execute -O2 -flto -flto-partition=none
FAIL: gcc.dg/lto/20090812 c_lto_20090812_0.o-c_lto_20090812_1.o link, -O2 -flto -flto-partition=1to1
UNRESOLVED: gcc.dg/lto/20090812 c_lto_20090812_0.o-c_lto_20090812_1.o execute -O2 -flto -flto-partition=1to1
FAIL: gcc.dg/lto/20090812 c_lto_20090812_0.o-c_lto_20090812_1.o link, -O2 -flto
UNRESOLVED: gcc.dg/lto/20090812 c_lto_20090812_0.o-c_lto_20090812_1.o execute -O2 -flto
FAIL: gcc.dg/lto/20091005-1 c_lto_20091005-1_0.o-c_lto_20091005-1_1.o link, -O0 -flto -flto-partition=none
UNRESOLVED: gcc.dg/lto/20091005-1 c_lto_20091005-1_0.o-c_lto_20091005-1_1.o execute -O0 -flto -flto-partition=none
FAIL: gcc.dg/lto/20091005-1 c_lto_20091005-1_0.o-c_lto_20091005-1_1.o link, -O0 -flto -flto-partition=1to1
UNRESOLVED: gcc.dg/lto/20091005-1 c_lto_20091005-1_0.o-c_lto_20091005-1_1.o execute -O0 -flto -flto-partition=1to1
FAIL: gcc.dg/lto/20091005-1 c_lto_20091005-1_0.o-c_lto_20091005-1_1.o link, -O0 -flto
UNRESOLVED: gcc.dg/lto/20091005-1 c_lto_20091005-1_0.o-c_lto_20091005-1_1.o execute -O0 -flto
FAIL: gcc.dg/lto/20091006-2 c_lto_20091006-2_0.o-c_lto_20091006-2_2.o link, -O0 -flto -flto-partition=none
UNRESOLVED: gcc.dg/lto/20091006-2 c_lto_20091006-2_0.o-c_lto_20091006-2_2.o execute -O0 -flto -flto-partition=none
FAIL: gcc.dg/lto/20091006-2 c_lto_20091006-2_0.o-c_lto_20091006-2_2.o link, -O0 -flto -flto-partition=1to1
UNRESOLVED: gcc.dg/lto/20091006-2 c_lto_20091006-2_0.o-c_lto_20091006-2_2.o execute -O0 -flto -flto-partition=1to1
FAIL: gcc.dg/lto/20091006-2 c_lto_20091006-2_0.o-c_lto_20091006-2_2.o link, -O0 -flto
UNRESOLVED: gcc.dg/lto/20091006-2 c_lto_20091006-2_0.o-c_lto_20091006-2_2.o execute -O0 -flto
FAIL: gcc.dg/lto/20091015-1 c_lto_20091015-1_0.o-c_lto_20091015-1_2.o link, -fPIC -r -nostdlib -O2 -flto
UNRESOLVED: gcc.dg/lto/20091015-1 c_lto_20091015-1_0.o-c_lto_20091015-1_2.o execute -fPIC -r -nostdlib -O2 -flto
FAIL: gcc.dg/lto/20091015-1 c_lto_20091015-1_0.o-c_lto_20091015-1_2.o link, -fPIC -r -nostdlib -O2 -flto -flto-partition=1to1
UNRESOLVED: gcc.dg/lto/20091015-1 c_lto_20091015-1_0.o-c_lto_20091015-1_2.o execute -fPIC -r -nostdlib -O2 -flto -flto-partition=1to1
FAIL: gcc.dg/lto/20091016-1 c_lto_20091016-1_0.o-c_lto_20091016-1_1.o link, -fPIC -r -nostdlib -O2 -flto
UNRESOLVED: gcc.dg/lto/20091016-1 c_lto_20091016-1_0.o-c_lto_20091016-1_1.o execute -fPIC -r -nostdlib -O2 -flto
FAIL: gcc.dg/lto/20091017-1 c_lto_20091017-1_0.o-c_lto_20091017-1_1.o link, -O2 -flto -flto-partition=none
UNRESOLVED: gcc.dg/lto/20091017-1 c_lto_20091017-1_0.o-c_lto_20091017-1_1.o execute -O2 -flto -flto-partition=none
FAIL: gcc.dg/lto/20091017-1 c_lto_20091017-1_0.o-c_lto_20091017-1_1.o link, -O2 -flto -flto-partition=1to1
UNRESOLVED: gcc.dg/lto/20091017-1 c_lto_20091017-1_0.o-c_lto_20091017-1_1.o execute -O2 -flto -flto-partition=1to1
FAIL: gcc.dg/lto/20091017-1 c_lto_20091017-1_0.o-c_lto_20091017-1_1.o link, -O2 -flto
UNRESOLVED: gcc.dg/lto/20091017-1 c_lto_20091017-1_0.o-c_lto_20091017-1_1.o execute -O2 -flto
FAIL: gcc.dg/lto/20100227-1 c_lto_20100227-1_0.o-c_lto_20100227-1_1.o link, -O2 -flto -flto-partition=none
UNRESOLVED: gcc.dg/lto/20100227-1 c_lto_20100227-1_0.o-c_lto_20100227-1_1.o execute -O2 -flto -flto-partition=none
FAIL: gcc.dg/lto/20100227-1 c_lto_20100227-1_0.o-c_lto_20100227-1_1.o link, -O2 -flto -flto-partition=1to1
UNRESOLVED: gcc.dg/lto/20100227-1 c_lto_20100227-1_0.o-c_lto_20100227-1_1.o execute -O2 -flto -flto-partition=1to1
FAIL: gcc.dg/lto/20100227-1 c_lto_20100227-1_0.o-c_lto_20100227-1_1.o link, -O2 -flto
UNRESOLVED: gcc.dg/lto/20100227-1 c_lto_20100227-1_0.o-c_lto_20100227-1_1.o execute -O2 -flto
FAIL: gcc.dg/lto/20100423-1 c_lto_20100423-1_0.o-c_lto_20100423-1_1.o link, -O2 -flto -flto-partition=none
UNRESOLVED: gcc.dg/lto/20100423-1 c_lto_20100423-1_0.o-c_lto_20100423-1_1.o execute -O2 -flto -flto-partition=none
FAIL: gcc.dg/lto/20100709-1 c_lto_20100709-1_0.o-c_lto_20100709-1_1.o link, -O0 -flto -flto-partition=none
UNRESOLVED: gcc.dg/lto/20100709-1 c_lto_20100709-1_0.o-c_lto_20100709-1_1.o execute -O0 -flto -flto-partition=none
FAIL: gcc.dg/lto/20100709-1 c_lto_20100709-1_0.o-c_lto_20100709-1_1.o link, -O2 -flto -flto-partition=none
UNRESOLVED: gcc.dg/lto/20100709-1 c_lto_20100709-1_0.o-c_lto_20100709-1_1.o execute -O2 -flto -flto-partition=none
FAIL: gcc.dg/lto/20100709-1 c_lto_20100709-1_0.o-c_lto_20100709-1_1.o link, -O0 -flto -flto-partition=1to1
UNRESOLVED: gcc.dg/lto/20100709-1 c_lto_20100709-1_0.o-c_lto_20100709-1_1.o execute -O0 -flto -flto-partition=1to1
FAIL: gcc.dg/lto/20100709-1 c_lto_20100709-1_0.o-c_lto_20100709-1_1.o link, -O2 -flto -flto-partition=1to1
UNRESOLVED: gcc.dg/lto/20100709-1 c_lto_20100709-1_0.o-c_lto_20100709-1_1.o execute -O2 -flto -flto-partition=1to1
FAIL: gcc.dg/lto/20100709-1 c_lto_20100709-1_0.o-c_lto_20100709-1_1.o link, -O0 -flto
UNRESOLVED: gcc.dg/lto/20100709-1 c_lto_20100709-1_0.o-c_lto_20100709-1_1.o execute -O0 -flto
FAIL: gcc.dg/lto/20100709-1 c_lto_20100709-1_0.o-c_lto_20100709-1_1.o link, -O2 -flto
UNRESOLVED: gcc.dg/lto/20100709-1 c_lto_20100709-1_0.o-c_lto_20100709-1_1.o execute -O2 -flto
FAIL: gcc.dg/lto/20100724-1 c_lto_20100724-1_0.o-c_lto_20100724-1_1.o link, -O0 -flto -flto-partition=none
UNRESOLVED: gcc.dg/lto/20100724-1 c_lto_20100724-1_0.o-c_lto_20100724-1_1.o execute -O0 -flto -flto-partition=none
FAIL: gcc.dg/lto/20100724-1 c_lto_20100724-1_0.o-c_lto_20100724-1_1.o link, -O0 -flto -flto-partition=1to1
UNRESOLVED: gcc.dg/lto/20100724-1 c_lto_20100724-1_0.o-c_lto_20100724-1_1.o execute -O0 -flto -flto-partition=1to1
FAIL: gcc.dg/lto/20100724-1 c_lto_20100724-1_0.o-c_lto_20100724-1_1.o link, -O0 -flto
UNRESOLVED: gcc.dg/lto/20100724-1 c_lto_20100724-1_0.o-c_lto_20100724-1_1.o execute -O0 -flto
FAIL: gcc.dg/lto/ipareference2 c_lto_ipareference2_0.o-c_lto_ipareference2_1.o link, -O1 -flto -flto-partition=1to1 -fwhole-program
UNRESOLVED: gcc.dg/lto/ipareference2 c_lto_ipareference2_0.o-c_lto_ipareference2_1.o execute -O1 -flto -flto-partition=1to1 -fwhole-program
FAIL: gcc.dg/lto/ipareference c_lto_ipareference_0.o-c_lto_ipareference_1.o link, -O1 -flto -flto-partition=1to1
UNRESOLVED: gcc.dg/lto/ipareference c_lto_ipareference_0.o-c_lto_ipareference_1.o execute -O1 -flto -flto-partition=1to1
FAIL: gcc.dg/lto/pr27898 c_lto_pr27898_0.o-c_lto_pr27898_1.o link, -O0 -flto -flto-partition=none
UNRESOLVED: gcc.dg/lto/pr27898 c_lto_pr27898_0.o-c_lto_pr27898_1.o execute -O0 -flto -flto-partition=none
FAIL: gcc.dg/lto/pr27898 c_lto_pr27898_0.o-c_lto_pr27898_1.o link, -O0 -flto -flto-partition=1to1
UNRESOLVED: gcc.dg/lto/pr27898 c_lto_pr27898_0.o-c_lto_pr27898_1.o execute -O0 -flto -flto-partition=1to1
FAIL: gcc.dg/lto/pr27898 c_lto_pr27898_0.o-c_lto_pr27898_1.o link, -O0 -flto
UNRESOLVED: gcc.dg/lto/pr27898 c_lto_pr27898_0.o-c_lto_pr27898_1.o execute -O0 -flto
FAIL: gcc.dg/lto/pr28706 c_lto_pr28706_0.o-c_lto_pr28706_1.o link, -O0 -flto -flto-partition=none
UNRESOLVED: gcc.dg/lto/pr28706 c_lto_pr28706_0.o-c_lto_pr28706_1.o execute -O0 -flto -flto-partition=none
FAIL: gcc.dg/lto/pr28706 c_lto_pr28706_0.o-c_lto_pr28706_1.o link, -O0 -flto -flto-partition=1to1
UNRESOLVED: gcc.dg/lto/pr28706 c_lto_pr28706_0.o-c_lto_pr28706_1.o execute -O0 -flto -flto-partition=1to1
FAIL: gcc.dg/lto/pr28706 c_lto_pr28706_0.o-c_lto_pr28706_1.o link, -O0 -flto
UNRESOLVED: gcc.dg/lto/pr28706 c_lto_pr28706_0.o-c_lto_pr28706_1.o execute -O0 -flto
FAIL: gcc.dg/lto/pr28712 c_lto_pr28712_0.o-c_lto_pr28712_2.o link, -O0 -flto -flto-partition=none
UNRESOLVED: gcc.dg/lto/pr28712 c_lto_pr28712_0.o-c_lto_pr28712_2.o execute -O0 -flto -flto-partition=none
FAIL: gcc.dg/lto/pr28712 c_lto_pr28712_0.o-c_lto_pr28712_2.o link, -O0 -flto -flto-partition=1to1
UNRESOLVED: gcc.dg/lto/pr28712 c_lto_pr28712_0.o-c_lto_pr28712_2.o execute -O0 -flto -flto-partition=1to1
FAIL: gcc.dg/lto/pr28712 c_lto_pr28712_0.o-c_lto_pr28712_2.o link, -O0 -flto
UNRESOLVED: gcc.dg/lto/pr28712 c_lto_pr28712_0.o-c_lto_pr28712_2.o execute -O0 -flto
FAIL: gcc.dg/lto/pr34989-1 c_lto_pr34989-1_0.o-c_lto_pr34989-1_1.o link, -O0 -flto -flto-partition=none
UNRESOLVED: gcc.dg/lto/pr34989-1 c_lto_pr34989-1_0.o-c_lto_pr34989-1_1.o execute -O0 -flto -flto-partition=none
FAIL: gcc.dg/lto/pr34989-1 c_lto_pr34989-1_0.o-c_lto_pr34989-1_1.o link, -O0 -flto -flto-partition=1to1
UNRESOLVED: gcc.dg/lto/pr34989-1 c_lto_pr34989-1_0.o-c_lto_pr34989-1_1.o execute -O0 -flto -flto-partition=1to1
FAIL: gcc.dg/lto/pr34989-1 c_lto_pr34989-1_0.o-c_lto_pr34989-1_1.o link, -O0 -flto
UNRESOLVED: gcc.dg/lto/pr34989-1 c_lto_pr34989-1_0.o-c_lto_pr34989-1_1.o execute -O0 -flto
XPASS: gcc.dg/tree-ssa/20040204-1.c scan-tree-dump-times optimized "link_error" 0
FAIL: gcc.dg/vect/pr46009.c scan-tree-dump-times vect "vectorized 1 loops" 2
XPASS: gcc.dg/vect/vect-peel-1.c scan-tree-dump-times vect "vectorized 1 loops" 2
XPASS: gcc.dg/vect/vect-peel-1.c scan-tree-dump-times vect "Alignment of access forced using peeling" 1
XPASS: gcc.dg/vect/vect-peel-2.c scan-tree-dump-times vect "vectorized 1 loops" 2
FAIL: gcc.dg/vect/vect-peel-3.c scan-tree-dump-times vect "vectorized 1 loops" 2
XPASS: gcc.dg/vect/vect-vfa-slp.c scan-tree-dump-times vect "vectorized 1 loops" 1
XPASS: gcc.dg/vect/slp-23.c scan-tree-dump-times vect "vectorizing stmts using SLP" 1
XPASS: gcc.dg/vect/slp-35.c scan-tree-dump-times vect "vectorized 1 loops" 1
XPASS: gcc.dg/vect/slp-35.c scan-tree-dump-times vect "vectorizing stmts using SLP" 1
FAIL: gcc.dg/vect/slp-multitypes-2.c execution test
FAIL: gcc.dg/vect/slp-reduc-3.c scan-tree-dump-times vect "vectorizing stmts using SLP" 1
FAIL: gcc.dg/vect/slp-reduc-6.c scan-tree-dump-times vect "vectorized 1 loops" 2
FAIL: gcc.dg/vect/no-section-anchors-vect-64.c scan-tree-dump-times vect "Alignment of access forced using peeling" 2
XPASS: gcc.dg/vect/no-tree-pre-slp-29.c scan-tree-dump-times vect "vectorized 1 loops" 2
XPASS: gcc.dg/vect/no-tree-pre-slp-29.c scan-tree-dump-times vect "vectorizing stmts using SLP" 2
=== gcc Summary for unix ===
# of expected passes 68235
# of unexpected failures 107
# of unexpected successes 10
# of expected failures 226
# of unresolved testcases 96
# of unsupported tests 1141
Running target unix/-m64
FAIL: gcc.c-torture/execute/20040709-2.c execution, -O1
FAIL: gcc.c-torture/execute/20040709-2.c execution, -Os
FAIL: gcc.dg/cpp/trad/include.c (internal compiler error)
FAIL: gcc.dg/cpp/trad/include.c (test for excess errors)
FAIL: gcc.dg/lto/20090210 c_lto_20090210_0.o-c_lto_20090210_1.o link, -O0 -flto -flto-partition=none
UNRESOLVED: gcc.dg/lto/20090210 c_lto_20090210_0.o-c_lto_20090210_1.o execute -O0 -flto -flto-partition=none
FAIL: gcc.dg/lto/20090210 c_lto_20090210_0.o-c_lto_20090210_1.o link, -O2 -flto -flto-partition=none
UNRESOLVED: gcc.dg/lto/20090210 c_lto_20090210_0.o-c_lto_20090210_1.o execute -O2 -flto -flto-partition=none
FAIL: gcc.dg/lto/20090210 c_lto_20090210_0.o-c_lto_20090210_1.o link, -O0 -flto -flto-partition=1to1
UNRESOLVED: gcc.dg/lto/20090210 c_lto_20090210_0.o-c_lto_20090210_1.o execute -O0 -flto -flto-partition=1to1
FAIL: gcc.dg/lto/20090210 c_lto_20090210_0.o-c_lto_20090210_1.o link, -O2 -flto -flto-partition=1to1
UNRESOLVED: gcc.dg/lto/20090210 c_lto_20090210_0.o-c_lto_20090210_1.o execute -O2 -flto -flto-partition=1to1
FAIL: gcc.dg/lto/20090210 c_lto_20090210_0.o-c_lto_20090210_1.o link, -O0 -flto
UNRESOLVED: gcc.dg/lto/20090210 c_lto_20090210_0.o-c_lto_20090210_1.o execute -O0 -flto
FAIL: gcc.dg/lto/20090210 c_lto_20090210_0.o-c_lto_20090210_1.o link, -O2 -flto
UNRESOLVED: gcc.dg/lto/20090210 c_lto_20090210_0.o-c_lto_20090210_1.o execute -O2 -flto
XPASS: gcc.dg/tree-ssa/20040204-1.c scan-tree-dump-times optimized "link_error" 0
FAIL: gcc.dg/tree-ssa/pr14814.c scan-tree-dump-times forwprop2 "&" 0
XPASS: gcc.dg/vect/pr33804.c scan-tree-dump-times vect "vectorized 1 loops" 1
XPASS: gcc.dg/vect/pr33804.c scan-tree-dump-times vect "vectorizing stmts using SLP" 1
FAIL: gcc.dg/vect/pr46009.c scan-tree-dump-times vect "vectorized 1 loops" 2
XPASS: gcc.dg/vect/vect-peel-1.c scan-tree-dump-times vect "vectorized 1 loops" 2
XPASS: gcc.dg/vect/vect-peel-1.c scan-tree-dump-times vect "Alignment of access forced using peeling" 1
XPASS: gcc.dg/vect/vect-peel-2.c scan-tree-dump-times vect "vectorized 1 loops" 2
FAIL: gcc.dg/vect/vect-peel-3.c scan-tree-dump-times vect "vectorized 1 loops" 2
XPASS: gcc.dg/vect/vect-vfa-slp.c scan-tree-dump-times vect "vectorized 1 loops" 1
XPASS: gcc.dg/vect/slp-23.c scan-tree-dump-times vect "vectorizing stmts using SLP" 1
XPASS: gcc.dg/vect/slp-24.c scan-tree-dump-times vect "vectorized 1 loops" 1
XPASS: gcc.dg/vect/slp-24.c scan-tree-dump-times vect "vectorizing stmts using SLP" 2
XPASS: gcc.dg/vect/slp-35.c scan-tree-dump-times vect "vectorized 1 loops" 1
XPASS: gcc.dg/vect/slp-35.c scan-tree-dump-times vect "vectorizing stmts using SLP" 1
FAIL: gcc.dg/vect/slp-reduc-3.c scan-tree-dump-times vect "vectorizing stmts using SLP" 1
FAIL: gcc.dg/vect/slp-reduc-6.c scan-tree-dump-times vect "vectorized 1 loops" 2
FAIL: gcc.dg/vect/no-section-anchors-vect-64.c scan-tree-dump-times vect "Alignment of access forced using peeling" 2
XPASS: gcc.dg/vect/no-tree-pre-slp-29.c scan-tree-dump-times vect "vectorized 1 loops" 2
XPASS: gcc.dg/vect/no-tree-pre-slp-29.c scan-tree-dump-times vect "vectorizing stmts using SLP" 2
=== gcc Summary for unix/-m64 ===
# of expected passes 68998
# of unexpected failures 16
# of unexpected successes 14
# of expected failures 218
# of unresolved testcases 6
# of unsupported tests 1146
=== gcc Summary ===
# of expected passes 137233
# of unexpected failures 123
# of unexpected successes 24
# of expected failures 444
# of unresolved testcases 102
# of unsupported tests 2287
/var/gcc/regression/trunk/11-gcc-gas/build/gcc/xgcc version 4.6.0 20101112 (experimental) [trunk revision 166657] (GCC)
=== gfortran tests ===
Running target unix
FAIL: gfortran.dg/array_constructor_33.f90 -O (test for excess errors)
WARNING: program timed out.
FAIL: gfortran.dg/lto/20091015-1 f_lto_20091015-1_0.o-f_lto_20091015-1_2.o link, -O2 -flto -flto-partition=none
UNRESOLVED: gfortran.dg/lto/20091015-1 f_lto_20091015-1_0.o-f_lto_20091015-1_2.o execute -O2 -flto -flto-partition=none
FAIL: gfortran.dg/lto/20091015-1 f_lto_20091015-1_0.o-f_lto_20091015-1_2.o link, -O2 -flto -flto-partition=1to1
UNRESOLVED: gfortran.dg/lto/20091015-1 f_lto_20091015-1_0.o-f_lto_20091015-1_2.o execute -O2 -flto -flto-partition=1to1
FAIL: gfortran.dg/lto/20091015-1 f_lto_20091015-1_0.o-f_lto_20091015-1_2.o link, -O2 -flto
UNRESOLVED: gfortran.dg/lto/20091015-1 f_lto_20091015-1_0.o-f_lto_20091015-1_2.o execute -O2 -flto
FAIL: gfortran.dg/lto/20091028-2 f_lto_20091028-2_0.o-f_lto_20091028-2_1.o link, -O2 -flto -flto-partition=none
UNRESOLVED: gfortran.dg/lto/20091028-2 f_lto_20091028-2_0.o-f_lto_20091028-2_1.o execute -O2 -flto -flto-partition=none
FAIL: gfortran.dg/lto/20091028-2 f_lto_20091028-2_0.o-f_lto_20091028-2_1.o link, -O2 -flto -flto-partition=1to1
UNRESOLVED: gfortran.dg/lto/20091028-2 f_lto_20091028-2_0.o-f_lto_20091028-2_1.o execute -O2 -flto -flto-partition=1to1
FAIL: gfortran.dg/lto/20091028-2 f_lto_20091028-2_0.o-f_lto_20091028-2_1.o link, -O2 -flto
UNRESOLVED: gfortran.dg/lto/20091028-2 f_lto_20091028-2_0.o-f_lto_20091028-2_1.o execute -O2 -flto
FAIL: gfortran.dg/lto/pr41069 f_lto_pr41069_0.o-f_lto_pr41069_2.o link, -O2 -flto -flto-partition=none
UNRESOLVED: gfortran.dg/lto/pr41069 f_lto_pr41069_0.o-f_lto_pr41069_2.o execute -O2 -flto -flto-partition=none
FAIL: gfortran.dg/lto/pr41069 f_lto_pr41069_0.o-f_lto_pr41069_2.o link, -O2 -flto -flto-partition=1to1
UNRESOLVED: gfortran.dg/lto/pr41069 f_lto_pr41069_0.o-f_lto_pr41069_2.o execute -O2 -flto -flto-partition=1to1
FAIL: gfortran.dg/lto/pr41069 f_lto_pr41069_0.o-f_lto_pr41069_2.o link, -O2 -flto
UNRESOLVED: gfortran.dg/lto/pr41069 f_lto_pr41069_0.o-f_lto_pr41069_2.o execute -O2 -flto
=== gfortran Summary for unix ===
# of expected passes 36965
# of unexpected failures 10
# of expected failures 44
# of unresolved testcases 9
# of unsupported tests 231
Running target unix/-m64
=== gfortran Summary for unix/-m64 ===
# of expected passes 37256
# of expected failures 42
# of unsupported tests 94
=== gfortran Summary ===
# of expected passes 74221
# of unexpected failures 10
# of expected failures 86
# of unresolved testcases 9
# of unsupported tests 325
/var/gcc/regression/trunk/11-gcc-gas/build/gcc/testsuite/gfortran/../../gfortran version 4.6.0 20101112 (experimental) [trunk revision 166657] (GCC)
=== gnat tests ===
Running target unix
FAIL: gnat.dg/lto9.adb (test for excess errors)
WARNING: gnat.dg/lto9.adb compilation failed to produce executable
FAIL: gnat.dg/null_pointer_deref2.adb execution test
FAIL: gnat.dg/stack_check1.adb execution test
FAIL: gnat.dg/stack_check2.adb execution test
=== gnat Summary for unix ===
# of expected passes 842
# of unexpected failures 4
# of expected failures 10
# of unsupported tests 6
Running target unix/-m64
FAIL: gnat.dg/null_pointer_deref2.adb execution test
FAIL: gnat.dg/stack_check1.adb execution test
FAIL: gnat.dg/stack_check2.adb execution test
=== gnat Summary for unix/-m64 ===
# of expected passes 844
# of unexpected failures 3
# of expected failures 10
# of unsupported tests 6
=== gnat Summary ===
# of expected passes 1686
# of unexpected failures 7
# of expected failures 20
# of unsupported tests 12
=== objc tests ===
Running target unix
XPASS: objc.dg-struct-layout-encoding-1/t025_main.m execution test
XPASS: objc.dg-struct-layout-encoding-1/t026_main.m execution test
XPASS: objc.dg-struct-layout-encoding-1/t027_main.m execution test
XPASS: objc.dg-struct-layout-encoding-1/t028_main.m execution test
XPASS: objc.dg-struct-layout-encoding-1/t029_main.m execution test
XPASS: objc.dg-struct-layout-encoding-1/t030_main.m execution test
XPASS: objc.dg-struct-layout-encoding-1/t031_main.m execution test
FAIL: objc.dg/torture/trivial.m -O2 -flto -flto-partition=none -fgnu-runtime (test for excess errors)
WARNING: objc.dg/torture/trivial.m -O2 -flto -flto-partition=none -fgnu-runtime compilation failed to produce executable
FAIL: objc.dg/torture/trivial.m -O2 -flto -fgnu-runtime (test for excess errors)
WARNING: objc.dg/torture/trivial.m -O2 -flto -fgnu-runtime compilation failed to produce executable
FAIL: objc.dg/torture/strings/const-str-3.m -O2 -flto -flto-partition=none -fgnu-runtime (test for excess errors)
WARNING: objc.dg/torture/strings/const-str-3.m -O2 -flto -flto-partition=none -fgnu-runtime compilation failed to produce executable
FAIL: objc.dg/torture/strings/const-str-3.m -O2 -flto -fgnu-runtime (test for excess errors)
WARNING: objc.dg/torture/strings/const-str-3.m -O2 -flto -fgnu-runtime compilation failed to produce executable
FAIL: objc.dg/torture/strings/const-str-7.m -O2 -flto -flto-partition=none -fgnu-runtime (test for excess errors)
WARNING: objc.dg/torture/strings/const-str-7.m -O2 -flto -flto-partition=none -fgnu-runtime compilation failed to produce executable
FAIL: objc.dg/torture/strings/const-str-7.m -O2 -flto -fgnu-runtime (test for excess errors)
WARNING: objc.dg/torture/strings/const-str-7.m -O2 -flto -fgnu-runtime compilation failed to produce executable
FAIL: objc.dg/torture/strings/string1.m -O2 -flto -flto-partition=none -fgnu-runtime (test for excess errors)
WARNING: objc.dg/torture/strings/string1.m -O2 -flto -flto-partition=none -fgnu-runtime compilation failed to produce executable
FAIL: objc.dg/torture/strings/string1.m -O2 -flto -fgnu-runtime (test for excess errors)
WARNING: objc.dg/torture/strings/string1.m -O2 -flto -fgnu-runtime compilation failed to produce executable
FAIL: objc.dg/torture/strings/string2.m -O2 -flto -flto-partition=none -fgnu-runtime (test for excess errors)
WARNING: objc.dg/torture/strings/string2.m -O2 -flto -flto-partition=none -fgnu-runtime compilation failed to produce executable
FAIL: objc.dg/torture/strings/string2.m -O2 -flto -fgnu-runtime (test for excess errors)
WARNING: objc.dg/torture/strings/string2.m -O2 -flto -fgnu-runtime compilation failed to produce executable
FAIL: objc.dg/torture/strings/string3.m -O2 -flto -flto-partition=none -fgnu-runtime (test for excess errors)
WARNING: objc.dg/torture/strings/string3.m -O2 -flto -flto-partition=none -fgnu-runtime compilation failed to produce executable
FAIL: objc.dg/torture/strings/string3.m -O2 -flto -fgnu-runtime (test for excess errors)
WARNING: objc.dg/torture/strings/string3.m -O2 -flto -fgnu-runtime compilation failed to produce executable
FAIL: objc.dg/torture/strings/string4.m -O2 -flto -flto-partition=none -fgnu-runtime (test for excess errors)
WARNING: objc.dg/torture/strings/string4.m -O2 -flto -flto-partition=none -fgnu-runtime compilation failed to produce executable
FAIL: objc.dg/torture/strings/string4.m -O2 -flto -fgnu-runtime (test for excess errors)
WARNING: objc.dg/torture/strings/string4.m -O2 -flto -fgnu-runtime compilation failed to produce executable
FAIL: objc.dg/torture/tls/thr-init-3.m -O2 -flto -flto-partition=none -fgnu-runtime (test for excess errors)
WARNING: objc.dg/torture/tls/thr-init-3.m -O2 -flto -flto-partition=none -fgnu-runtime compilation failed to produce executable
FAIL: objc.dg/torture/tls/thr-init-3.m -O2 -flto -fgnu-runtime (test for excess errors)
WARNING: objc.dg/torture/tls/thr-init-3.m -O2 -flto -fgnu-runtime compilation failed to produce executable
=== objc Summary for unix ===
# of expected passes 2543
# of unexpected failures 16
# of unexpected successes 7
# of expected failures 10
# of unsupported tests 74
Running target unix/-m64
XPASS: objc.dg-struct-layout-encoding-1/t025_main.m execution test
XPASS: objc.dg-struct-layout-encoding-1/t026_main.m execution test
XPASS: objc.dg-struct-layout-encoding-1/t027_main.m execution test
XPASS: objc.dg-struct-layout-encoding-1/t028_main.m execution test
XPASS: objc.dg-struct-layout-encoding-1/t029_main.m execution test
XPASS: objc.dg-struct-layout-encoding-1/t030_main.m execution test
XPASS: objc.dg-struct-layout-encoding-1/t031_main.m execution test
=== objc Summary for unix/-m64 ===
# of expected passes 2575
# of unexpected successes 7
# of expected failures 10
# of unsupported tests 74
=== objc Summary ===
# of expected passes 5118
# of unexpected failures 16
# of unexpected successes 14
# of expected failures 20
# of unsupported tests 148
/var/gcc/regression/trunk/11-gcc-gas/build/gcc/xgcc version 4.6.0 20101112 (experimental) [trunk revision 166657] (GCC)
=== libffi tests ===
Running target unix
=== libffi Summary for unix ===
# of expected passes 1634
# of expected failures 10
# of unsupported tests 15
Running target unix/-m64
=== libffi Summary for unix/-m64 ===
# of expected passes 1634
# of expected failures 10
# of unsupported tests 15
=== libffi Summary ===
# of expected passes 3268
# of expected failures 20
# of unsupported tests 30
=== libgomp tests ===
Running target unix
=== libgomp Summary for unix ===
# of expected passes 2476
# of unsupported tests 9
Running target unix/-m64
=== libgomp Summary for unix/-m64 ===
# of expected passes 2476
# of unsupported tests 9
=== libgomp Summary ===
# of expected passes 4952
# of unsupported tests 18
=== libjava tests ===
Running target unix
FAIL: TestClosureGC run
FAIL: Array_3 execution - source compiled test
FAIL: Array_3 -findirect-dispatch execution - source compiled test
FAIL: Array_3 -O3 execution - source compiled test
FAIL: Array_3 -O3 -findirect-dispatch execution - source compiled test
FAIL: Invoke_1 execution - source compiled test
FAIL: Invoke_1 -findirect-dispatch execution - source compiled test
FAIL: Invoke_1 -O3 execution - source compiled test
FAIL: Invoke_1 -O3 -findirect-dispatch execution - source compiled test
FAIL: PR218 execution - source compiled test
FAIL: PR218 -O3 execution - source compiled test
FAIL: StackTrace2 execution - source compiled test
FAIL: StackTrace2 -findirect-dispatch execution - source compiled test
FAIL: StackTrace2 -O3 execution - source compiled test
FAIL: StackTrace2 -O3 -findirect-dispatch execution - source compiled test
FAIL: Throw_2 execution - source compiled test
FAIL: Throw_2 -findirect-dispatch execution - source compiled test
FAIL: Throw_2 -O3 execution - source compiled test
FAIL: Throw_2 -O3 -findirect-dispatch execution - source compiled test
FAIL: Throw_3 execution - source compiled test
FAIL: Throw_3 -findirect-dispatch execution - source compiled test
FAIL: Throw_3 -O3 execution - source compiled test
FAIL: Throw_3 -O3 -findirect-dispatch execution - source compiled test
FAIL: pr83 -findirect-dispatch execution - source compiled test
FAIL: pr83 -O3 -findirect-dispatch execution - source compiled test
=== libjava Summary for unix ===
# of expected passes 2525
# of unexpected failures 25
# of untested testcases 25
Running target unix/-m64
FAIL: TestClosureGC run
FAIL: Array_3 execution - source compiled test
FAIL: Array_3 -findirect-dispatch execution - source compiled test
FAIL: Array_3 -O3 execution - source compiled test
FAIL: Array_3 -O3 -findirect-dispatch execution - source compiled test
FAIL: Invoke_1 execution - source compiled test
FAIL: Invoke_1 -findirect-dispatch execution - source compiled test
FAIL: Invoke_1 -O3 execution - source compiled test
FAIL: Invoke_1 -O3 -findirect-dispatch execution - source compiled test
FAIL: PR218 execution - source compiled test
FAIL: PR218 -O3 execution - source compiled test
FAIL: StackTrace2 execution - source compiled test
FAIL: StackTrace2 -findirect-dispatch execution - source compiled test
FAIL: StackTrace2 -O3 execution - source compiled test
FAIL: StackTrace2 -O3 -findirect-dispatch execution - source compiled test
FAIL: Throw_2 execution - source compiled test
FAIL: Throw_2 -findirect-dispatch execution - source compiled test
FAIL: Throw_2 -O3 execution - source compiled test
FAIL: Throw_2 -O3 -findirect-dispatch execution - source compiled test
FAIL: Throw_3 execution - source compiled test
FAIL: Throw_3 -findirect-dispatch execution - source compiled test
FAIL: Throw_3 -O3 execution - source compiled test
FAIL: Throw_3 -O3 -findirect-dispatch execution - source compiled test
FAIL: pr83 -findirect-dispatch execution - source compiled test
FAIL: pr83 -O3 -findirect-dispatch execution - source compiled test
=== libjava Summary for unix/-m64 ===
# of expected passes 2525
# of unexpected failures 25
# of untested testcases 25
=== libjava Summary ===
# of expected passes 5050
# of unexpected failures 50
# of untested testcases 50
=== libstdc++ tests ===
Running target unix
FAIL: libstdc++-abi/abi_check
=== libstdc++ Summary for unix ===
# of expected passes 7261
# of unexpected failures 1
# of expected failures 84
# of unsupported tests 452
Running target unix/-m64
FAIL: libstdc++-abi/abi_check
=== libstdc++ Summary for unix/-m64 ===
# of expected passes 7261
# of unexpected failures 1
# of expected failures 84
# of unsupported tests 452
=== libstdc++ Summary ===
# of expected passes 14522
# of unexpected failures 2
# of expected failures 168
# of unsupported tests 904
Compiler version: 4.6.0 20101112 (experimental) [trunk revision 166657] (GCC)
Platform: sparc-sun-solaris2.11
configure flags: --prefix=/vol/gcc --target=sparc-sun-solaris2.11 --with-as=/usr/sfw/bin/gas --with-gnu-as --with-gmp=/vol/gcc --with-mpfr=/vol/gcc --with-mpc=/vol/gcc --enable-languages=all,ada
BOOT_CFLAGS=-g -O2