This is the mail archive of the
gcc-testresults@gcc.gnu.org
mailing list for the GCC project.
Results for 4.6.0 20101112 (experimental) [trunk revision 166657] (GCC) testsuite on sparc-sun-solaris2.8
- From: Rainer Orth <ro at CeBiTec dot Uni-Bielefeld dot DE>
- To: gcc-testresults at gcc dot gnu dot org
- Date: Mon, 15 Nov 2010 19:42:09 +0100 (MET)
- Subject: Results for 4.6.0 20101112 (experimental) [trunk revision 166657] (GCC) testsuite on sparc-sun-solaris2.8
LAST_UPDATED: Fri Nov 12 17:06:00 UTC 2010 (revision 166657)
=== acats tests ===
=== acats Summary ===
# of expected passes 2321
# of unexpected failures 0
Native configuration is sparc-sun-solaris2.8
=== g++ tests ===
Running target unix
WARNING: program timed out.
FAIL: g++.dg/torture/pr34850.C -O0 (test for excess errors)
FAIL: g++.dg/torture/pr34850.C -O1 (test for excess errors)
FAIL: g++.dg/torture/pr34850.C -O2 (test for excess errors)
FAIL: g++.dg/torture/pr34850.C -O3 -fomit-frame-pointer (test for excess errors)
FAIL: g++.dg/torture/pr34850.C -O3 -g (test for excess errors)
FAIL: g++.dg/torture/pr34850.C -Os (test for excess errors)
FAIL: g++.dg/torture/pr34850.C -O2 -flto -flto-partition=none (test for excess errors)
FAIL: g++.dg/torture/pr34850.C -O2 -flto (test for excess errors)
=== g++ Summary for unix ===
# of expected passes 24868
# of unexpected failures 8
# of expected failures 158
# of unsupported tests 418
Running target unix/-m64
FAIL: g++.dg/torture/pr34850.C -O0 (test for excess errors)
FAIL: g++.dg/torture/pr34850.C -O1 (test for excess errors)
FAIL: g++.dg/torture/pr34850.C -O2 (test for excess errors)
FAIL: g++.dg/torture/pr34850.C -O3 -fomit-frame-pointer (test for excess errors)
FAIL: g++.dg/torture/pr34850.C -O3 -g (test for excess errors)
FAIL: g++.dg/torture/pr34850.C -Os (test for excess errors)
FAIL: g++.dg/torture/pr34850.C -O2 -flto -flto-partition=none (test for excess errors)
FAIL: g++.dg/torture/pr34850.C -O2 -flto (test for excess errors)
=== g++ Summary for unix/-m64 ===
# of expected passes 25480
# of unexpected failures 8
# of expected failures 158
# of unsupported tests 415
=== g++ Summary ===
# of expected passes 50348
# of unexpected failures 16
# of expected failures 316
# of unsupported tests 833
/var/gcc/regression/trunk/8-gcc-gas/build/gcc/testsuite/g++/../../g++ version 4.6.0 20101112 (experimental) [trunk revision 166657] (GCC)
=== gcc tests ===
Running target unix
FAIL: gcc.c-torture/execute/20040709-2.c execution, -O1
FAIL: gcc.c-torture/execute/20040709-2.c execution, -Os
WARNING: program timed out.
FAIL: gcc.dg/pr28796-2.c execution test
FAIL: gcc.dg/lto/20081201-2 c_lto_20081201-2_0.o-c_lto_20081201-2_1.o execute -O3 -flto -flto-partition=1to1
FAIL: gcc.dg/lto/ipareference2 c_lto_ipareference2_0.o-c_lto_ipareference2_1.o execute -O1 -flto -flto-partition=1to1 -fwhole-program
XPASS: gcc.dg/tree-ssa/20040204-1.c scan-tree-dump-times optimized "link_error" 0
FAIL: gcc.dg/vect/pr46009.c scan-tree-dump-times vect "vectorized 1 loops" 2
XPASS: gcc.dg/vect/vect-peel-1.c scan-tree-dump-times vect "vectorized 1 loops" 2
XPASS: gcc.dg/vect/vect-peel-1.c scan-tree-dump-times vect "Alignment of access forced using peeling" 1
XPASS: gcc.dg/vect/vect-peel-2.c scan-tree-dump-times vect "vectorized 1 loops" 2
FAIL: gcc.dg/vect/vect-peel-3.c scan-tree-dump-times vect "vectorized 1 loops" 2
XPASS: gcc.dg/vect/vect-vfa-slp.c scan-tree-dump-times vect "vectorized 1 loops" 1
XPASS: gcc.dg/vect/slp-23.c scan-tree-dump-times vect "vectorizing stmts using SLP" 1
XPASS: gcc.dg/vect/slp-35.c scan-tree-dump-times vect "vectorized 1 loops" 1
XPASS: gcc.dg/vect/slp-35.c scan-tree-dump-times vect "vectorizing stmts using SLP" 1
FAIL: gcc.dg/vect/slp-multitypes-2.c execution test
FAIL: gcc.dg/vect/slp-reduc-3.c scan-tree-dump-times vect "vectorizing stmts using SLP" 1
FAIL: gcc.dg/vect/slp-reduc-6.c scan-tree-dump-times vect "vectorized 1 loops" 2
FAIL: gcc.dg/vect/no-section-anchors-vect-64.c scan-tree-dump-times vect "Alignment of access forced using peeling" 2
XPASS: gcc.dg/vect/no-tree-pre-slp-29.c scan-tree-dump-times vect "vectorized 1 loops" 2
XPASS: gcc.dg/vect/no-tree-pre-slp-29.c scan-tree-dump-times vect "vectorizing stmts using SLP" 2
=== gcc Summary for unix ===
# of expected passes 68311
# of unexpected failures 11
# of unexpected successes 10
# of expected failures 226
# of unsupported tests 1178
Running target unix/-m64
FAIL: gcc.c-torture/execute/20040709-2.c execution, -O1
FAIL: gcc.c-torture/execute/20040709-2.c execution, -Os
FAIL: gcc.dg/cpp/trad/include.c (internal compiler error)
FAIL: gcc.dg/cpp/trad/include.c (test for excess errors)
WARNING: program timed out.
FAIL: gcc.dg/pr28796-2.c execution test
FAIL: gcc.dg/lto/20081201-2 c_lto_20081201-2_0.o-c_lto_20081201-2_1.o execute -O3 -flto -flto-partition=1to1
FAIL: gcc.dg/lto/ipareference2 c_lto_ipareference2_0.o-c_lto_ipareference2_1.o execute -O1 -flto -flto-partition=1to1 -fwhole-program
XPASS: gcc.dg/tree-ssa/20040204-1.c scan-tree-dump-times optimized "link_error" 0
FAIL: gcc.dg/tree-ssa/pr14814.c scan-tree-dump-times forwprop2 "&" 0
XPASS: gcc.dg/vect/pr33804.c scan-tree-dump-times vect "vectorized 1 loops" 1
XPASS: gcc.dg/vect/pr33804.c scan-tree-dump-times vect "vectorizing stmts using SLP" 1
FAIL: gcc.dg/vect/pr46009.c scan-tree-dump-times vect "vectorized 1 loops" 2
XPASS: gcc.dg/vect/vect-peel-1.c scan-tree-dump-times vect "vectorized 1 loops" 2
XPASS: gcc.dg/vect/vect-peel-1.c scan-tree-dump-times vect "Alignment of access forced using peeling" 1
XPASS: gcc.dg/vect/vect-peel-2.c scan-tree-dump-times vect "vectorized 1 loops" 2
FAIL: gcc.dg/vect/vect-peel-3.c scan-tree-dump-times vect "vectorized 1 loops" 2
XPASS: gcc.dg/vect/vect-vfa-slp.c scan-tree-dump-times vect "vectorized 1 loops" 1
XPASS: gcc.dg/vect/slp-23.c scan-tree-dump-times vect "vectorizing stmts using SLP" 1
XPASS: gcc.dg/vect/slp-24.c scan-tree-dump-times vect "vectorized 1 loops" 1
XPASS: gcc.dg/vect/slp-24.c scan-tree-dump-times vect "vectorizing stmts using SLP" 2
XPASS: gcc.dg/vect/slp-35.c scan-tree-dump-times vect "vectorized 1 loops" 1
XPASS: gcc.dg/vect/slp-35.c scan-tree-dump-times vect "vectorizing stmts using SLP" 1
FAIL: gcc.dg/vect/slp-reduc-3.c scan-tree-dump-times vect "vectorizing stmts using SLP" 1
FAIL: gcc.dg/vect/slp-reduc-6.c scan-tree-dump-times vect "vectorized 1 loops" 2
FAIL: gcc.dg/vect/no-section-anchors-vect-64.c scan-tree-dump-times vect "Alignment of access forced using peeling" 2
XPASS: gcc.dg/vect/no-tree-pre-slp-29.c scan-tree-dump-times vect "vectorized 1 loops" 2
XPASS: gcc.dg/vect/no-tree-pre-slp-29.c scan-tree-dump-times vect "vectorizing stmts using SLP" 2
=== gcc Summary for unix/-m64 ===
# of expected passes 68927
# of unexpected failures 13
# of unexpected successes 14
# of expected failures 218
# of unsupported tests 1182
=== gcc Summary ===
# of expected passes 137238
# of unexpected failures 24
# of unexpected successes 24
# of expected failures 444
# of unsupported tests 2360
/var/gcc/regression/trunk/8-gcc-gas/build/gcc/xgcc version 4.6.0 20101112 (experimental) [trunk revision 166657] (GCC)
=== gfortran tests ===
Running target unix
FAIL: gfortran.dg/array_constructor_33.f90 -O (test for excess errors)
WARNING: program timed out.
=== gfortran Summary for unix ===
# of expected passes 36693
# of unexpected failures 1
# of expected failures 44
# of unsupported tests 368
Running target unix/-m64
FAIL: gfortran.dg/array_constructor_33.f90 -O (test for excess errors)
WARNING: program timed out.
=== gfortran Summary for unix/-m64 ===
# of expected passes 36942
# of unexpected failures 1
# of expected failures 42
# of unsupported tests 247
=== gfortran Summary ===
# of expected passes 73635
# of unexpected failures 2
# of expected failures 86
# of unsupported tests 615
/var/gcc/regression/trunk/8-gcc-gas/build/gcc/testsuite/gfortran/../../gfortran version 4.6.0 20101112 (experimental) [trunk revision 166657] (GCC)
=== gnat tests ===
Running target unix
=== gnat Summary for unix ===
# of expected passes 849
# of expected failures 10
# of unsupported tests 5
Running target unix/-m64
=== gnat Summary for unix/-m64 ===
# of expected passes 849
# of expected failures 10
# of unsupported tests 5
=== gnat Summary ===
# of expected passes 1698
# of expected failures 20
# of unsupported tests 10
=== objc tests ===
Running target unix
XPASS: objc.dg-struct-layout-encoding-1/t025_main.m execution test
XPASS: objc.dg-struct-layout-encoding-1/t026_main.m execution test
XPASS: objc.dg-struct-layout-encoding-1/t027_main.m execution test
XPASS: objc.dg-struct-layout-encoding-1/t028_main.m execution test
XPASS: objc.dg-struct-layout-encoding-1/t029_main.m execution test
XPASS: objc.dg-struct-layout-encoding-1/t030_main.m execution test
XPASS: objc.dg-struct-layout-encoding-1/t031_main.m execution test
=== objc Summary for unix ===
# of expected passes 2527
# of unexpected successes 7
# of expected failures 10
# of unsupported tests 98
Running target unix/-m64
XPASS: objc.dg-struct-layout-encoding-1/t025_main.m execution test
XPASS: objc.dg-struct-layout-encoding-1/t026_main.m execution test
XPASS: objc.dg-struct-layout-encoding-1/t027_main.m execution test
XPASS: objc.dg-struct-layout-encoding-1/t028_main.m execution test
XPASS: objc.dg-struct-layout-encoding-1/t029_main.m execution test
XPASS: objc.dg-struct-layout-encoding-1/t030_main.m execution test
XPASS: objc.dg-struct-layout-encoding-1/t031_main.m execution test
=== objc Summary for unix/-m64 ===
# of expected passes 2527
# of unexpected successes 7
# of expected failures 10
# of unsupported tests 98
=== objc Summary ===
# of expected passes 5054
# of unexpected successes 14
# of expected failures 20
# of unsupported tests 196
/var/gcc/regression/trunk/8-gcc-gas/build/gcc/xgcc version 4.6.0 20101112 (experimental) [trunk revision 166657] (GCC)
=== libffi tests ===
Running target unix
=== libffi Summary for unix ===
# of expected passes 1634
# of expected failures 10
# of unsupported tests 15
Running target unix/-m64
=== libffi Summary for unix/-m64 ===
# of expected passes 1634
# of expected failures 10
# of unsupported tests 15
=== libffi Summary ===
# of expected passes 3268
# of expected failures 20
# of unsupported tests 30
=== libgomp tests ===
Running target unix
=== libgomp Summary for unix ===
# of expected passes 2476
# of unsupported tests 9
Running target unix/-m64
=== libgomp Summary for unix/-m64 ===
# of expected passes 2476
# of unsupported tests 9
=== libgomp Summary ===
# of expected passes 4952
# of unsupported tests 18
=== libjava tests ===
Running target unix
=== libjava Summary for unix ===
# of expected passes 2574
Running target unix/-m64
=== libjava Summary for unix/-m64 ===
# of expected passes 2574
=== libjava Summary ===
# of expected passes 5148
=== libstdc++ tests ===
Running target unix
FAIL: libstdc++-abi/abi_check
=== libstdc++ Summary for unix ===
# of expected passes 6783
# of unexpected failures 1
# of expected failures 86
# of unsupported tests 713
Running target unix/-m64
FAIL: libstdc++-abi/abi_check
=== libstdc++ Summary for unix/-m64 ===
# of expected passes 6783
# of unexpected failures 1
# of expected failures 86
# of unsupported tests 713
=== libstdc++ Summary ===
# of expected passes 13566
# of unexpected failures 2
# of expected failures 172
# of unsupported tests 1426
Compiler version: 4.6.0 20101112 (experimental) [trunk revision 166657] (GCC)
Platform: sparc-sun-solaris2.8
configure flags: --prefix=/vol/gcc --target=sparc-sun-solaris2.8 --with-as=/vol/gcc/bin/gas-2.20.1 --with-gnu-as --with-gmp=/vol/gcc --with-mpfr=/vol/gcc --with-mpc=/vol/gcc --enable-languages=all,ada
BOOT_CFLAGS=-g -O2