This is the mail archive of the
gcc-testresults@gcc.gnu.org
mailing list for the GCC project.
Results for 4.6.0 20101113 (experimental) (GCC) testsuite on powerpc64-unknown-linux-gnu
- From: Mikael Pettersson <mikpe at it dot uu dot se>
- To: gcc-testresults at gcc dot gnu dot org
- Date: Mon, 15 Nov 2010 11:10:50 +0100
- Subject: Results for 4.6.0 20101113 (experimental) (GCC) testsuite on powerpc64-unknown-linux-gnu
LAST_UPDATED: Obtained from SVN: trunk revision 166720
Native configuration is powerpc64-unknown-linux-gnu
=== g++ tests ===
Running target unix
WARNING: program timed out.
FAIL: g++.dg/bprob/g++-bprob-2.C execution, -Os -fprofile-use
FAIL: g++.dg/template/char1.C (test for warnings, line 4)
FAIL: g++.dg/torture/pr34850.C -O0 (test for excess errors)
FAIL: g++.dg/torture/pr34850.C -O1 (test for excess errors)
FAIL: g++.dg/torture/pr34850.C -O2 (test for excess errors)
FAIL: g++.dg/torture/pr34850.C -O3 -fomit-frame-pointer (test for excess errors)
FAIL: g++.dg/torture/pr34850.C -O3 -g (test for excess errors)
FAIL: g++.dg/torture/pr34850.C -Os (test for excess errors)
=== g++ Summary ===
# of expected passes 23990
# of unexpected failures 8
# of expected failures 154
# of unsupported tests 309
/mnt/archive/objdir46/gcc/testsuite/g++/../../g++ version 4.6.0 20101113 (experimental) (GCC)
=== gcc tests ===
Running target unix
FAIL: gcc.c-torture/compile/limits-exprparen.c -O0 (internal compiler error)
FAIL: gcc.c-torture/compile/limits-exprparen.c -O0 (test for excess errors)
FAIL: gcc.c-torture/compile/limits-exprparen.c -O1 (internal compiler error)
FAIL: gcc.c-torture/compile/limits-exprparen.c -O1 (test for excess errors)
FAIL: gcc.c-torture/compile/limits-exprparen.c -O2 (internal compiler error)
FAIL: gcc.c-torture/compile/limits-exprparen.c -O2 (test for excess errors)
FAIL: gcc.c-torture/compile/limits-exprparen.c -O3 -fomit-frame-pointer (internal compiler error)
FAIL: gcc.c-torture/compile/limits-exprparen.c -O3 -fomit-frame-pointer (test for excess errors)
FAIL: gcc.c-torture/compile/limits-exprparen.c -O3 -g (internal compiler error)
FAIL: gcc.c-torture/compile/limits-exprparen.c -O3 -g (test for excess errors)
FAIL: gcc.c-torture/compile/limits-exprparen.c -Os (internal compiler error)
FAIL: gcc.c-torture/compile/limits-exprparen.c -Os (test for excess errors)
FAIL: gcc.dg/compat/vector-1 c_compat_x_tst.o-c_compat_y_tst.o execute
FAIL: gcc.dg/compat/vector-2 c_compat_x_tst.o-c_compat_y_tst.o execute
FAIL: tmpdir-gcc.dg-struct-layout-1/t025 c_compat_x_tst.o-c_compat_y_tst.o execute
FAIL: tmpdir-gcc.dg-struct-layout-1/t027 c_compat_x_tst.o-c_compat_y_tst.o execute
FAIL: tmpdir-gcc.dg-struct-layout-1/t028 c_compat_x_tst.o-c_compat_y_tst.o execute
FAIL: gcc.dg/cpp/direct2.c (test for excess errors)
FAIL: gcc.dg/cpp/direct2s.c (test for excess errors)
FAIL: gcc.dg/dfp/constants-c99.c (test for excess errors)
FAIL: gcc.dg/dfp/keywords-c99.c (test for excess errors)
FAIL: gcc.dg/and-1.c scan-assembler-not nand
FAIL: gcc.dg/cproj-fails-with-broken-glibc.c execution test
FAIL: gcc.dg/pr35746.c (test for excess errors)
FAIL: gcc.dg/sms-2.c scan-rtl-dump-times sms "SMS succeeded" 1
FAIL: gcc.dg/sms-4.c scan-rtl-dump-times sms "SMS succeeded" 1
FAIL: gcc.dg/sms-5.c scan-rtl-dump-times sms "SMS succeeded" 1
FAIL: gcc.dg/sms-6.c scan-rtl-dump-times sms "SMS succeeded" 3
FAIL: gcc.dg/sms-7.c scan-rtl-dump-times sms "SMS succeeded" 3
FAIL: gcc.dg/sms-8.c scan-rtl-dump-times sms "SMS succeeded" 1
FAIL: c-c++-common/raw-string-8.c -Wc++-compat (test for excess errors)
FAIL: gcc.dg/gomp/pr34607.c (test for excess errors)
FAIL: gcc.dg/torture/builtin-attr-1.c -O0 (test for excess errors)
FAIL: gcc.dg/torture/builtin-math-2.c -O0 scan-tree-dump-times original "fma " 3
FAIL: gcc.dg/torture/builtin-math-2.c -O0 scan-tree-dump-times original "fmaf" 3
FAIL: gcc.dg/torture/builtin-math-2.c -O1 scan-tree-dump-times original "fma " 3
FAIL: gcc.dg/torture/builtin-math-2.c -O1 scan-tree-dump-times original "fmaf" 3
FAIL: gcc.dg/torture/builtin-math-2.c -O2 scan-tree-dump-times original "fma " 3
FAIL: gcc.dg/torture/builtin-math-2.c -O2 scan-tree-dump-times original "fmaf" 3
FAIL: gcc.dg/torture/builtin-math-2.c -O3 -fomit-frame-pointer scan-tree-dump-times original "fma " 3
FAIL: gcc.dg/torture/builtin-math-2.c -O3 -fomit-frame-pointer scan-tree-dump-times original "fmaf" 3
FAIL: gcc.dg/torture/builtin-math-2.c -O3 -fomit-frame-pointer -funroll-loops scan-tree-dump-times original "fma " 3
FAIL: gcc.dg/torture/builtin-math-2.c -O3 -fomit-frame-pointer -funroll-loops scan-tree-dump-times original "fmaf" 3
FAIL: gcc.dg/torture/builtin-math-2.c -O3 -fomit-frame-pointer -funroll-all-loops -finline-functions scan-tree-dump-times original "fma " 3
FAIL: gcc.dg/torture/builtin-math-2.c -O3 -fomit-frame-pointer -funroll-all-loops -finline-functions scan-tree-dump-times original "fmaf" 3
FAIL: gcc.dg/torture/builtin-math-2.c -O3 -g scan-tree-dump-times original "fma " 3
FAIL: gcc.dg/torture/builtin-math-2.c -O3 -g scan-tree-dump-times original "fmaf" 3
FAIL: gcc.dg/torture/builtin-math-2.c -Os scan-tree-dump-times original "fma " 3
FAIL: gcc.dg/torture/builtin-math-2.c -Os scan-tree-dump-times original "fmaf" 3
FAIL: gcc.dg/torture/va-arg-25.c -O0 (test for excess errors)
FAIL: gcc.dg/torture/va-arg-25.c -O1 (test for excess errors)
FAIL: gcc.dg/torture/va-arg-25.c -O2 (test for excess errors)
FAIL: gcc.dg/torture/va-arg-25.c -O3 -fomit-frame-pointer (test for excess errors)
FAIL: gcc.dg/torture/va-arg-25.c -O3 -g (test for excess errors)
FAIL: gcc.dg/torture/va-arg-25.c -Os (test for excess errors)
FAIL: gcc.dg/torture/vector-1.c -O0 (test for excess errors)
FAIL: gcc.dg/torture/vector-1.c -O1 (test for excess errors)
FAIL: gcc.dg/torture/vector-1.c -O2 (test for excess errors)
FAIL: gcc.dg/torture/vector-1.c -O3 -fomit-frame-pointer (test for excess errors)
FAIL: gcc.dg/torture/vector-1.c -O3 -g (test for excess errors)
FAIL: gcc.dg/torture/vector-1.c -Os (test for excess errors)
FAIL: gcc.dg/torture/vector-2.c -O0 (test for excess errors)
FAIL: gcc.dg/torture/vector-2.c -O1 (test for excess errors)
FAIL: gcc.dg/torture/vector-2.c -O2 (test for excess errors)
FAIL: gcc.dg/torture/vector-2.c -O3 -fomit-frame-pointer (test for excess errors)
FAIL: gcc.dg/torture/vector-2.c -O3 -g (test for excess errors)
FAIL: gcc.dg/torture/vector-2.c -Os (test for excess errors)
FAIL: gcc.dg/torture/vector-shift2.c -O0 execution test
FAIL: gcc.dg/torture/vector-shift2.c -O1 execution test
FAIL: gcc.dg/torture/vector-shift2.c -O2 execution test
FAIL: gcc.dg/torture/vector-shift2.c -O3 -fomit-frame-pointer execution test
FAIL: gcc.dg/torture/vector-shift2.c -O3 -g execution test
FAIL: gcc.dg/torture/vector-shift2.c -Os execution test
FAIL: gcc.dg/tree-ssa/foldconst-2.c scan-tree-dump-not optimized "fundamentals.0"
FAIL: gcc.dg/tree-ssa/vrp47.c scan-tree-dump-times vrp1 "[xy][^ ]* !=" 0
FAIL: gcc.dg/tree-ssa/vrp47.c scan-tree-dump-times dom1 "x[^ ]* & y" 1
XPASS: gcc.dg/vect/costmodel/ppc/costmodel-vect-outer-fir.c scan-tree-dump-times vect "OUTER LOOP VECTORIZED" 2
FAIL: gcc.dg/vect/costmodel/ppc/costmodel-vect-outer-fir.c scan-tree-dump-times vect "OUTER LOOP VECTORIZED" 1
FAIL: gcc.dg/vect/pr43430-2.c scan-tree-dump-times vect "vectorized 1 loops" 1
FAIL: gcc.dg/vect/pr43432.c scan-tree-dump-times vect "vectorized 1 loops" 1
FAIL: gcc.dg/vect/vect-114.c scan-tree-dump-times vect "vectorized 1 loops" 1
FAIL: gcc.dg/vect/vect-15.c scan-tree-dump-times vect "vectorized 1 loops" 1
FAIL: gcc.dg/vect/vect-scal-opt.c scan-tree-dump-times veclower ">> k.[0-9_]*" 1
FAIL: gcc.dg/vect/vect-scal-opt1.c scan-tree-dump-times veclower ">> 2" 1
FAIL: gcc.dg/vect/vect-scal-opt2.c scan-tree-dump-times veclower ">> 2" 1
FAIL: gcc.target/powerpc/405-dlmzb-strlen-1.c scan-assembler dlmzb\\\\.
FAIL: gcc.target/powerpc/440-dlmzb-strlen-1.c scan-assembler dlmzb\\\\.
FAIL: gcc.target/powerpc/ppc-fma-1.c scan-assembler-times xvmadd 4
FAIL: gcc.target/powerpc/ppc-fma-1.c scan-assembler-times xsmadd 2
FAIL: gcc.target/powerpc/ppc-fma-1.c scan-assembler-times fmadds 2
FAIL: gcc.target/powerpc/ppc-fma-1.c scan-assembler-times xvmsub 2
FAIL: gcc.target/powerpc/ppc-fma-1.c scan-assembler-times xsmsub 1
FAIL: gcc.target/powerpc/ppc-fma-1.c scan-assembler-times fmsubs 1
FAIL: gcc.target/powerpc/ppc-fma-1.c scan-assembler-times xvnmadd 2
FAIL: gcc.target/powerpc/ppc-fma-1.c scan-assembler-times xsnmadd 1
FAIL: gcc.target/powerpc/ppc-fma-1.c scan-assembler-times fnmadds 1
FAIL: gcc.target/powerpc/ppc-fma-1.c scan-assembler-times xvnmsub 2
FAIL: gcc.target/powerpc/ppc-fma-1.c scan-assembler-times xsnmsub 1
FAIL: gcc.target/powerpc/ppc-fma-1.c scan-assembler-times fnmsubs 1
FAIL: gcc.target/powerpc/ppc-fma-2.c scan-assembler-times xvmadd 2
FAIL: gcc.target/powerpc/ppc-fma-2.c scan-assembler-times xsmadd 1
FAIL: gcc.target/powerpc/ppc-fma-2.c scan-assembler-times fmadds 1
FAIL: gcc.target/powerpc/ppc-fma-2.c scan-assembler-times xvmsub 2
FAIL: gcc.target/powerpc/ppc-fma-2.c scan-assembler-times xsmsub 1
FAIL: gcc.target/powerpc/ppc-fma-2.c scan-assembler-times fmsubs 1
FAIL: gcc.target/powerpc/ppc-fma-2.c scan-assembler-times xvnmadd 2
FAIL: gcc.target/powerpc/ppc-fma-2.c scan-assembler-times xsnmadd 1
FAIL: gcc.target/powerpc/ppc-fma-2.c scan-assembler-times fnmadds 1
FAIL: gcc.target/powerpc/ppc-fma-2.c scan-assembler-times xvnmsub 2
FAIL: gcc.target/powerpc/ppc-fma-2.c scan-assembler-times xsnmsub 1
FAIL: gcc.target/powerpc/ppc-fma-2.c scan-assembler-times fnmsubs 1
FAIL: gcc.target/powerpc/ppc-fma-3.c scan-assembler-times vmaddfp 2
FAIL: gcc.target/powerpc/ppc-fma-3.c scan-assembler-times fmadds 2
FAIL: gcc.target/powerpc/ppc-fma-4.c scan-assembler-times vmaddfp 1
FAIL: gcc.target/powerpc/ppc-fma-4.c scan-assembler-times fmadd 1
FAIL: gcc.target/powerpc/ppc-fma-4.c scan-assembler-times fmadds 1
FAIL: gcc.target/powerpc/ppc-fmadd-1.c scan-assembler-not f(add|sub|mul|neg)
FAIL: gcc.target/powerpc/ppc-vector-memcpy.c scan-assembler lvx
=== gcc Summary ===
# of expected passes 61069
# of unexpected failures 117
# of unexpected successes 1
# of expected failures 183
# of unsupported tests 902
/mnt/archive/objdir46/gcc/xgcc version 4.6.0 20101113 (experimental) (GCC)
=== gfortran tests ===
Running target unix
XPASS: gfortran.dg/nint_2.f90 -O0 execution test
=== gfortran Summary ===
# of expected passes 36821
# of unexpected successes 1
# of expected failures 66
# of unsupported tests 202
/mnt/archive/objdir46/gcc/testsuite/gfortran/../../gfortran version 4.6.0 20101113 (experimental) (GCC)
=== obj-c++ tests ===
Running target unix
WARNING: obj-c++.dg/try-catch-2.mm -fgnu-runtime compilation failed to produce executable
WARNING: obj-c++.dg/try-catch-9.mm -fgnu-runtime compilation failed to produce executable
FAIL: obj-c++.dg/property/at-property-2.mm -fgnu-runtime (test for errors, line 12)
=== obj-c++ Summary ===
# of expected passes 982
# of unexpected failures 1
# of expected failures 2
# of unsupported tests 68
/mnt/archive/objdir46/gcc/testsuite/obj-c++/../../g++ version 4.6.0 20101113 (experimental) (GCC)
=== objc tests ===
Running target unix
FAIL: objc.dg/foreach-1.m -fgnu-runtime (test for excess errors)
WARNING: objc.dg/foreach-1.m -fgnu-runtime compilation failed to produce executable
FAIL: objc.dg/foreach-2.m -fgnu-runtime (test for excess errors)
WARNING: objc.dg/foreach-2.m -fgnu-runtime compilation failed to produce executable
FAIL: objc.dg/foreach-3.m -fgnu-runtime (test for excess errors)
FAIL: objc.dg/foreach-6.m -fgnu-runtime (test for errors, line 36)
FAIL: objc.dg/foreach-6.m -fgnu-runtime (test for errors, line 52)
FAIL: objc.dg/foreach-6.m -fgnu-runtime (test for errors, line 55)
FAIL: objc.dg/foreach-6.m -fgnu-runtime (test for errors, line 58)
FAIL: objc.dg/foreach-6.m -fgnu-runtime (test for excess errors)
FAIL: objc.dg/objc-foreach-2.m -fgnu-runtime (test for excess errors)
XPASS: objc.dg-struct-layout-encoding-1/t025_main.m execution test
XPASS: objc.dg-struct-layout-encoding-1/t026_main.m execution test
XPASS: objc.dg-struct-layout-encoding-1/t027_main.m execution test
XPASS: objc.dg-struct-layout-encoding-1/t028_main.m execution test
XPASS: objc.dg-struct-layout-encoding-1/t029_main.m execution test
XPASS: objc.dg-struct-layout-encoding-1/t030_main.m execution test
XPASS: objc.dg-struct-layout-encoding-1/t031_main.m execution test
=== objc Summary ===
# of expected passes 2502
# of unexpected failures 9
# of unexpected successes 7
# of expected failures 8
# of unsupported tests 62
/mnt/archive/objdir46/gcc/xgcc version 4.6.0 20101113 (experimental) (GCC)
=== libffi tests ===
Running target unix
=== libffi Summary ===
# of expected passes 1634
# of expected failures 10
# of unsupported tests 15
=== libgomp tests ===
Running target unix
=== libgomp Summary ===
# of expected passes 2494
=== libjava tests ===
Running target unix
=== libjava Summary ===
# of expected passes 2574
=== libstdc++ tests ===
Running target unix
FAIL: libstdc++-abi/abi_check
=== libstdc++ Summary ===
# of expected passes 8164
# of unexpected failures 1
# of expected failures 86
# of unsupported tests 100
Compiler version: 4.6.0 20101113 (experimental) (GCC)
Platform: powerpc64-unknown-linux-gnu
configure flags: --with-gmp=/home/mikpe/pkgs/linux-ppc64/gmp-4.3.2 --with-mpfr=/home/mikpe/pkgs/linux-ppc64/mpfr-2.4.2 --with-mpc=/home/mikpe/pkgs/linux-ppc64/mpc-0.8.2 --disable-plugin --disable-lto --disable-nls --enable-multilib --enable-threads=posix --with-cpu=default32 --enable-checking=release --disable-libmudflap --enable-languages=c,c++,objc,obj-c++,java,fortran
BOOT_CFLAGS=-g -O2
** LOCAL PATCHES APPLIED **
gcc46-pr46474.patch: Richard Guenther's proposed fix for PR bootstrap/46474 on powerpc64