This is the mail archive of the
gcc-testresults@gcc.gnu.org
mailing list for the GCC project.
Results for 4.6.0 20101109 (experimental) [trunk revision 166465] (GCC) testsuite on powerpc-ibm-aix5.3.0.0
- From: David Edelsohn <dje at watson dot ibm dot com>
- To: gcc-testresults at gcc dot gnu dot org
- Date: Tue, 09 Nov 2010 22:08:03 -0500
- Subject: Results for 4.6.0 20101109 (experimental) [trunk revision 166465] (GCC) testsuite on powerpc-ibm-aix5.3.0.0
LAST_UPDATED: Tue Nov 9 00:41:38 UTC 2010 (revision 166465)
Native configuration is powerpc-ibm-aix5.3.0.0
=== g++ tests ===
Running target unix
FAIL: tmpdir-g++.dg-struct-layout-1/t024 cp_compat_x_tst.o-cp_compat_y_tst.o execute
FAIL: tmpdir-g++.dg-struct-layout-1/t026 cp_compat_x_tst.o-cp_compat_y_tst.o execute
FAIL: tmpdir-g++.dg-struct-layout-1/t027 cp_compat_x_tst.o-cp_compat_y_tst.o execute
FAIL: tmpdir-g++.dg-struct-layout-1/t028 cp_compat_x_tst.o-cp_compat_y_tst.o execute
FAIL: tmpdir-g++.dg-struct-layout-1/t029 cp_compat_x_tst.o-cp_compat_y_tst.o execute
FAIL: tmpdir-g++.dg-struct-layout-1/t030 cp_compat_x_tst.o-cp_compat_y_tst.o execute
FAIL: g++.dg/abi/local1.C execution test
FAIL: g++.dg/cpp/ucn-1.C (test for excess errors)
FAIL: g++.dg/ext/alignof2.C execution test
FAIL: g++.dg/ext/visibility/anon1.C scan-assembler-not globl.*_ZN.*1fEv
FAIL: g++.dg/ext/visibility/anon2.C scan-assembler-not globl.*_Z1fv
FAIL: g++.dg/opt/combine.C (test for excess errors)
FAIL: g++.dg/other/anon5.C undefined (test for warnings, line )
FAIL: g++.dg/other/anon5.C (test for excess errors)
FAIL: g++.dg/other/pr42685.C (test for excess errors)
FAIL: g++.dg/other/unused1.C scan-assembler (string|ascii?)z?[\\t ]"printer("|\\\\\\\\0)
FAIL: g++.dg/template/char1.C (test for warnings, line 4)
FAIL: g++.dg/warn/pr31246.C (test for excess errors)
FAIL: g++.dg/guality/redeclaration1.C -O0 line 16 i == 24
FAIL: g++.dg/tls/diag-1.C (internal compiler error)
FAIL: g++.dg/tls/diag-1.C (test for excess errors)
FAIL: g++.dg/tree-prof/partition1.C compilation, -g -fprofile-use
UNRESOLVED: g++.dg/tree-prof/partition1.C execution, -g -fprofile-use
FAIL: g++.dg/tree-prof/partition1.C compilation, -O3 -g -fprofile-use
UNRESOLVED: g++.dg/tree-prof/partition1.C execution, -O3 -g -fprofile-use
FAIL: g++.dg/tree-prof/partition2.C compilation, -O3 -g -fprofile-use
UNRESOLVED: g++.dg/tree-prof/partition2.C execution, -O3 -g -fprofile-use
XPASS: g++.old-deja/g++.other/init19.C execution test
=== g++ Summary ===
# of expected passes 22229
# of unexpected failures 24
# of unexpected successes 1
# of expected failures 158
# of unresolved testcases 3
# of unsupported tests 436
/tmp/20101109/gcc/testsuite/g++/../../g++ version 4.6.0 20101109 (experimental) [trunk revision 166465] (GCC)
=== gcc tests ===
Running target unix
FAIL: gcc.c-torture/compile/pr44707.c -O0 (test for excess errors)
FAIL: gcc.c-torture/compile/pr44707.c -O1 (test for excess errors)
FAIL: gcc.c-torture/compile/pr44707.c -O2 (test for excess errors)
FAIL: gcc.c-torture/compile/pr44707.c -O3 -fomit-frame-pointer (test for excess errors)
FAIL: gcc.c-torture/compile/pr44707.c -O3 -g (test for excess errors)
FAIL: gcc.c-torture/compile/pr44707.c -Os (test for excess errors)
FAIL: gcc.c-torture/execute/20101011-1.c execution, -O0
FAIL: gcc.c-torture/execute/20101011-1.c execution, -O1
FAIL: gcc.c-torture/execute/20101011-1.c execution, -O2
FAIL: gcc.c-torture/execute/20101011-1.c execution, -O3 -fomit-frame-pointer
FAIL: gcc.c-torture/execute/20101011-1.c execution, -O3 -g
FAIL: gcc.c-torture/execute/20101011-1.c execution, -Os
XPASS: gcc.c-torture/execute/eeprof-1.c execution, -O0
XPASS: gcc.c-torture/execute/eeprof-1.c execution, -O1
XPASS: gcc.c-torture/execute/eeprof-1.c execution, -O2
XPASS: gcc.c-torture/execute/eeprof-1.c execution, -O3 -fomit-frame-pointer
XPASS: gcc.c-torture/execute/eeprof-1.c execution, -O3 -g
XPASS: gcc.c-torture/execute/eeprof-1.c execution, -Os
FAIL: gcc.dg/compat/vector-1 c_compat_x_tst.o-c_compat_y_tst.o execute
FAIL: gcc.dg/compat/vector-2 c_compat_x_tst.o-c_compat_y_tst.o execute
FAIL: tmpdir-gcc.dg-struct-layout-1/t025 c_compat_x_tst.o-c_compat_y_tst.o execute
FAIL: tmpdir-gcc.dg-struct-layout-1/t027 c_compat_x_tst.o-c_compat_y_tst.o execute
FAIL: tmpdir-gcc.dg-struct-layout-1/t028 c_compat_x_tst.o-c_compat_y_tst.o execute
FAIL: gcc.dg/alias-7.c execution test
FAIL: gcc.dg/asm-names.c scan-assembler-not ____frob14
FAIL: gcc.dg/const-uniq-1.c scan-tree-dump-times gimple "L\\\$?C0" 2
FAIL: gcc.dg/pr41241.c (test for excess errors)
FAIL: gcc.dg/pr41345.c (test for excess errors)
FAIL: gcc.dg/pr42629.c (test for excess errors)
FAIL: gcc.dg/pr42630.c (test for excess errors)
FAIL: gcc.dg/pr42631.c (test for excess errors)
FAIL: gcc.dg/pr42719.c (test for excess errors)
FAIL: gcc.dg/pr42728.c (test for excess errors)
FAIL: gcc.dg/pr42889.c (test for excess errors)
FAIL: gcc.dg/pr42916.c (test for excess errors)
FAIL: gcc.dg/pr42917.c (test for excess errors)
FAIL: gcc.dg/pr43084.c (test for excess errors)
FAIL: gcc.dg/pr43670.c (test for excess errors)
FAIL: gcc.dg/pr44023.c (test for excess errors)
FAIL: gcc.dg/pr44971.c (test for excess errors)
FAIL: gcc.dg/pr45449.c (test for excess errors)
FAIL: gcc.dg/pthread-init-1.c (test for excess errors)
FAIL: gcc.dg/pthread-init-2.c (test for excess errors)
FAIL: gcc.dg/sms-2.c scan-rtl-dump-times sms "SMS succeeded" 1
FAIL: gcc.dg/sms-3.c scan-rtl-dump-times sms "SMS succeeded" 1
FAIL: gcc.dg/sms-4.c scan-rtl-dump-times sms "SMS succeeded" 1
FAIL: gcc.dg/sms-5.c scan-rtl-dump-times sms "SMS succeeded" 1
FAIL: gcc.dg/sms-6.c scan-rtl-dump-times sms "SMS succeeded" 3
FAIL: gcc.dg/sms-7.c scan-rtl-dump-times sms "SMS succeeded" 3
FAIL: gcc.dg/sms-8.c scan-rtl-dump-times sms "SMS succeeded" 1
FAIL: gcc.dg/stack-usage-1.c scan-file foo\\t(256|264)\\tstatic
FAIL: gcc.dg/ucnid-13.c (test for warnings, line 6)
FAIL: gcc.dg/ucnid-13.c (test for warnings, line 9)
FAIL: gcc.dg/ucnid-13.c (test for warnings, line 11)
FAIL: gcc.dg/ucnid-13.c (test for errors, line 13)
FAIL: gcc.dg/ucnid-13.c (test for excess errors)
XPASS: gcc.dg/ucnid-5.c (test for excess errors)
FAIL: gcc.dg/ucnid-7.c (test for errors, line 6)
FAIL: gcc.dg/ucnid-7.c (test for errors, line 7)
FAIL: gcc.dg/ucnid-7.c (test for excess errors)
FAIL: gcc.dg/ucnid-8.c (test for errors, line 6)
FAIL: gcc.dg/ucnid-8.c (test for errors, line 7)
FAIL: gcc.dg/ucnid-8.c (test for warnings, line 9)
FAIL: gcc.dg/ucnid-8.c (test for errors, line 11)
FAIL: gcc.dg/ucnid-8.c UCN diag (test for warnings, line 13)
FAIL: gcc.dg/ucnid-8.c (test for excess errors)
FAIL: gcc.dg/vec-scal-opt.c scan-tree-dump-times veclower ">> k.[0-9_]*" 1
FAIL: gcc.dg/vec-scal-opt1.c scan-tree-dump-times veclower ">> 2" 1
FAIL: gcc.dg/vec-scal-opt2.c scan-tree-dump-times veclower ">> 2" 1
FAIL: gcc.dg/graphite/vect-pr43423.c scan-tree-dump-times vect "vectorized 2 loops" 1
FAIL: gcc.dg/graphite/block-mvt.c (test for excess errors)
WARNING: gcc.dg/graphite/block-mvt.c compilation failed to produce executable
FAIL: gcc.dg/graphite/pr42729.c (test for excess errors)
FAIL: gcc.dg/torture/builtin-attr-1.c -O0 (test for excess errors)
FAIL: gcc.dg/torture/builtin-math-2.c -O0 scan-tree-dump-times original "fma " 3
FAIL: gcc.dg/torture/builtin-math-2.c -O0 scan-tree-dump-times original "fmaf" 3
FAIL: gcc.dg/torture/builtin-math-2.c -O0 scan-tree-dump-times original "fmal" 3
FAIL: gcc.dg/torture/builtin-math-2.c -O1 scan-tree-dump-times original "fma " 3
FAIL: gcc.dg/torture/builtin-math-2.c -O1 scan-tree-dump-times original "fmaf" 3
FAIL: gcc.dg/torture/builtin-math-2.c -O1 scan-tree-dump-times original "fmal" 3
FAIL: gcc.dg/torture/builtin-math-2.c -O2 scan-tree-dump-times original "fma " 3
FAIL: gcc.dg/torture/builtin-math-2.c -O2 scan-tree-dump-times original "fmaf" 3
FAIL: gcc.dg/torture/builtin-math-2.c -O2 scan-tree-dump-times original "fmal" 3
FAIL: gcc.dg/torture/builtin-math-2.c -O3 -fomit-frame-pointer scan-tree-dump-times original "fma " 3
FAIL: gcc.dg/torture/builtin-math-2.c -O3 -fomit-frame-pointer scan-tree-dump-times original "fmaf" 3
FAIL: gcc.dg/torture/builtin-math-2.c -O3 -fomit-frame-pointer scan-tree-dump-times original "fmal" 3
FAIL: gcc.dg/torture/builtin-math-2.c -O3 -fomit-frame-pointer -funroll-loops scan-tree-dump-times original "fma " 3
FAIL: gcc.dg/torture/builtin-math-2.c -O3 -fomit-frame-pointer -funroll-loops scan-tree-dump-times original "fmaf" 3
FAIL: gcc.dg/torture/builtin-math-2.c -O3 -fomit-frame-pointer -funroll-loops scan-tree-dump-times original "fmal" 3
FAIL: gcc.dg/torture/builtin-math-2.c -O3 -fomit-frame-pointer -funroll-all-loops -finline-functions scan-tree-dump-times original "fma " 3
FAIL: gcc.dg/torture/builtin-math-2.c -O3 -fomit-frame-pointer -funroll-all-loops -finline-functions scan-tree-dump-times original "fmaf" 3
FAIL: gcc.dg/torture/builtin-math-2.c -O3 -fomit-frame-pointer -funroll-all-loops -finline-functions scan-tree-dump-times original "fmal" 3
FAIL: gcc.dg/torture/builtin-math-2.c -O3 -g scan-tree-dump-times original "fma " 3
FAIL: gcc.dg/torture/builtin-math-2.c -O3 -g scan-tree-dump-times original "fmaf" 3
FAIL: gcc.dg/torture/builtin-math-2.c -O3 -g scan-tree-dump-times original "fmal" 3
FAIL: gcc.dg/torture/builtin-math-2.c -Os scan-tree-dump-times original "fma " 3
FAIL: gcc.dg/torture/builtin-math-2.c -Os scan-tree-dump-times original "fmaf" 3
FAIL: gcc.dg/torture/builtin-math-2.c -Os scan-tree-dump-times original "fmal" 3
FAIL: gcc.dg/torture/va-arg-25.c -O0 (test for excess errors)
FAIL: gcc.dg/torture/va-arg-25.c -O1 (test for excess errors)
FAIL: gcc.dg/torture/va-arg-25.c -O2 (test for excess errors)
FAIL: gcc.dg/torture/va-arg-25.c -O3 -fomit-frame-pointer (test for excess errors)
FAIL: gcc.dg/torture/va-arg-25.c -O3 -g (test for excess errors)
FAIL: gcc.dg/torture/va-arg-25.c -Os (test for excess errors)
FAIL: gcc.dg/torture/vector-1.c -O0 (test for excess errors)
FAIL: gcc.dg/torture/vector-1.c -O1 (test for excess errors)
FAIL: gcc.dg/torture/vector-1.c -O2 (test for excess errors)
FAIL: gcc.dg/torture/vector-1.c -O3 -fomit-frame-pointer (test for excess errors)
FAIL: gcc.dg/torture/vector-1.c -O3 -g (test for excess errors)
FAIL: gcc.dg/torture/vector-1.c -Os (test for excess errors)
FAIL: gcc.dg/torture/vector-2.c -O0 (test for excess errors)
FAIL: gcc.dg/torture/vector-2.c -O1 (test for excess errors)
FAIL: gcc.dg/torture/vector-2.c -O2 (test for excess errors)
FAIL: gcc.dg/torture/vector-2.c -O3 -fomit-frame-pointer (test for excess errors)
FAIL: gcc.dg/torture/vector-2.c -O3 -g (test for excess errors)
FAIL: gcc.dg/torture/vector-2.c -Os (test for excess errors)
FAIL: gcc.dg/torture/vector-shift2.c -O0 execution test
FAIL: gcc.dg/torture/vector-shift2.c -O1 execution test
FAIL: gcc.dg/torture/vector-shift2.c -O2 execution test
FAIL: gcc.dg/torture/vector-shift2.c -O3 -fomit-frame-pointer execution test
FAIL: gcc.dg/torture/vector-shift2.c -O3 -g execution test
FAIL: gcc.dg/torture/vector-shift2.c -Os execution test
FAIL: gcc.dg/tree-prof/inliner-1.c scan-tree-dump-not optimized "hot_function ..;"
FAIL: gcc.dg/tree-ssa/foldconst-2.c scan-tree-dump-not optimized "fundamentals.0"
FAIL: gcc.dg/tree-ssa/vrp47.c scan-tree-dump-times vrp1 "[xy][^ ]* !=" 0
FAIL: gcc.dg/tree-ssa/vrp47.c scan-tree-dump-times dom1 "x[^ ]* & y" 1
XPASS: gcc.dg/vect/costmodel/ppc/costmodel-vect-outer-fir.c scan-tree-dump-times vect "OUTER LOOP VECTORIZED" 2
FAIL: gcc.dg/vect/costmodel/ppc/costmodel-vect-outer-fir.c scan-tree-dump-times vect "OUTER LOOP VECTORIZED" 1
FAIL: gcc.dg/vect/pr43430-2.c scan-tree-dump-times vect "vectorized 1 loops" 1
FAIL: gcc.dg/vect/pr43432.c scan-tree-dump-times vect "vectorized 1 loops" 1
FAIL: gcc.dg/vect/vect-114.c scan-tree-dump-times vect "vectorized 1 loops" 1
FAIL: gcc.dg/vect/vect-15.c scan-tree-dump-times vect "vectorized 1 loops" 1
FAIL: gcc.dg/vect/vect-44.c scan-tree-dump-times vect "Alignment of access forced using peeling" 1
FAIL: gcc.dg/vect/vect-50.c scan-tree-dump-times vect "Alignment of access forced using peeling" 1
FAIL: gcc.dg/vect/vect-82_64.c (test for excess errors)
FAIL: gcc.dg/vect/vect-82_64.c scan-tree-dump-times vect "vectorized 1 loops" 1: dump file does not exist
FAIL: gcc.dg/vect/vect-83_64.c (test for excess errors)
FAIL: gcc.dg/vect/vect-83_64.c scan-tree-dump-times vect "vectorized 1 loops" 1: dump file does not exist
FAIL: gcc.target/powerpc/loop_align.c scan-assembler .p2align 5,,31
FAIL: gcc.target/powerpc/popcount-2.c scan-assembler popcntw
FAIL: gcc.target/powerpc/ppc-fma-3.c scan-assembler-times vmaddfp 2
FAIL: gcc.target/powerpc/ppc-fma-3.c scan-assembler-times fmadds 2
FAIL: gcc.target/powerpc/ppc-fma-4.c scan-assembler-times vmaddfp 1
FAIL: gcc.target/powerpc/ppc-fma-4.c scan-assembler-times fmadd 1
FAIL: gcc.target/powerpc/ppc-fma-4.c scan-assembler-times fmadds 1
FAIL: gcc.target/powerpc/ppc-fmadd-1.c scan-assembler-not f(add|sub|mul|neg)
FAIL: gcc.target/powerpc/ppc-fpconv-11.c scan-assembler friz
FAIL: gcc.target/powerpc/ppc-vector-memcpy.c scan-assembler lvx
=== gcc Summary ===
# of expected passes 56269
# of unexpected failures 139
# of unexpected successes 8
# of expected failures 170
# of unsupported tests 1075
/tmp/20101109/gcc/xgcc version 4.6.0 20101109 (experimental) [trunk revision 166465] (GCC)
=== gfortran tests ===
Running target unix
FAIL: gfortran.dg/allocate_alloc_opt_10.f90 -O0 (test for excess errors)
WARNING: gfortran.dg/allocate_alloc_opt_10.f90 -O0 compilation failed to produce executable
FAIL: gfortran.dg/allocate_alloc_opt_10.f90 -O1 (test for excess errors)
WARNING: gfortran.dg/allocate_alloc_opt_10.f90 -O1 compilation failed to produce executable
FAIL: gfortran.dg/allocate_alloc_opt_10.f90 -O2 (test for excess errors)
WARNING: gfortran.dg/allocate_alloc_opt_10.f90 -O2 compilation failed to produce executable
FAIL: gfortran.dg/allocate_alloc_opt_10.f90 -O3 -fomit-frame-pointer (test for excess errors)
WARNING: gfortran.dg/allocate_alloc_opt_10.f90 -O3 -fomit-frame-pointer compilation failed to produce executable
FAIL: gfortran.dg/allocate_alloc_opt_10.f90 -O3 -fomit-frame-pointer -funroll-loops (test for excess errors)
WARNING: gfortran.dg/allocate_alloc_opt_10.f90 -O3 -fomit-frame-pointer -funroll-loops compilation failed to produce executable
FAIL: gfortran.dg/allocate_alloc_opt_10.f90 -O3 -fomit-frame-pointer -funroll-all-loops -finline-functions (test for excess errors)
WARNING: gfortran.dg/allocate_alloc_opt_10.f90 -O3 -fomit-frame-pointer -funroll-all-loops -finline-functions compilation failed to produce executable
FAIL: gfortran.dg/allocate_alloc_opt_10.f90 -O3 -g (test for excess errors)
WARNING: gfortran.dg/allocate_alloc_opt_10.f90 -O3 -g compilation failed to produce executable
FAIL: gfortran.dg/allocate_alloc_opt_10.f90 -Os (test for excess errors)
WARNING: gfortran.dg/allocate_alloc_opt_10.f90 -Os compilation failed to produce executable
FAIL: gfortran.dg/associate_8.f03 -O0 (test for excess errors)
WARNING: gfortran.dg/associate_8.f03 -O0 compilation failed to produce executable
FAIL: gfortran.dg/associate_8.f03 -O1 (test for excess errors)
WARNING: gfortran.dg/associate_8.f03 -O1 compilation failed to produce executable
FAIL: gfortran.dg/associate_8.f03 -O2 (test for excess errors)
WARNING: gfortran.dg/associate_8.f03 -O2 compilation failed to produce executable
FAIL: gfortran.dg/associate_8.f03 -O3 -fomit-frame-pointer (test for excess errors)
WARNING: gfortran.dg/associate_8.f03 -O3 -fomit-frame-pointer compilation failed to produce executable
FAIL: gfortran.dg/associate_8.f03 -O3 -fomit-frame-pointer -funroll-loops (test for excess errors)
WARNING: gfortran.dg/associate_8.f03 -O3 -fomit-frame-pointer -funroll-loops compilation failed to produce executable
FAIL: gfortran.dg/associate_8.f03 -O3 -fomit-frame-pointer -funroll-all-loops -finline-functions (test for excess errors)
WARNING: gfortran.dg/associate_8.f03 -O3 -fomit-frame-pointer -funroll-all-loops -finline-functions compilation failed to produce executable
FAIL: gfortran.dg/associate_8.f03 -O3 -g (test for excess errors)
WARNING: gfortran.dg/associate_8.f03 -O3 -g compilation failed to produce executable
FAIL: gfortran.dg/associate_8.f03 -Os (test for excess errors)
WARNING: gfortran.dg/associate_8.f03 -Os compilation failed to produce executable
FAIL: gfortran.dg/associated_target_4.f90 -O0 (test for excess errors)
WARNING: gfortran.dg/associated_target_4.f90 -O0 compilation failed to produce executable
FAIL: gfortran.dg/associated_target_4.f90 -O1 (test for excess errors)
WARNING: gfortran.dg/associated_target_4.f90 -O1 compilation failed to produce executable
FAIL: gfortran.dg/associated_target_4.f90 -O2 (test for excess errors)
WARNING: gfortran.dg/associated_target_4.f90 -O2 compilation failed to produce executable
FAIL: gfortran.dg/associated_target_4.f90 -O3 -fomit-frame-pointer (test for excess errors)
WARNING: gfortran.dg/associated_target_4.f90 -O3 -fomit-frame-pointer compilation failed to produce executable
FAIL: gfortran.dg/associated_target_4.f90 -O3 -fomit-frame-pointer -funroll-loops (test for excess errors)
WARNING: gfortran.dg/associated_target_4.f90 -O3 -fomit-frame-pointer -funroll-loops compilation failed to produce executable
FAIL: gfortran.dg/associated_target_4.f90 -O3 -fomit-frame-pointer -funroll-all-loops -finline-functions (test for excess errors)
WARNING: gfortran.dg/associated_target_4.f90 -O3 -fomit-frame-pointer -funroll-all-loops -finline-functions compilation failed to produce executable
FAIL: gfortran.dg/associated_target_4.f90 -O3 -g (test for excess errors)
WARNING: gfortran.dg/associated_target_4.f90 -O3 -g compilation failed to produce executable
FAIL: gfortran.dg/associated_target_4.f90 -Os (test for excess errors)
WARNING: gfortran.dg/associated_target_4.f90 -Os compilation failed to produce executable
FAIL: gfortran.dg/class_1.f03 -O0 (test for excess errors)
WARNING: gfortran.dg/class_1.f03 -O0 compilation failed to produce executable
FAIL: gfortran.dg/class_1.f03 -O1 (test for excess errors)
WARNING: gfortran.dg/class_1.f03 -O1 compilation failed to produce executable
FAIL: gfortran.dg/class_1.f03 -O2 (test for excess errors)
WARNING: gfortran.dg/class_1.f03 -O2 compilation failed to produce executable
FAIL: gfortran.dg/class_1.f03 -O3 -fomit-frame-pointer (test for excess errors)
WARNING: gfortran.dg/class_1.f03 -O3 -fomit-frame-pointer compilation failed to produce executable
FAIL: gfortran.dg/class_1.f03 -O3 -fomit-frame-pointer -funroll-loops (test for excess errors)
WARNING: gfortran.dg/class_1.f03 -O3 -fomit-frame-pointer -funroll-loops compilation failed to produce executable
FAIL: gfortran.dg/class_1.f03 -O3 -fomit-frame-pointer -funroll-all-loops -finline-functions (test for excess errors)
WARNING: gfortran.dg/class_1.f03 -O3 -fomit-frame-pointer -funroll-all-loops -finline-functions compilation failed to produce executable
FAIL: gfortran.dg/class_1.f03 -O3 -g (test for excess errors)
WARNING: gfortran.dg/class_1.f03 -O3 -g compilation failed to produce executable
FAIL: gfortran.dg/class_1.f03 -Os (test for excess errors)
WARNING: gfortran.dg/class_1.f03 -Os compilation failed to produce executable
FAIL: gfortran.dg/class_18.f03 -O0 (test for excess errors)
WARNING: gfortran.dg/class_18.f03 -O0 compilation failed to produce executable
FAIL: gfortran.dg/class_18.f03 -O1 (test for excess errors)
WARNING: gfortran.dg/class_18.f03 -O1 compilation failed to produce executable
FAIL: gfortran.dg/class_18.f03 -O2 (test for excess errors)
WARNING: gfortran.dg/class_18.f03 -O2 compilation failed to produce executable
FAIL: gfortran.dg/class_18.f03 -O3 -fomit-frame-pointer (test for excess errors)
WARNING: gfortran.dg/class_18.f03 -O3 -fomit-frame-pointer compilation failed to produce executable
FAIL: gfortran.dg/class_18.f03 -O3 -fomit-frame-pointer -funroll-loops (test for excess errors)
WARNING: gfortran.dg/class_18.f03 -O3 -fomit-frame-pointer -funroll-loops compilation failed to produce executable
FAIL: gfortran.dg/class_18.f03 -O3 -fomit-frame-pointer -funroll-all-loops -finline-functions (test for excess errors)
WARNING: gfortran.dg/class_18.f03 -O3 -fomit-frame-pointer -funroll-all-loops -finline-functions compilation failed to produce executable
FAIL: gfortran.dg/class_18.f03 -O3 -g (test for excess errors)
WARNING: gfortran.dg/class_18.f03 -O3 -g compilation failed to produce executable
FAIL: gfortran.dg/class_18.f03 -Os (test for excess errors)
WARNING: gfortran.dg/class_18.f03 -Os compilation failed to produce executable
FAIL: gfortran.dg/class_4c.f03 -O0 (test for excess errors)
WARNING: gfortran.dg/class_4c.f03 -O0 compilation failed to produce executable
FAIL: gfortran.dg/class_4c.f03 -O1 (test for excess errors)
WARNING: gfortran.dg/class_4c.f03 -O1 compilation failed to produce executable
FAIL: gfortran.dg/class_4c.f03 -O2 (test for excess errors)
WARNING: gfortran.dg/class_4c.f03 -O2 compilation failed to produce executable
FAIL: gfortran.dg/class_4c.f03 -O3 -fomit-frame-pointer (test for excess errors)
WARNING: gfortran.dg/class_4c.f03 -O3 -fomit-frame-pointer compilation failed to produce executable
FAIL: gfortran.dg/class_4c.f03 -O3 -fomit-frame-pointer -funroll-loops (test for excess errors)
WARNING: gfortran.dg/class_4c.f03 -O3 -fomit-frame-pointer -funroll-loops compilation failed to produce executable
FAIL: gfortran.dg/class_4c.f03 -O3 -fomit-frame-pointer -funroll-all-loops -finline-functions (test for excess errors)
WARNING: gfortran.dg/class_4c.f03 -O3 -fomit-frame-pointer -funroll-all-loops -finline-functions compilation failed to produce executable
FAIL: gfortran.dg/class_4c.f03 -O3 -g (test for excess errors)
WARNING: gfortran.dg/class_4c.f03 -O3 -g compilation failed to produce executable
FAIL: gfortran.dg/class_4c.f03 -Os (test for excess errors)
WARNING: gfortran.dg/class_4c.f03 -Os compilation failed to produce executable
FAIL: gfortran.dg/class_6.f03 -O0 (test for excess errors)
WARNING: gfortran.dg/class_6.f03 -O0 compilation failed to produce executable
FAIL: gfortran.dg/class_allocate_1.f03 -O0 (test for excess errors)
WARNING: gfortran.dg/class_allocate_1.f03 -O0 compilation failed to produce executable
FAIL: gfortran.dg/class_allocate_1.f03 -O1 (test for excess errors)
WARNING: gfortran.dg/class_allocate_1.f03 -O1 compilation failed to produce executable
FAIL: gfortran.dg/class_allocate_1.f03 -O2 (test for excess errors)
WARNING: gfortran.dg/class_allocate_1.f03 -O2 compilation failed to produce executable
FAIL: gfortran.dg/class_allocate_1.f03 -O3 -fomit-frame-pointer (test for excess errors)
WARNING: gfortran.dg/class_allocate_1.f03 -O3 -fomit-frame-pointer compilation failed to produce executable
FAIL: gfortran.dg/class_allocate_1.f03 -O3 -fomit-frame-pointer -funroll-loops (test for excess errors)
WARNING: gfortran.dg/class_allocate_1.f03 -O3 -fomit-frame-pointer -funroll-loops compilation failed to produce executable
FAIL: gfortran.dg/class_allocate_1.f03 -O3 -fomit-frame-pointer -funroll-all-loops -finline-functions (test for excess errors)
WARNING: gfortran.dg/class_allocate_1.f03 -O3 -fomit-frame-pointer -funroll-all-loops -finline-functions compilation failed to produce executable
FAIL: gfortran.dg/class_allocate_1.f03 -O3 -g (test for excess errors)
WARNING: gfortran.dg/class_allocate_1.f03 -O3 -g compilation failed to produce executable
FAIL: gfortran.dg/class_allocate_1.f03 -Os (test for excess errors)
WARNING: gfortran.dg/class_allocate_1.f03 -Os compilation failed to produce executable
FAIL: gfortran.dg/class_allocate_3.f03 -O0 (test for excess errors)
WARNING: gfortran.dg/class_allocate_3.f03 -O0 compilation failed to produce executable
FAIL: gfortran.dg/class_allocate_3.f03 -O1 (test for excess errors)
WARNING: gfortran.dg/class_allocate_3.f03 -O1 compilation failed to produce executable
FAIL: gfortran.dg/class_allocate_3.f03 -O2 (test for excess errors)
WARNING: gfortran.dg/class_allocate_3.f03 -O2 compilation failed to produce executable
FAIL: gfortran.dg/class_allocate_3.f03 -O3 -fomit-frame-pointer (test for excess errors)
WARNING: gfortran.dg/class_allocate_3.f03 -O3 -fomit-frame-pointer compilation failed to produce executable
FAIL: gfortran.dg/class_allocate_3.f03 -O3 -fomit-frame-pointer -funroll-loops (test for excess errors)
WARNING: gfortran.dg/class_allocate_3.f03 -O3 -fomit-frame-pointer -funroll-loops compilation failed to produce executable
FAIL: gfortran.dg/class_allocate_3.f03 -O3 -fomit-frame-pointer -funroll-all-loops -finline-functions (test for excess errors)
WARNING: gfortran.dg/class_allocate_3.f03 -O3 -fomit-frame-pointer -funroll-all-loops -finline-functions compilation failed to produce executable
FAIL: gfortran.dg/class_allocate_3.f03 -O3 -g (test for excess errors)
WARNING: gfortran.dg/class_allocate_3.f03 -O3 -g compilation failed to produce executable
FAIL: gfortran.dg/class_allocate_3.f03 -Os (test for excess errors)
WARNING: gfortran.dg/class_allocate_3.f03 -Os compilation failed to produce executable
FAIL: gfortran.dg/class_allocate_4.f03 -O0 (test for excess errors)
WARNING: gfortran.dg/class_allocate_4.f03 -O0 compilation failed to produce executable
FAIL: gfortran.dg/class_allocate_4.f03 -O1 (test for excess errors)
WARNING: gfortran.dg/class_allocate_4.f03 -O1 compilation failed to produce executable
FAIL: gfortran.dg/class_allocate_4.f03 -O2 (test for excess errors)
WARNING: gfortran.dg/class_allocate_4.f03 -O2 compilation failed to produce executable
FAIL: gfortran.dg/class_allocate_4.f03 -O3 -fomit-frame-pointer (test for excess errors)
WARNING: gfortran.dg/class_allocate_4.f03 -O3 -fomit-frame-pointer compilation failed to produce executable
FAIL: gfortran.dg/class_allocate_4.f03 -O3 -fomit-frame-pointer -funroll-loops (test for excess errors)
WARNING: gfortran.dg/class_allocate_4.f03 -O3 -fomit-frame-pointer -funroll-loops compilation failed to produce executable
FAIL: gfortran.dg/class_allocate_4.f03 -O3 -fomit-frame-pointer -funroll-all-loops -finline-functions (test for excess errors)
WARNING: gfortran.dg/class_allocate_4.f03 -O3 -fomit-frame-pointer -funroll-all-loops -finline-functions compilation failed to produce executable
FAIL: gfortran.dg/class_allocate_4.f03 -O3 -g (test for excess errors)
WARNING: gfortran.dg/class_allocate_4.f03 -O3 -g compilation failed to produce executable
FAIL: gfortran.dg/class_allocate_4.f03 -Os (test for excess errors)
WARNING: gfortran.dg/class_allocate_4.f03 -Os compilation failed to produce executable
FAIL: gfortran.dg/class_allocate_5.f90 -O0 (test for excess errors)
WARNING: gfortran.dg/class_allocate_5.f90 -O0 compilation failed to produce executable
FAIL: gfortran.dg/class_allocate_5.f90 -O1 (test for excess errors)
WARNING: gfortran.dg/class_allocate_5.f90 -O1 compilation failed to produce executable
FAIL: gfortran.dg/class_allocate_5.f90 -O2 (test for excess errors)
WARNING: gfortran.dg/class_allocate_5.f90 -O2 compilation failed to produce executable
FAIL: gfortran.dg/class_allocate_5.f90 -O3 -fomit-frame-pointer (test for excess errors)
WARNING: gfortran.dg/class_allocate_5.f90 -O3 -fomit-frame-pointer compilation failed to produce executable
FAIL: gfortran.dg/class_allocate_5.f90 -O3 -fomit-frame-pointer -funroll-loops (test for excess errors)
WARNING: gfortran.dg/class_allocate_5.f90 -O3 -fomit-frame-pointer -funroll-loops compilation failed to produce executable
FAIL: gfortran.dg/class_allocate_5.f90 -O3 -fomit-frame-pointer -funroll-all-loops -finline-functions (test for excess errors)
WARNING: gfortran.dg/class_allocate_5.f90 -O3 -fomit-frame-pointer -funroll-all-loops -finline-functions compilation failed to produce executable
FAIL: gfortran.dg/class_allocate_5.f90 -O3 -g (test for excess errors)
WARNING: gfortran.dg/class_allocate_5.f90 -O3 -g compilation failed to produce executable
FAIL: gfortran.dg/class_allocate_5.f90 -Os (test for excess errors)
WARNING: gfortran.dg/class_allocate_5.f90 -Os compilation failed to produce executable
FAIL: gfortran.dg/class_allocate_6.f03 -O0 (test for excess errors)
WARNING: gfortran.dg/class_allocate_6.f03 -O0 compilation failed to produce executable
FAIL: gfortran.dg/class_allocate_6.f03 -O1 (test for excess errors)
WARNING: gfortran.dg/class_allocate_6.f03 -O1 compilation failed to produce executable
FAIL: gfortran.dg/class_allocate_6.f03 -O2 (test for excess errors)
WARNING: gfortran.dg/class_allocate_6.f03 -O2 compilation failed to produce executable
FAIL: gfortran.dg/class_allocate_6.f03 -O3 -fomit-frame-pointer (test for excess errors)
WARNING: gfortran.dg/class_allocate_6.f03 -O3 -fomit-frame-pointer compilation failed to produce executable
FAIL: gfortran.dg/class_allocate_6.f03 -O3 -fomit-frame-pointer -funroll-loops (test for excess errors)
WARNING: gfortran.dg/class_allocate_6.f03 -O3 -fomit-frame-pointer -funroll-loops compilation failed to produce executable
FAIL: gfortran.dg/class_allocate_6.f03 -O3 -fomit-frame-pointer -funroll-all-loops -finline-functions (test for excess errors)
WARNING: gfortran.dg/class_allocate_6.f03 -O3 -fomit-frame-pointer -funroll-all-loops -finline-functions compilation failed to produce executable
FAIL: gfortran.dg/class_allocate_6.f03 -O3 -g (test for excess errors)
WARNING: gfortran.dg/class_allocate_6.f03 -O3 -g compilation failed to produce executable
FAIL: gfortran.dg/class_allocate_6.f03 -Os (test for excess errors)
WARNING: gfortran.dg/class_allocate_6.f03 -Os compilation failed to produce executable
FAIL: gfortran.dg/class_dummy_1.f03 -O0 (test for excess errors)
WARNING: gfortran.dg/class_dummy_1.f03 -O0 compilation failed to produce executable
FAIL: gfortran.dg/class_dummy_1.f03 -O1 (test for excess errors)
WARNING: gfortran.dg/class_dummy_1.f03 -O1 compilation failed to produce executable
FAIL: gfortran.dg/class_dummy_1.f03 -O2 (test for excess errors)
WARNING: gfortran.dg/class_dummy_1.f03 -O2 compilation failed to produce executable
FAIL: gfortran.dg/class_dummy_1.f03 -O3 -fomit-frame-pointer (test for excess errors)
WARNING: gfortran.dg/class_dummy_1.f03 -O3 -fomit-frame-pointer compilation failed to produce executable
FAIL: gfortran.dg/class_dummy_1.f03 -O3 -fomit-frame-pointer -funroll-loops (test for excess errors)
WARNING: gfortran.dg/class_dummy_1.f03 -O3 -fomit-frame-pointer -funroll-loops compilation failed to produce executable
FAIL: gfortran.dg/class_dummy_1.f03 -O3 -fomit-frame-pointer -funroll-all-loops -finline-functions (test for excess errors)
WARNING: gfortran.dg/class_dummy_1.f03 -O3 -fomit-frame-pointer -funroll-all-loops -finline-functions compilation failed to produce executable
FAIL: gfortran.dg/class_dummy_1.f03 -O3 -g (test for excess errors)
WARNING: gfortran.dg/class_dummy_1.f03 -O3 -g compilation failed to produce executable
FAIL: gfortran.dg/class_dummy_1.f03 -Os (test for excess errors)
WARNING: gfortran.dg/class_dummy_1.f03 -Os compilation failed to produce executable
FAIL: gfortran.dg/default_format_1.f90 -O0 execution test
FAIL: gfortran.dg/default_format_1.f90 -O1 execution test
FAIL: gfortran.dg/default_format_1.f90 -O2 execution test
FAIL: gfortran.dg/default_format_1.f90 -O3 -fomit-frame-pointer execution test
FAIL: gfortran.dg/default_format_1.f90 -O3 -fomit-frame-pointer -funroll-loops execution test
FAIL: gfortran.dg/default_format_1.f90 -O3 -fomit-frame-pointer -funroll-all-loops -finline-functions execution test
FAIL: gfortran.dg/default_format_1.f90 -O3 -g execution test
FAIL: gfortran.dg/default_format_1.f90 -Os execution test
FAIL: gfortran.dg/default_format_denormal_1.f90 -O0 execution test
FAIL: gfortran.dg/default_format_denormal_1.f90 -O1 execution test
FAIL: gfortran.dg/default_format_denormal_1.f90 -O2 execution test
FAIL: gfortran.dg/default_format_denormal_1.f90 -O3 -fomit-frame-pointer execution test
FAIL: gfortran.dg/default_format_denormal_1.f90 -O3 -fomit-frame-pointer -funroll-loops execution test
FAIL: gfortran.dg/default_format_denormal_1.f90 -O3 -fomit-frame-pointer -funroll-all-loops -finline-functions execution test
FAIL: gfortran.dg/default_format_denormal_1.f90 -O3 -g execution test
FAIL: gfortran.dg/default_format_denormal_1.f90 -Os execution test
FAIL: gfortran.dg/dynamic_dispatch_1.f03 -O0 (test for excess errors)
WARNING: gfortran.dg/dynamic_dispatch_1.f03 -O0 compilation failed to produce executable
FAIL: gfortran.dg/dynamic_dispatch_1.f03 -O1 (test for excess errors)
WARNING: gfortran.dg/dynamic_dispatch_1.f03 -O1 compilation failed to produce executable
FAIL: gfortran.dg/dynamic_dispatch_1.f03 -O2 (test for excess errors)
WARNING: gfortran.dg/dynamic_dispatch_1.f03 -O2 compilation failed to produce executable
FAIL: gfortran.dg/dynamic_dispatch_1.f03 -O3 -fomit-frame-pointer (test for excess errors)
WARNING: gfortran.dg/dynamic_dispatch_1.f03 -O3 -fomit-frame-pointer compilation failed to produce executable
FAIL: gfortran.dg/dynamic_dispatch_1.f03 -O3 -fomit-frame-pointer -funroll-loops (test for excess errors)
WARNING: gfortran.dg/dynamic_dispatch_1.f03 -O3 -fomit-frame-pointer -funroll-loops compilation failed to produce executable
FAIL: gfortran.dg/dynamic_dispatch_1.f03 -O3 -fomit-frame-pointer -funroll-all-loops -finline-functions (test for excess errors)
WARNING: gfortran.dg/dynamic_dispatch_1.f03 -O3 -fomit-frame-pointer -funroll-all-loops -finline-functions compilation failed to produce executable
FAIL: gfortran.dg/dynamic_dispatch_1.f03 -O3 -g (test for excess errors)
WARNING: gfortran.dg/dynamic_dispatch_1.f03 -O3 -g compilation failed to produce executable
FAIL: gfortran.dg/dynamic_dispatch_1.f03 -Os (test for excess errors)
WARNING: gfortran.dg/dynamic_dispatch_1.f03 -Os compilation failed to produce executable
FAIL: gfortran.dg/dynamic_dispatch_2.f03 -O0 (test for excess errors)
WARNING: gfortran.dg/dynamic_dispatch_2.f03 -O0 compilation failed to produce executable
FAIL: gfortran.dg/dynamic_dispatch_2.f03 -O1 (test for excess errors)
WARNING: gfortran.dg/dynamic_dispatch_2.f03 -O1 compilation failed to produce executable
FAIL: gfortran.dg/dynamic_dispatch_2.f03 -O2 (test for excess errors)
WARNING: gfortran.dg/dynamic_dispatch_2.f03 -O2 compilation failed to produce executable
FAIL: gfortran.dg/dynamic_dispatch_2.f03 -O3 -fomit-frame-pointer (test for excess errors)
WARNING: gfortran.dg/dynamic_dispatch_2.f03 -O3 -fomit-frame-pointer compilation failed to produce executable
FAIL: gfortran.dg/dynamic_dispatch_2.f03 -O3 -fomit-frame-pointer -funroll-loops (test for excess errors)
WARNING: gfortran.dg/dynamic_dispatch_2.f03 -O3 -fomit-frame-pointer -funroll-loops compilation failed to produce executable
FAIL: gfortran.dg/dynamic_dispatch_2.f03 -O3 -fomit-frame-pointer -funroll-all-loops -finline-functions (test for excess errors)
WARNING: gfortran.dg/dynamic_dispatch_2.f03 -O3 -fomit-frame-pointer -funroll-all-loops -finline-functions compilation failed to produce executable
FAIL: gfortran.dg/dynamic_dispatch_2.f03 -O3 -g (test for excess errors)
WARNING: gfortran.dg/dynamic_dispatch_2.f03 -O3 -g compilation failed to produce executable
FAIL: gfortran.dg/dynamic_dispatch_2.f03 -Os (test for excess errors)
WARNING: gfortran.dg/dynamic_dispatch_2.f03 -Os compilation failed to produce executable
FAIL: gfortran.dg/dynamic_dispatch_3.f03 -O0 (test for excess errors)
WARNING: gfortran.dg/dynamic_dispatch_3.f03 -O0 compilation failed to produce executable
FAIL: gfortran.dg/dynamic_dispatch_3.f03 -O1 (test for excess errors)
WARNING: gfortran.dg/dynamic_dispatch_3.f03 -O1 compilation failed to produce executable
FAIL: gfortran.dg/dynamic_dispatch_3.f03 -O2 (test for excess errors)
WARNING: gfortran.dg/dynamic_dispatch_3.f03 -O2 compilation failed to produce executable
FAIL: gfortran.dg/dynamic_dispatch_3.f03 -O3 -fomit-frame-pointer (test for excess errors)
WARNING: gfortran.dg/dynamic_dispatch_3.f03 -O3 -fomit-frame-pointer compilation failed to produce executable
FAIL: gfortran.dg/dynamic_dispatch_3.f03 -O3 -fomit-frame-pointer -funroll-loops (test for excess errors)
WARNING: gfortran.dg/dynamic_dispatch_3.f03 -O3 -fomit-frame-pointer -funroll-loops compilation failed to produce executable
FAIL: gfortran.dg/dynamic_dispatch_3.f03 -O3 -fomit-frame-pointer -funroll-all-loops -finline-functions (test for excess errors)
WARNING: gfortran.dg/dynamic_dispatch_3.f03 -O3 -fomit-frame-pointer -funroll-all-loops -finline-functions compilation failed to produce executable
FAIL: gfortran.dg/dynamic_dispatch_3.f03 -O3 -g (test for excess errors)
WARNING: gfortran.dg/dynamic_dispatch_3.f03 -O3 -g compilation failed to produce executable
FAIL: gfortran.dg/dynamic_dispatch_3.f03 -Os (test for excess errors)
WARNING: gfortran.dg/dynamic_dispatch_3.f03 -Os compilation failed to produce executable
FAIL: gfortran.dg/exit_3.f08 -O0 (test for excess errors)
WARNING: gfortran.dg/exit_3.f08 -O0 compilation failed to produce executable
FAIL: gfortran.dg/exit_3.f08 -O1 (test for excess errors)
WARNING: gfortran.dg/exit_3.f08 -O1 compilation failed to produce executable
FAIL: gfortran.dg/exit_3.f08 -O2 (test for excess errors)
WARNING: gfortran.dg/exit_3.f08 -O2 compilation failed to produce executable
FAIL: gfortran.dg/exit_3.f08 -O3 -fomit-frame-pointer (test for excess errors)
WARNING: gfortran.dg/exit_3.f08 -O3 -fomit-frame-pointer compilation failed to produce executable
FAIL: gfortran.dg/exit_3.f08 -O3 -fomit-frame-pointer -funroll-loops (test for excess errors)
WARNING: gfortran.dg/exit_3.f08 -O3 -fomit-frame-pointer -funroll-loops compilation failed to produce executable
FAIL: gfortran.dg/exit_3.f08 -O3 -fomit-frame-pointer -funroll-all-loops -finline-functions (test for excess errors)
WARNING: gfortran.dg/exit_3.f08 -O3 -fomit-frame-pointer -funroll-all-loops -finline-functions compilation failed to produce executable
FAIL: gfortran.dg/exit_3.f08 -O3 -g (test for excess errors)
WARNING: gfortran.dg/exit_3.f08 -O3 -g compilation failed to produce executable
FAIL: gfortran.dg/exit_3.f08 -Os (test for excess errors)
WARNING: gfortran.dg/exit_3.f08 -Os compilation failed to produce executable
FAIL: gfortran.dg/extends_type_of_1.f03 -O0 (test for excess errors)
WARNING: gfortran.dg/extends_type_of_1.f03 -O0 compilation failed to produce executable
FAIL: gfortran.dg/extends_type_of_1.f03 -O1 (test for excess errors)
WARNING: gfortran.dg/extends_type_of_1.f03 -O1 compilation failed to produce executable
FAIL: gfortran.dg/extends_type_of_1.f03 -O2 (test for excess errors)
WARNING: gfortran.dg/extends_type_of_1.f03 -O2 compilation failed to produce executable
FAIL: gfortran.dg/extends_type_of_1.f03 -O3 -fomit-frame-pointer (test for excess errors)
WARNING: gfortran.dg/extends_type_of_1.f03 -O3 -fomit-frame-pointer compilation failed to produce executable
FAIL: gfortran.dg/extends_type_of_1.f03 -O3 -fomit-frame-pointer -funroll-loops (test for excess errors)
WARNING: gfortran.dg/extends_type_of_1.f03 -O3 -fomit-frame-pointer -funroll-loops compilation failed to produce executable
FAIL: gfortran.dg/extends_type_of_1.f03 -O3 -fomit-frame-pointer -funroll-all-loops -finline-functions (test for excess errors)
WARNING: gfortran.dg/extends_type_of_1.f03 -O3 -fomit-frame-pointer -funroll-all-loops -finline-functions compilation failed to produce executable
FAIL: gfortran.dg/extends_type_of_1.f03 -O3 -g (test for excess errors)
WARNING: gfortran.dg/extends_type_of_1.f03 -O3 -g compilation failed to produce executable
FAIL: gfortran.dg/extends_type_of_1.f03 -Os (test for excess errors)
WARNING: gfortran.dg/extends_type_of_1.f03 -Os compilation failed to produce executable
FAIL: gfortran.dg/move_alloc_2.f90 -O0 (test for excess errors)
WARNING: gfortran.dg/move_alloc_2.f90 -O0 compilation failed to produce executable
FAIL: gfortran.dg/move_alloc_2.f90 -O1 (test for excess errors)
WARNING: gfortran.dg/move_alloc_2.f90 -O1 compilation failed to produce executable
FAIL: gfortran.dg/move_alloc_2.f90 -O2 (test for excess errors)
WARNING: gfortran.dg/move_alloc_2.f90 -O2 compilation failed to produce executable
FAIL: gfortran.dg/move_alloc_2.f90 -O3 -fomit-frame-pointer (test for excess errors)
WARNING: gfortran.dg/move_alloc_2.f90 -O3 -fomit-frame-pointer compilation failed to produce executable
FAIL: gfortran.dg/move_alloc_2.f90 -O3 -fomit-frame-pointer -funroll-loops (test for excess errors)
WARNING: gfortran.dg/move_alloc_2.f90 -O3 -fomit-frame-pointer -funroll-loops compilation failed to produce executable
FAIL: gfortran.dg/move_alloc_2.f90 -O3 -fomit-frame-pointer -funroll-all-loops -finline-functions (test for excess errors)
WARNING: gfortran.dg/move_alloc_2.f90 -O3 -fomit-frame-pointer -funroll-all-loops -finline-functions compilation failed to produce executable
FAIL: gfortran.dg/move_alloc_2.f90 -O3 -g (test for excess errors)
WARNING: gfortran.dg/move_alloc_2.f90 -O3 -g compilation failed to produce executable
FAIL: gfortran.dg/move_alloc_2.f90 -Os (test for excess errors)
WARNING: gfortran.dg/move_alloc_2.f90 -Os compilation failed to produce executable
FAIL: gfortran.dg/nint_2.f90 -O0 execution test
FAIL: gfortran.dg/pr19155.f -O0 execution test
FAIL: gfortran.dg/pr19155.f -O1 execution test
FAIL: gfortran.dg/pr19155.f -O2 execution test
FAIL: gfortran.dg/pr19155.f -O3 -fomit-frame-pointer execution test
FAIL: gfortran.dg/pr19155.f -O3 -fomit-frame-pointer -funroll-loops execution test
FAIL: gfortran.dg/pr19155.f -O3 -fomit-frame-pointer -funroll-all-loops -finline-functions execution test
FAIL: gfortran.dg/pr19155.f -O3 -g execution test
FAIL: gfortran.dg/pr19155.f -Os execution test
FAIL: gfortran.dg/proc_ptr_comp_pass_3.f90 -O0 (test for excess errors)
WARNING: gfortran.dg/proc_ptr_comp_pass_3.f90 -O0 compilation failed to produce executable
FAIL: gfortran.dg/proc_ptr_comp_pass_3.f90 -O1 (test for excess errors)
WARNING: gfortran.dg/proc_ptr_comp_pass_3.f90 -O1 compilation failed to produce executable
FAIL: gfortran.dg/proc_ptr_comp_pass_3.f90 -O2 (test for excess errors)
WARNING: gfortran.dg/proc_ptr_comp_pass_3.f90 -O2 compilation failed to produce executable
FAIL: gfortran.dg/proc_ptr_comp_pass_3.f90 -O3 -fomit-frame-pointer (test for excess errors)
WARNING: gfortran.dg/proc_ptr_comp_pass_3.f90 -O3 -fomit-frame-pointer compilation failed to produce executable
FAIL: gfortran.dg/proc_ptr_comp_pass_3.f90 -O3 -fomit-frame-pointer -funroll-loops (test for excess errors)
WARNING: gfortran.dg/proc_ptr_comp_pass_3.f90 -O3 -fomit-frame-pointer -funroll-loops compilation failed to produce executable
FAIL: gfortran.dg/proc_ptr_comp_pass_3.f90 -O3 -fomit-frame-pointer -funroll-all-loops -finline-functions (test for excess errors)
WARNING: gfortran.dg/proc_ptr_comp_pass_3.f90 -O3 -fomit-frame-pointer -funroll-all-loops -finline-functions compilation failed to produce executable
FAIL: gfortran.dg/proc_ptr_comp_pass_3.f90 -O3 -g (test for excess errors)
WARNING: gfortran.dg/proc_ptr_comp_pass_3.f90 -O3 -g compilation failed to produce executable
FAIL: gfortran.dg/proc_ptr_comp_pass_3.f90 -Os (test for excess errors)
WARNING: gfortran.dg/proc_ptr_comp_pass_3.f90 -Os compilation failed to produce executable
FAIL: gfortran.dg/same_type_as_2.f03 -O0 (test for excess errors)
WARNING: gfortran.dg/same_type_as_2.f03 -O0 compilation failed to produce executable
FAIL: gfortran.dg/same_type_as_2.f03 -O1 (test for excess errors)
WARNING: gfortran.dg/same_type_as_2.f03 -O1 compilation failed to produce executable
FAIL: gfortran.dg/same_type_as_2.f03 -O2 (test for excess errors)
WARNING: gfortran.dg/same_type_as_2.f03 -O2 compilation failed to produce executable
FAIL: gfortran.dg/same_type_as_2.f03 -O3 -fomit-frame-pointer (test for excess errors)
WARNING: gfortran.dg/same_type_as_2.f03 -O3 -fomit-frame-pointer compilation failed to produce executable
FAIL: gfortran.dg/same_type_as_2.f03 -O3 -fomit-frame-pointer -funroll-loops (test for excess errors)
WARNING: gfortran.dg/same_type_as_2.f03 -O3 -fomit-frame-pointer -funroll-loops compilation failed to produce executable
FAIL: gfortran.dg/same_type_as_2.f03 -O3 -fomit-frame-pointer -funroll-all-loops -finline-functions (test for excess errors)
WARNING: gfortran.dg/same_type_as_2.f03 -O3 -fomit-frame-pointer -funroll-all-loops -finline-functions compilation failed to produce executable
FAIL: gfortran.dg/same_type_as_2.f03 -O3 -g (test for excess errors)
WARNING: gfortran.dg/same_type_as_2.f03 -O3 -g compilation failed to produce executable
FAIL: gfortran.dg/same_type_as_2.f03 -Os (test for excess errors)
WARNING: gfortran.dg/same_type_as_2.f03 -Os compilation failed to produce executable
FAIL: gfortran.dg/select_type_13.f03 -O0 (test for excess errors)
WARNING: gfortran.dg/select_type_13.f03 -O0 compilation failed to produce executable
FAIL: gfortran.dg/select_type_13.f03 -O1 (test for excess errors)
WARNING: gfortran.dg/select_type_13.f03 -O1 compilation failed to produce executable
FAIL: gfortran.dg/select_type_13.f03 -O2 (test for excess errors)
WARNING: gfortran.dg/select_type_13.f03 -O2 compilation failed to produce executable
FAIL: gfortran.dg/select_type_13.f03 -O3 -fomit-frame-pointer (test for excess errors)
WARNING: gfortran.dg/select_type_13.f03 -O3 -fomit-frame-pointer compilation failed to produce executable
FAIL: gfortran.dg/select_type_13.f03 -O3 -fomit-frame-pointer -funroll-loops (test for excess errors)
WARNING: gfortran.dg/select_type_13.f03 -O3 -fomit-frame-pointer -funroll-loops compilation failed to produce executable
FAIL: gfortran.dg/select_type_13.f03 -O3 -fomit-frame-pointer -funroll-all-loops -finline-functions (test for excess errors)
WARNING: gfortran.dg/select_type_13.f03 -O3 -fomit-frame-pointer -funroll-all-loops -finline-functions compilation failed to produce executable
FAIL: gfortran.dg/select_type_13.f03 -O3 -g (test for excess errors)
WARNING: gfortran.dg/select_type_13.f03 -O3 -g compilation failed to produce executable
FAIL: gfortran.dg/select_type_13.f03 -Os (test for excess errors)
WARNING: gfortran.dg/select_type_13.f03 -Os compilation failed to produce executable
FAIL: gfortran.dg/select_type_14.f03 -O0 (test for excess errors)
WARNING: gfortran.dg/select_type_14.f03 -O0 compilation failed to produce executable
FAIL: gfortran.dg/select_type_14.f03 -O1 (test for excess errors)
WARNING: gfortran.dg/select_type_14.f03 -O1 compilation failed to produce executable
FAIL: gfortran.dg/select_type_14.f03 -O2 (test for excess errors)
WARNING: gfortran.dg/select_type_14.f03 -O2 compilation failed to produce executable
FAIL: gfortran.dg/select_type_14.f03 -O3 -fomit-frame-pointer (test for excess errors)
WARNING: gfortran.dg/select_type_14.f03 -O3 -fomit-frame-pointer compilation failed to produce executable
FAIL: gfortran.dg/select_type_14.f03 -O3 -fomit-frame-pointer -funroll-loops (test for excess errors)
WARNING: gfortran.dg/select_type_14.f03 -O3 -fomit-frame-pointer -funroll-loops compilation failed to produce executable
FAIL: gfortran.dg/select_type_14.f03 -O3 -fomit-frame-pointer -funroll-all-loops -finline-functions (test for excess errors)
WARNING: gfortran.dg/select_type_14.f03 -O3 -fomit-frame-pointer -funroll-all-loops -finline-functions compilation failed to produce executable
FAIL: gfortran.dg/select_type_14.f03 -O3 -g (test for excess errors)
WARNING: gfortran.dg/select_type_14.f03 -O3 -g compilation failed to produce executable
FAIL: gfortran.dg/select_type_14.f03 -Os (test for excess errors)
WARNING: gfortran.dg/select_type_14.f03 -Os compilation failed to produce executable
FAIL: gfortran.dg/select_type_2.f03 -O0 (test for excess errors)
WARNING: gfortran.dg/select_type_2.f03 -O0 compilation failed to produce executable
FAIL: gfortran.dg/select_type_2.f03 -O1 (test for excess errors)
WARNING: gfortran.dg/select_type_2.f03 -O1 compilation failed to produce executable
FAIL: gfortran.dg/select_type_2.f03 -O2 (test for excess errors)
WARNING: gfortran.dg/select_type_2.f03 -O2 compilation failed to produce executable
FAIL: gfortran.dg/select_type_2.f03 -O3 -fomit-frame-pointer (test for excess errors)
WARNING: gfortran.dg/select_type_2.f03 -O3 -fomit-frame-pointer compilation failed to produce executable
FAIL: gfortran.dg/select_type_2.f03 -O3 -fomit-frame-pointer -funroll-loops (test for excess errors)
WARNING: gfortran.dg/select_type_2.f03 -O3 -fomit-frame-pointer -funroll-loops compilation failed to produce executable
FAIL: gfortran.dg/select_type_2.f03 -O3 -fomit-frame-pointer -funroll-all-loops -finline-functions (test for excess errors)
WARNING: gfortran.dg/select_type_2.f03 -O3 -fomit-frame-pointer -funroll-all-loops -finline-functions compilation failed to produce executable
FAIL: gfortran.dg/select_type_2.f03 -O3 -g (test for excess errors)
WARNING: gfortran.dg/select_type_2.f03 -O3 -g compilation failed to produce executable
FAIL: gfortran.dg/select_type_2.f03 -Os (test for excess errors)
WARNING: gfortran.dg/select_type_2.f03 -Os compilation failed to produce executable
FAIL: gfortran.dg/select_type_3.f03 -O0 (test for excess errors)
WARNING: gfortran.dg/select_type_3.f03 -O0 compilation failed to produce executable
FAIL: gfortran.dg/select_type_3.f03 -O1 (test for excess errors)
WARNING: gfortran.dg/select_type_3.f03 -O1 compilation failed to produce executable
FAIL: gfortran.dg/select_type_3.f03 -O2 (test for excess errors)
WARNING: gfortran.dg/select_type_3.f03 -O2 compilation failed to produce executable
FAIL: gfortran.dg/select_type_3.f03 -O3 -fomit-frame-pointer (test for excess errors)
WARNING: gfortran.dg/select_type_3.f03 -O3 -fomit-frame-pointer compilation failed to produce executable
FAIL: gfortran.dg/select_type_3.f03 -O3 -fomit-frame-pointer -funroll-loops (test for excess errors)
WARNING: gfortran.dg/select_type_3.f03 -O3 -fomit-frame-pointer -funroll-loops compilation failed to produce executable
FAIL: gfortran.dg/select_type_3.f03 -O3 -fomit-frame-pointer -funroll-all-loops -finline-functions (test for excess errors)
WARNING: gfortran.dg/select_type_3.f03 -O3 -fomit-frame-pointer -funroll-all-loops -finline-functions compilation failed to produce executable
FAIL: gfortran.dg/select_type_3.f03 -O3 -g (test for excess errors)
WARNING: gfortran.dg/select_type_3.f03 -O3 -g compilation failed to produce executable
FAIL: gfortran.dg/select_type_3.f03 -Os (test for excess errors)
WARNING: gfortran.dg/select_type_3.f03 -Os compilation failed to produce executable
FAIL: gfortran.dg/select_type_4.f90 -O0 (test for excess errors)
WARNING: gfortran.dg/select_type_4.f90 -O0 compilation failed to produce executable
FAIL: gfortran.dg/select_type_4.f90 -O1 (test for excess errors)
WARNING: gfortran.dg/select_type_4.f90 -O1 compilation failed to produce executable
FAIL: gfortran.dg/select_type_4.f90 -O2 (test for excess errors)
WARNING: gfortran.dg/select_type_4.f90 -O2 compilation failed to produce executable
FAIL: gfortran.dg/select_type_4.f90 -O3 -fomit-frame-pointer (test for excess errors)
WARNING: gfortran.dg/select_type_4.f90 -O3 -fomit-frame-pointer compilation failed to produce executable
FAIL: gfortran.dg/select_type_4.f90 -O3 -fomit-frame-pointer -funroll-loops (test for excess errors)
WARNING: gfortran.dg/select_type_4.f90 -O3 -fomit-frame-pointer -funroll-loops compilation failed to produce executable
FAIL: gfortran.dg/select_type_4.f90 -O3 -fomit-frame-pointer -funroll-all-loops -finline-functions (test for excess errors)
WARNING: gfortran.dg/select_type_4.f90 -O3 -fomit-frame-pointer -funroll-all-loops -finline-functions compilation failed to produce executable
FAIL: gfortran.dg/select_type_4.f90 -O3 -g (test for excess errors)
WARNING: gfortran.dg/select_type_4.f90 -O3 -g compilation failed to produce executable
FAIL: gfortran.dg/select_type_4.f90 -Os (test for excess errors)
WARNING: gfortran.dg/select_type_4.f90 -Os compilation failed to produce executable
FAIL: gfortran.dg/select_type_5.f03 -O0 (test for excess errors)
WARNING: gfortran.dg/select_type_5.f03 -O0 compilation failed to produce executable
FAIL: gfortran.dg/select_type_5.f03 -O1 (test for excess errors)
WARNING: gfortran.dg/select_type_5.f03 -O1 compilation failed to produce executable
FAIL: gfortran.dg/select_type_5.f03 -O2 (test for excess errors)
WARNING: gfortran.dg/select_type_5.f03 -O2 compilation failed to produce executable
FAIL: gfortran.dg/select_type_5.f03 -O3 -fomit-frame-pointer (test for excess errors)
WARNING: gfortran.dg/select_type_5.f03 -O3 -fomit-frame-pointer compilation failed to produce executable
FAIL: gfortran.dg/select_type_5.f03 -O3 -fomit-frame-pointer -funroll-loops (test for excess errors)
WARNING: gfortran.dg/select_type_5.f03 -O3 -fomit-frame-pointer -funroll-loops compilation failed to produce executable
FAIL: gfortran.dg/select_type_5.f03 -O3 -fomit-frame-pointer -funroll-all-loops -finline-functions (test for excess errors)
WARNING: gfortran.dg/select_type_5.f03 -O3 -fomit-frame-pointer -funroll-all-loops -finline-functions compilation failed to produce executable
FAIL: gfortran.dg/select_type_5.f03 -O3 -g (test for excess errors)
WARNING: gfortran.dg/select_type_5.f03 -O3 -g compilation failed to produce executable
FAIL: gfortran.dg/select_type_5.f03 -Os (test for excess errors)
WARNING: gfortran.dg/select_type_5.f03 -Os compilation failed to produce executable
FAIL: gfortran.dg/select_type_6.f03 -O0 (test for excess errors)
WARNING: gfortran.dg/select_type_6.f03 -O0 compilation failed to produce executable
FAIL: gfortran.dg/select_type_6.f03 -O1 (test for excess errors)
WARNING: gfortran.dg/select_type_6.f03 -O1 compilation failed to produce executable
FAIL: gfortran.dg/select_type_6.f03 -O2 (test for excess errors)
WARNING: gfortran.dg/select_type_6.f03 -O2 compilation failed to produce executable
FAIL: gfortran.dg/select_type_6.f03 -O3 -fomit-frame-pointer (test for excess errors)
WARNING: gfortran.dg/select_type_6.f03 -O3 -fomit-frame-pointer compilation failed to produce executable
FAIL: gfortran.dg/select_type_6.f03 -O3 -fomit-frame-pointer -funroll-loops (test for excess errors)
WARNING: gfortran.dg/select_type_6.f03 -O3 -fomit-frame-pointer -funroll-loops compilation failed to produce executable
FAIL: gfortran.dg/select_type_6.f03 -O3 -fomit-frame-pointer -funroll-all-loops -finline-functions (test for excess errors)
WARNING: gfortran.dg/select_type_6.f03 -O3 -fomit-frame-pointer -funroll-all-loops -finline-functions compilation failed to produce executable
FAIL: gfortran.dg/select_type_6.f03 -O3 -g (test for excess errors)
WARNING: gfortran.dg/select_type_6.f03 -O3 -g compilation failed to produce executable
FAIL: gfortran.dg/select_type_6.f03 -Os (test for excess errors)
WARNING: gfortran.dg/select_type_6.f03 -Os compilation failed to produce executable
FAIL: gfortran.dg/select_type_7.f03 -O0 (test for excess errors)
WARNING: gfortran.dg/select_type_7.f03 -O0 compilation failed to produce executable
FAIL: gfortran.dg/select_type_7.f03 -O1 (test for excess errors)
WARNING: gfortran.dg/select_type_7.f03 -O1 compilation failed to produce executable
FAIL: gfortran.dg/select_type_7.f03 -O2 (test for excess errors)
WARNING: gfortran.dg/select_type_7.f03 -O2 compilation failed to produce executable
FAIL: gfortran.dg/select_type_7.f03 -O3 -fomit-frame-pointer (test for excess errors)
WARNING: gfortran.dg/select_type_7.f03 -O3 -fomit-frame-pointer compilation failed to produce executable
FAIL: gfortran.dg/select_type_7.f03 -O3 -fomit-frame-pointer -funroll-loops (test for excess errors)
WARNING: gfortran.dg/select_type_7.f03 -O3 -fomit-frame-pointer -funroll-loops compilation failed to produce executable
FAIL: gfortran.dg/select_type_7.f03 -O3 -fomit-frame-pointer -funroll-all-loops -finline-functions (test for excess errors)
WARNING: gfortran.dg/select_type_7.f03 -O3 -fomit-frame-pointer -funroll-all-loops -finline-functions compilation failed to produce executable
FAIL: gfortran.dg/select_type_7.f03 -O3 -g (test for excess errors)
WARNING: gfortran.dg/select_type_7.f03 -O3 -g compilation failed to produce executable
FAIL: gfortran.dg/select_type_7.f03 -Os (test for excess errors)
WARNING: gfortran.dg/select_type_7.f03 -Os compilation failed to produce executable
FAIL: gfortran.dg/select_type_8.f03 -O0 (test for excess errors)
WARNING: gfortran.dg/select_type_8.f03 -O0 compilation failed to produce executable
FAIL: gfortran.dg/select_type_8.f03 -O1 (test for excess errors)
WARNING: gfortran.dg/select_type_8.f03 -O1 compilation failed to produce executable
FAIL: gfortran.dg/select_type_8.f03 -O2 (test for excess errors)
WARNING: gfortran.dg/select_type_8.f03 -O2 compilation failed to produce executable
FAIL: gfortran.dg/select_type_8.f03 -O3 -fomit-frame-pointer (test for excess errors)
WARNING: gfortran.dg/select_type_8.f03 -O3 -fomit-frame-pointer compilation failed to produce executable
FAIL: gfortran.dg/select_type_8.f03 -O3 -fomit-frame-pointer -funroll-loops (test for excess errors)
WARNING: gfortran.dg/select_type_8.f03 -O3 -fomit-frame-pointer -funroll-loops compilation failed to produce executable
FAIL: gfortran.dg/select_type_8.f03 -O3 -fomit-frame-pointer -funroll-all-loops -finline-functions (test for excess errors)
WARNING: gfortran.dg/select_type_8.f03 -O3 -fomit-frame-pointer -funroll-all-loops -finline-functions compilation failed to produce executable
FAIL: gfortran.dg/select_type_8.f03 -O3 -g (test for excess errors)
WARNING: gfortran.dg/select_type_8.f03 -O3 -g compilation failed to produce executable
FAIL: gfortran.dg/select_type_8.f03 -Os (test for excess errors)
WARNING: gfortran.dg/select_type_8.f03 -Os compilation failed to produce executable
FAIL: gfortran.dg/storage_size_1.f08 -O0 (test for excess errors)
WARNING: gfortran.dg/storage_size_1.f08 -O0 compilation failed to produce executable
FAIL: gfortran.dg/storage_size_1.f08 -O1 (test for excess errors)
WARNING: gfortran.dg/storage_size_1.f08 -O1 compilation failed to produce executable
FAIL: gfortran.dg/storage_size_1.f08 -O2 (test for excess errors)
WARNING: gfortran.dg/storage_size_1.f08 -O2 compilation failed to produce executable
FAIL: gfortran.dg/storage_size_1.f08 -O3 -fomit-frame-pointer (test for excess errors)
WARNING: gfortran.dg/storage_size_1.f08 -O3 -fomit-frame-pointer compilation failed to produce executable
FAIL: gfortran.dg/storage_size_1.f08 -O3 -fomit-frame-pointer -funroll-loops (test for excess errors)
WARNING: gfortran.dg/storage_size_1.f08 -O3 -fomit-frame-pointer -funroll-loops compilation failed to produce executable
FAIL: gfortran.dg/storage_size_1.f08 -O3 -fomit-frame-pointer -funroll-all-loops -finline-functions (test for excess errors)
WARNING: gfortran.dg/storage_size_1.f08 -O3 -fomit-frame-pointer -funroll-all-loops -finline-functions compilation failed to produce executable
FAIL: gfortran.dg/storage_size_1.f08 -O3 -g (test for excess errors)
WARNING: gfortran.dg/storage_size_1.f08 -O3 -g compilation failed to produce executable
FAIL: gfortran.dg/storage_size_1.f08 -Os (test for excess errors)
WARNING: gfortran.dg/storage_size_1.f08 -Os compilation failed to produce executable
FAIL: gfortran.fortran-torture/execute/intrinsic_nearest.f90 execution, -O0
FAIL: gfortran.fortran-torture/execute/intrinsic_nearest.f90 execution, -O1
FAIL: gfortran.fortran-torture/execute/intrinsic_nearest.f90 execution, -O2
FAIL: gfortran.fortran-torture/execute/intrinsic_nearest.f90 execution, -O2 -fomit-frame-pointer -finline-functions
FAIL: gfortran.fortran-torture/execute/intrinsic_nearest.f90 execution, -O2 -fomit-frame-pointer -finline-functions -funroll-loops
FAIL: gfortran.fortran-torture/execute/intrinsic_nearest.f90 execution, -O2 -fbounds-check
FAIL: gfortran.fortran-torture/execute/intrinsic_nearest.f90 execution, -O3 -g
FAIL: gfortran.fortran-torture/execute/intrinsic_nearest.f90 execution, -Os
=== gfortran Summary ===
# of expected passes 35464
# of unexpected failures 274
# of expected failures 53
# of unsupported tests 362
/tmp/20101109/gcc/testsuite/gfortran/../../gfortran version 4.6.0 20101109 (experimental) [trunk revision 166465] (GCC)
=== objc tests ===
Running target unix
XPASS: objc.dg-struct-layout-encoding-1/t025_main.m execution test
XPASS: objc.dg-struct-layout-encoding-1/t027_main.m execution test
XPASS: objc.dg-struct-layout-encoding-1/t028_main.m execution test
XPASS: objc.dg-struct-layout-encoding-1/t029_main.m execution test
XPASS: objc.dg-struct-layout-encoding-1/t030_main.m execution test
XPASS: objc.dg-struct-layout-encoding-1/t031_main.m execution test
=== objc Summary ===
# of expected passes 2431
# of unexpected successes 6
# of expected failures 19
# of unsupported tests 66
/tmp/20101109/gcc/xgcc version 4.6.0 20101109 (experimental) [trunk revision 166465] (GCC)
=== libgomp tests ===
Running target unix
FAIL: libgomp.fortran/recursion1.f90 -O0 execution test
FAIL: libgomp.fortran/recursion1.f90 -O1 execution test
FAIL: libgomp.fortran/recursion1.f90 -O2 execution test
FAIL: libgomp.fortran/recursion1.f90 -O3 -fomit-frame-pointer execution test
FAIL: libgomp.fortran/recursion1.f90 -O3 -fomit-frame-pointer -funroll-loops execution test
FAIL: libgomp.fortran/recursion1.f90 -O3 -fomit-frame-pointer -funroll-all-loops -finline-functions execution test
FAIL: libgomp.fortran/recursion1.f90 -O3 -g execution test
FAIL: libgomp.fortran/recursion1.f90 -Os execution test
=== libgomp Summary ===
# of expected passes 2528
# of unexpected failures 8
# of unsupported tests 2
=== libstdc++ tests ===
Running target unix
FAIL: 20_util/weak_ptr/comparison/cmp_neg.cc (test for warnings, line 467)
FAIL: 20_util/weak_ptr/comparison/cmp_neg.cc (test for excess errors)
FAIL: 21_strings/basic_string/inserters_extractors/wchar_t/28277.cc execution test
FAIL: 22_locale/ctype/is/char/3.cc execution test
FAIL: 23_containers/vector/profile/vector.cc execution test
FAIL: 26_numerics/headers/cmath/c99_classification_macros_c.cc (test for excess errors)
FAIL: 27_io/basic_filebuf/seekoff/char/3-in.cc execution test
FAIL: 27_io/basic_filebuf/seekoff/char/3-io.cc execution test
FAIL: 27_io/basic_ifstream/cons/char/1.cc execution test
FAIL: 27_io/basic_ifstream/open/char/1.cc execution test
FAIL: 27_io/basic_ostream/inserters_character/wchar_t/28277-3.cc execution test
FAIL: 27_io/basic_ostream/inserters_character/wchar_t/28277-4.cc execution test
FAIL: 27_io/ios_base/storage/11584.cc execution test
FAIL: 27_io/objects/char/6.cc execution test
FAIL: 27_io/objects/wchar_t/6.cc execution test
FAIL: ext/mt_allocator/check_new.cc execution test
FAIL: ext/pool_allocator/check_new.cc execution test
FAIL: ext/profile/all.cc (test for excess errors)
FAIL: ext/vstring/inserters_extractors/wchar_t/28277.cc execution test
=== libstdc++ Summary ===
# of expected passes 6802
# of unexpected failures 19
# of expected failures 87
# of unsupported tests 447
Compiler version: 4.6.0 20101109 (experimental) [trunk revision 166465] (GCC)
Platform: powerpc-ibm-aix5.3.0.0
configure flags: --prefix=/farm/dje/install/powerpc-ibm-aix5.3.0.0-20101109 --disable-werror --enable-languages=c,c++,fortran,objc --with-gmp=/usr/gnu --with-mpfr=/usr/gnu --with-mpc=/usr/gnu --with-ppl=/usr/gnu --with-cloog=/usr/gnu