This is the mail archive of the
gcc-testresults@gcc.gnu.org
mailing list for the GCC project.
Results for 4.6.0 20101106 (experimental) (GCC) testsuite on i686-pc-cygwin
- From: Tim Prince <n8tm at aol dot com>
- To: gcc-testresults at gcc dot gnu dot org
- Date: Tue, 09 Nov 2010 16:12:55 -0800
- Subject: Results for 4.6.0 20101106 (experimental) (GCC) testsuite on i686-pc-cygwin
LAST_UPDATED: Obtained from SVN: trunk revision 166408
Native configuration is i686-pc-cygwin
=== g++ tests ===
Running target unix
FAIL: g++.dg/compat/decimal/pass-1 cp_compat_x_tst.o-cp_compat_y_tst.o link
UNRESOLVED: g++.dg/compat/decimal/pass-1
cp_compat_x_tst.o-cp_compat_y_tst.o execute
FAIL: g++.dg/compat/decimal/pass-2 cp_compat_x_tst.o-cp_compat_y_tst.o link
UNRESOLVED: g++.dg/compat/decimal/pass-2
cp_compat_x_tst.o-cp_compat_y_tst.o execute
FAIL: g++.dg/compat/decimal/pass-3 cp_compat_x_tst.o-cp_compat_y_tst.o link
UNRESOLVED: g++.dg/compat/decimal/pass-3
cp_compat_x_tst.o-cp_compat_y_tst.o execute
FAIL: g++.dg/compat/decimal/pass-4 cp_compat_x_tst.o-cp_compat_y_tst.o link
UNRESOLVED: g++.dg/compat/decimal/pass-4
cp_compat_x_tst.o-cp_compat_y_tst.o execute
FAIL: g++.dg/compat/decimal/pass-5 cp_compat_x_tst.o-cp_compat_y_tst.o link
UNRESOLVED: g++.dg/compat/decimal/pass-5
cp_compat_x_tst.o-cp_compat_y_tst.o execute
FAIL: g++.dg/compat/decimal/pass-6 cp_compat_x_tst.o-cp_compat_y_tst.o link
UNRESOLVED: g++.dg/compat/decimal/pass-6
cp_compat_x_tst.o-cp_compat_y_tst.o execute
FAIL: g++.dg/compat/decimal/return-1 cp_compat_x_tst.o-cp_compat_y_tst.o
link
UNRESOLVED: g++.dg/compat/decimal/return-1
cp_compat_x_tst.o-cp_compat_y_tst.o execute
FAIL: g++.dg/compat/decimal/return-2 cp_compat_x_tst.o-cp_compat_y_tst.o
link
UNRESOLVED: g++.dg/compat/decimal/return-2
cp_compat_x_tst.o-cp_compat_y_tst.o execute
FAIL: g++.dg/compat/decimal/return-3 cp_compat_x_tst.o-cp_compat_y_tst.o
link
UNRESOLVED: g++.dg/compat/decimal/return-3
cp_compat_x_tst.o-cp_compat_y_tst.o execute
FAIL: g++.dg/compat/decimal/return-4 cp_compat_x_tst.o-cp_compat_y_tst.o
link
UNRESOLVED: g++.dg/compat/decimal/return-4
cp_compat_x_tst.o-cp_compat_y_tst.o execute
FAIL: g++.dg/compat/decimal/return-5 cp_compat_x_tst.o-cp_compat_y_tst.o
link
UNRESOLVED: g++.dg/compat/decimal/return-5
cp_compat_x_tst.o-cp_compat_y_tst.o execute
FAIL: g++.dg/compat/decimal/return-6 cp_compat_x_tst.o-cp_compat_y_tst.o
link
UNRESOLVED: g++.dg/compat/decimal/return-6
cp_compat_x_tst.o-cp_compat_y_tst.o execute
FAIL: tmpdir-g++.dg-struct-layout-1/t001 cp_compat_x_tst.o compile
FAIL: tmpdir-g++.dg-struct-layout-1/t001 cp_compat_y_tst.o compile
FAIL: tmpdir-g++.dg-struct-layout-1/t002 cp_compat_x_tst.o compile
FAIL: tmpdir-g++.dg-struct-layout-1/t002 cp_compat_y_tst.o compile
FAIL: tmpdir-g++.dg-struct-layout-1/t003 cp_compat_x_tst.o compile
FAIL: tmpdir-g++.dg-struct-layout-1/t003 cp_compat_y_tst.o compile
FAIL: tmpdir-g++.dg-struct-layout-1/t004 cp_compat_x_tst.o compile
FAIL: tmpdir-g++.dg-struct-layout-1/t004 cp_compat_y_tst.o compile
FAIL: tmpdir-g++.dg-struct-layout-1/t005 cp_compat_x_tst.o compile
FAIL: tmpdir-g++.dg-struct-layout-1/t005 cp_compat_y_tst.o compile
FAIL: tmpdir-g++.dg-struct-layout-1/t006 cp_compat_x_tst.o compile
FAIL: tmpdir-g++.dg-struct-layout-1/t006 cp_compat_y_tst.o compile
FAIL: tmpdir-g++.dg-struct-layout-1/t007 cp_compat_x_tst.o compile
FAIL: tmpdir-g++.dg-struct-layout-1/t007 cp_compat_y_tst.o compile
FAIL: tmpdir-g++.dg-struct-layout-1/t008 cp_compat_x_tst.o compile
FAIL: tmpdir-g++.dg-struct-layout-1/t008 cp_compat_y_tst.o compile
FAIL: tmpdir-g++.dg-struct-layout-1/t009 cp_compat_x_tst.o compile
FAIL: tmpdir-g++.dg-struct-layout-1/t009 cp_compat_y_tst.o compile
FAIL: tmpdir-g++.dg-struct-layout-1/t010 cp_compat_x_tst.o compile
FAIL: tmpdir-g++.dg-struct-layout-1/t010 cp_compat_y_tst.o compile
FAIL: tmpdir-g++.dg-struct-layout-1/t011 cp_compat_x_tst.o compile
FAIL: tmpdir-g++.dg-struct-layout-1/t011 cp_compat_y_tst.o compile
FAIL: tmpdir-g++.dg-struct-layout-1/t012 cp_compat_x_tst.o compile
FAIL: tmpdir-g++.dg-struct-layout-1/t012 cp_compat_y_tst.o compile
FAIL: tmpdir-g++.dg-struct-layout-1/t013 cp_compat_x_tst.o compile
FAIL: tmpdir-g++.dg-struct-layout-1/t013 cp_compat_y_tst.o compile
FAIL: tmpdir-g++.dg-struct-layout-1/t014 cp_compat_x_tst.o compile
FAIL: tmpdir-g++.dg-struct-layout-1/t014 cp_compat_y_tst.o compile
FAIL: tmpdir-g++.dg-struct-layout-1/t015 cp_compat_x_tst.o compile
FAIL: tmpdir-g++.dg-struct-layout-1/t015 cp_compat_y_tst.o compile
FAIL: tmpdir-g++.dg-struct-layout-1/t016 cp_compat_x_tst.o compile
FAIL: tmpdir-g++.dg-struct-layout-1/t016 cp_compat_y_tst.o compile
FAIL: tmpdir-g++.dg-struct-layout-1/t017 cp_compat_x_tst.o compile
FAIL: tmpdir-g++.dg-struct-layout-1/t017 cp_compat_y_tst.o compile
FAIL: tmpdir-g++.dg-struct-layout-1/t018 cp_compat_x_tst.o compile
FAIL: tmpdir-g++.dg-struct-layout-1/t018 cp_compat_y_tst.o compile
FAIL: tmpdir-g++.dg-struct-layout-1/t019 cp_compat_x_tst.o compile
FAIL: tmpdir-g++.dg-struct-layout-1/t019 cp_compat_y_tst.o compile
FAIL: tmpdir-g++.dg-struct-layout-1/t020 cp_compat_x_tst.o compile
FAIL: tmpdir-g++.dg-struct-layout-1/t020 cp_compat_y_tst.o compile
FAIL: tmpdir-g++.dg-struct-layout-1/t021 cp_compat_x_tst.o compile
FAIL: tmpdir-g++.dg-struct-layout-1/t021 cp_compat_y_tst.o compile
FAIL: tmpdir-g++.dg-struct-layout-1/t022 cp_compat_x_tst.o compile
FAIL: tmpdir-g++.dg-struct-layout-1/t022 cp_compat_y_tst.o compile
FAIL: tmpdir-g++.dg-struct-layout-1/t023 cp_compat_x_tst.o compile
FAIL: tmpdir-g++.dg-struct-layout-1/t023 cp_compat_y_tst.o compile
FAIL: tmpdir-g++.dg-struct-layout-1/t024 cp_compat_x_tst.o compile
FAIL: tmpdir-g++.dg-struct-layout-1/t024 cp_compat_y_tst.o compile
FAIL: tmpdir-g++.dg-struct-layout-1/t025 cp_compat_x_tst.o compile
FAIL: tmpdir-g++.dg-struct-layout-1/t025 cp_compat_y_tst.o compile
FAIL: tmpdir-g++.dg-struct-layout-1/t026 cp_compat_x_tst.o compile
FAIL: tmpdir-g++.dg-struct-layout-1/t026 cp_compat_y_tst.o compile
FAIL: tmpdir-g++.dg-struct-layout-1/t027 cp_compat_x_tst.o compile
FAIL: tmpdir-g++.dg-struct-layout-1/t027 cp_compat_y_tst.o compile
FAIL: tmpdir-g++.dg-struct-layout-1/t028 cp_compat_x_tst.o compile
FAIL: tmpdir-g++.dg-struct-layout-1/t028 cp_compat_y_tst.o compile
FAIL: tmpdir-g++.dg-struct-layout-1/t029 cp_compat_x_tst.o compile
FAIL: tmpdir-g++.dg-struct-layout-1/t029 cp_compat_y_tst.o compile
FAIL: tmpdir-g++.dg-struct-layout-1/t030 cp_compat_x_tst.o compile
FAIL: tmpdir-g++.dg-struct-layout-1/t030 cp_compat_y_tst.o compile
FAIL: c-c++-common/dfp/func-vararg-mixed-2.c (test for excess errors)
WARNING: c-c++-common/dfp/func-vararg-mixed-2.c compilation failed to
produce executable
FAIL: c-c++-common/dfp/pr36800.c (test for excess errors)
WARNING: c-c++-common/dfp/pr36800.c compilation failed to produce executable
FAIL: c-c++-common/dfp/pr39034.c (test for excess errors)
WARNING: c-c++-common/dfp/pr39034.c compilation failed to produce executable
FAIL: c-c++-common/dfp/pr39035.c (test for excess errors)
WARNING: c-c++-common/dfp/pr39035.c compilation failed to produce executable
FAIL: g++.dg/abi/local1.C execution test
FAIL: g++.dg/abi/thunk5.C scan-assembler weak.*ZTv
FAIL: g++.dg/eh/simd-2.C (test for excess errors)
FAIL: g++.dg/ext/dllexport-MI1.C scan-assembler
-export:[\\\\\\\\"]*_ZTV2D1[\\\\"]*,data
FAIL: g++.dg/ext/dllimport7.C C++ specific error (test for errors, line 24)
FAIL: g++.dg/ext/selectany1.C scan-assembler-dem \\nguard variable for x:
FAIL: g++.dg/init/cleanup3.C scan-assembler-not _tcf
FAIL: g++.dg/parse/stack1.C (test for excess errors)
FAIL: g++.dg/torture/pr31863.C -O2 -fwhopr (test for excess errors)
FAIL: g++.dg/torture/pr36444.C -O0 (test for excess errors)
FAIL: g++.dg/torture/pr36444.C -O1 (test for excess errors)
FAIL: g++.dg/torture/pr36444.C -O2 (test for excess errors)
FAIL: g++.dg/torture/pr36444.C -O3 -fomit-frame-pointer (test for
excess errors)
FAIL: g++.dg/torture/pr36444.C -O3 -g (test for excess errors)
FAIL: g++.dg/torture/pr36444.C -Os (test for excess errors)
FAIL: g++.dg/torture/pr36444.C -O2 -flto (test for excess errors)
FAIL: g++.dg/torture/pr36444.C -O2 -fwhopr (test for excess errors)
FAIL: g++.dg/torture/pr36445.C -O0 (test for excess errors)
FAIL: g++.dg/torture/pr36445.C -O1 (test for excess errors)
FAIL: g++.dg/torture/pr36445.C -O2 (test for excess errors)
FAIL: g++.dg/torture/pr36445.C -O3 -fomit-frame-pointer (test for
excess errors)
FAIL: g++.dg/torture/pr36445.C -O3 -g (test for excess errors)
FAIL: g++.dg/torture/pr36445.C -Os (test for excess errors)
FAIL: g++.dg/torture/pr36445.C -O2 -flto (test for excess errors)
FAIL: g++.dg/torture/pr36445.C -O2 -fwhopr (test for excess errors)
XPASS: g++.old-deja/g++.ext/attrib5.C execution test
FAIL: g++.old-deja/g++.other/init5.C execution test
=== g++ Summary ===
# of expected passes 25458
# of unexpected failures 102
# of unexpected successes 1
# of expected failures 155
# of unresolved testcases 12
# of unsupported tests 210
/cygdrive/e/gnu/xp/gcc/testsuite/g++/../../g++ version 4.6.0 20101106
(experimental) (GCC)
=== gcc tests ===
Running target unix
FAIL: gcc.c-torture/compile/limits-declparen.c -O3 -g (test for excess
errors)
FAIL: gcc.c-torture/compile/limits-declparen.c -O2 -flto (test for
excess errors)
FAIL: gcc.c-torture/compile/limits-declparen.c -O2 -fwhopr (test for
excess errors)
FAIL: gcc.c-torture/compile/limits-exprparen.c -O0 (test for excess
errors)
FAIL: gcc.c-torture/compile/limits-exprparen.c -O1 (test for excess
errors)
FAIL: gcc.c-torture/compile/limits-exprparen.c -O2 (test for excess
errors)
FAIL: gcc.c-torture/compile/limits-exprparen.c -O3
-fomit-frame-pointer (test for excess errors)
FAIL: gcc.c-torture/compile/limits-exprparen.c -O3 -g (test for excess
errors)
FAIL: gcc.c-torture/compile/limits-exprparen.c -Os (test for excess
errors)
FAIL: gcc.c-torture/compile/limits-exprparen.c -O2 -flto (test for
excess errors)
FAIL: gcc.c-torture/compile/limits-exprparen.c -O2 -fwhopr (test for
excess errors)
FAIL: gcc.c-torture/compile/limits-pointer.c -O3 -g (test for excess
errors)
FAIL: gcc.c-torture/compile/limits-pointer.c -O2 -flto (test for
excess errors)
FAIL: gcc.c-torture/compile/limits-pointer.c -O2 -fwhopr (test for
excess errors)
FAIL: gcc.c-torture/compile/limits-structnest.c -O0 (test for excess
errors)
FAIL: gcc.c-torture/compile/limits-structnest.c -O1 (test for excess
errors)
FAIL: gcc.c-torture/compile/limits-structnest.c -O2 (test for excess
errors)
FAIL: gcc.c-torture/compile/limits-structnest.c -O3
-fomit-frame-pointer (test for excess errors)
FAIL: gcc.c-torture/compile/limits-structnest.c -O3 -g (test for
excess errors)
FAIL: gcc.c-torture/compile/limits-structnest.c -Os (test for excess
errors)
FAIL: gcc.c-torture/compile/limits-structnest.c -O2 -flto (test for
excess errors)
FAIL: gcc.c-torture/compile/limits-structnest.c -O2 -fwhopr (test for
excess errors)
FAIL: gcc.c-torture/compile/pr34856.c -O0 (test for excess errors)
FAIL: gcc.c-torture/compile/pr34856.c -O1 (test for excess errors)
FAIL: gcc.c-torture/compile/pr34856.c -O2 (test for excess errors)
FAIL: gcc.c-torture/compile/pr34856.c -O3 -fomit-frame-pointer (test
for excess errors)
FAIL: gcc.c-torture/compile/pr34856.c -O3 -fomit-frame-pointer
-funroll-loops (test for excess errors)
FAIL: gcc.c-torture/compile/pr34856.c -O3 -fomit-frame-pointer
-funroll-all-loops -finline-functions (test for excess errors)
FAIL: gcc.c-torture/compile/pr34856.c -O3 -g (test for excess errors)
FAIL: gcc.c-torture/compile/pr34856.c -Os (test for excess errors)
FAIL: gcc.c-torture/compile/pr34856.c -O2 -flto (test for excess errors)
FAIL: gcc.c-torture/compile/pr34856.c -O2 -fwhopr (test for excess errors)
FAIL: gcc.c-torture/compile/pr39928-1.c -O0 (test for excess errors)
FAIL: gcc.c-torture/compile/pr39928-1.c -O1 (test for excess errors)
FAIL: gcc.c-torture/compile/pr39928-1.c -O2 (test for excess errors)
FAIL: gcc.c-torture/compile/pr39928-1.c -O3 -fomit-frame-pointer (test
for excess errors)
FAIL: gcc.c-torture/compile/pr39928-1.c -O3 -g (test for excess errors)
FAIL: gcc.c-torture/compile/pr39928-1.c -Os (test for excess errors)
FAIL: gcc.c-torture/compile/pr39928-1.c -O2 -flto (test for excess errors)
FAIL: gcc.c-torture/compile/pr39928-1.c -O2 -fwhopr (test for excess
errors)
FAIL: gcc.c-torture/compile/vector-1.c -O0 (test for excess errors)
FAIL: gcc.c-torture/compile/vector-1.c -O1 (test for excess errors)
FAIL: gcc.c-torture/compile/vector-1.c -O2 (test for excess errors)
FAIL: gcc.c-torture/compile/vector-1.c -O3 -fomit-frame-pointer (test
for excess errors)
FAIL: gcc.c-torture/compile/vector-1.c -O3 -g (test for excess errors)
FAIL: gcc.c-torture/compile/vector-1.c -Os (test for excess errors)
FAIL: gcc.c-torture/compile/vector-1.c -O2 -flto (test for excess errors)
FAIL: gcc.c-torture/compile/vector-1.c -O2 -fwhopr (test for excess
errors)
FAIL: gcc.c-torture/compile/vector-2.c -O0 (test for excess errors)
FAIL: gcc.c-torture/compile/vector-2.c -O1 (test for excess errors)
FAIL: gcc.c-torture/compile/vector-2.c -O2 (test for excess errors)
FAIL: gcc.c-torture/compile/vector-2.c -O3 -fomit-frame-pointer (test
for excess errors)
FAIL: gcc.c-torture/compile/vector-2.c -O3 -g (test for excess errors)
FAIL: gcc.c-torture/compile/vector-2.c -Os (test for excess errors)
FAIL: gcc.c-torture/compile/vector-2.c -O2 -flto (test for excess errors)
FAIL: gcc.c-torture/compile/vector-2.c -O2 -fwhopr (test for excess
errors)
FAIL: gcc.c-torture/execute/va-arg-25.c compilation, -O0
UNRESOLVED: gcc.c-torture/execute/va-arg-25.c execution, -O0
FAIL: gcc.c-torture/execute/va-arg-25.c compilation, -O1
UNRESOLVED: gcc.c-torture/execute/va-arg-25.c execution, -O1
FAIL: gcc.c-torture/execute/va-arg-25.c compilation, -O2
UNRESOLVED: gcc.c-torture/execute/va-arg-25.c execution, -O2
FAIL: gcc.c-torture/execute/va-arg-25.c compilation, -O3
-fomit-frame-pointer
UNRESOLVED: gcc.c-torture/execute/va-arg-25.c execution, -O3
-fomit-frame-pointer
FAIL: gcc.c-torture/execute/va-arg-25.c compilation, -O3 -g
UNRESOLVED: gcc.c-torture/execute/va-arg-25.c execution, -O3 -g
FAIL: gcc.c-torture/execute/va-arg-25.c compilation, -Os
UNRESOLVED: gcc.c-torture/execute/va-arg-25.c execution, -Os
FAIL: gcc.c-torture/execute/va-arg-25.c compilation, -O2 -flto
UNRESOLVED: gcc.c-torture/execute/va-arg-25.c execution, -O2 -flto
FAIL: gcc.c-torture/execute/va-arg-25.c compilation, -O2 -fwhopr
UNRESOLVED: gcc.c-torture/execute/va-arg-25.c execution, -O2 -fwhopr
FAIL: gcc.c-torture/execute/vector-1.c compilation, -O0
UNRESOLVED: gcc.c-torture/execute/vector-1.c execution, -O0
FAIL: gcc.c-torture/execute/vector-1.c compilation, -O1
UNRESOLVED: gcc.c-torture/execute/vector-1.c execution, -O1
FAIL: gcc.c-torture/execute/vector-1.c compilation, -O2
UNRESOLVED: gcc.c-torture/execute/vector-1.c execution, -O2
FAIL: gcc.c-torture/execute/vector-1.c compilation, -O3
-fomit-frame-pointer
UNRESOLVED: gcc.c-torture/execute/vector-1.c execution, -O3
-fomit-frame-pointer
FAIL: gcc.c-torture/execute/vector-1.c compilation, -O3 -g
UNRESOLVED: gcc.c-torture/execute/vector-1.c execution, -O3 -g
FAIL: gcc.c-torture/execute/vector-1.c compilation, -Os
UNRESOLVED: gcc.c-torture/execute/vector-1.c execution, -Os
FAIL: gcc.c-torture/execute/vector-1.c compilation, -O2 -flto
UNRESOLVED: gcc.c-torture/execute/vector-1.c execution, -O2 -flto
FAIL: gcc.c-torture/execute/vector-1.c compilation, -O2 -fwhopr
UNRESOLVED: gcc.c-torture/execute/vector-1.c execution, -O2 -fwhopr
FAIL: gcc.c-torture/execute/vector-2.c compilation, -O0
UNRESOLVED: gcc.c-torture/execute/vector-2.c execution, -O0
FAIL: gcc.c-torture/execute/vector-2.c compilation, -O1
UNRESOLVED: gcc.c-torture/execute/vector-2.c execution, -O1
FAIL: gcc.c-torture/execute/vector-2.c compilation, -O2
UNRESOLVED: gcc.c-torture/execute/vector-2.c execution, -O2
FAIL: gcc.c-torture/execute/vector-2.c compilation, -O3
-fomit-frame-pointer
UNRESOLVED: gcc.c-torture/execute/vector-2.c execution, -O3
-fomit-frame-pointer
FAIL: gcc.c-torture/execute/vector-2.c compilation, -O3 -g
UNRESOLVED: gcc.c-torture/execute/vector-2.c execution, -O3 -g
FAIL: gcc.c-torture/execute/vector-2.c compilation, -Os
UNRESOLVED: gcc.c-torture/execute/vector-2.c execution, -Os
FAIL: gcc.c-torture/execute/vector-2.c compilation, -O2 -flto
UNRESOLVED: gcc.c-torture/execute/vector-2.c execution, -O2 -flto
FAIL: gcc.c-torture/execute/vector-2.c compilation, -O2 -fwhopr
UNRESOLVED: gcc.c-torture/execute/vector-2.c execution, -O2 -fwhopr
FAIL: gcc.dg/cpp/include2.c (test for excess errors)
FAIL: gcc.dg/dfp/fe-binop.c (test for excess errors)
FAIL: gcc.dg/dfp/fe-convert-1.c (test for excess errors)
FAIL: gcc.dg/dfp/fe-convert-2.c (test for excess errors)
FAIL: gcc.dg/dfp/fe-convert-3.c (test for excess errors)
FAIL: c-c++-common/dfp/func-vararg-mixed-2.c (test for excess errors)
WARNING: c-c++-common/dfp/func-vararg-mixed-2.c compilation failed to
produce executable
FAIL: c-c++-common/dfp/pr36800.c (test for excess errors)
WARNING: c-c++-common/dfp/pr36800.c compilation failed to produce executable
FAIL: c-c++-common/dfp/pr39034.c (test for excess errors)
WARNING: c-c++-common/dfp/pr39034.c compilation failed to produce executable
FAIL: c-c++-common/dfp/pr39035.c (test for excess errors)
WARNING: c-c++-common/dfp/pr39035.c compilation failed to produce executable
FAIL: gcc.dg/20020425-1.c (test for excess errors)
FAIL: gcc.dg/pr32912-1.c (test for excess errors)
FAIL: gcc.dg/vec-scal-opt.c scan-tree-dump-times veclower ">> k.[0-9_]*" 1
FAIL: gcc.dg/vec-scal-opt1.c scan-tree-dump-times veclower ">> 2" 1
FAIL: gcc.dg/vec-scal-opt2.c scan-tree-dump-times veclower ">> 2" 1
FAIL: gcc.dg/graphite/vect-pr43423.c scan-tree-dump-times vect
"vectorized 2 loops" 1
FAIL: gcc.dg/graphite/run-id-1.c execution test
FAIL: gcc.dg/graphite/pr43012.c execution test
FAIL: gcc.dg/lto/20081222 c_lto_20081222_1.o assemble, -O0 -fwhopr
UNRESOLVED: gcc.dg/lto/20081222 c_lto_20081222_0.o-c_lto_20081222_1.o
link -O0 -fwhopr
UNRESOLVED: gcc.dg/lto/20081222 c_lto_20081222_0.o-c_lto_20081222_1.o
execute -O0 -fwhopr
FAIL: gcc.dg/lto/20081222 c_lto_20081222_1.o assemble, -O2 -fwhopr
UNRESOLVED: gcc.dg/lto/20081222 c_lto_20081222_0.o-c_lto_20081222_1.o
link -O2 -fwhopr
UNRESOLVED: gcc.dg/lto/20081222 c_lto_20081222_0.o-c_lto_20081222_1.o
execute -O2 -fwhopr
FAIL: gcc.dg/lto/20081222 c_lto_20081222_1.o assemble, -O0 -flto
UNRESOLVED: gcc.dg/lto/20081222 c_lto_20081222_0.o-c_lto_20081222_1.o
link -O0 -flto
UNRESOLVED: gcc.dg/lto/20081222 c_lto_20081222_0.o-c_lto_20081222_1.o
execute -O0 -flto
FAIL: gcc.dg/lto/20081222 c_lto_20081222_1.o assemble, -O2 -flto
UNRESOLVED: gcc.dg/lto/20081222 c_lto_20081222_0.o-c_lto_20081222_1.o
link -O2 -flto
UNRESOLVED: gcc.dg/lto/20081222 c_lto_20081222_0.o-c_lto_20081222_1.o
execute -O2 -flto
FAIL: gcc.dg/lto/20090914-2 c_lto_20090914-2_0.o assemble, -O0 -fwhopr
UNRESOLVED: gcc.dg/lto/20090914-2
c_lto_20090914-2_0.o-c_lto_20090914-2_0.o link -O0 -fwhopr
UNRESOLVED: gcc.dg/lto/20090914-2
c_lto_20090914-2_0.o-c_lto_20090914-2_0.o execute -O0 -fwhopr
FAIL: gcc.dg/lto/20090914-2 c_lto_20090914-2_0.o assemble, -O2 -fwhopr
UNRESOLVED: gcc.dg/lto/20090914-2
c_lto_20090914-2_0.o-c_lto_20090914-2_0.o link -O2 -fwhopr
UNRESOLVED: gcc.dg/lto/20090914-2
c_lto_20090914-2_0.o-c_lto_20090914-2_0.o execute -O2 -fwhopr
FAIL: gcc.dg/lto/20090914-2 c_lto_20090914-2_0.o assemble, -O0 -flto
UNRESOLVED: gcc.dg/lto/20090914-2
c_lto_20090914-2_0.o-c_lto_20090914-2_0.o link -O0 -flto
UNRESOLVED: gcc.dg/lto/20090914-2
c_lto_20090914-2_0.o-c_lto_20090914-2_0.o execute -O0 -flto
FAIL: gcc.dg/lto/20090914-2 c_lto_20090914-2_0.o assemble, -O2 -flto
UNRESOLVED: gcc.dg/lto/20090914-2
c_lto_20090914-2_0.o-c_lto_20090914-2_0.o link -O2 -flto
UNRESOLVED: gcc.dg/lto/20090914-2
c_lto_20090914-2_0.o-c_lto_20090914-2_0.o execute -O2 -flto
FAIL: gcc.dg/matrix/transpose-3.c execution, -fprofile-use
-fipa-matrix-reorg -fdump-ipa-matrix-reorg -O3 -fwhole-program
FAIL: largefile.c -O0 -g -I. (internal compiler error)
FAIL: largefile.c -O0 -g -I. (test for excess errors)
FAIL: gcc.dg/pch/largefile.c -O0 -g assembly comparison
FAIL: largefile.c -O0 -I. (internal compiler error)
FAIL: largefile.c -O0 -I. (test for excess errors)
FAIL: gcc.dg/pch/largefile.c -O0 assembly comparison
FAIL: largefile.c -O1 -I. (internal compiler error)
FAIL: largefile.c -O1 -I. (test for excess errors)
FAIL: gcc.dg/pch/largefile.c -O1 assembly comparison
FAIL: largefile.c -O2 -I. (internal compiler error)
FAIL: largefile.c -O2 -I. (test for excess errors)
FAIL: gcc.dg/pch/largefile.c -O2 assembly comparison
FAIL: largefile.c -O3 -fomit-frame-pointer -I. (internal compiler error)
FAIL: largefile.c -O3 -fomit-frame-pointer -I. (test for excess errors)
FAIL: gcc.dg/pch/largefile.c -O3 -fomit-frame-pointer assembly comparison
FAIL: largefile.c -O3 -g -I. (internal compiler error)
FAIL: largefile.c -O3 -g -I. (test for excess errors)
FAIL: gcc.dg/pch/largefile.c -O3 -g assembly comparison
FAIL: largefile.c -Os -I. (internal compiler error)
FAIL: largefile.c -Os -I. (test for excess errors)
FAIL: gcc.dg/pch/largefile.c -Os assembly comparison
FAIL: gcc.dg/tls/thr-cse-1.c scan-assembler-not
emutls_get_address.*emutls_get_address.*
FAIL: gcc.dg/tree-prof/inliner-1.c scan-tree-dump-not optimized
"hot_function ..;"
XPASS: gcc.dg/tree-ssa/20040204-1.c scan-tree-dump-times optimized
"link_error" 0
FAIL: gcc.dg/tree-ssa/forwprop-5.c (test for excess errors)
FAIL: gcc.dg/tree-ssa/fre-vce-1.c (test for excess errors)
FAIL: gcc.dg/tree-ssa/pr36881.c scan-assembler-not CSWTCH
FAIL: gcc.dg/tree-ssa/pr36881.c scan-tree-dump switchconv "need runtime
relocations"
FAIL: gcc.dg/tree-ssa/sra-4.c (test for excess errors)
FAIL: gcc.dg/tree-ssa/ssa-ccp-17.c scan-tree-dump ccp1 "= g.i;"
FAIL: gcc.dg/tree-ssa/ssa-store-ccp-2.c scan-tree-dump-times optimized
"conststaticvariable" 1
FAIL: gcc.dg/tree-ssa/ssa-store-ccp-4.c scan-tree-dump-times optimized
"conststaticvariable" 1
FAIL: gcc.dg/tree-ssa/vector-1.c (test for excess errors)
FAIL: gcc.dg/tree-ssa/vector-2.c (test for excess errors)
FAIL: gcc.dg/vect/pr43430-2.c scan-tree-dump-times vect "vectorized 1
loops" 1
FAIL: gcc.target/i386/vect-args.c (test for excess errors)
FAIL: gcc.target/i386/vect-args.c -O (test for excess errors)
FAIL: gcc.target/i386/vect-args.c -mmmx (test for excess errors)
FAIL: gcc.target/i386/vect-args.c -mmmx -O (test for excess errors)
FAIL: gcc.target/i386/vect-args.c -m3dnow (test for excess errors)
FAIL: gcc.target/i386/vect-args.c -m3dnow -O (test for excess errors)
FAIL: gcc.target/i386/vect-args.c -msse (test for excess errors)
FAIL: gcc.target/i386/vect-args.c -msse -O (test for excess errors)
FAIL: gcc.target/i386/pad-4.c scan-assembler-times nop 8
FAIL: gcc.target/i386/pr25993.c (test for excess errors)
FAIL: gcc.target/i386/pr32065-2.c (test for excess errors)
WARNING: gcc.target/i386/pr32065-2.c compilation failed to produce
executable
FAIL: gcc.target/i386/pr37843-4.c scan-assembler jmp[\\\\t ]*foo
FAIL: gcc.target/i386/pr38240.c (internal compiler error)
FAIL: gcc.target/i386/pr38240.c (test for excess errors)
FAIL: gcc.target/i386/pr40906-1.c (test for excess errors)
FAIL: gcc.target/i386/pr40906-2.c (test for excess errors)
FAIL: gcc.target/i386/pr46226.c (test for excess errors)
=== gcc Summary ===
# of expected passes 75128
# of unexpected failures 157
# of unexpected successes 1
# of expected failures 214
# of unresolved testcases 40
# of unsupported tests 838
/cygdrive/e/gnu/xp/gcc/xgcc version 4.6.0 20101106 (experimental) (GCC)
=== gfortran tests ===
Running target unix
FAIL: gfortran.dg/parameter_array_init_6.f90 -O (test for errors,
line 17)
FAIL: gfortran.dg/parameter_array_init_6.f90 -O (test for excess errors)
XPASS: gfortran.dg/pr25923.f90 -O PR45505 (test for warnings, line 13)
XPASS: gfortran.dg/pr25923.f90 -O PR45505 (test for bogus messages,
line 22)
=== gfortran Summary ===
# of expected passes 36675
# of unexpected failures 2
# of unexpected successes 2
# of expected failures 59
# of unsupported tests 367
/cygdrive/e/gnu/xp/gcc/testsuite/gfortran/../../gfortran version 4.6.0
20101106 (experimental) (GCC)
=== libstdc++ tests ===
Running target unix
FAIL: 22_locale/ctype/scan/wchar_t/1.cc execution test
FAIL: 22_locale/locale/cons/unicode.cc execution test
FAIL: 27_io/basic_ostream/inserters_arithmetic/wchar_t/4402.cc execution
test
FAIL: decimal/binary-arith.cc (test for excess errors)
WARNING: decimal/binary-arith.cc compilation failed to produce executable
FAIL: decimal/comparison.cc (test for excess errors)
WARNING: decimal/comparison.cc compilation failed to produce executable
FAIL: decimal/compound-assignment-memfunc.cc (test for excess errors)
WARNING: decimal/compound-assignment-memfunc.cc compilation failed to
produce executable
FAIL: decimal/compound-assignment.cc (test for excess errors)
WARNING: decimal/compound-assignment.cc compilation failed to produce
executable
FAIL: decimal/make-decimal.cc (test for excess errors)
WARNING: decimal/make-decimal.cc compilation failed to produce executable
FAIL: decimal/unary-arith.cc (test for excess errors)
WARNING: decimal/unary-arith.cc compilation failed to produce executable
FAIL: ext/bitmap_allocator/variadic_construct.cc execution test
FAIL: ext/codecvt/wchar_t.cc execution test
FAIL: ext/enc_filebuf/char/13189.cc execution test
FAIL: ext/enc_filebuf/wchar_t/13189.cc execution test
=== libstdc++ Summary ===
# of expected passes 6968
# of unexpected failures 13
# of expected failures 85
# of unsupported tests 677
Compiler version: 4.6.0 20101106 (experimental) (GCC)
Platform: i686-pc-cygwin
configure flags: --prefix=/usr/local/gcc46 --enable-languages='c c++
fortran' --enable-threads=posix --disable-sjlj-exceptions
--enable-maintainer-mode --disable-shared --disable-mudflap
--with-dwarf2 --disable-libssp
BOOT_CFLAGS=-O2 -march=pentium-m -pipe
--
Tim Prince