This is the mail archive of the
gcc-testresults@gcc.gnu.org
mailing list for the GCC project.
Results for 4.4.6 20101105 (prerelease) [gcc-4_4-branch revision 166341] (GCC) testsuite on sparc-sun-solaris2.10
- From: ro at CeBiTec dot Uni-Bielefeld dot DE (Rainer Orth)
- To: gcc-testresults at gcc dot gnu dot org
- Date: Mon, 8 Nov 2010 16:27:03 +0100 (CET)
- Subject: Results for 4.4.6 20101105 (prerelease) [gcc-4_4-branch revision 166341] (GCC) testsuite on sparc-sun-solaris2.10
LAST_UPDATED: Fri Nov 5 21:51:20 UTC 2010 (revision 166341)
=== acats tests ===
=== acats Summary ===
# of expected passes 2315
# of unexpected failures 0
Native configuration is sparc-sun-solaris2.10
=== g++ tests ===
Running target unix
=== g++ Summary for unix ===
# of expected passes 19600
# of expected failures 158
# of unsupported tests 191
Running target unix/-m64
=== g++ Summary for unix/-m64 ===
# of expected passes 19567
# of expected failures 158
# of unsupported tests 192
=== g++ Summary ===
# of expected passes 39167
# of expected failures 316
# of unsupported tests 383
/var/gcc/regression/gcc-4.4-branch/10-gcc-gas/build/gcc/testsuite/g++/../../g++ version 4.4.6 20101105 (prerelease) [gcc-4_4-branch revision 166341] (GCC)
=== gcc tests ===
Running target unix
FAIL: gcc.c-torture/execute/pr38819.c execution, -O2
FAIL: gcc.c-torture/execute/pr38819.c execution, -O3 -fomit-frame-pointer
FAIL: gcc.c-torture/execute/pr38819.c execution, -O3 -fomit-frame-pointer -funroll-loops
FAIL: gcc.c-torture/execute/pr38819.c execution, -O3 -fomit-frame-pointer -funroll-all-loops -finline-functions
FAIL: gcc.c-torture/execute/pr38819.c execution, -O3 -g
FAIL: gcc.dg/vect/vect-35.c scan-tree-dump-times vect "vectorized 1 loops" 1
FAIL: gcc.dg/vect/slp-multitypes-2.c execution test
=== gcc Summary for unix ===
# of expected passes 51834
# of unexpected failures 7
# of expected failures 223
# of unsupported tests 688
Running target unix/-m64
FAIL: gcc.dg/cpp/trad/include.c -fno-show-column (internal compiler error)
FAIL: gcc.dg/cpp/trad/include.c -fno-show-column (test for excess errors)
=== gcc Summary for unix/-m64 ===
# of expected passes 51829
# of unexpected failures 2
# of expected failures 219
# of unsupported tests 696
=== gcc Summary ===
# of expected passes 103663
# of unexpected failures 9
# of expected failures 442
# of unsupported tests 1384
/var/gcc/regression/gcc-4.4-branch/10-gcc-gas/build/gcc/xgcc version 4.4.6 20101105 (prerelease) [gcc-4_4-branch revision 166341] (GCC)
=== gfortran tests ===
Running target unix
=== gfortran Summary for unix ===
# of expected passes 30245
# of expected failures 11
# of unsupported tests 146
Running target unix/-m64
=== gfortran Summary for unix/-m64 ===
# of expected passes 30410
# of expected failures 11
# of unsupported tests 65
=== gfortran Summary ===
# of expected passes 60655
# of expected failures 22
# of unsupported tests 211
/var/gcc/regression/gcc-4.4-branch/10-gcc-gas/build/gcc/testsuite/gfortran/../../gfortran version 4.4.6 20101105 (prerelease) [gcc-4_4-branch revision 166341] (GCC)
=== gnat tests ===
Running target unix
=== gnat Summary for unix ===
# of expected passes 618
# of expected failures 6
# of unsupported tests 1
Running target unix/-m64
=== gnat Summary for unix/-m64 ===
# of expected passes 618
# of expected failures 6
# of unsupported tests 1
=== gnat Summary ===
# of expected passes 1236
# of expected failures 12
# of unsupported tests 2
=== objc tests ===
Running target unix
=== objc Summary for unix ===
# of expected passes 1866
# of expected failures 15
# of unsupported tests 24
Running target unix/-m64
=== objc Summary for unix/-m64 ===
# of expected passes 1866
# of expected failures 15
# of unsupported tests 24
=== objc Summary ===
# of expected passes 3732
# of expected failures 30
# of unsupported tests 48
/var/gcc/regression/gcc-4.4-branch/10-gcc-gas/build/gcc/xgcc version 4.4.6 20101105 (prerelease) [gcc-4_4-branch revision 166341] (GCC)
=== libffi tests ===
Running target unix
=== libffi Summary for unix ===
# of expected passes 1399
# of unsupported tests 10
Running target unix/-m64
=== libffi Summary for unix/-m64 ===
# of expected passes 1399
# of unsupported tests 10
=== libffi Summary ===
# of expected passes 2798
# of unsupported tests 20
=== libgomp tests ===
Running target unix
=== libgomp Summary for unix ===
# of expected passes 2458
# of unsupported tests 9
Running target unix/-m64
=== libgomp Summary for unix/-m64 ===
# of expected passes 2458
# of unsupported tests 9
=== libgomp Summary ===
# of expected passes 4916
# of unsupported tests 18
=== libjava tests ===
Running target unix
FAIL: events output
=== libjava Summary for unix ===
# of expected passes 2573
# of unexpected failures 1
Running target unix/-m64
=== libjava Summary for unix/-m64 ===
# of expected passes 2574
=== libjava Summary ===
# of expected passes 5147
# of unexpected failures 1
=== libstdc++ tests ===
Running target unix
=== libstdc++ Summary for unix ===
# of expected passes 5776
# of expected failures 80
# of unsupported tests 387
Running target unix/-m64
XPASS: 22_locale/num_put/put/char/14220.cc execution test
=== libstdc++ Summary for unix/-m64 ===
# of expected passes 5775
# of unexpected successes 1
# of expected failures 80
# of unsupported tests 387
=== libstdc++ Summary ===
# of expected passes 11551
# of unexpected successes 1
# of expected failures 160
# of unsupported tests 774
=== libstdc++ Summary ===
Compiler version: 4.4.6 20101105 (prerelease) [gcc-4_4-branch revision 166341] (GCC)
Platform: sparc-sun-solaris2.10
configure flags: --prefix=/vol/gcc --target=sparc-sun-solaris2.10 --with-as=/vol/gcc/bin/gas-2.20.1 --with-gnu-as --with-gmp=/vol/gcc --with-mpfr=/vol/gcc --with-mpc=/vol/gcc --enable-languages=all,ada
BOOT_CFLAGS=-g -O2