This is the mail archive of the
gcc-testresults@gcc.gnu.org
mailing list for the GCC project.
Results for 4.6.0 20101106 (experimental) (GCC) testsuite on ia64-hp-hpux11.23
- From: Steve Ellcey <sje at cup dot hp dot com>
- To: gcc-testresults at gcc dot gnu dot org
- Date: Sun, 7 Nov 2010 06:04:05 -0800 (PST)
- Subject: Results for 4.6.0 20101106 (experimental) (GCC) testsuite on ia64-hp-hpux11.23
Native configuration is ia64-hp-hpux11.23
=== g++ tests ===
Running target unix/-milp32
FAIL: g++.dg/abi/covariant1.C scan-assembler _ZTcv0_n12_v0_n16_N3c143f17Ev
FAIL: g++.dg/abi/covariant6.C scan-assembler _ZTch0_v0_n16_N1C1fEv
FAIL: g++.dg/abi/covariant6.C scan-assembler _ZTcv0_n12_v0_n16_N1C1fEv
FAIL: g++.dg/abi/covariant6.C scan-assembler _ZTch0_v0_n16_N1D1fEv
FAIL: g++.dg/cpp0x/nullptr21.C execution test
FAIL: g++.dg/inherit/covariant7.C scan-tree-dump class "24 .*c6::_ZTcv0_n16_v0_n12_NV2c62f2Ev"
FAIL: g++.dg/inherit/covariant7.C scan-tree-dump class "28 .*c6::f2"
FAIL: g++.dg/inherit/covariant7.C scan-tree-dump class "84 .*c6::_ZTv0_n16_NV2c62f2Ev"
FAIL: g++.dg/torture/pr33572.C -O2 -fwhopr (test for excess errors)
WARNING: g++.dg/torture/pr33572.C -O2 -fwhopr compilation failed to produce executable
FAIL: g++.dg/torture/pr39417.C -O2 -fwhopr (test for excess errors)
WARNING: g++.dg/torture/pr39417.C -O2 -fwhopr compilation failed to produce executable
FAIL: g++.dg/torture/stackalign/throw-1.C -O3 -fomit-frame-pointer -funroll-loops (test for excess errors)
WARNING: g++.dg/torture/stackalign/throw-1.C -O3 -fomit-frame-pointer -funroll-loops compilation failed to produce executable
FAIL: g++.dg/torture/stackalign/throw-1.C -O3 -fomit-frame-pointer -funroll-all-loops -finline-functions (test for excess errors)
WARNING: g++.dg/torture/stackalign/throw-1.C -O3 -fomit-frame-pointer -funroll-all-loops -finline-functions compilation failed to produce executable
FAIL: g++.dg/torture/stackalign/throw-1.C -O3 -fomit-frame-pointer -funroll-loops (test for excess errors)
WARNING: g++.dg/torture/stackalign/throw-1.C -O3 -fomit-frame-pointer -funroll-loops compilation failed to produce executable
FAIL: g++.dg/torture/stackalign/throw-1.C -O3 -fomit-frame-pointer -funroll-all-loops -finline-functions (test for excess errors)
WARNING: g++.dg/torture/stackalign/throw-1.C -O3 -fomit-frame-pointer -funroll-all-loops -finline-functions compilation failed to produce executable
=== g++ Summary for unix/-milp32 ===
# of expected passes 24329
# of unexpected failures 14
# of expected failures 161
# of unsupported tests 413
Running target unix/-mlp64
FAIL: g++.dg/inherit/covariant7.C scan-tree-dump class "48 .*c6::_ZTcv0_n32_v0_n24_NV2c62f2Ev"
FAIL: g++.dg/inherit/covariant7.C scan-tree-dump class "56 .*c6::f2"
FAIL: g++.dg/inherit/covariant7.C scan-tree-dump class "168 .*c6::_ZTv0_n32_NV2c62f2Ev"
WARNING: program timed out.
FAIL: g++.dg/torture/pr33572.C -O2 -fwhopr (test for excess errors)
WARNING: g++.dg/torture/pr33572.C -O2 -fwhopr compilation failed to produce executable
FAIL: g++.dg/torture/pr39417.C -O2 -fwhopr (test for excess errors)
WARNING: g++.dg/torture/pr39417.C -O2 -fwhopr compilation failed to produce executable
FAIL: g++.dg/torture/stackalign/throw-1.C -O3 -fomit-frame-pointer -funroll-loops (test for excess errors)
WARNING: g++.dg/torture/stackalign/throw-1.C -O3 -fomit-frame-pointer -funroll-loops compilation failed to produce executable
FAIL: g++.dg/torture/stackalign/throw-1.C -O3 -fomit-frame-pointer -funroll-all-loops -finline-functions (test for excess errors)
WARNING: g++.dg/torture/stackalign/throw-1.C -O3 -fomit-frame-pointer -funroll-all-loops -finline-functions compilation failed to produce executable
FAIL: g++.dg/torture/stackalign/throw-1.C -O3 -fomit-frame-pointer -funroll-loops (test for excess errors)
WARNING: g++.dg/torture/stackalign/throw-1.C -O3 -fomit-frame-pointer -funroll-loops compilation failed to produce executable
FAIL: g++.dg/torture/stackalign/throw-1.C -O3 -fomit-frame-pointer -funroll-all-loops -finline-functions (test for excess errors)
WARNING: g++.dg/torture/stackalign/throw-1.C -O3 -fomit-frame-pointer -funroll-all-loops -finline-functions compilation failed to produce executable
=== g++ Summary for unix/-mlp64 ===
# of expected passes 24296
# of unexpected failures 9
# of expected failures 161
# of unsupported tests 414
=== g++ Summary ===
# of expected passes 48625
# of unexpected failures 23
# of expected failures 322
# of unsupported tests 827
/proj/opensrc_nobackup/nightly2/build-ia64-hp-hpux11.23-trunk/obj_gcc/gcc/testsuite/g++/../../g++ version 4.6.0 20101106 (experimental) (GCC)
=== gcc tests ===
Running target unix/-milp32
FAIL: gcc.c-torture/compile/limits-structnest.c -O2 (test for excess errors)
FAIL: gcc.c-torture/compile/limits-structnest.c -O3 -fomit-frame-pointer (test for excess errors)
FAIL: gcc.c-torture/compile/limits-structnest.c -O3 -g (test for excess errors)
FAIL: gcc.c-torture/compile/limits-structnest.c -Os (test for excess errors)
FAIL: gcc.c-torture/compile/limits-structnest.c -O2 -flto (test for excess errors)
FAIL: gcc.c-torture/compile/limits-structnest.c -O2 -fwhopr (test for excess errors)
FAIL: gcc.c-torture/execute/20040709-2.c execution, -O1
FAIL: gcc.c-torture/execute/20040709-2.c execution, -Os
FAIL: gcc.c-torture/execute/vector-2.c execution, -O2
FAIL: gcc.dg/vec-scal-opt.c scan-tree-dump-times veclower ">> k.[0-9_]*" 1
FAIL: gcc.dg/vec-scal-opt1.c scan-tree-dump-times veclower ">> 2" 1
FAIL: gcc.dg/vec-scal-opt2.c scan-tree-dump-times veclower ">> 2" 1
FAIL: gcc.dg/torture/builtin-attr-1.c -O0 (test for excess errors)
FAIL: gcc.dg/torture/builtin-attr-1.c -O1 (internal compiler error)
FAIL: gcc.dg/torture/builtin-attr-1.c -O1 (test for excess errors)
FAIL: gcc.dg/torture/builtin-attr-1.c -O2 (internal compiler error)
FAIL: gcc.dg/torture/builtin-attr-1.c -O2 (test for excess errors)
FAIL: gcc.dg/torture/builtin-attr-1.c -O3 -fomit-frame-pointer (internal compiler error)
FAIL: gcc.dg/torture/builtin-attr-1.c -O3 -fomit-frame-pointer (test for excess errors)
FAIL: gcc.dg/torture/builtin-attr-1.c -O3 -g (internal compiler error)
FAIL: gcc.dg/torture/builtin-attr-1.c -O3 -g (test for excess errors)
FAIL: gcc.dg/torture/builtin-attr-1.c -Os (internal compiler error)
FAIL: gcc.dg/torture/builtin-attr-1.c -Os (test for excess errors)
FAIL: gcc.dg/torture/builtin-attr-1.c -O2 -flto (internal compiler error)
FAIL: gcc.dg/torture/builtin-attr-1.c -O2 -flto (test for excess errors)
FAIL: gcc.dg/torture/builtin-attr-1.c -O2 -fwhopr (internal compiler error)
FAIL: gcc.dg/torture/builtin-attr-1.c -O2 -fwhopr (test for excess errors)
FAIL: gcc.dg/torture/builtin-math-2.c -O0 scan-tree-dump-times original "fma " 3
FAIL: gcc.dg/torture/builtin-math-2.c -O0 scan-tree-dump-times original "fmaf" 3
FAIL: gcc.dg/torture/builtin-math-2.c -O1 scan-tree-dump-times original "fma " 3
FAIL: gcc.dg/torture/builtin-math-2.c -O1 scan-tree-dump-times original "fmaf" 3
FAIL: gcc.dg/torture/builtin-math-2.c -O2 scan-tree-dump-times original "fma " 3
FAIL: gcc.dg/torture/builtin-math-2.c -O2 scan-tree-dump-times original "fmaf" 3
FAIL: gcc.dg/torture/builtin-math-2.c -O3 -fomit-frame-pointer scan-tree-dump-times original "fma " 3
FAIL: gcc.dg/torture/builtin-math-2.c -O3 -fomit-frame-pointer scan-tree-dump-times original "fmaf" 3
FAIL: gcc.dg/torture/builtin-math-2.c -O3 -fomit-frame-pointer -funroll-loops scan-tree-dump-times original "fma " 3
FAIL: gcc.dg/torture/builtin-math-2.c -O3 -fomit-frame-pointer -funroll-loops scan-tree-dump-times original "fmaf" 3
FAIL: gcc.dg/torture/builtin-math-2.c -O3 -fomit-frame-pointer -funroll-all-loops -finline-functions scan-tree-dump-times original "fma " 3
FAIL: gcc.dg/torture/builtin-math-2.c -O3 -fomit-frame-pointer -funroll-all-loops -finline-functions scan-tree-dump-times original "fmaf" 3
FAIL: gcc.dg/torture/builtin-math-2.c -O3 -g scan-tree-dump-times original "fma " 3
FAIL: gcc.dg/torture/builtin-math-2.c -O3 -g scan-tree-dump-times original "fmaf" 3
FAIL: gcc.dg/torture/builtin-math-2.c -Os scan-tree-dump-times original "fma " 3
FAIL: gcc.dg/torture/builtin-math-2.c -Os scan-tree-dump-times original "fmaf" 3
FAIL: gcc.dg/torture/builtin-math-2.c -O2 -flto scan-tree-dump-times original "fma " 3
FAIL: gcc.dg/torture/builtin-math-2.c -O2 -flto scan-tree-dump-times original "fmaf" 3
FAIL: gcc.dg/torture/builtin-math-2.c -O2 -fwhopr scan-tree-dump-times original "fma " 3
FAIL: gcc.dg/torture/builtin-math-2.c -O2 -fwhopr scan-tree-dump-times original "fmaf" 3
FAIL: gcc.dg/torture/pr45623.c -O0 (test for excess errors)
WARNING: gcc.dg/torture/pr45623.c -O0 compilation failed to produce executable
FAIL: gcc.dg/torture/pr45623.c -O1 (test for excess errors)
WARNING: gcc.dg/torture/pr45623.c -O1 compilation failed to produce executable
FAIL: gcc.dg/torture/pr45623.c -O2 (test for excess errors)
WARNING: gcc.dg/torture/pr45623.c -O2 compilation failed to produce executable
FAIL: gcc.dg/torture/pr45623.c -O3 -fomit-frame-pointer (test for excess errors)
WARNING: gcc.dg/torture/pr45623.c -O3 -fomit-frame-pointer compilation failed to produce executable
FAIL: gcc.dg/torture/pr45623.c -O3 -g (test for excess errors)
WARNING: gcc.dg/torture/pr45623.c -O3 -g compilation failed to produce executable
FAIL: gcc.dg/torture/pr45623.c -Os (test for excess errors)
WARNING: gcc.dg/torture/pr45623.c -Os compilation failed to produce executable
FAIL: gcc.dg/torture/pr45623.c -O2 -flto (test for excess errors)
WARNING: gcc.dg/torture/pr45623.c -O2 -flto compilation failed to produce executable
FAIL: gcc.dg/torture/pr45623.c -O2 -fwhopr (test for excess errors)
WARNING: gcc.dg/torture/pr45623.c -O2 -fwhopr compilation failed to produce executable
FAIL: gcc.dg/torture/pr45982.c -O0 (test for excess errors)
WARNING: gcc.dg/torture/pr45982.c -O0 compilation failed to produce executable
FAIL: gcc.dg/torture/pr45982.c -O1 (test for excess errors)
WARNING: gcc.dg/torture/pr45982.c -O1 compilation failed to produce executable
FAIL: gcc.dg/torture/pr45982.c -O2 (test for excess errors)
WARNING: gcc.dg/torture/pr45982.c -O2 compilation failed to produce executable
FAIL: gcc.dg/torture/pr45982.c -O3 -fomit-frame-pointer (test for excess errors)
WARNING: gcc.dg/torture/pr45982.c -O3 -fomit-frame-pointer compilation failed to produce executable
FAIL: gcc.dg/torture/pr45982.c -O3 -g (test for excess errors)
WARNING: gcc.dg/torture/pr45982.c -O3 -g compilation failed to produce executable
FAIL: gcc.dg/torture/pr45982.c -Os (test for excess errors)
WARNING: gcc.dg/torture/pr45982.c -Os compilation failed to produce executable
FAIL: gcc.dg/torture/pr45982.c -O2 -flto (test for excess errors)
WARNING: gcc.dg/torture/pr45982.c -O2 -flto compilation failed to produce executable
FAIL: gcc.dg/torture/pr45982.c -O2 -fwhopr (test for excess errors)
WARNING: gcc.dg/torture/pr45982.c -O2 -fwhopr compilation failed to produce executable
FAIL: gcc.dg/tree-prof/inliner-1.c scan-tree-dump-not optimized "hot_function ..;"
XPASS: gcc.dg/tree-ssa/20040204-1.c scan-tree-dump-times optimized "link_error" 0
FAIL: gcc.dg/tree-ssa/pr14814.c scan-tree-dump-times forwprop2 "&" 0
XPASS: gcc.dg/vect/pr33804.c scan-tree-dump-times vect "vectorized 1 loops" 1
XPASS: gcc.dg/vect/pr33804.c scan-tree-dump-times vect "vectorizing stmts using SLP" 1
XPASS: gcc.dg/vect/pr33953.c scan-tree-dump-times vect "vectorized 1 loops" 1
XPASS: gcc.dg/vect/pr33953.c scan-tree-dump-times vect "vectorizing stmts using SLP" 1
FAIL: gcc.dg/vect/pr43430-2.c scan-tree-dump-times vect "vectorized 1 loops" 1
FAIL: gcc.dg/vect/pr46009.c scan-tree-dump-times vect "vectorized 1 loops" 2
FAIL: gcc.dg/vect/vect-1.c scan-tree-dump-times vect "vectorized 5 loops" 1
XPASS: gcc.dg/vect/vect-peel-1.c scan-tree-dump-times vect "vectorized 1 loops" 2
XPASS: gcc.dg/vect/vect-peel-1.c scan-tree-dump-times vect "Alignment of access forced using peeling" 1
XPASS: gcc.dg/vect/vect-peel-2.c scan-tree-dump-times vect "vectorized 1 loops" 2
XPASS: gcc.dg/vect/vect-vfa-slp.c scan-tree-dump-times vect "vectorized 1 loops" 1
XPASS: gcc.dg/vect/slp-23.c scan-tree-dump-times vect "vectorizing stmts using SLP" 1
XPASS: gcc.dg/vect/slp-24.c scan-tree-dump-times vect "vectorized 1 loops" 1
XPASS: gcc.dg/vect/slp-24.c scan-tree-dump-times vect "vectorizing stmts using SLP" 2
XPASS: gcc.dg/vect/slp-35.c scan-tree-dump-times vect "vectorized 1 loops" 1
XPASS: gcc.dg/vect/slp-35.c scan-tree-dump-times vect "vectorizing stmts using SLP" 1
FAIL: gcc.dg/vect/slp-reduc-3.c scan-tree-dump-times vect "vectorized 1 loops" 2
FAIL: gcc.dg/vect/slp-reduc-3.c scan-tree-dump-times vect "vectorizing stmts using SLP" 1
FAIL: gcc.dg/vect/slp-reduc-6.c scan-tree-dump-times vect "vectorized 1 loops" 2
FAIL: gcc.dg/vect/no-section-anchors-vect-64.c scan-tree-dump-times vect "Alignment of access forced using peeling" 2
XPASS: gcc.dg/vect/no-tree-pre-slp-29.c scan-tree-dump-times vect "vectorized 1 loops" 2
XPASS: gcc.dg/vect/no-tree-pre-slp-29.c scan-tree-dump-times vect "vectorizing stmts using SLP" 2
FAIL: gcc.target/ia64/mno-fused-madd.c scan-assembler-not fma
FAIL: gcc.target/ia64/mno-fused-madd.c scan-assembler fadd
=== gcc Summary for unix/-milp32 ===
# of expected passes 67639
# of unexpected failures 74
# of unexpected successes 16
# of expected failures 240
# of unsupported tests 1005
Running target unix/-mlp64
FAIL: gcc.c-torture/compile/limits-structnest.c -O2 (test for excess errors)
FAIL: gcc.c-torture/compile/limits-structnest.c -O3 -fomit-frame-pointer (test for excess errors)
FAIL: gcc.c-torture/compile/limits-structnest.c -O3 -g (test for excess errors)
FAIL: gcc.c-torture/compile/limits-structnest.c -Os (test for excess errors)
FAIL: gcc.c-torture/compile/limits-structnest.c -O2 -flto (test for excess errors)
FAIL: gcc.c-torture/compile/limits-structnest.c -O2 -fwhopr (test for excess errors)
FAIL: gcc.c-torture/execute/20040709-2.c execution, -O1
FAIL: gcc.c-torture/execute/20040709-2.c execution, -Os
FAIL: gcc.c-torture/execute/vector-2.c execution, -O2
FAIL: gcc.dg/vec-scal-opt.c scan-tree-dump-times veclower ">> k.[0-9_]*" 1
FAIL: gcc.dg/vec-scal-opt1.c scan-tree-dump-times veclower ">> 2" 1
FAIL: gcc.dg/vec-scal-opt2.c scan-tree-dump-times veclower ">> 2" 1
FAIL: gcc.dg/torture/builtin-attr-1.c -O0 (test for excess errors)
FAIL: gcc.dg/torture/builtin-attr-1.c -O1 (internal compiler error)
FAIL: gcc.dg/torture/builtin-attr-1.c -O1 (test for excess errors)
FAIL: gcc.dg/torture/builtin-attr-1.c -O2 (internal compiler error)
FAIL: gcc.dg/torture/builtin-attr-1.c -O2 (test for excess errors)
FAIL: gcc.dg/torture/builtin-attr-1.c -O3 -fomit-frame-pointer (internal compiler error)
FAIL: gcc.dg/torture/builtin-attr-1.c -O3 -fomit-frame-pointer (test for excess errors)
FAIL: gcc.dg/torture/builtin-attr-1.c -O3 -g (internal compiler error)
FAIL: gcc.dg/torture/builtin-attr-1.c -O3 -g (test for excess errors)
FAIL: gcc.dg/torture/builtin-attr-1.c -Os (internal compiler error)
FAIL: gcc.dg/torture/builtin-attr-1.c -Os (test for excess errors)
FAIL: gcc.dg/torture/builtin-attr-1.c -O2 -flto (internal compiler error)
FAIL: gcc.dg/torture/builtin-attr-1.c -O2 -flto (test for excess errors)
FAIL: gcc.dg/torture/builtin-attr-1.c -O2 -fwhopr (internal compiler error)
FAIL: gcc.dg/torture/builtin-attr-1.c -O2 -fwhopr (test for excess errors)
FAIL: gcc.dg/torture/builtin-math-2.c -O0 scan-tree-dump-times original "fma " 3
FAIL: gcc.dg/torture/builtin-math-2.c -O0 scan-tree-dump-times original "fmaf" 3
FAIL: gcc.dg/torture/builtin-math-2.c -O1 scan-tree-dump-times original "fma " 3
FAIL: gcc.dg/torture/builtin-math-2.c -O1 scan-tree-dump-times original "fmaf" 3
FAIL: gcc.dg/torture/builtin-math-2.c -O2 scan-tree-dump-times original "fma " 3
FAIL: gcc.dg/torture/builtin-math-2.c -O2 scan-tree-dump-times original "fmaf" 3
FAIL: gcc.dg/torture/builtin-math-2.c -O3 -fomit-frame-pointer scan-tree-dump-times original "fma " 3
FAIL: gcc.dg/torture/builtin-math-2.c -O3 -fomit-frame-pointer scan-tree-dump-times original "fmaf" 3
FAIL: gcc.dg/torture/builtin-math-2.c -O3 -fomit-frame-pointer -funroll-loops scan-tree-dump-times original "fma " 3
FAIL: gcc.dg/torture/builtin-math-2.c -O3 -fomit-frame-pointer -funroll-loops scan-tree-dump-times original "fmaf" 3
FAIL: gcc.dg/torture/builtin-math-2.c -O3 -fomit-frame-pointer -funroll-all-loops -finline-functions scan-tree-dump-times original "fma " 3
FAIL: gcc.dg/torture/builtin-math-2.c -O3 -fomit-frame-pointer -funroll-all-loops -finline-functions scan-tree-dump-times original "fmaf" 3
FAIL: gcc.dg/torture/builtin-math-2.c -O3 -g scan-tree-dump-times original "fma " 3
FAIL: gcc.dg/torture/builtin-math-2.c -O3 -g scan-tree-dump-times original "fmaf" 3
FAIL: gcc.dg/torture/builtin-math-2.c -Os scan-tree-dump-times original "fma " 3
FAIL: gcc.dg/torture/builtin-math-2.c -Os scan-tree-dump-times original "fmaf" 3
FAIL: gcc.dg/torture/builtin-math-2.c -O2 -flto scan-tree-dump-times original "fma " 3
FAIL: gcc.dg/torture/builtin-math-2.c -O2 -flto scan-tree-dump-times original "fmaf" 3
FAIL: gcc.dg/torture/builtin-math-2.c -O2 -fwhopr scan-tree-dump-times original "fma " 3
FAIL: gcc.dg/torture/builtin-math-2.c -O2 -fwhopr scan-tree-dump-times original "fmaf" 3
FAIL: gcc.dg/torture/pr45623.c -O0 (test for excess errors)
WARNING: gcc.dg/torture/pr45623.c -O0 compilation failed to produce executable
FAIL: gcc.dg/torture/pr45623.c -O1 (test for excess errors)
WARNING: gcc.dg/torture/pr45623.c -O1 compilation failed to produce executable
FAIL: gcc.dg/torture/pr45623.c -O2 (test for excess errors)
WARNING: gcc.dg/torture/pr45623.c -O2 compilation failed to produce executable
FAIL: gcc.dg/torture/pr45623.c -O3 -fomit-frame-pointer (test for excess errors)
WARNING: gcc.dg/torture/pr45623.c -O3 -fomit-frame-pointer compilation failed to produce executable
FAIL: gcc.dg/torture/pr45623.c -O3 -g (test for excess errors)
WARNING: gcc.dg/torture/pr45623.c -O3 -g compilation failed to produce executable
FAIL: gcc.dg/torture/pr45623.c -Os (test for excess errors)
WARNING: gcc.dg/torture/pr45623.c -Os compilation failed to produce executable
FAIL: gcc.dg/torture/pr45623.c -O2 -flto (test for excess errors)
WARNING: gcc.dg/torture/pr45623.c -O2 -flto compilation failed to produce executable
FAIL: gcc.dg/torture/pr45623.c -O2 -fwhopr (test for excess errors)
WARNING: gcc.dg/torture/pr45623.c -O2 -fwhopr compilation failed to produce executable
FAIL: gcc.dg/torture/pr45982.c -O0 (test for excess errors)
WARNING: gcc.dg/torture/pr45982.c -O0 compilation failed to produce executable
FAIL: gcc.dg/torture/pr45982.c -O1 (test for excess errors)
WARNING: gcc.dg/torture/pr45982.c -O1 compilation failed to produce executable
FAIL: gcc.dg/torture/pr45982.c -O2 (test for excess errors)
WARNING: gcc.dg/torture/pr45982.c -O2 compilation failed to produce executable
FAIL: gcc.dg/torture/pr45982.c -O3 -fomit-frame-pointer (test for excess errors)
WARNING: gcc.dg/torture/pr45982.c -O3 -fomit-frame-pointer compilation failed to produce executable
FAIL: gcc.dg/torture/pr45982.c -O3 -g (test for excess errors)
WARNING: gcc.dg/torture/pr45982.c -O3 -g compilation failed to produce executable
FAIL: gcc.dg/torture/pr45982.c -Os (test for excess errors)
WARNING: gcc.dg/torture/pr45982.c -Os compilation failed to produce executable
FAIL: gcc.dg/torture/pr45982.c -O2 -flto (test for excess errors)
WARNING: gcc.dg/torture/pr45982.c -O2 -flto compilation failed to produce executable
FAIL: gcc.dg/torture/pr45982.c -O2 -fwhopr (test for excess errors)
WARNING: gcc.dg/torture/pr45982.c -O2 -fwhopr compilation failed to produce executable
FAIL: gcc.dg/tree-prof/inliner-1.c scan-tree-dump-not optimized "hot_function ..;"
XPASS: gcc.dg/tree-ssa/20040204-1.c scan-tree-dump-times optimized "link_error" 0
FAIL: gcc.dg/tree-ssa/pr14814.c scan-tree-dump-times forwprop2 "&" 0
XPASS: gcc.dg/vect/pr33804.c scan-tree-dump-times vect "vectorized 1 loops" 1
XPASS: gcc.dg/vect/pr33804.c scan-tree-dump-times vect "vectorizing stmts using SLP" 1
XPASS: gcc.dg/vect/pr33953.c scan-tree-dump-times vect "vectorized 1 loops" 1
XPASS: gcc.dg/vect/pr33953.c scan-tree-dump-times vect "vectorizing stmts using SLP" 1
FAIL: gcc.dg/vect/pr43430-2.c scan-tree-dump-times vect "vectorized 1 loops" 1
FAIL: gcc.dg/vect/pr46009.c scan-tree-dump-times vect "vectorized 1 loops" 2
FAIL: gcc.dg/vect/vect-1.c scan-tree-dump-times vect "vectorized 5 loops" 1
XPASS: gcc.dg/vect/vect-peel-1.c scan-tree-dump-times vect "vectorized 1 loops" 2
XPASS: gcc.dg/vect/vect-peel-1.c scan-tree-dump-times vect "Alignment of access forced using peeling" 1
XPASS: gcc.dg/vect/vect-peel-2.c scan-tree-dump-times vect "vectorized 1 loops" 2
XPASS: gcc.dg/vect/vect-vfa-slp.c scan-tree-dump-times vect "vectorized 1 loops" 1
XPASS: gcc.dg/vect/slp-23.c scan-tree-dump-times vect "vectorizing stmts using SLP" 1
XPASS: gcc.dg/vect/slp-24.c scan-tree-dump-times vect "vectorized 1 loops" 1
XPASS: gcc.dg/vect/slp-24.c scan-tree-dump-times vect "vectorizing stmts using SLP" 2
XPASS: gcc.dg/vect/slp-35.c scan-tree-dump-times vect "vectorized 1 loops" 1
XPASS: gcc.dg/vect/slp-35.c scan-tree-dump-times vect "vectorizing stmts using SLP" 1
FAIL: gcc.dg/vect/slp-reduc-3.c scan-tree-dump-times vect "vectorized 1 loops" 2
FAIL: gcc.dg/vect/slp-reduc-3.c scan-tree-dump-times vect "vectorizing stmts using SLP" 1
FAIL: gcc.dg/vect/slp-reduc-6.c scan-tree-dump-times vect "vectorized 1 loops" 2
FAIL: gcc.dg/vect/no-section-anchors-vect-64.c scan-tree-dump-times vect "Alignment of access forced using peeling" 2
XPASS: gcc.dg/vect/no-tree-pre-slp-29.c scan-tree-dump-times vect "vectorized 1 loops" 2
XPASS: gcc.dg/vect/no-tree-pre-slp-29.c scan-tree-dump-times vect "vectorizing stmts using SLP" 2
FAIL: gcc.target/ia64/mno-fused-madd.c scan-assembler-not fma
FAIL: gcc.target/ia64/mno-fused-madd.c scan-assembler fadd
=== gcc Summary for unix/-mlp64 ===
# of expected passes 67657
# of unexpected failures 74
# of unexpected successes 16
# of expected failures 241
# of unsupported tests 994
=== gcc Summary ===
# of expected passes 135296
# of unexpected failures 148
# of unexpected successes 32
# of expected failures 481
# of unsupported tests 1999
/proj/opensrc_nobackup/nightly2/build-ia64-hp-hpux11.23-trunk/obj_gcc/gcc/xgcc version 4.6.0 20101106 (experimental) (GCC)
=== gfortran tests ===
Running target unix/-milp32
XPASS: gfortran.dg/pr25923.f90 -O PR45505 (test for warnings, line 13)
XPASS: gfortran.dg/pr25923.f90 -O PR45505 (test for bogus messages, line 22)
FAIL: gfortran.dg/select_type_4.f90 -O3 -fomit-frame-pointer -funroll-loops execution test
FAIL: gfortran.dg/select_type_4.f90 -O3 -fomit-frame-pointer -funroll-all-loops -finline-functions execution test
FAIL: gfortran.dg/vect/fast-math-vect-8.f90 scan-tree-dump-times vect "vectorized 1 loops" 1
=== gfortran Summary for unix/-milp32 ===
# of expected passes 37133
# of unexpected failures 3
# of unexpected successes 2
# of expected failures 48
# of unsupported tests 74
Running target unix/-mlp64
FAIL: gfortran.dg/array_constructor_33.f90 -O (test for excess errors)
FAIL: gfortran.dg/class_allocate_6.f03 -O0 execution test
FAIL: gfortran.dg/class_allocate_6.f03 -O1 execution test
FAIL: gfortran.dg/class_allocate_6.f03 -O2 execution test
FAIL: gfortran.dg/class_allocate_6.f03 -O3 -fomit-frame-pointer execution test
FAIL: gfortran.dg/class_allocate_6.f03 -O3 -fomit-frame-pointer -funroll-loops execution test
FAIL: gfortran.dg/class_allocate_6.f03 -O3 -fomit-frame-pointer -funroll-all-loops -finline-functions execution test
FAIL: gfortran.dg/class_allocate_6.f03 -O3 -g execution test
FAIL: gfortran.dg/class_allocate_6.f03 -Os execution test
WARNING: program timed out.
FAIL: gfortran.dg/vect/fast-math-vect-8.f90 scan-tree-dump-times vect "vectorized 1 loops" 1
=== gfortran Summary for unix/-mlp64 ===
# of expected passes 37128
# of unexpected failures 10
# of expected failures 48
# of unsupported tests 74
=== gfortran Summary ===
# of expected passes 74261
# of unexpected failures 13
# of unexpected successes 2
# of expected failures 96
# of unsupported tests 148
/proj/opensrc_nobackup/nightly2/build-ia64-hp-hpux11.23-trunk/obj_gcc/gcc/testsuite/gfortran/../../gfortran version 4.6.0 20101106 (experimental) (GCC)
=== libgomp tests ===
Running target unix/-mlp64
=== libgomp Summary for unix/-mlp64 ===
# of expected passes 2490
# of unsupported tests 2
Running target unix/-milp32
=== libgomp Summary for unix/-milp32 ===
# of expected passes 2490
# of unsupported tests 2
=== libgomp Summary ===
# of expected passes 4980
# of unsupported tests 4
=== libstdc++ tests ===
Running target unix/-milp32
XPASS: 22_locale/collate/hash/char/1.cc (test for excess errors)
XPASS: 22_locale/collate/requirements/base_classes.cc (test for excess errors)
XPASS: 22_locale/collate/transform/wchar_t/28277.cc (test for excess errors)
XPASS: 22_locale/collate_byname/requirements/base_classes.cc (test for excess errors)
FAIL: 27_io/objects/wchar_t/7.cc execution test
FAIL: 27_io/objects/wchar_t/9661-1.cc execution test
FAIL: ext/codecvt/wchar_t.cc execution test
WARNING: program timed out.
WARNING: program timed out.
=== libstdc++ Summary for unix/-milp32 ===
# of expected passes 6689
# of unexpected failures 3
# of unexpected successes 4
# of expected failures 82
# of unsupported tests 733
Running target unix/-mlp64
XPASS: 22_locale/collate/hash/char/1.cc (test for excess errors)
XPASS: 22_locale/collate/requirements/base_classes.cc (test for excess errors)
XPASS: 22_locale/collate/transform/wchar_t/28277.cc (test for excess errors)
XPASS: 22_locale/collate_byname/requirements/base_classes.cc (test for excess errors)
FAIL: 27_io/objects/wchar_t/7.cc execution test
FAIL: 27_io/objects/wchar_t/9661-1.cc execution test
FAIL: ext/codecvt/wchar_t.cc execution test
FAIL: ext/pb_ds/regression/priority_queue_rand.cc execution test
WARNING: program timed out.
WARNING: program timed out.
=== libstdc++ Summary for unix/-mlp64 ===
# of expected passes 6688
# of unexpected failures 4
# of unexpected successes 4
# of expected failures 82
# of unsupported tests 733
=== libstdc++ Summary ===
# of expected passes 13377
# of unexpected failures 7
# of unexpected successes 8
# of expected failures 164
# of unsupported tests 1466
=== libstdc++ Summary ===
Compiler version: 4.6.0 20101106 (experimental) (GCC)
Platform: ia64-hp-hpux11.23
configure flags: --host=ia64-hp-hpux11.23 --build=ia64-hp-hpux11.23 --prefix=/proj/opensrc_nobackup/nightly2/gcc-ia64-hp-hpux11.23-trunk --with-local-prefix=/proj/opensrc_nobackup/nightly2/gcc-ia64-hp-hpux11.23-trunk --disable-nls --with-gmp=/proj/opensrc/be/ia64-hp-hpux11.23 --with-mpfr=/proj/opensrc/be/ia64-hp-hpux11.23 --with-mpc=/proj/opensrc/be/ia64-hp-hpux11.23 --with-libelf=/proj/opensrc/be/ia64-hp-hpux11.23 --disable-libmudflap --enable-libunwind-exceptions SED=/usr/bin/sed --enable-languages=c,c++,fortran