This is the mail archive of the
gcc-testresults@gcc.gnu.org
mailing list for the GCC project.
Results for 4.6.0 20101107 (experimental) [trunk revision 166414] (GCC) testsuite on powerpc-apple-darwin9
- From: IainS <developer at sandoe-acoustics dot co dot uk>
- To: gcc-testresults at gcc dot gnu dot org
- Date: Sun, 7 Nov 2010 14:24:16 +0000
- Subject: Results for 4.6.0 20101107 (experimental) [trunk revision 166414] (GCC) testsuite on powerpc-apple-darwin9
Revision: 166414
ld: @(#)PROGRAM:ld PROJECT:ld64-85.2.1m4 (GNU M4) 1.4.13
autoconf (GNU Autoconf) 2.64
automake (GNU automake) 1.11
dejagnu:
DEGAGNU: /GCC/gcc-runtest-site.exp
dejagnurc: setting tool_timeout: 60 sec
Expect version is 5.42.0
Tcl version is 8.4
Framework version is 1.4.4
arch : ppc machine : ppc970
box description: Quad G5
GMP version 4.3.2, MPFR version 2.4.2, MPC version 0.8.1
LAST_UPDATED: Sun Nov 7 09:41:50 UTC 2010 (revision 166414)
Native configuration is powerpc-apple-darwin9
=== g++ tests ===
Running target unix/-m32
FAIL: g++.dg/debug/dwarf2/nested-2.C scan-assembler [^\\n\\r]*\\\\
(DIE[^\\n\\r]*DW_TAG_structure_type\\\\)[\\n\\r]+[^\\n\\r]*"S\\\\\\\
\0"[ \\t]+(@|#|!|//?)[ \\t]+DW_AT_name[\\n\\r]+(.*)?\\\\(DIE[^\\n\
\r]*DW_TAG_structure_type\\\\)[\\n\\r]+[^\\n\\r]*"T<int>\\\\\\\\0"[ \
\t]+(.*)?\\\\(DIE[^\\n\\r]*DW_TAG_template_type_param\\\\)[\\n\\r]+[^\
\n\\r]*[\\n\\r]+[^\\n\\r]*[\\n\\r]+[^\\n\\r]*(@|#|!|//?)[ \\t]+end of
children of DIE[^\\n\\r]*[\\n\\r]+[^\\n\\r]*end of children of DIE[^\\n
\\r]*
FAIL: g++.dg/eh/simd-3.C execution test
FAIL: g++.dg/eh/simd-4.C execution test
FAIL: g++.dg/ext/alignof2.C execution test
WARNING: g++.dg/ext/label13.C compilation failed to produce executable
FAIL: g++.dg/ext/visibility/anon6.C scan-assembler 1BIiE1cE
FAIL: g++.dg/lto/20100723-1 cp_lto_20100723-1_0.o-
cp_lto_20100723-1_0.o link, -fcompare-debug -flto (internal compiler
error)
UNRESOLVED: g++.dg/lto/20100723-1 cp_lto_20100723-1_0.o-
cp_lto_20100723-1_0.o execute -fcompare-debug -flto
FAIL: g++.dg/lto/20100723-1 cp_lto_20100723-1_0.o-
cp_lto_20100723-1_0.o link, -fcompare-debug -fwhopr (internal compiler
error)
UNRESOLVED: g++.dg/lto/20100723-1 cp_lto_20100723-1_0.o-
cp_lto_20100723-1_0.o execute -fcompare-debug -fwhopr
FAIL: g++.dg/plugin/attribute_plugin-test-1.C -fplugin=./
attribute_plugin.so (test for warnings, line )
FAIL: g++.dg/plugin/attribute_plugin-test-1.C -fplugin=./
attribute_plugin.so (test for warnings, line 7)
FAIL: g++.dg/plugin/attribute_plugin-test-1.C -fplugin=./
attribute_plugin.so (test for warnings, line 7)
FAIL: g++.dg/plugin/attribute_plugin-test-1.C -fplugin=./
attribute_plugin.so (test for warnings, line 16)
FAIL: g++.dg/plugin/attribute_plugin-test-1.C -fplugin=./
attribute_plugin.so (test for excess errors)
FAIL: g++.dg/plugin/pragma_plugin-test-1.C -fplugin=./
pragma_plugin.so (test for warnings, line )
FAIL: g++.dg/plugin/pragma_plugin-test-1.C -fplugin=./
pragma_plugin.so (test for warnings, line 5)
FAIL: g++.dg/plugin/pragma_plugin-test-1.C -fplugin=./
pragma_plugin.so (test for warnings, line 9)
FAIL: g++.dg/plugin/pragma_plugin-test-1.C -fplugin=./
pragma_plugin.so (test for warnings, line 14)
FAIL: g++.dg/plugin/dumb-plugin-test-1.C -fplugin=./dumb_plugin.so
(test for warnings, line 10)
FAIL: g++.dg/plugin/dumb-plugin-test-1.C -fplugin=./dumb_plugin.so
(test for warnings, line 14)
FAIL: g++.dg/plugin/dumb-plugin-test-1.C -fplugin=./dumb_plugin.so
(test for warnings, line 18)
FAIL: g++.dg/plugin/dumb-plugin-test-1.C -fplugin=./dumb_plugin.so
(test for warnings, line 19)
FAIL: g++.dg/plugin/dumb-plugin-test-1.C -fplugin=./dumb_plugin.so
(test for warnings, line 24)
FAIL: g++.dg/plugin/dumb-plugin-test-1.C -fplugin=./dumb_plugin.so
(test for warnings, line 50)
FAIL: g++.dg/plugin/dumb-plugin-test-1.C -fplugin=./dumb_plugin.so
(test for warnings, line 50)
=== g++ Summary for unix/-m32 ===
# of expected passes 24639
# of unexpected failures 23
# of expected failures 156
# of unresolved testcases 2
# of unsupported tests 384
Running target unix/-m64
FAIL: g++.dg/debug/dwarf2/nested-2.C scan-assembler [^\\n\\r]*\\\\
(DIE[^\\n\\r]*DW_TAG_structure_type\\\\)[\\n\\r]+[^\\n\\r]*"S\\\\\\\
\0"[ \\t]+(@|#|!|//?)[ \\t]+DW_AT_name[\\n\\r]+(.*)?\\\\(DIE[^\\n\
\r]*DW_TAG_structure_type\\\\)[\\n\\r]+[^\\n\\r]*"T<int>\\\\\\\\0"[ \
\t]+(.*)?\\\\(DIE[^\\n\\r]*DW_TAG_template_type_param\\\\)[\\n\\r]+[^\
\n\\r]*[\\n\\r]+[^\\n\\r]*[\\n\\r]+[^\\n\\r]*(@|#|!|//?)[ \\t]+end of
children of DIE[^\\n\\r]*[\\n\\r]+[^\\n\\r]*end of children of DIE[^\\n
\\r]*
WARNING: g++.dg/ext/label13.C compilation failed to produce executable
FAIL: g++.dg/ext/visibility/anon6.C scan-assembler 1BIiE1cE
FAIL: g++.dg/lto/20100723-1 cp_lto_20100723-1_0.o-
cp_lto_20100723-1_0.o link, -fcompare-debug -flto (internal compiler
error)
UNRESOLVED: g++.dg/lto/20100723-1 cp_lto_20100723-1_0.o-
cp_lto_20100723-1_0.o execute -fcompare-debug -flto
FAIL: g++.dg/lto/20100723-1 cp_lto_20100723-1_0.o-
cp_lto_20100723-1_0.o link, -fcompare-debug -fwhopr (internal compiler
error)
UNRESOLVED: g++.dg/lto/20100723-1 cp_lto_20100723-1_0.o-
cp_lto_20100723-1_0.o execute -fcompare-debug -fwhopr
FAIL: g++.dg/plugin/attribute_plugin-test-1.C -fplugin=./
attribute_plugin.so (test for warnings, line )
FAIL: g++.dg/plugin/attribute_plugin-test-1.C -fplugin=./
attribute_plugin.so (test for warnings, line 7)
FAIL: g++.dg/plugin/attribute_plugin-test-1.C -fplugin=./
attribute_plugin.so (test for warnings, line 7)
FAIL: g++.dg/plugin/attribute_plugin-test-1.C -fplugin=./
attribute_plugin.so (test for warnings, line 16)
FAIL: g++.dg/plugin/attribute_plugin-test-1.C -fplugin=./
attribute_plugin.so (test for excess errors)
FAIL: g++.dg/plugin/pragma_plugin-test-1.C -fplugin=./
pragma_plugin.so (test for warnings, line )
FAIL: g++.dg/plugin/pragma_plugin-test-1.C -fplugin=./
pragma_plugin.so (test for warnings, line 5)
FAIL: g++.dg/plugin/pragma_plugin-test-1.C -fplugin=./
pragma_plugin.so (test for warnings, line 9)
FAIL: g++.dg/plugin/pragma_plugin-test-1.C -fplugin=./
pragma_plugin.so (test for warnings, line 14)
FAIL: g++.dg/plugin/dumb-plugin-test-1.C -fplugin=./dumb_plugin.so
(test for warnings, line 10)
FAIL: g++.dg/plugin/dumb-plugin-test-1.C -fplugin=./dumb_plugin.so
(test for warnings, line 14)
FAIL: g++.dg/plugin/dumb-plugin-test-1.C -fplugin=./dumb_plugin.so
(test for warnings, line 18)
FAIL: g++.dg/plugin/dumb-plugin-test-1.C -fplugin=./dumb_plugin.so
(test for warnings, line 19)
FAIL: g++.dg/plugin/dumb-plugin-test-1.C -fplugin=./dumb_plugin.so
(test for warnings, line 24)
FAIL: g++.dg/plugin/dumb-plugin-test-1.C -fplugin=./dumb_plugin.so
(test for warnings, line 50)
FAIL: g++.dg/plugin/dumb-plugin-test-1.C -fplugin=./dumb_plugin.so
(test for warnings, line 50)
=== g++ Summary for unix/-m64 ===
# of expected passes 25254
# of unexpected failures 20
# of expected failures 156
# of unresolved testcases 2
# of unsupported tests 381
=== g++ Summary ===
# of expected passes 49893
# of unexpected failures 43
# of expected failures 312
# of unresolved testcases 4
# of unsupported tests 765
/Volumes/ScratchCS/gcc-4-6-trunk-build/gcc/testsuite/g++/../../g++
version 4.6.0 20101107 (experimental) [trunk revision 166414] (GCC)
=== gcc tests ===
Running target unix/-m32
FAIL: gcc.c-torture/compile/pr44707.c -O1 (test for excess errors)
FAIL: gcc.c-torture/compile/pr44707.c -O2 (test for excess errors)
FAIL: gcc.c-torture/compile/pr44707.c -O3 -fomit-frame-pointer (test
for excess errors)
FAIL: gcc.c-torture/compile/pr44707.c -O3 -g (test for excess errors)
FAIL: gcc.c-torture/compile/pr44707.c -Os (test for excess errors)
FAIL: gcc.c-torture/compile/pr44707.c -O2 -flto (test for excess
errors)
FAIL: gcc.c-torture/compile/pr44707.c -O2 -fwhopr (test for excess
errors)
FAIL: gcc.c-torture/execute/vector-shift1.c compilation, -O0
(internal compiler error)
UNRESOLVED: gcc.c-torture/execute/vector-shift1.c execution, -O0
FAIL: gcc.dg/compat/vector-1 c_compat_x_tst.o-c_compat_y_tst.o execute
FAIL: gcc.dg/compat/vector-2 c_compat_x_tst.o-c_compat_y_tst.o execute
WARNING: program timed out.
FAIL: tmpdir-gcc.dg-struct-layout-1/t025 c_compat_x_tst.o-
c_compat_y_tst.o execute
FAIL: tmpdir-gcc.dg-struct-layout-1/t027 c_compat_x_tst.o-
c_compat_y_tst.o execute
WARNING: program timed out.
FAIL: tmpdir-gcc.dg-struct-layout-1/t028 c_compat_x_tst.o-
c_compat_y_tst.o execute
FAIL: gcc.dg/and-1.c scan-assembler-not nand
FAIL: gcc.dg/pr42461.c (test for excess errors)
FAIL: gcc.dg/sms-2.c scan-rtl-dump-times sms "SMS succeeded" 1
FAIL: gcc.dg/sms-3.c scan-rtl-dump-times sms "SMS succeeded" 1
FAIL: gcc.dg/sms-4.c scan-rtl-dump-times sms "SMS succeeded" 1
FAIL: gcc.dg/sms-5.c scan-rtl-dump-times sms "SMS succeeded" 1
FAIL: gcc.dg/sms-6.c scan-rtl-dump-times sms "SMS succeeded" 3
FAIL: gcc.dg/sms-7.c scan-rtl-dump-times sms "SMS succeeded" 3
FAIL: gcc.dg/sms-8.c scan-rtl-dump-times sms "SMS succeeded" 1
FAIL: gcc.dg/stack-usage-1.c scan-file foo\\t(256|264)\\tstatic
FAIL: gcc.dg/vec-scal-opt.c scan-tree-dump-times veclower ">> k.
[0-9_]*" 1
FAIL: gcc.dg/vec-scal-opt1.c scan-tree-dump-times veclower ">> 2" 1
FAIL: gcc.dg/vec-scal-opt2.c scan-tree-dump-times veclower ">> 2" 1
FAIL: gcc.dg/torture/builtin-attr-1.c -O0 (test for excess errors)
FAIL: gcc.dg/torture/builtin-attr-1.c -O1 (internal compiler error)
FAIL: gcc.dg/torture/builtin-attr-1.c -O1 (test for excess errors)
FAIL: gcc.dg/torture/builtin-attr-1.c -O2 (internal compiler error)
FAIL: gcc.dg/torture/builtin-attr-1.c -O2 (test for excess errors)
FAIL: gcc.dg/torture/builtin-attr-1.c -O3 -fomit-frame-pointer
(internal compiler error)
FAIL: gcc.dg/torture/builtin-attr-1.c -O3 -fomit-frame-pointer (test
for excess errors)
FAIL: gcc.dg/torture/builtin-attr-1.c -O3 -g (internal compiler error)
FAIL: gcc.dg/torture/builtin-attr-1.c -O3 -g (test for excess errors)
FAIL: gcc.dg/torture/builtin-attr-1.c -Os (internal compiler error)
FAIL: gcc.dg/torture/builtin-attr-1.c -Os (test for excess errors)
FAIL: gcc.dg/torture/builtin-attr-1.c -O2 -flto (internal compiler
error)
FAIL: gcc.dg/torture/builtin-attr-1.c -O2 -flto (test for excess
errors)
FAIL: gcc.dg/torture/builtin-attr-1.c -O2 -fwhopr (internal compiler
error)
FAIL: gcc.dg/torture/builtin-attr-1.c -O2 -fwhopr (test for excess
errors)
FAIL: gcc.dg/torture/builtin-math-2.c -O0 scan-tree-dump-times
original "fma " 3
FAIL: gcc.dg/torture/builtin-math-2.c -O0 scan-tree-dump-times
original "fmaf" 3
FAIL: gcc.dg/torture/builtin-math-2.c -O1 scan-tree-dump-times
original "fma " 3
FAIL: gcc.dg/torture/builtin-math-2.c -O1 scan-tree-dump-times
original "fmaf" 3
FAIL: gcc.dg/torture/builtin-math-2.c -O2 scan-tree-dump-times
original "fma " 3
FAIL: gcc.dg/torture/builtin-math-2.c -O2 scan-tree-dump-times
original "fmaf" 3
FAIL: gcc.dg/torture/builtin-math-2.c -O3 -fomit-frame-pointer scan-
tree-dump-times original "fma " 3
FAIL: gcc.dg/torture/builtin-math-2.c -O3 -fomit-frame-pointer scan-
tree-dump-times original "fmaf" 3
FAIL: gcc.dg/torture/builtin-math-2.c -O3 -fomit-frame-pointer -
funroll-loops scan-tree-dump-times original "fma " 3
FAIL: gcc.dg/torture/builtin-math-2.c -O3 -fomit-frame-pointer -
funroll-loops scan-tree-dump-times original "fmaf" 3
FAIL: gcc.dg/torture/builtin-math-2.c -O3 -fomit-frame-pointer -
funroll-all-loops -finline-functions scan-tree-dump-times original
"fma " 3
FAIL: gcc.dg/torture/builtin-math-2.c -O3 -fomit-frame-pointer -
funroll-all-loops -finline-functions scan-tree-dump-times original
"fmaf" 3
FAIL: gcc.dg/torture/builtin-math-2.c -O3 -g scan-tree-dump-times
original "fma " 3
FAIL: gcc.dg/torture/builtin-math-2.c -O3 -g scan-tree-dump-times
original "fmaf" 3
FAIL: gcc.dg/torture/builtin-math-2.c -Os scan-tree-dump-times
original "fma " 3
FAIL: gcc.dg/torture/builtin-math-2.c -Os scan-tree-dump-times
original "fmaf" 3
FAIL: gcc.dg/torture/builtin-math-2.c -O2 -flto scan-tree-dump-times
original "fma " 3
FAIL: gcc.dg/torture/builtin-math-2.c -O2 -flto scan-tree-dump-times
original "fmaf" 3
FAIL: gcc.dg/torture/builtin-math-2.c -O2 -fwhopr scan-tree-dump-
times original "fma " 3
FAIL: gcc.dg/torture/builtin-math-2.c -O2 -fwhopr scan-tree-dump-
times original "fmaf" 3
FAIL: gcc.dg/tree-prof/inliner-1.c scan-tree-dump-not optimized
"hot_function ..;"
FAIL: gcc.dg/tree-ssa/foldconst-2.c scan-tree-dump-not optimized
"fundamentals.0"
FAIL: gcc.dg/tree-ssa/vrp47.c scan-tree-dump-times vrp1 "[xy][^ ]* !=" 0
FAIL: gcc.dg/tree-ssa/vrp47.c scan-tree-dump-times dom1 "x[^ ]* & y" 1
XPASS: gcc.dg/vect/costmodel/ppc/costmodel-vect-outer-fir.c scan-tree-
dump-times vect "OUTER LOOP VECTORIZED" 2
FAIL: gcc.dg/vect/costmodel/ppc/costmodel-vect-outer-fir.c scan-tree-
dump-times vect "OUTER LOOP VECTORIZED" 1
FAIL: gcc.dg/vect/pr43432.c scan-tree-dump-times vect "vectorized 1
loops" 1
FAIL: gcc.dg/vect/vect-114.c scan-tree-dump-times vect "vectorized 1
loops" 1
FAIL: gcc.dg/vect/vect-15.c scan-tree-dump-times vect "vectorized 1
loops" 1
FAIL: gcc.dg/vect/section-anchors-pr27770.c (test for excess errors)
FAIL: gcc.dg/vect/section-anchors-vect-69.c (test for excess errors)
FAIL: gcc.dg/vect/section-anchors-vect-69.c scan-tree-dump-times vect
"Alignment of access forced using peeling" 4
FAIL: gcc.dg/vect/aligned-section-anchors-nest-1.c (test for excess
errors)
FAIL: gcc.dg/vect/aligned-section-anchors-nest-1.c scan-ipa-dump-times
increase_alignment "Increasing alignment of decl" 3: dump file does
not exist
FAIL: gcc.target/powerpc/405-dlmzb-strlen-1.c scan-assembler dlmzb\\\\.
FAIL: gcc.target/powerpc/440-dlmzb-strlen-1.c scan-assembler dlmzb\\\\.
FAIL: gcc.target/powerpc/asm-es-2.c scan-assembler asm1 3,4
FAIL: gcc.target/powerpc/asm-es-2.c scan-assembler asm2u 16\\\\(3\\\\)
FAIL: gcc.target/powerpc/asm-es-2.c scan-assembler asm3 0\\\\(3\\\\)
FAIL: gcc.target/powerpc/asm-es-2.c scan-assembler asm4 400\\\\(3\\\\)
FAIL: gcc.target/powerpc/ppc-fmadd-1.c scan-assembler-not f(add|sub|
mul|neg)
FAIL: gcc.target/powerpc/ppc-vector-memcpy.c scan-assembler lvx
=== gcc Summary for unix/-m32 ===
# of expected passes 70372
# of unexpected failures 82
# of unexpected successes 1
# of expected failures 182
# of unresolved testcases 1
# of unsupported tests 1135
Running target unix/-m64
FAIL: gcc.c-torture/compile/pr44707.c -O1 (test for excess errors)
FAIL: gcc.c-torture/compile/pr44707.c -O2 (test for excess errors)
FAIL: gcc.c-torture/compile/pr44707.c -O3 -fomit-frame-pointer (test
for excess errors)
FAIL: gcc.c-torture/compile/pr44707.c -O3 -g (test for excess errors)
FAIL: gcc.c-torture/compile/pr44707.c -Os (test for excess errors)
FAIL: gcc.c-torture/compile/pr44707.c -O2 -flto (test for excess
errors)
FAIL: gcc.c-torture/compile/pr44707.c -O2 -fwhopr (test for excess
errors)
FAIL: gcc.c-torture/execute/vector-shift1.c compilation, -O0
(internal compiler error)
UNRESOLVED: gcc.c-torture/execute/vector-shift1.c execution, -O0
FAIL: gcc.dg/and-1.c scan-assembler-not nand
FAIL: gcc.dg/pr42461.c (test for excess errors)
FAIL: gcc.dg/sms-2.c scan-rtl-dump-times sms "SMS succeeded" 1
FAIL: gcc.dg/sms-3.c scan-rtl-dump-times sms "SMS succeeded" 1
FAIL: gcc.dg/sms-4.c scan-rtl-dump-times sms "SMS succeeded" 1
FAIL: gcc.dg/sms-5.c scan-rtl-dump-times sms "SMS succeeded" 1
FAIL: gcc.dg/sms-6.c scan-rtl-dump-times sms "SMS succeeded" 3
FAIL: gcc.dg/sms-7.c scan-rtl-dump-times sms "SMS succeeded" 3
FAIL: gcc.dg/sms-8.c scan-rtl-dump-times sms "SMS succeeded" 1
FAIL: gcc.dg/stack-usage-1.c scan-file foo\\t(256|264)\\tstatic
FAIL: gcc.dg/vec-scal-opt.c scan-tree-dump-times veclower ">> k.
[0-9_]*" 1
FAIL: gcc.dg/vec-scal-opt1.c scan-tree-dump-times veclower ">> 2" 1
FAIL: gcc.dg/vec-scal-opt2.c scan-tree-dump-times veclower ">> 2" 1
FAIL: gcc.dg/lto/20090116 c_lto_20090116_0.o-c_lto_20090116_0.o link, -
O1 -fwhopr -fPIC (internal compiler error)
UNRESOLVED: gcc.dg/lto/20090116 c_lto_20090116_0.o-c_lto_20090116_0.o
execute -O1 -fwhopr -fPIC
FAIL: gcc.dg/torture/builtin-attr-1.c -O0 (test for excess errors)
FAIL: gcc.dg/torture/builtin-attr-1.c -O1 (internal compiler error)
FAIL: gcc.dg/torture/builtin-attr-1.c -O1 (test for excess errors)
FAIL: gcc.dg/torture/builtin-attr-1.c -O2 (internal compiler error)
FAIL: gcc.dg/torture/builtin-attr-1.c -O2 (test for excess errors)
FAIL: gcc.dg/torture/builtin-attr-1.c -O3 -fomit-frame-pointer
(internal compiler error)
FAIL: gcc.dg/torture/builtin-attr-1.c -O3 -fomit-frame-pointer (test
for excess errors)
FAIL: gcc.dg/torture/builtin-attr-1.c -O3 -g (internal compiler error)
FAIL: gcc.dg/torture/builtin-attr-1.c -O3 -g (test for excess errors)
FAIL: gcc.dg/torture/builtin-attr-1.c -Os (internal compiler error)
FAIL: gcc.dg/torture/builtin-attr-1.c -Os (test for excess errors)
FAIL: gcc.dg/torture/builtin-attr-1.c -O2 -flto (internal compiler
error)
FAIL: gcc.dg/torture/builtin-attr-1.c -O2 -flto (test for excess
errors)
FAIL: gcc.dg/torture/builtin-attr-1.c -O2 -fwhopr (internal compiler
error)
FAIL: gcc.dg/torture/builtin-attr-1.c -O2 -fwhopr (test for excess
errors)
FAIL: gcc.dg/torture/builtin-math-2.c -O0 scan-tree-dump-times
original "fma " 3
FAIL: gcc.dg/torture/builtin-math-2.c -O0 scan-tree-dump-times
original "fmaf" 3
FAIL: gcc.dg/torture/builtin-math-2.c -O1 scan-tree-dump-times
original "fma " 3
FAIL: gcc.dg/torture/builtin-math-2.c -O1 scan-tree-dump-times
original "fmaf" 3
FAIL: gcc.dg/torture/builtin-math-2.c -O2 scan-tree-dump-times
original "fma " 3
FAIL: gcc.dg/torture/builtin-math-2.c -O2 scan-tree-dump-times
original "fmaf" 3
FAIL: gcc.dg/torture/builtin-math-2.c -O3 -fomit-frame-pointer scan-
tree-dump-times original "fma " 3
FAIL: gcc.dg/torture/builtin-math-2.c -O3 -fomit-frame-pointer scan-
tree-dump-times original "fmaf" 3
FAIL: gcc.dg/torture/builtin-math-2.c -O3 -fomit-frame-pointer -
funroll-loops scan-tree-dump-times original "fma " 3
FAIL: gcc.dg/torture/builtin-math-2.c -O3 -fomit-frame-pointer -
funroll-loops scan-tree-dump-times original "fmaf" 3
FAIL: gcc.dg/torture/builtin-math-2.c -O3 -fomit-frame-pointer -
funroll-all-loops -finline-functions scan-tree-dump-times original
"fma " 3
FAIL: gcc.dg/torture/builtin-math-2.c -O3 -fomit-frame-pointer -
funroll-all-loops -finline-functions scan-tree-dump-times original
"fmaf" 3
FAIL: gcc.dg/torture/builtin-math-2.c -O3 -g scan-tree-dump-times
original "fma " 3
FAIL: gcc.dg/torture/builtin-math-2.c -O3 -g scan-tree-dump-times
original "fmaf" 3
FAIL: gcc.dg/torture/builtin-math-2.c -Os scan-tree-dump-times
original "fma " 3
FAIL: gcc.dg/torture/builtin-math-2.c -Os scan-tree-dump-times
original "fmaf" 3
FAIL: gcc.dg/torture/builtin-math-2.c -O2 -flto scan-tree-dump-times
original "fma " 3
FAIL: gcc.dg/torture/builtin-math-2.c -O2 -flto scan-tree-dump-times
original "fmaf" 3
FAIL: gcc.dg/torture/builtin-math-2.c -O2 -fwhopr scan-tree-dump-
times original "fma " 3
FAIL: gcc.dg/torture/builtin-math-2.c -O2 -fwhopr scan-tree-dump-
times original "fmaf" 3
FAIL: gcc.dg/tree-prof/inliner-1.c scan-tree-dump-not optimized
"hot_function ..;"
FAIL: gcc.dg/tree-ssa/foldconst-2.c scan-tree-dump-not optimized
"fundamentals.0"
FAIL: gcc.dg/tree-ssa/pr14814.c scan-tree-dump-times forwprop2 "&" 0
FAIL: gcc.dg/tree-ssa/vrp47.c scan-tree-dump-times vrp1 "[xy][^ ]* !=" 0
FAIL: gcc.dg/tree-ssa/vrp47.c scan-tree-dump-times dom1 "x[^ ]* & y" 1
FAIL: gcc.dg/vect/costmodel/ppc/costmodel-pr37194.c scan-tree-dump-
times vect "vectorization not profitable" 1
FAIL: gcc.dg/vect/costmodel/ppc/costmodel-pr37194.c scan-tree-dump-
times vect "vectorized 1 loops" 1
XPASS: gcc.dg/vect/costmodel/ppc/costmodel-vect-outer-fir.c scan-tree-
dump-times vect "OUTER LOOP VECTORIZED" 2
FAIL: gcc.dg/vect/costmodel/ppc/costmodel-vect-outer-fir.c scan-tree-
dump-times vect "OUTER LOOP VECTORIZED" 1
FAIL: gcc.dg/vect/pr43432.c scan-tree-dump-times vect "vectorized 1
loops" 1
FAIL: gcc.dg/vect/vect-114.c scan-tree-dump-times vect "vectorized 1
loops" 1
FAIL: gcc.dg/vect/vect-15.c scan-tree-dump-times vect "vectorized 1
loops" 1
FAIL: gcc.dg/vect/section-anchors-pr27770.c (test for excess errors)
FAIL: gcc.dg/vect/section-anchors-vect-69.c (test for excess errors)
FAIL: gcc.dg/vect/section-anchors-vect-69.c scan-tree-dump-times vect
"Alignment of access forced using versioning" 4
FAIL: gcc.dg/vect/aligned-section-anchors-nest-1.c (test for excess
errors)
FAIL: gcc.dg/vect/aligned-section-anchors-nest-1.c scan-ipa-dump-times
increase_alignment "Increasing alignment of decl" 3: dump file does
not exist
FAIL: gcc.target/powerpc/asm-es-2.c scan-assembler asm1 3,4
FAIL: gcc.target/powerpc/asm-es-2.c scan-assembler asm2u 16\\\\(3\\\\)
FAIL: gcc.target/powerpc/asm-es-2.c scan-assembler asm3 0\\\\(3\\\\)
FAIL: gcc.target/powerpc/asm-es-2.c scan-assembler asm4 400\\\\(3\\\\)
FAIL: gcc.target/powerpc/optimize-bswapdi-3.c scan-assembler ldbrx
FAIL: gcc.target/powerpc/optimize-bswapdi-3.c scan-assembler stdbrx
FAIL: gcc.target/powerpc/ppc-fmadd-1.c scan-assembler-not f(add|sub|
mul|neg)
FAIL: gcc.target/powerpc/ppc-vector-memcpy.c scan-assembler lvx
=== gcc Summary for unix/-m64 ===
# of expected passes 70903
# of unexpected failures 81
# of unexpected successes 1
# of expected failures 190
# of unresolved testcases 2
# of unsupported tests 1198
=== gcc Summary ===
# of expected passes 141275
# of unexpected failures 163
# of unexpected successes 2
# of expected failures 372
# of unresolved testcases 3
# of unsupported tests 2333
/Volumes/ScratchCS/gcc-4-6-trunk-build/gcc/xgcc version 4.6.0
20101107 (experimental) [trunk revision 166414] (GCC)
=== gfortran tests ===
Running target unix/-m32
FAIL: gfortran.dg/large_real_kind_3.F90 -O0 execution test
FAIL: gfortran.dg/subref_array_pointer_4.f90 -O3 -fomit-frame-
pointer (internal compiler error)
FAIL: gfortran.dg/subref_array_pointer_4.f90 -O3 -fomit-frame-
pointer (test for excess errors)
WARNING: gfortran.dg/subref_array_pointer_4.f90 -O3 -fomit-frame-
pointer compilation failed to produce executable
FAIL: gfortran.dg/subref_array_pointer_4.f90 -O3 -fomit-frame-pointer
-funroll-loops (internal compiler error)
FAIL: gfortran.dg/subref_array_pointer_4.f90 -O3 -fomit-frame-pointer
-funroll-loops (test for excess errors)
WARNING: gfortran.dg/subref_array_pointer_4.f90 -O3 -fomit-frame-
pointer -funroll-loops compilation failed to produce executable
FAIL: gfortran.dg/subref_array_pointer_4.f90 -O3 -fomit-frame-pointer
-funroll-all-loops -finline-functions (internal compiler error)
FAIL: gfortran.dg/subref_array_pointer_4.f90 -O3 -fomit-frame-pointer
-funroll-all-loops -finline-functions (test for excess errors)
WARNING: gfortran.dg/subref_array_pointer_4.f90 -O3 -fomit-frame-
pointer -funroll-all-loops -finline-functions compilation failed to
produce executable
FAIL: gfortran.dg/subref_array_pointer_4.f90 -O3 -g (internal
compiler error)
FAIL: gfortran.dg/subref_array_pointer_4.f90 -O3 -g (test for excess
errors)
WARNING: gfortran.dg/subref_array_pointer_4.f90 -O3 -g compilation
failed to produce executable
FAIL: gfortran.fortran-torture/execute/where_2.f90 execution, -O3 -g
=== gfortran Summary for unix/-m32 ===
# of expected passes 36824
# of unexpected failures 10
# of expected failures 74
# of unsupported tests 203
Running target unix/-m64
FAIL: gfortran.dg/large_real_kind_3.F90 -O0 execution test
FAIL: gfortran.dg/transfer_simplify_2.f90 -O0 (internal compiler
error)
FAIL: gfortran.dg/transfer_simplify_2.f90 -O0 (test for excess errors)
WARNING: gfortran.dg/transfer_simplify_2.f90 -O0 compilation failed
to produce executable
FAIL: gfortran.dg/transfer_simplify_2.f90 -O1 (internal compiler
error)
FAIL: gfortran.dg/transfer_simplify_2.f90 -O1 (test for excess errors)
WARNING: gfortran.dg/transfer_simplify_2.f90 -O1 compilation failed
to produce executable
FAIL: gfortran.dg/transfer_simplify_2.f90 -O2 (internal compiler
error)
FAIL: gfortran.dg/transfer_simplify_2.f90 -O2 (test for excess errors)
WARNING: gfortran.dg/transfer_simplify_2.f90 -O2 compilation failed
to produce executable
FAIL: gfortran.dg/transfer_simplify_2.f90 -O3 -fomit-frame-pointer
(internal compiler error)
FAIL: gfortran.dg/transfer_simplify_2.f90 -O3 -fomit-frame-pointer
(test for excess errors)
WARNING: gfortran.dg/transfer_simplify_2.f90 -O3 -fomit-frame-
pointer compilation failed to produce executable
FAIL: gfortran.dg/transfer_simplify_2.f90 -O3 -fomit-frame-pointer -
funroll-loops (internal compiler error)
FAIL: gfortran.dg/transfer_simplify_2.f90 -O3 -fomit-frame-pointer -
funroll-loops (test for excess errors)
WARNING: gfortran.dg/transfer_simplify_2.f90 -O3 -fomit-frame-pointer
-funroll-loops compilation failed to produce executable
FAIL: gfortran.dg/transfer_simplify_2.f90 -O3 -fomit-frame-pointer -
funroll-all-loops -finline-functions (internal compiler error)
FAIL: gfortran.dg/transfer_simplify_2.f90 -O3 -fomit-frame-pointer -
funroll-all-loops -finline-functions (test for excess errors)
WARNING: gfortran.dg/transfer_simplify_2.f90 -O3 -fomit-frame-pointer
-funroll-all-loops -finline-functions compilation failed to produce
executable
FAIL: gfortran.dg/transfer_simplify_2.f90 -O3 -g (internal compiler
error)
FAIL: gfortran.dg/transfer_simplify_2.f90 -O3 -g (test for excess
errors)
WARNING: gfortran.dg/transfer_simplify_2.f90 -O3 -g compilation
failed to produce executable
FAIL: gfortran.dg/transfer_simplify_2.f90 -Os (internal compiler
error)
FAIL: gfortran.dg/transfer_simplify_2.f90 -Os (test for excess errors)
WARNING: gfortran.dg/transfer_simplify_2.f90 -Os compilation failed
to produce executable
FAIL: gfortran.dg/vect/pr45714-b.f -O (internal compiler error)
FAIL: gfortran.dg/vect/pr45714-b.f -O (test for excess errors)
FAIL: gfortran.fortran-torture/execute/where_2.f90 execution, -O3 -g
=== gfortran Summary for unix/-m64 ===
# of expected passes 37095
# of unexpected failures 20
# of expected failures 78
# of unsupported tests 66
=== gfortran Summary ===
# of expected passes 73919
# of unexpected failures 30
# of expected failures 152
# of unsupported tests 269
/Volumes/ScratchCS/gcc-4-6-trunk-build/gcc/testsuite/gfortran/../../
gfortran version 4.6.0 20101107 (experimental) [trunk revision
166414] (GCC)
=== obj-c++ tests ===
Running target unix/-m32
FAIL: obj-c++.dg/demangle-2.mm -fgnu-runtime execution test
WARNING: obj-c++.dg/try-catch-2.mm -fgnu-runtime compilation failed to
produce executable
WARNING: obj-c++.dg/try-catch-9.mm -fgnu-runtime compilation failed to
produce executable
FAIL: obj-c++.dg/demangle-2.mm -fnext-runtime execution test
FAIL: obj-c++.dg/try-catch-12.mm -fnext-runtime (internal compiler
error)
FAIL: obj-c++.dg/try-catch-12.mm -fnext-runtime (test for excess errors)
FAIL: obj-c++.dg/try-catch-13.mm -fnext-runtime (internal compiler
error)
FAIL: obj-c++.dg/try-catch-13.mm -fnext-runtime (test for errors,
line 38)
FAIL: obj-c++.dg/try-catch-13.mm -fnext-runtime (test for errors,
line 53)
FAIL: obj-c++.dg/try-catch-13.mm -fnext-runtime (test for excess errors)
FAIL: obj-c++.dg/try-catch-2.mm -fnext-runtime (internal compiler error)
FAIL: obj-c++.dg/try-catch-2.mm -fnext-runtime (test for excess errors)
WARNING: obj-c++.dg/try-catch-2.mm -fnext-runtime compilation failed
to produce executable
FAIL: obj-c++.dg/try-catch-7.mm -fnext-runtime (internal compiler error)
FAIL: obj-c++.dg/try-catch-7.mm -fnext-runtime (test for excess errors)
FAIL: obj-c++.dg/try-catch-9.mm -fnext-runtime (internal compiler error)
WARNING: obj-c++.dg/try-catch-9.mm -fnext-runtime compilation failed
to produce executable
FAIL: obj-c++.dg/property/at-property-2.mm -fgnu-runtime (test for
errors, line 12)
FAIL: obj-c++.dg/property/at-property-2.mm -fnext-runtime (test for
errors, line 12)
=== obj-c++ Summary for unix/-m32 ===
# of expected passes 2107
# of unexpected failures 15
# of expected failures 2
# of unsupported tests 74
Running target unix/-m64
FAIL: obj-c++.dg/demangle-2.mm -fgnu-runtime execution test
WARNING: obj-c++.dg/try-catch-2.mm -fgnu-runtime compilation failed to
produce executable
WARNING: obj-c++.dg/try-catch-9.mm -fgnu-runtime compilation failed to
produce executable
FAIL: obj-c++.dg/try-catch-12.mm -fnext-runtime (internal compiler
error)
FAIL: obj-c++.dg/try-catch-12.mm -fnext-runtime (test for excess errors)
FAIL: obj-c++.dg/try-catch-13.mm -fnext-runtime (internal compiler
error)
FAIL: obj-c++.dg/try-catch-13.mm -fnext-runtime (test for errors,
line 38)
FAIL: obj-c++.dg/try-catch-13.mm -fnext-runtime (test for errors,
line 53)
FAIL: obj-c++.dg/try-catch-13.mm -fnext-runtime (test for excess errors)
FAIL: obj-c++.dg/try-catch-2.mm -fnext-runtime (test for excess errors)
WARNING: obj-c++.dg/try-catch-2.mm -fnext-runtime compilation failed
to produce executable
FAIL: obj-c++.dg/try-catch-7.mm -fnext-runtime (internal compiler error)
FAIL: obj-c++.dg/try-catch-7.mm -fnext-runtime (test for excess errors)
WARNING: obj-c++.dg/try-catch-9.mm -fnext-runtime compilation failed
to produce executable
FAIL: obj-c++.dg/property/at-property-2.mm -fgnu-runtime (test for
errors, line 12)
FAIL: obj-c++.dg/property/at-property-2.mm -fnext-runtime (test for
errors, line 12)
=== obj-c++ Summary for unix/-m64 ===
# of expected passes 1970
# of unexpected failures 12
# of expected failures 108
# of unsupported tests 79
=== obj-c++ Summary ===
# of expected passes 4077
# of unexpected failures 27
# of expected failures 110
# of unsupported tests 153
/Volumes/ScratchCS/gcc-4-6-trunk-build/gcc/testsuite/obj-c++/../../g+
+ version 4.6.0 20101107 (experimental) [trunk revision 166414] (GCC)
=== objc tests ===
Running target unix/-m32
FAIL: objc.dg-struct-layout-encoding-1/t001_main.m execution test
FAIL: objc.dg-struct-layout-encoding-1/t005_main.m execution test
FAIL: objc.dg-struct-layout-encoding-1/t009_main.m execution test
FAIL: objc.dg-struct-layout-encoding-1/t010_main.m execution test
FAIL: objc.dg-struct-layout-encoding-1/t013_main.m execution test
FAIL: objc.dg-struct-layout-encoding-1/t014_main.m execution test
FAIL: objc.dg-struct-layout-encoding-1/t016_main.m execution test
FAIL: objc.dg-struct-layout-encoding-1/t017_main.m execution test
FAIL: objc.dg-struct-layout-encoding-1/t018_main.m execution test
FAIL: objc.dg-struct-layout-encoding-1/t019_main.m execution test
FAIL: objc.dg-struct-layout-encoding-1/t020_main.m execution test
FAIL: objc.dg-struct-layout-encoding-1/t021_main.m execution test
FAIL: objc.dg-struct-layout-encoding-1/t023_main.m execution test
FAIL: objc.dg-struct-layout-encoding-1/t024_main.m execution test
=== objc Summary for unix/-m32 ===
# of expected passes 4998
# of unexpected failures 14
# of expected failures 17
# of unsupported tests 100
Running target unix/-m64
XPASS: objc.dg-struct-layout-encoding-1/t025_main.m execution test
XPASS: objc.dg-struct-layout-encoding-1/t026_main.m execution test
XPASS: objc.dg-struct-layout-encoding-1/t027_main.m execution test
XPASS: objc.dg-struct-layout-encoding-1/t028_main.m execution test
XPASS: objc.dg-struct-layout-encoding-1/t029_main.m execution test
XPASS: objc.dg-struct-layout-encoding-1/t030_main.m execution test
XPASS: objc.dg-struct-layout-encoding-1/t031_main.m execution test
=== objc Summary for unix/-m64 ===
# of expected passes 3674
# of unexpected successes 7
# of expected failures 118
# of unsupported tests 117
=== objc Summary ===
# of expected passes 8672
# of unexpected failures 14
# of unexpected successes 7
# of expected failures 135
# of unsupported tests 217
/Volumes/ScratchCS/gcc-4-6-trunk-build/gcc/xgcc version 4.6.0
20101107 (experimental) [trunk revision 166414] (GCC)
=== libgomp tests ===
Running target unix/-m32
=== libgomp Summary for unix/-m32 ===
# of expected passes 2490
# of unsupported tests 2
Running target unix/-m64
=== libgomp Summary for unix/-m64 ===
# of expected passes 2490
# of unsupported tests 2
=== libgomp Summary ===
# of expected passes 4980
# of unsupported tests 4
Compiler version: 4.6.0 20101107 (experimental) [trunk revision
166414] (GCC)
Platform: powerpc-apple-darwin9
configure flags: --prefix=/GCC/testdfp --target=powerpc-apple-darwin9
--host=powerpc-apple-darwin9 --build=powerpc-apple-darwin9 --enable-
version-specific-runtime-libs --enable-threads --enable-checking=yes --
with-libiconv-prefix=/usr --with-system-zlib --program-
suffix=-4.6trunk --with-gmp=/GCC/multiprec-math/ppc --with-mpfr=/GCC/
multiprec-math/ppc --with-mpc=/GCC/multiprec-math/ppc --enable-
languages=c,objc,c++,obj-c++,fortran CC=gcc-4.2 CXX=g++-4.2