This is the mail archive of the
gcc-testresults@gcc.gnu.org
mailing list for the GCC project.
Results for 4.6.0 20101106 (experimental) (GCC) testsuite on powerpc64-unknown-linux-gnu
- From: Andreas Schwab <schwab at linux-m68k dot org>
- To: gcc-testresults at gcc dot gnu dot org
- Date: Sun, 07 Nov 2010 14:08:08 +0100
- Subject: Results for 4.6.0 20101106 (experimental) (GCC) testsuite on powerpc64-unknown-linux-gnu
=== acats tests ===
=== acats Summary ===
# of expected passes 2321
# of unexpected failures 0
Native configuration is powerpc64-unknown-linux-gnu
=== g++ tests ===
Running target unix/-m32
WARNING: program timed out.
FAIL: g++.dg/bprob/g++-bprob-2.C execution, -Os -fprofile-use
FAIL: tmpdir-g++.dg-struct-layout-1/t024 cp_compat_x_tst.o-cp_compat_y_tst.o execute
FAIL: tmpdir-g++.dg-struct-layout-1/t027 cp_compat_x_tst.o-cp_compat_y_tst.o execute
FAIL: tmpdir-g++.dg-struct-layout-1/t030 cp_compat_x_tst.o-cp_compat_y_tst.o execute
FAIL: g++.dg/template/char1.C (test for warnings, line 4)
FAIL: g++.dg/guality/redeclaration1.C -O2 -flto line 13 i == 42
FAIL: g++.dg/guality/redeclaration1.C -O2 -fwhopr line 13 i == 42
=== g++ Summary for unix/-m32 ===
# of expected passes 25113
# of unexpected failures 7
# of expected failures 155
# of unsupported tests 359
Running target unix/-m64
FAIL: g++.dg/template/char1.C (test for warnings, line 4)
WARNING: program timed out.
=== g++ Summary for unix/-m64 ===
# of expected passes 25681
# of unexpected failures 1
# of expected failures 155
# of unsupported tests 350
=== g++ Summary ===
# of expected passes 50794
# of unexpected failures 8
# of expected failures 310
# of unsupported tests 709
/daten/gcc/gcc-20101106/Build/gcc/testsuite/g++/../../g++ version 4.6.0 20101106 (experimental) (GCC)
=== gcc tests ===
Running target unix/-m32
FAIL: gcc.dg/compat/vector-1 c_compat_x_tst.o-c_compat_y_tst.o execute
FAIL: gcc.dg/compat/vector-2 c_compat_x_tst.o-c_compat_y_tst.o execute
FAIL: tmpdir-gcc.dg-struct-layout-1/t025 c_compat_x_tst.o-c_compat_y_tst.o execute
FAIL: tmpdir-gcc.dg-struct-layout-1/t027 c_compat_x_tst.o-c_compat_y_tst.o execute
FAIL: tmpdir-gcc.dg-struct-layout-1/t028 c_compat_x_tst.o-c_compat_y_tst.o execute
FAIL: gcc.dg/and-1.c scan-assembler-not nand
FAIL: gcc.dg/cproj-fails-with-broken-glibc.c execution test
FAIL: gcc.dg/sms-2.c scan-rtl-dump-times sms "SMS succeeded" 1
FAIL: gcc.dg/sms-4.c scan-rtl-dump-times sms "SMS succeeded" 1
FAIL: gcc.dg/sms-5.c scan-rtl-dump-times sms "SMS succeeded" 1
FAIL: gcc.dg/sms-6.c scan-rtl-dump-times sms "SMS succeeded" 3
FAIL: gcc.dg/sms-7.c scan-rtl-dump-times sms "SMS succeeded" 3
FAIL: gcc.dg/sms-8.c scan-rtl-dump-times sms "SMS succeeded" 1
FAIL: gcc.dg/vec-scal-opt.c scan-tree-dump-times veclower ">> k.[0-9_]*" 1
FAIL: gcc.dg/vec-scal-opt1.c scan-tree-dump-times veclower ">> 2" 1
FAIL: gcc.dg/vec-scal-opt2.c scan-tree-dump-times veclower ">> 2" 1
FAIL: gcc.dg/graphite/vect-pr43423.c scan-tree-dump-times vect "vectorized 2 loops" 1
XPASS: gcc.dg/guality/example.c -O0 execution test
XPASS: gcc.dg/guality/example.c -O1 execution test
XPASS: gcc.dg/guality/example.c -O2 execution test
XPASS: gcc.dg/guality/example.c -Os execution test
XPASS: gcc.dg/guality/guality.c -O0 execution test
XPASS: gcc.dg/guality/guality.c -O1 execution test
XPASS: gcc.dg/guality/guality.c -O2 execution test
XPASS: gcc.dg/guality/guality.c -O3 -fomit-frame-pointer execution test
XPASS: gcc.dg/guality/guality.c -O3 -g execution test
XPASS: gcc.dg/guality/guality.c -Os execution test
XPASS: gcc.dg/guality/inline-params.c -O2 execution test
XPASS: gcc.dg/guality/inline-params.c -O3 -fomit-frame-pointer execution test
XPASS: gcc.dg/guality/inline-params.c -O3 -g execution test
XPASS: gcc.dg/guality/inline-params.c -Os execution test
FAIL: gcc.dg/guality/nrv-1.c -O2 line 20 a2.i[0] == 42
FAIL: gcc.dg/guality/nrv-1.c -O3 -fomit-frame-pointer line 20 a2.i[0] == 42
FAIL: gcc.dg/guality/nrv-1.c -O3 -g line 20 a2.i[0] == 42
FAIL: gcc.dg/guality/nrv-1.c -Os line 20 a2.i[0] == 42
FAIL: gcc.dg/guality/pr36728-1.c -O1 line 12 arg7 == 30
FAIL: gcc.dg/guality/pr36728-1.c -O1 line 14 arg7 == 30
FAIL: gcc.dg/guality/pr36728-1.c -O2 line 12 arg7 == 30
FAIL: gcc.dg/guality/pr36728-1.c -O2 line 14 arg7 == 30
FAIL: gcc.dg/guality/pr36728-1.c -O3 -fomit-frame-pointer line 12 arg7 == 30
FAIL: gcc.dg/guality/pr36728-1.c -O3 -fomit-frame-pointer line 14 arg7 == 30
FAIL: gcc.dg/guality/pr36728-1.c -O3 -g line 12 arg7 == 30
FAIL: gcc.dg/guality/pr36728-1.c -O3 -g line 14 arg7 == 30
FAIL: gcc.dg/guality/pr36728-1.c -Os line 12 arg7 == 30
FAIL: gcc.dg/guality/pr36728-1.c -Os line 14 arg7 == 30
FAIL: gcc.dg/guality/pr36728-1.c -O2 -flto line 12 arg7 == 30
FAIL: gcc.dg/guality/pr36728-1.c -O2 -flto line 14 arg7 == 30
FAIL: gcc.dg/guality/pr36728-1.c -O2 -fwhopr line 12 arg7 == 30
FAIL: gcc.dg/guality/pr36728-1.c -O2 -fwhopr line 14 arg7 == 30
FAIL: gcc.dg/guality/pr36728-2.c -O1 line 12 arg7 == 30
FAIL: gcc.dg/guality/pr36728-2.c -O1 line 14 arg7 == 30
FAIL: gcc.dg/guality/pr36728-2.c -O2 line 12 arg7 == 30
FAIL: gcc.dg/guality/pr36728-2.c -O2 line 14 arg7 == 30
FAIL: gcc.dg/guality/pr36728-2.c -O3 -fomit-frame-pointer line 12 arg7 == 30
FAIL: gcc.dg/guality/pr36728-2.c -O3 -fomit-frame-pointer line 14 arg7 == 30
FAIL: gcc.dg/guality/pr36728-2.c -O3 -g line 12 arg7 == 30
FAIL: gcc.dg/guality/pr36728-2.c -O3 -g line 14 arg7 == 30
FAIL: gcc.dg/guality/pr36728-2.c -Os line 12 arg7 == 30
FAIL: gcc.dg/guality/pr36728-2.c -Os line 14 arg7 == 30
FAIL: gcc.dg/guality/pr36728-2.c -O2 -flto line 12 arg7 == 30
FAIL: gcc.dg/guality/pr36728-2.c -O2 -flto line 14 arg7 == 30
FAIL: gcc.dg/guality/pr36728-2.c -O2 -fwhopr line 12 arg7 == 30
FAIL: gcc.dg/guality/pr36728-2.c -O2 -fwhopr line 14 arg7 == 30
XPASS: gcc.dg/guality/pr41353-1.c -O0 line 28 j == 28 + 37
XPASS: gcc.dg/guality/pr41353-1.c -O1 line 28 j == 28 + 37
XPASS: gcc.dg/guality/pr41353-1.c -O2 line 28 j == 28 + 37
XPASS: gcc.dg/guality/pr41353-1.c -O3 -fomit-frame-pointer line 28 j == 28 + 37
XPASS: gcc.dg/guality/pr41353-1.c -O3 -g line 28 j == 28 + 37
XPASS: gcc.dg/guality/pr41353-1.c -Os line 28 j == 28 + 37
XPASS: gcc.dg/guality/pr41353-1.c -O2 -flto line 28 j == 28 + 37
XPASS: gcc.dg/guality/pr41353-1.c -O2 -fwhopr line 28 j == 28 + 37
XPASS: gcc.dg/guality/pr41447-1.c -O0 execution test
XPASS: gcc.dg/guality/pr41447-1.c -O1 execution test
XPASS: gcc.dg/guality/pr41447-1.c -O2 execution test
XPASS: gcc.dg/guality/pr41447-1.c -O3 -fomit-frame-pointer execution test
XPASS: gcc.dg/guality/pr41447-1.c -O3 -g execution test
XPASS: gcc.dg/guality/pr41447-1.c -Os execution test
XPASS: gcc.dg/guality/pr41616-1.c -O0 execution test
XPASS: gcc.dg/guality/pr41616-1.c -O1 execution test
XPASS: gcc.dg/guality/pr41616-1.c -O2 execution test
XPASS: gcc.dg/guality/pr41616-1.c -O3 -fomit-frame-pointer execution test
XPASS: gcc.dg/guality/pr41616-1.c -O3 -g execution test
XPASS: gcc.dg/guality/pr41616-1.c -Os execution test
FAIL: gcc.dg/guality/pr43077-1.c -O1 line 42 c == 3
FAIL: gcc.dg/guality/pr43077-1.c -O2 -flto line 42 a == 1
FAIL: gcc.dg/guality/pr43077-1.c -O2 -flto line 42 b == 2
FAIL: gcc.dg/guality/pr43077-1.c -O2 -flto line 42 c == 3
FAIL: gcc.dg/guality/pr43077-1.c -O2 -flto line 42 varb == 2
FAIL: gcc.dg/guality/pr43077-1.c -O2 -fwhopr line 42 a == 1
FAIL: gcc.dg/guality/pr43077-1.c -O2 -fwhopr line 42 b == 2
FAIL: gcc.dg/guality/pr43077-1.c -O2 -fwhopr line 42 c == 3
FAIL: gcc.dg/guality/pr43077-1.c -O2 -fwhopr line 42 varb == 2
FAIL: gcc.dg/guality/pr43479.c -O2 -flto line 13 h == 9
FAIL: gcc.dg/guality/pr43479.c -O2 -flto line 18 h == 9
FAIL: gcc.dg/guality/pr43479.c -O2 -fwhopr line 13 h == 9
FAIL: gcc.dg/guality/pr43479.c -O2 -fwhopr line 18 h == 9
FAIL: gcc.dg/guality/sra-1.c -O1 line 42 a.j == 14
FAIL: gcc.dg/guality/sra-1.c -O2 line 42 a.j == 14
FAIL: gcc.dg/guality/sra-1.c -O3 -fomit-frame-pointer line 42 a.j == 14
FAIL: gcc.dg/guality/sra-1.c -O3 -g line 42 a.j == 14
FAIL: gcc.dg/guality/sra-1.c -Os line 42 a.j == 14
FAIL: gcc.dg/guality/sra-1.c -O2 -flto line 20 a.i == 4
FAIL: gcc.dg/guality/sra-1.c -O2 -flto line 42 a.i == 4
FAIL: gcc.dg/guality/sra-1.c -O2 -fwhopr line 20 a.i == 4
FAIL: gcc.dg/guality/sra-1.c -O2 -fwhopr line 42 a.i == 4
FAIL: gcc.dg/guality/vla-1.c -O0 line 17 sizeof (a) == 6
FAIL: gcc.dg/guality/vla-1.c -O0 line 24 sizeof (a) == 17 * sizeof (short)
FAIL: gcc.dg/guality/vla-1.c -O1 line 17 sizeof (a) == 6
FAIL: gcc.dg/guality/vla-1.c -O1 line 24 sizeof (a) == 17 * sizeof (short)
FAIL: gcc.dg/guality/vla-1.c -O2 line 17 sizeof (a) == 6
FAIL: gcc.dg/guality/vla-1.c -O2 line 24 sizeof (a) == 17 * sizeof (short)
FAIL: gcc.dg/guality/vla-1.c -O3 -fomit-frame-pointer line 17 sizeof (a) == 6
FAIL: gcc.dg/guality/vla-1.c -O3 -fomit-frame-pointer line 24 sizeof (a) == 17 * sizeof (short)
FAIL: gcc.dg/guality/vla-1.c -O3 -g line 17 sizeof (a) == 6
FAIL: gcc.dg/guality/vla-1.c -O3 -g line 24 sizeof (a) == 17 * sizeof (short)
FAIL: gcc.dg/guality/vla-1.c -Os line 17 sizeof (a) == 6
FAIL: gcc.dg/guality/vla-1.c -Os line 24 sizeof (a) == 17 * sizeof (short)
FAIL: gcc.dg/guality/vla-1.c -O2 -flto line 17 sizeof (a) == 6
FAIL: gcc.dg/guality/vla-1.c -O2 -flto line 24 sizeof (a) == 17 * sizeof (short)
FAIL: gcc.dg/guality/vla-1.c -O2 -fwhopr line 17 sizeof (a) == 6
FAIL: gcc.dg/guality/vla-1.c -O2 -fwhopr line 24 sizeof (a) == 17 * sizeof (short)
FAIL: gcc.dg/guality/vla-2.c -O0 line 16 sizeof (a) == 5 * sizeof (int)
FAIL: gcc.dg/guality/vla-2.c -O0 line 25 sizeof (a) == 6 * sizeof (int)
FAIL: gcc.dg/guality/vla-2.c -O1 line 16 sizeof (a) == 5 * sizeof (int)
FAIL: gcc.dg/guality/vla-2.c -O1 line 25 sizeof (a) == 6 * sizeof (int)
FAIL: gcc.dg/guality/vla-2.c -O2 line 16 sizeof (a) == 5 * sizeof (int)
FAIL: gcc.dg/guality/vla-2.c -O2 line 25 sizeof (a) == 6 * sizeof (int)
FAIL: gcc.dg/guality/vla-2.c -O3 -fomit-frame-pointer line 16 sizeof (a) == 5 * sizeof (int)
FAIL: gcc.dg/guality/vla-2.c -O3 -fomit-frame-pointer line 25 sizeof (a) == 6 * sizeof (int)
FAIL: gcc.dg/guality/vla-2.c -O3 -g line 16 sizeof (a) == 5 * sizeof (int)
FAIL: gcc.dg/guality/vla-2.c -O3 -g line 25 sizeof (a) == 6 * sizeof (int)
FAIL: gcc.dg/guality/vla-2.c -Os line 16 sizeof (a) == 5 * sizeof (int)
FAIL: gcc.dg/guality/vla-2.c -Os line 25 sizeof (a) == 6 * sizeof (int)
FAIL: gcc.dg/guality/vla-2.c -O2 -flto line 16 sizeof (a) == 5 * sizeof (int)
FAIL: gcc.dg/guality/vla-2.c -O2 -flto line 25 sizeof (a) == 6 * sizeof (int)
FAIL: gcc.dg/guality/vla-2.c -O2 -fwhopr line 16 sizeof (a) == 5 * sizeof (int)
FAIL: gcc.dg/guality/vla-2.c -O2 -fwhopr line 25 sizeof (a) == 6 * sizeof (int)
FAIL: gcc.dg/torture/builtin-attr-1.c -O0 (test for excess errors)
FAIL: gcc.dg/torture/builtin-attr-1.c -O1 (internal compiler error)
FAIL: gcc.dg/torture/builtin-attr-1.c -O1 (test for excess errors)
FAIL: gcc.dg/torture/builtin-attr-1.c -O2 (internal compiler error)
FAIL: gcc.dg/torture/builtin-attr-1.c -O2 (test for excess errors)
FAIL: gcc.dg/torture/builtin-attr-1.c -O3 -fomit-frame-pointer (internal compiler error)
FAIL: gcc.dg/torture/builtin-attr-1.c -O3 -fomit-frame-pointer (test for excess errors)
FAIL: gcc.dg/torture/builtin-attr-1.c -O3 -g (internal compiler error)
FAIL: gcc.dg/torture/builtin-attr-1.c -O3 -g (test for excess errors)
FAIL: gcc.dg/torture/builtin-attr-1.c -Os (internal compiler error)
FAIL: gcc.dg/torture/builtin-attr-1.c -Os (test for excess errors)
FAIL: gcc.dg/torture/builtin-attr-1.c -O2 -flto (internal compiler error)
FAIL: gcc.dg/torture/builtin-attr-1.c -O2 -flto (test for excess errors)
FAIL: gcc.dg/torture/builtin-attr-1.c -O2 -fwhopr (internal compiler error)
FAIL: gcc.dg/torture/builtin-attr-1.c -O2 -fwhopr (test for excess errors)
FAIL: gcc.dg/torture/builtin-math-2.c -O0 scan-tree-dump-times original "fma " 3
FAIL: gcc.dg/torture/builtin-math-2.c -O0 scan-tree-dump-times original "fmaf" 3
FAIL: gcc.dg/torture/builtin-math-2.c -O1 scan-tree-dump-times original "fma " 3
FAIL: gcc.dg/torture/builtin-math-2.c -O1 scan-tree-dump-times original "fmaf" 3
FAIL: gcc.dg/torture/builtin-math-2.c -O2 scan-tree-dump-times original "fma " 3
FAIL: gcc.dg/torture/builtin-math-2.c -O2 scan-tree-dump-times original "fmaf" 3
FAIL: gcc.dg/torture/builtin-math-2.c -O3 -fomit-frame-pointer scan-tree-dump-times original "fma " 3
FAIL: gcc.dg/torture/builtin-math-2.c -O3 -fomit-frame-pointer scan-tree-dump-times original "fmaf" 3
FAIL: gcc.dg/torture/builtin-math-2.c -O3 -fomit-frame-pointer -funroll-loops scan-tree-dump-times original "fma " 3
FAIL: gcc.dg/torture/builtin-math-2.c -O3 -fomit-frame-pointer -funroll-loops scan-tree-dump-times original "fmaf" 3
FAIL: gcc.dg/torture/builtin-math-2.c -O3 -fomit-frame-pointer -funroll-all-loops -finline-functions scan-tree-dump-times original "fma " 3
FAIL: gcc.dg/torture/builtin-math-2.c -O3 -fomit-frame-pointer -funroll-all-loops -finline-functions scan-tree-dump-times original "fmaf" 3
FAIL: gcc.dg/torture/builtin-math-2.c -O3 -g scan-tree-dump-times original "fma " 3
FAIL: gcc.dg/torture/builtin-math-2.c -O3 -g scan-tree-dump-times original "fmaf" 3
FAIL: gcc.dg/torture/builtin-math-2.c -Os scan-tree-dump-times original "fma " 3
FAIL: gcc.dg/torture/builtin-math-2.c -Os scan-tree-dump-times original "fmaf" 3
FAIL: gcc.dg/torture/builtin-math-2.c -O2 -flto scan-tree-dump-times original "fma " 3
FAIL: gcc.dg/torture/builtin-math-2.c -O2 -flto scan-tree-dump-times original "fmaf" 3
FAIL: gcc.dg/torture/builtin-math-2.c -O2 -fwhopr scan-tree-dump-times original "fma " 3
FAIL: gcc.dg/torture/builtin-math-2.c -O2 -fwhopr scan-tree-dump-times original "fmaf" 3
FAIL: gcc.dg/torture/vector-shift2.c -O0 execution test
FAIL: gcc.dg/torture/vector-shift2.c -O1 execution test
FAIL: gcc.dg/torture/vector-shift2.c -O2 execution test
FAIL: gcc.dg/torture/vector-shift2.c -O3 -fomit-frame-pointer execution test
FAIL: gcc.dg/torture/vector-shift2.c -O3 -g execution test
FAIL: gcc.dg/torture/vector-shift2.c -Os execution test
FAIL: gcc.dg/torture/vector-shift2.c -O2 -flto execution test
FAIL: gcc.dg/torture/vector-shift2.c -O2 -fwhopr execution test
FAIL: gcc.dg/tree-prof/inliner-1.c scan-tree-dump-not optimized "hot_function ..;"
FAIL: gcc.dg/tree-ssa/foldconst-2.c scan-tree-dump-not optimized "fundamentals.0"
FAIL: gcc.dg/tree-ssa/vrp47.c scan-tree-dump-times vrp1 "[xy][^ ]* !=" 0
FAIL: gcc.dg/tree-ssa/vrp47.c scan-tree-dump-times dom1 "x[^ ]* & y" 1
XPASS: gcc.dg/vect/costmodel/ppc/costmodel-vect-outer-fir.c scan-tree-dump-times vect "OUTER LOOP VECTORIZED" 2
FAIL: gcc.dg/vect/costmodel/ppc/costmodel-vect-outer-fir.c scan-tree-dump-times vect "OUTER LOOP VECTORIZED" 1
FAIL: gcc.dg/vect/pr43430-2.c scan-tree-dump-times vect "vectorized 1 loops" 1
FAIL: gcc.dg/vect/pr43432.c scan-tree-dump-times vect "vectorized 1 loops" 1
FAIL: gcc.dg/vect/vect-114.c scan-tree-dump-times vect "vectorized 1 loops" 1
FAIL: gcc.dg/vect/vect-15.c scan-tree-dump-times vect "vectorized 1 loops" 1
FAIL: gcc.target/powerpc/405-dlmzb-strlen-1.c scan-assembler dlmzb\\\\.
FAIL: gcc.target/powerpc/440-dlmzb-strlen-1.c scan-assembler dlmzb\\\\.
FAIL: gcc.target/powerpc/ppc-fma-1.c scan-assembler-times xvmadd 4
FAIL: gcc.target/powerpc/ppc-fma-1.c scan-assembler-times xsmadd 2
FAIL: gcc.target/powerpc/ppc-fma-1.c scan-assembler-times fmadds 2
FAIL: gcc.target/powerpc/ppc-fma-1.c scan-assembler-times xvmsub 2
FAIL: gcc.target/powerpc/ppc-fma-1.c scan-assembler-times xsmsub 1
FAIL: gcc.target/powerpc/ppc-fma-1.c scan-assembler-times fmsubs 1
FAIL: gcc.target/powerpc/ppc-fma-1.c scan-assembler-times xvnmadd 2
FAIL: gcc.target/powerpc/ppc-fma-1.c scan-assembler-times xsnmadd 1
FAIL: gcc.target/powerpc/ppc-fma-1.c scan-assembler-times fnmadds 1
FAIL: gcc.target/powerpc/ppc-fma-1.c scan-assembler-times xvnmsub 2
FAIL: gcc.target/powerpc/ppc-fma-1.c scan-assembler-times xsnmsub 1
FAIL: gcc.target/powerpc/ppc-fma-1.c scan-assembler-times fnmsubs 1
FAIL: gcc.target/powerpc/ppc-fma-2.c scan-assembler-times xvmadd 2
FAIL: gcc.target/powerpc/ppc-fma-2.c scan-assembler-times xsmadd 1
FAIL: gcc.target/powerpc/ppc-fma-2.c scan-assembler-times fmadds 1
FAIL: gcc.target/powerpc/ppc-fma-2.c scan-assembler-times xvmsub 2
FAIL: gcc.target/powerpc/ppc-fma-2.c scan-assembler-times xsmsub 1
FAIL: gcc.target/powerpc/ppc-fma-2.c scan-assembler-times fmsubs 1
FAIL: gcc.target/powerpc/ppc-fma-2.c scan-assembler-times xvnmadd 2
FAIL: gcc.target/powerpc/ppc-fma-2.c scan-assembler-times xsnmadd 1
FAIL: gcc.target/powerpc/ppc-fma-2.c scan-assembler-times fnmadds 1
FAIL: gcc.target/powerpc/ppc-fma-2.c scan-assembler-times xvnmsub 2
FAIL: gcc.target/powerpc/ppc-fma-2.c scan-assembler-times xsnmsub 1
FAIL: gcc.target/powerpc/ppc-fma-2.c scan-assembler-times fnmsubs 1
FAIL: gcc.target/powerpc/ppc-fma-3.c scan-assembler-times vmaddfp 2
FAIL: gcc.target/powerpc/ppc-fma-3.c scan-assembler-times fmadds 2
FAIL: gcc.target/powerpc/ppc-fma-4.c scan-assembler-times vmaddfp 1
FAIL: gcc.target/powerpc/ppc-fma-4.c scan-assembler-times fmadd 1
FAIL: gcc.target/powerpc/ppc-fma-4.c scan-assembler-times fmadds 1
FAIL: gcc.target/powerpc/ppc-fma-5.c (internal compiler error)
FAIL: gcc.target/powerpc/ppc-fma-5.c (test for excess errors)
WARNING: gcc.target/powerpc/ppc-fma-5.c compilation failed to produce executable
FAIL: gcc.target/powerpc/ppc-fmadd-1.c scan-assembler-not f(add|sub|mul|neg)
FAIL: gcc.target/powerpc/ppc-vector-memcpy.c scan-assembler lvx
=== gcc Summary for unix/-m32 ===
# of expected passes 72999
# of unexpected failures 190
# of unexpected successes 35
# of expected failures 209
# of unsupported tests 1117
Running target unix/-m64
FAIL: gcc.dg/and-1.c scan-assembler-not nand
FAIL: gcc.dg/cproj-fails-with-broken-glibc.c execution test
FAIL: gcc.dg/sms-2.c scan-rtl-dump-times sms "SMS succeeded" 1
FAIL: gcc.dg/sms-3.c scan-rtl-dump-times sms "SMS succeeded" 1
FAIL: gcc.dg/sms-4.c scan-rtl-dump-times sms "SMS succeeded" 1
FAIL: gcc.dg/sms-5.c scan-rtl-dump-times sms "SMS succeeded" 1
FAIL: gcc.dg/sms-6.c scan-rtl-dump-times sms "SMS succeeded" 3
FAIL: gcc.dg/sms-7.c scan-rtl-dump-times sms "SMS succeeded" 3
FAIL: gcc.dg/sms-8.c scan-rtl-dump-times sms "SMS succeeded" 1
FAIL: gcc.dg/stack-usage-1.c scan-file foo\\t(256|264)\\tstatic
FAIL: gcc.dg/vec-scal-opt.c scan-tree-dump-times veclower ">> k.[0-9_]*" 1
FAIL: gcc.dg/vec-scal-opt1.c scan-tree-dump-times veclower ">> 2" 1
FAIL: gcc.dg/vec-scal-opt2.c scan-tree-dump-times veclower ">> 2" 1
FAIL: gcc.dg/graphite/vect-pr43423.c scan-tree-dump-times vect "vectorized 2 loops" 1
WARNING: program timed out.
FAIL: gcc.dg/lto/20090116 c_lto_20090116_0.o-c_lto_20090116_0.o link, -O1 -fwhopr -fPIC (internal compiler error)
UNRESOLVED: gcc.dg/lto/20090116 c_lto_20090116_0.o-c_lto_20090116_0.o execute -O1 -fwhopr -fPIC
FAIL: gcc.dg/torture/builtin-attr-1.c -O0 (test for excess errors)
FAIL: gcc.dg/torture/builtin-attr-1.c -O1 (internal compiler error)
FAIL: gcc.dg/torture/builtin-attr-1.c -O1 (test for excess errors)
FAIL: gcc.dg/torture/builtin-attr-1.c -O2 (internal compiler error)
FAIL: gcc.dg/torture/builtin-attr-1.c -O2 (test for excess errors)
FAIL: gcc.dg/torture/builtin-attr-1.c -O3 -fomit-frame-pointer (internal compiler error)
FAIL: gcc.dg/torture/builtin-attr-1.c -O3 -fomit-frame-pointer (test for excess errors)
FAIL: gcc.dg/torture/builtin-attr-1.c -O3 -g (internal compiler error)
FAIL: gcc.dg/torture/builtin-attr-1.c -O3 -g (test for excess errors)
FAIL: gcc.dg/torture/builtin-attr-1.c -Os (internal compiler error)
FAIL: gcc.dg/torture/builtin-attr-1.c -Os (test for excess errors)
FAIL: gcc.dg/torture/builtin-attr-1.c -O2 -flto (internal compiler error)
FAIL: gcc.dg/torture/builtin-attr-1.c -O2 -flto (test for excess errors)
FAIL: gcc.dg/torture/builtin-attr-1.c -O2 -fwhopr (internal compiler error)
FAIL: gcc.dg/torture/builtin-attr-1.c -O2 -fwhopr (test for excess errors)
FAIL: gcc.dg/torture/builtin-math-2.c -O0 scan-tree-dump-times original "fma " 3
FAIL: gcc.dg/torture/builtin-math-2.c -O0 scan-tree-dump-times original "fmaf" 3
FAIL: gcc.dg/torture/builtin-math-2.c -O1 scan-tree-dump-times original "fma " 3
FAIL: gcc.dg/torture/builtin-math-2.c -O1 scan-tree-dump-times original "fmaf" 3
FAIL: gcc.dg/torture/builtin-math-2.c -O2 scan-tree-dump-times original "fma " 3
FAIL: gcc.dg/torture/builtin-math-2.c -O2 scan-tree-dump-times original "fmaf" 3
FAIL: gcc.dg/torture/builtin-math-2.c -O3 -fomit-frame-pointer scan-tree-dump-times original "fma " 3
FAIL: gcc.dg/torture/builtin-math-2.c -O3 -fomit-frame-pointer scan-tree-dump-times original "fmaf" 3
FAIL: gcc.dg/torture/builtin-math-2.c -O3 -fomit-frame-pointer -funroll-loops scan-tree-dump-times original "fma " 3
FAIL: gcc.dg/torture/builtin-math-2.c -O3 -fomit-frame-pointer -funroll-loops scan-tree-dump-times original "fmaf" 3
FAIL: gcc.dg/torture/builtin-math-2.c -O3 -fomit-frame-pointer -funroll-all-loops -finline-functions scan-tree-dump-times original "fma " 3
FAIL: gcc.dg/torture/builtin-math-2.c -O3 -fomit-frame-pointer -funroll-all-loops -finline-functions scan-tree-dump-times original "fmaf" 3
FAIL: gcc.dg/torture/builtin-math-2.c -O3 -g scan-tree-dump-times original "fma " 3
FAIL: gcc.dg/torture/builtin-math-2.c -O3 -g scan-tree-dump-times original "fmaf" 3
FAIL: gcc.dg/torture/builtin-math-2.c -Os scan-tree-dump-times original "fma " 3
FAIL: gcc.dg/torture/builtin-math-2.c -Os scan-tree-dump-times original "fmaf" 3
FAIL: gcc.dg/torture/builtin-math-2.c -O2 -flto scan-tree-dump-times original "fma " 3
FAIL: gcc.dg/torture/builtin-math-2.c -O2 -flto scan-tree-dump-times original "fmaf" 3
FAIL: gcc.dg/torture/builtin-math-2.c -O2 -fwhopr scan-tree-dump-times original "fma " 3
FAIL: gcc.dg/torture/builtin-math-2.c -O2 -fwhopr scan-tree-dump-times original "fmaf" 3
FAIL: gcc.dg/torture/vector-shift2.c -O0 execution test
FAIL: gcc.dg/torture/vector-shift2.c -O1 execution test
FAIL: gcc.dg/torture/vector-shift2.c -O2 execution test
FAIL: gcc.dg/torture/vector-shift2.c -O3 -fomit-frame-pointer execution test
FAIL: gcc.dg/torture/vector-shift2.c -O3 -g execution test
FAIL: gcc.dg/torture/vector-shift2.c -Os execution test
FAIL: gcc.dg/torture/vector-shift2.c -O2 -flto execution test
FAIL: gcc.dg/torture/vector-shift2.c -O2 -fwhopr execution test
FAIL: gcc.dg/tree-prof/inliner-1.c scan-tree-dump-not optimized "hot_function ..;"
FAIL: gcc.dg/tree-ssa/foldconst-2.c scan-tree-dump-not optimized "fundamentals.0"
FAIL: gcc.dg/tree-ssa/vrp47.c scan-tree-dump-times vrp1 "[xy][^ ]* !=" 0
FAIL: gcc.dg/tree-ssa/vrp47.c scan-tree-dump-times dom1 "x[^ ]* & y" 1
XPASS: gcc.dg/vect/costmodel/ppc/costmodel-vect-outer-fir.c scan-tree-dump-times vect "OUTER LOOP VECTORIZED" 2
FAIL: gcc.dg/vect/costmodel/ppc/costmodel-vect-outer-fir.c scan-tree-dump-times vect "OUTER LOOP VECTORIZED" 1
FAIL: gcc.dg/vect/pr43430-2.c scan-tree-dump-times vect "vectorized 1 loops" 1
FAIL: gcc.dg/vect/pr43432.c scan-tree-dump-times vect "vectorized 1 loops" 1
FAIL: gcc.dg/vect/vect-114.c scan-tree-dump-times vect "vectorized 1 loops" 1
FAIL: gcc.dg/vect/vect-15.c scan-tree-dump-times vect "vectorized 1 loops" 1
FAIL: gcc.target/powerpc/ppc-fma-1.c scan-assembler-times xvmadd 4
FAIL: gcc.target/powerpc/ppc-fma-1.c scan-assembler-times xsmadd 2
FAIL: gcc.target/powerpc/ppc-fma-1.c scan-assembler-times fmadds 2
FAIL: gcc.target/powerpc/ppc-fma-1.c scan-assembler-times xvmsub 2
FAIL: gcc.target/powerpc/ppc-fma-1.c scan-assembler-times xsmsub 1
FAIL: gcc.target/powerpc/ppc-fma-1.c scan-assembler-times fmsubs 1
FAIL: gcc.target/powerpc/ppc-fma-1.c scan-assembler-times xvnmadd 2
FAIL: gcc.target/powerpc/ppc-fma-1.c scan-assembler-times xsnmadd 1
FAIL: gcc.target/powerpc/ppc-fma-1.c scan-assembler-times fnmadds 1
FAIL: gcc.target/powerpc/ppc-fma-1.c scan-assembler-times xvnmsub 2
FAIL: gcc.target/powerpc/ppc-fma-1.c scan-assembler-times xsnmsub 1
FAIL: gcc.target/powerpc/ppc-fma-1.c scan-assembler-times fnmsubs 1
FAIL: gcc.target/powerpc/ppc-fma-2.c scan-assembler-times xvmadd 2
FAIL: gcc.target/powerpc/ppc-fma-2.c scan-assembler-times xsmadd 1
FAIL: gcc.target/powerpc/ppc-fma-2.c scan-assembler-times fmadds 1
FAIL: gcc.target/powerpc/ppc-fma-2.c scan-assembler-times xvmsub 2
FAIL: gcc.target/powerpc/ppc-fma-2.c scan-assembler-times xsmsub 1
FAIL: gcc.target/powerpc/ppc-fma-2.c scan-assembler-times fmsubs 1
FAIL: gcc.target/powerpc/ppc-fma-2.c scan-assembler-times xvnmadd 2
FAIL: gcc.target/powerpc/ppc-fma-2.c scan-assembler-times xsnmadd 1
FAIL: gcc.target/powerpc/ppc-fma-2.c scan-assembler-times fnmadds 1
FAIL: gcc.target/powerpc/ppc-fma-2.c scan-assembler-times xvnmsub 2
FAIL: gcc.target/powerpc/ppc-fma-2.c scan-assembler-times xsnmsub 1
FAIL: gcc.target/powerpc/ppc-fma-2.c scan-assembler-times fnmsubs 1
FAIL: gcc.target/powerpc/ppc-fma-3.c scan-assembler-times vmaddfp 2
FAIL: gcc.target/powerpc/ppc-fma-3.c scan-assembler-times fmadds 2
FAIL: gcc.target/powerpc/ppc-fma-4.c scan-assembler-times vmaddfp 1
FAIL: gcc.target/powerpc/ppc-fma-4.c scan-assembler-times fmadd 1
FAIL: gcc.target/powerpc/ppc-fma-4.c scan-assembler-times fmadds 1
FAIL: gcc.target/powerpc/ppc-fma-5.c (internal compiler error)
FAIL: gcc.target/powerpc/ppc-fma-5.c (test for excess errors)
WARNING: gcc.target/powerpc/ppc-fma-5.c compilation failed to produce executable
FAIL: gcc.target/powerpc/ppc-fmadd-1.c scan-assembler-not f(add|sub|mul|neg)
FAIL: gcc.target/powerpc/ppc-vector-memcpy.c scan-assembler lvx
FAIL: gcc.target/powerpc/ppc64-abi-dfp-1.c execution test
=== gcc Summary for unix/-m64 ===
# of expected passes 72668
# of unexpected failures 101
# of unexpected successes 1
# of expected failures 206
# of unresolved testcases 1
# of unsupported tests 1049
=== gcc Summary ===
# of expected passes 145667
# of unexpected failures 291
# of unexpected successes 36
# of expected failures 415
# of unresolved testcases 1
# of unsupported tests 2166
/daten/gcc/gcc-20101106/Build/gcc/xgcc version 4.6.0 20101106 (experimental) (GCC)
=== gfortran tests ===
Running target unix/-m32
XPASS: gfortran.dg/nint_2.f90 -O0 execution test
=== gfortran Summary for unix/-m32 ===
# of expected passes 36958
# of unexpected successes 1
# of expected failures 77
# of unsupported tests 210
Running target unix/-m64
XPASS: gfortran.dg/nint_2.f90 -O0 execution test
FAIL: gfortran.dg/pr25923.f90 -O PR45505 (test for warnings, line 13)
FAIL: gfortran.dg/pr25923.f90 -O PR45505 (test for bogus messages, line 22)
=== gfortran Summary for unix/-m64 ===
# of expected passes 37235
# of unexpected failures 2
# of unexpected successes 1
# of expected failures 75
# of unsupported tests 75
=== gfortran Summary ===
# of expected passes 74193
# of unexpected failures 2
# of unexpected successes 2
# of expected failures 152
# of unsupported tests 285
/daten/gcc/gcc-20101106/Build/gcc/testsuite/gfortran/../../gfortran version 4.6.0 20101106 (experimental) (GCC)
=== gnat tests ===
Running target unix/-m32
=== gnat Summary for unix/-m32 ===
# of expected passes 843
# of expected failures 10
# of unsupported tests 4
Running target unix/-m64
FAIL: gnat.dg/socket1.adb execution test
=== gnat Summary for unix/-m64 ===
# of expected passes 842
# of unexpected failures 1
# of expected failures 10
# of unsupported tests 4
=== gnat Summary ===
# of expected passes 1685
# of unexpected failures 1
# of expected failures 20
# of unsupported tests 8
=== objc tests ===
Running target unix/-m32
XPASS: objc.dg-struct-layout-encoding-1/t025_main.m execution test
XPASS: objc.dg-struct-layout-encoding-1/t026_main.m execution test
XPASS: objc.dg-struct-layout-encoding-1/t027_main.m execution test
XPASS: objc.dg-struct-layout-encoding-1/t028_main.m execution test
XPASS: objc.dg-struct-layout-encoding-1/t029_main.m execution test
XPASS: objc.dg-struct-layout-encoding-1/t030_main.m execution test
XPASS: objc.dg-struct-layout-encoding-1/t031_main.m execution test
=== objc Summary for unix/-m32 ===
# of expected passes 2444
# of unexpected successes 7
# of unsupported tests 84
Running target unix/-m64
XPASS: objc.dg-struct-layout-encoding-1/t025_main.m execution test
XPASS: objc.dg-struct-layout-encoding-1/t026_main.m execution test
XPASS: objc.dg-struct-layout-encoding-1/t027_main.m execution test
XPASS: objc.dg-struct-layout-encoding-1/t028_main.m execution test
XPASS: objc.dg-struct-layout-encoding-1/t029_main.m execution test
XPASS: objc.dg-struct-layout-encoding-1/t030_main.m execution test
XPASS: objc.dg-struct-layout-encoding-1/t031_main.m execution test
=== objc Summary for unix/-m64 ===
# of expected passes 2444
# of unexpected successes 7
# of unsupported tests 84
=== objc Summary ===
# of expected passes 4888
# of unexpected successes 14
# of unsupported tests 168
/daten/gcc/gcc-20101106/Build/gcc/xgcc version 4.6.0 20101106 (experimental) (GCC)
=== libffi tests ===
Running target unix/-m32
=== libffi Summary for unix/-m32 ===
# of expected passes 1634
# of expected failures 10
# of unsupported tests 15
Running target unix/-m64
=== libffi Summary for unix/-m64 ===
# of expected passes 1634
# of expected failures 10
# of unsupported tests 15
=== libffi Summary ===
# of expected passes 3268
# of expected failures 20
# of unsupported tests 30
=== libgomp tests ===
Running target unix/-m32
=== libgomp Summary for unix/-m32 ===
# of expected passes 2540
Running target unix/-m64
=== libgomp Summary for unix/-m64 ===
# of expected passes 2540
=== libgomp Summary ===
# of expected passes 5080
=== libjava tests ===
Running target unix/-m32
=== libjava Summary for unix/-m32 ===
# of expected passes 2574
Running target unix/-m64
FAIL: getlocalvartable output
=== libjava Summary for unix/-m64 ===
# of expected passes 2573
# of unexpected failures 1
=== libjava Summary ===
# of expected passes 5147
# of unexpected failures 1
=== libmudflap tests ===
Running target unix/-m32
FAIL: libmudflap.c/fail40-frag.c output pattern test
FAIL: libmudflap.c/pass49-frag.c execution test
FAIL: libmudflap.c/pass49-frag.c output pattern test
FAIL: libmudflap.c/pass49-frag.c execution test
FAIL: libmudflap.c/pass49-frag.c output pattern test
FAIL: libmudflap.c/pass51-frag.c execution test
FAIL: libmudflap.c/pass51-frag.c execution test
FAIL: libmudflap.c/fail40-frag.c (-static) output pattern test
FAIL: libmudflap.c/pass49-frag.c (-static) execution test
FAIL: libmudflap.c/pass49-frag.c (-static) output pattern test
FAIL: libmudflap.c/pass49-frag.c (-static) execution test
FAIL: libmudflap.c/pass49-frag.c (-static) output pattern test
FAIL: libmudflap.c/pass51-frag.c (-static) execution test
FAIL: libmudflap.c/pass51-frag.c (-static) execution test
FAIL: libmudflap.c/fail40-frag.c (-O2) output pattern test
FAIL: libmudflap.c/pass49-frag.c (-O2) execution test
FAIL: libmudflap.c/pass49-frag.c (-O2) output pattern test
FAIL: libmudflap.c/pass49-frag.c (-O2) execution test
FAIL: libmudflap.c/pass49-frag.c (-O2) output pattern test
FAIL: libmudflap.c/pass51-frag.c (-O2) execution test
FAIL: libmudflap.c/pass51-frag.c (-O2) execution test
FAIL: libmudflap.c/fail40-frag.c (-O3) output pattern test
FAIL: libmudflap.c/pass49-frag.c (-O3) execution test
FAIL: libmudflap.c/pass49-frag.c (-O3) output pattern test
FAIL: libmudflap.c/pass49-frag.c (-O3) execution test
FAIL: libmudflap.c/pass49-frag.c (-O3) output pattern test
FAIL: libmudflap.c/pass51-frag.c (-O3) execution test
FAIL: libmudflap.c/pass51-frag.c (-O3) execution test
FAIL: libmudflap.c++/pass41-frag.cxx (-static) (test for excess errors)
WARNING: libmudflap.c++/pass41-frag.cxx (-static) compilation failed to produce executable
=== libmudflap Summary for unix/-m32 ===
# of expected passes 1864
# of unexpected failures 29
Running target unix/-m64
FAIL: libmudflap.c/fail40-frag.c output pattern test
FAIL: libmudflap.c/pass49-frag.c execution test
FAIL: libmudflap.c/pass49-frag.c output pattern test
FAIL: libmudflap.c/pass49-frag.c execution test
FAIL: libmudflap.c/pass49-frag.c output pattern test
FAIL: libmudflap.c/pass51-frag.c execution test
FAIL: libmudflap.c/pass51-frag.c execution test
FAIL: libmudflap.c/fail40-frag.c (-static) output pattern test
FAIL: libmudflap.c/pass49-frag.c (-static) execution test
FAIL: libmudflap.c/pass49-frag.c (-static) output pattern test
FAIL: libmudflap.c/pass49-frag.c (-static) execution test
FAIL: libmudflap.c/pass49-frag.c (-static) output pattern test
FAIL: libmudflap.c/pass51-frag.c (-static) execution test
FAIL: libmudflap.c/pass51-frag.c (-static) execution test
FAIL: libmudflap.c/fail40-frag.c (-O2) output pattern test
FAIL: libmudflap.c/pass49-frag.c (-O2) execution test
FAIL: libmudflap.c/pass49-frag.c (-O2) output pattern test
FAIL: libmudflap.c/pass49-frag.c (-O2) execution test
FAIL: libmudflap.c/pass49-frag.c (-O2) output pattern test
FAIL: libmudflap.c/pass51-frag.c (-O2) execution test
FAIL: libmudflap.c/pass51-frag.c (-O2) execution test
FAIL: libmudflap.c/fail40-frag.c (-O3) output pattern test
FAIL: libmudflap.c/pass49-frag.c (-O3) execution test
FAIL: libmudflap.c/pass49-frag.c (-O3) output pattern test
FAIL: libmudflap.c/pass49-frag.c (-O3) execution test
FAIL: libmudflap.c/pass49-frag.c (-O3) output pattern test
FAIL: libmudflap.c/pass51-frag.c (-O3) execution test
FAIL: libmudflap.c/pass51-frag.c (-O3) execution test
FAIL: libmudflap.c++/pass41-frag.cxx (-static) (test for excess errors)
WARNING: libmudflap.c++/pass41-frag.cxx (-static) compilation failed to produce executable
=== libmudflap Summary for unix/-m64 ===
# of expected passes 1864
# of unexpected failures 29
=== libmudflap Summary ===
# of expected passes 3728
# of unexpected failures 58
=== libstdc++ tests ===
Running target unix/-m32
FAIL: libstdc++-abi/abi_check
=== libstdc++ Summary for unix/-m32 ===
# of expected passes 8116
# of unexpected failures 1
# of expected failures 85
# of unsupported tests 100
Running target unix/-m64
=== libstdc++ Summary for unix/-m64 ===
# of expected passes 8117
# of expected failures 85
# of unsupported tests 100
=== libstdc++ Summary ===
# of expected passes 16233
# of unexpected failures 1
# of expected failures 170
# of unsupported tests 200
Compiler version: 4.6.0 20101106 (experimental) (GCC)
Platform: powerpc64-unknown-linux-gnu
configure flags: --prefix=/usr --build=powerpc64-linux --host=powerpc64-linux --enable-shared --enable-threads --enable-__cxa_atexit --with-system-zlib --with-cpu=default32 --with-cpu-64=power4 --enable-secureplt --with-long-double-128