This is the mail archive of the
gcc-testresults@gcc.gnu.org
mailing list for the GCC project.
Results for 4.6.0 20101103 (experimental) (GCC) testsuite on x86_64-apple-darwin10.5.0
- From: Jack Howarth <howarth at bromo dot med dot uc dot edu>
- To: gcc-testresults at gcc dot gnu dot org
- Date: Thu, 4 Nov 2010 09:13:35 -0400
- Subject: Results for 4.6.0 20101103 (experimental) (GCC) testsuite on x86_64-apple-darwin10.5.0
r166279 with http://gcc.gnu.org/ml/gcc-patches/2010-11/msg00270.html
and http://gcc.gnu.org/ml/gcc-bugs/2010-11/msg00457.html.
Native configuration is x86_64-apple-darwin10.5.0
=== g++ tests ===
Running target unix/-m32
WARNING: g++.dg/ext/label13.C compilation failed to produce executable
FAIL: g++.dg/ext/visibility/anon6.C scan-assembler 1BIiE1cE
FAIL: g++.dg/lto/20100723-1 cp_lto_20100723-1_0.o-cp_lto_20100723-1_0.o link, -fcompare-debug -flto (internal compiler error)
UNRESOLVED: g++.dg/lto/20100723-1 cp_lto_20100723-1_0.o-cp_lto_20100723-1_0.o execute -fcompare-debug -flto
FAIL: g++.dg/lto/20100723-1 cp_lto_20100723-1_0.o-cp_lto_20100723-1_0.o link, -fcompare-debug -fwhopr (internal compiler error)
UNRESOLVED: g++.dg/lto/20100723-1 cp_lto_20100723-1_0.o-cp_lto_20100723-1_0.o execute -fcompare-debug -fwhopr
FAIL: g++.dg/torture/stackalign/eh-alloca-1.C -O3 -g execution test
FAIL: g++.dg/torture/stackalign/eh-vararg-1.C -O3 -g execution test
FAIL: g++.dg/torture/stackalign/eh-vararg-2.C -O3 -g execution test
FAIL: g++.dg/torture/stackalign/eh-alloca-1.C -O3 -g execution test
FAIL: g++.dg/torture/stackalign/eh-vararg-1.C -O3 -g execution test
FAIL: g++.dg/torture/stackalign/eh-vararg-2.C -O3 -g execution test
=== g++ Summary for unix/-m32 ===
# of expected passes 25072
# of unexpected failures 9
# of expected failures 156
# of unresolved testcases 2
# of unsupported tests 175
Running target unix/-m64
WARNING: g++.dg/ext/label13.C compilation failed to produce executable
FAIL: g++.dg/ext/visibility/anon6.C scan-assembler 1BIiE1cE
FAIL: g++.dg/lto/20100723-1 cp_lto_20100723-1_0.o-cp_lto_20100723-1_0.o link, -fcompare-debug -flto (internal compiler error)
UNRESOLVED: g++.dg/lto/20100723-1 cp_lto_20100723-1_0.o-cp_lto_20100723-1_0.o execute -fcompare-debug -flto
FAIL: g++.dg/lto/20100723-1 cp_lto_20100723-1_0.o-cp_lto_20100723-1_0.o link, -fcompare-debug -fwhopr (internal compiler error)
UNRESOLVED: g++.dg/lto/20100723-1 cp_lto_20100723-1_0.o-cp_lto_20100723-1_0.o execute -fcompare-debug -fwhopr
=== g++ Summary for unix/-m64 ===
# of expected passes 25318
# of unexpected failures 3
# of expected failures 156
# of unresolved testcases 2
# of unsupported tests 369
=== g++ Summary ===
# of expected passes 50390
# of unexpected failures 12
# of expected failures 312
# of unresolved testcases 4
# of unsupported tests 544
/sw/src/fink.build/gcc46-4.6.0-1000/darwin_objdir/gcc/testsuite/g++/../../g++ version 4.6.0 20101103 (experimental) (GCC)
=== gcc tests ===
Running target unix/-m32
FAIL: gcc.dg/framework-1.c (test for excess errors)
FAIL: gcc.dg/tree-prof/inliner-1.c scan-tree-dump-not optimized "hot_function ..;"
XPASS: gcc.dg/tree-ssa/20040204-1.c scan-tree-dump-times optimized "link_error" 0
FAIL: gcc.target/i386/combine-mul.c scan-assembler-not 12345
=== gcc Summary for unix/-m32 ===
# of expected passes 72859
# of unexpected failures 3
# of unexpected successes 1
# of expected failures 214
# of unsupported tests 1326
Running target unix/-m64
FAIL: gcc.dg/framework-1.c (test for excess errors)
FAIL: gcc.dg/matrix/transpose-3.c execution, -fprofile-use -fipa-matrix-reorg -fdump-ipa-matrix-reorg -O3 -fwhole-program
FAIL: gcc.dg/tree-prof/inliner-1.c scan-tree-dump-not optimized "hot_function ..;"
XPASS: gcc.dg/tree-ssa/20040204-1.c scan-tree-dump-times optimized "link_error" 0
FAIL: gcc.target/i386/combine-mul.c scan-assembler-not 12345
=== gcc Summary for unix/-m64 ===
# of expected passes 72950
# of unexpected failures 4
# of unexpected successes 1
# of expected failures 215
# of unsupported tests 1711
=== gcc Summary ===
# of expected passes 145809
# of unexpected failures 7
# of unexpected successes 2
# of expected failures 429
# of unsupported tests 3037
/sw/src/fink.build/gcc46-4.6.0-1000/darwin_objdir/gcc/xgcc version 4.6.0 20101103 (experimental) (GCC)
=== gfortran tests ===
Running target unix/-m32
XPASS: gfortran.dg/pr25923.f90 -O PR45505 (test for warnings, line 13)
XPASS: gfortran.dg/pr25923.f90 -O PR45505 (test for bogus messages, line 22)
=== gfortran Summary for unix/-m32 ===
# of expected passes 36959
# of unexpected successes 2
# of expected failures 51
# of unsupported tests 177
Running target unix/-m64
=== gfortran Summary for unix/-m64 ===
# of expected passes 37200
# of expected failures 51
# of unsupported tests 63
=== gfortran Summary ===
# of expected passes 74159
# of unexpected successes 2
# of expected failures 102
# of unsupported tests 240
/sw/src/fink.build/gcc46-4.6.0-1000/darwin_objdir/gcc/testsuite/gfortran/../../gfortran version 4.6.0 20101103 (experimental) (GCC)
=== obj-c++ tests ===
Running target unix/-m32
FAIL: obj-c++.dg/demangle-2.mm -fgnu-runtime execution test
WARNING: obj-c++.dg/try-catch-2.mm -fgnu-runtime compilation failed to produce executable
WARNING: obj-c++.dg/try-catch-9.mm -fgnu-runtime compilation failed to produce executable
FAIL: obj-c++.dg/demangle-2.mm -fnext-runtime execution test
FAIL: obj-c++.dg/encode-3.mm -fnext-runtime execution test
FAIL: obj-c++.dg/template-8.mm -fnext-runtime execution test
FAIL: obj-c++.dg/try-catch-12.mm -fnext-runtime (internal compiler error)
FAIL: obj-c++.dg/try-catch-12.mm -fnext-runtime (test for excess errors)
FAIL: obj-c++.dg/try-catch-13.mm -fnext-runtime (internal compiler error)
FAIL: obj-c++.dg/try-catch-13.mm -fnext-runtime (test for errors, line 38)
FAIL: obj-c++.dg/try-catch-13.mm -fnext-runtime (test for errors, line 53)
FAIL: obj-c++.dg/try-catch-13.mm -fnext-runtime (test for excess errors)
FAIL: obj-c++.dg/try-catch-2.mm -fnext-runtime (internal compiler error)
FAIL: obj-c++.dg/try-catch-2.mm -fnext-runtime (test for excess errors)
WARNING: obj-c++.dg/try-catch-2.mm -fnext-runtime compilation failed to produce executable
FAIL: obj-c++.dg/try-catch-7.mm -fnext-runtime (internal compiler error)
FAIL: obj-c++.dg/try-catch-7.mm -fnext-runtime (test for excess errors)
FAIL: obj-c++.dg/try-catch-9.mm -fnext-runtime (internal compiler error)
WARNING: obj-c++.dg/try-catch-9.mm -fnext-runtime compilation failed to produce executable
FAIL: obj-c++.dg/property/at-property-2.mm -fgnu-runtime (internal compiler error)
FAIL: obj-c++.dg/property/at-property-2.mm -fgnu-runtime (test for errors, line 11)
FAIL: obj-c++.dg/property/at-property-2.mm -fgnu-runtime (test for errors, line 12)
FAIL: obj-c++.dg/property/at-property-2.mm -fgnu-runtime (test for excess errors)
FAIL: obj-c++.dg/property/at-property-2.mm -fnext-runtime (internal compiler error)
FAIL: obj-c++.dg/property/at-property-2.mm -fnext-runtime (test for errors, line 11)
FAIL: obj-c++.dg/property/at-property-2.mm -fnext-runtime (test for errors, line 12)
FAIL: obj-c++.dg/property/at-property-2.mm -fnext-runtime (test for excess errors)
FAIL: obj-c++.dg/property/property-2.mm -fnext-runtime (test for excess errors)
WARNING: obj-c++.dg/property/property-2.mm -fnext-runtime compilation failed to produce executable
FAIL: obj-c++.dg/property/property-3.mm -fnext-runtime (test for excess errors)
WARNING: obj-c++.dg/property/property-3.mm -fnext-runtime compilation failed to produce executable
FAIL: obj-c++.dg/torture/strings/const-cfstring-1.mm -O0 -fnext-runtime (test for excess errors)
FAIL: obj-c++.dg/torture/strings/const-cfstring-1.mm -O1 -fnext-runtime (test for excess errors)
FAIL: obj-c++.dg/torture/strings/const-cfstring-1.mm -O2 -fnext-runtime (test for excess errors)
FAIL: obj-c++.dg/torture/strings/const-cfstring-1.mm -O3 -fomit-frame-pointer -fnext-runtime (test for excess errors)
FAIL: obj-c++.dg/torture/strings/const-cfstring-1.mm -O3 -g -fnext-runtime (test for excess errors)
FAIL: obj-c++.dg/torture/strings/const-cfstring-1.mm -Os -fnext-runtime (test for excess errors)
FAIL: obj-c++.dg/torture/strings/const-cfstring-1.mm -O2 -flto -fnext-runtime (test for excess errors)
FAIL: obj-c++.dg/torture/strings/const-cfstring-1.mm -O2 -fwhopr -fnext-runtime (test for excess errors)
=== obj-c++ Summary for unix/-m32 ===
# of expected passes 2017
# of unexpected failures 33
# of expected failures 2
# of unsupported tests 75
Running target unix/-m64
FAIL: obj-c++.dg/demangle-2.mm -fgnu-runtime execution test
WARNING: obj-c++.dg/try-catch-2.mm -fgnu-runtime compilation failed to produce executable
WARNING: obj-c++.dg/try-catch-9.mm -fgnu-runtime compilation failed to produce executable
FAIL: obj-c++.dg/demangle-2.mm -fnext-runtime execution test
FAIL: obj-c++.dg/encode-3.mm -fnext-runtime execution test
FAIL: obj-c++.dg/template-8.mm -fnext-runtime execution test
FAIL: obj-c++.dg/try-catch-12.mm -fnext-runtime (internal compiler error)
FAIL: obj-c++.dg/try-catch-12.mm -fnext-runtime (test for excess errors)
FAIL: obj-c++.dg/try-catch-13.mm -fnext-runtime (internal compiler error)
FAIL: obj-c++.dg/try-catch-13.mm -fnext-runtime (test for errors, line 38)
FAIL: obj-c++.dg/try-catch-13.mm -fnext-runtime (test for errors, line 53)
FAIL: obj-c++.dg/try-catch-13.mm -fnext-runtime (test for excess errors)
FAIL: obj-c++.dg/try-catch-2.mm -fnext-runtime (test for excess errors)
WARNING: obj-c++.dg/try-catch-2.mm -fnext-runtime compilation failed to produce executable
FAIL: obj-c++.dg/try-catch-7.mm -fnext-runtime (internal compiler error)
FAIL: obj-c++.dg/try-catch-7.mm -fnext-runtime (test for excess errors)
WARNING: obj-c++.dg/try-catch-9.mm -fnext-runtime compilation failed to produce executable
FAIL: obj-c++.dg/property/at-property-2.mm -fgnu-runtime (internal compiler error)
FAIL: obj-c++.dg/property/at-property-2.mm -fgnu-runtime (test for errors, line 11)
FAIL: obj-c++.dg/property/at-property-2.mm -fgnu-runtime (test for errors, line 12)
FAIL: obj-c++.dg/property/at-property-2.mm -fgnu-runtime (test for excess errors)
FAIL: obj-c++.dg/property/at-property-10.mm -fnext-runtime execution test
FAIL: obj-c++.dg/property/at-property-11.mm -fnext-runtime execution test
FAIL: obj-c++.dg/property/at-property-12.mm -fnext-runtime execution test
FAIL: obj-c++.dg/property/at-property-13.mm -fnext-runtime execution test
FAIL: obj-c++.dg/property/at-property-2.mm -fnext-runtime (internal compiler error)
FAIL: obj-c++.dg/property/at-property-2.mm -fnext-runtime (test for errors, line 11)
FAIL: obj-c++.dg/property/at-property-2.mm -fnext-runtime (test for errors, line 12)
FAIL: obj-c++.dg/property/at-property-2.mm -fnext-runtime (test for excess errors)
FAIL: obj-c++.dg/property/at-property-6.mm -fnext-runtime execution test
FAIL: obj-c++.dg/property/at-property-7.mm -fnext-runtime execution test
FAIL: obj-c++.dg/property/at-property-8.mm -fnext-runtime execution test
FAIL: obj-c++.dg/property/at-property-9.mm -fnext-runtime execution test
FAIL: obj-c++.dg/property/dotsyntax-1.mm -fnext-runtime execution test
FAIL: obj-c++.dg/property/dotsyntax-2.mm -fnext-runtime execution test
FAIL: obj-c++.dg/property/fsf-property-basic.mm -fnext-runtime execution test
FAIL: obj-c++.dg/property/fsf-property-method-access.mm -fnext-runtime execution test
FAIL: obj-c++.dg/property/fsf-property-named-ivar.mm -fnext-runtime execution test
FAIL: obj-c++.dg/property/property-1.mm -fnext-runtime execution test
FAIL: obj-c++.dg/property/synthesize-2.mm -fnext-runtime execution test
FAIL: obj-c++.dg/torture/strings/const-cfstring-1.mm -O0 -fnext-runtime (test for excess errors)
FAIL: obj-c++.dg/torture/strings/const-cfstring-1.mm -O1 -fnext-runtime (test for excess errors)
FAIL: obj-c++.dg/torture/strings/const-cfstring-1.mm -O2 -fnext-runtime (test for excess errors)
FAIL: obj-c++.dg/torture/strings/const-cfstring-1.mm -O3 -fomit-frame-pointer -fnext-runtime (test for excess errors)
FAIL: obj-c++.dg/torture/strings/const-cfstring-1.mm -O3 -g -fnext-runtime (test for excess errors)
FAIL: obj-c++.dg/torture/strings/const-cfstring-1.mm -Os -fnext-runtime (test for excess errors)
FAIL: obj-c++.dg/torture/strings/const-cfstring-1.mm -O2 -flto -fnext-runtime (test for excess errors)
FAIL: obj-c++.dg/torture/strings/const-cfstring-1.mm -O2 -fwhopr -fnext-runtime (test for excess errors)
=== obj-c++ Summary for unix/-m64 ===
# of expected passes 1888
# of unexpected failures 44
# of expected failures 84
# of unsupported tests 82
=== obj-c++ Summary ===
# of expected passes 3905
# of unexpected failures 77
# of expected failures 86
# of unsupported tests 157
/sw/src/fink.build/gcc46-4.6.0-1000/darwin_objdir/gcc/testsuite/obj-c++/../../g++ version 4.6.0 20101103 (experimental) (GCC)
=== objc tests ===
Running target unix/-m32
FAIL: objc.dg/demangle-1.m -fnext-runtime execution test
FAIL: objc.dg/encode-7-next.m -fnext-runtime (test for excess errors)
FAIL: objc.dg/foreach-6.m -fnext-runtime (test for excess errors)
FAIL: objc.dg/foreach-7.m -fnext-runtime (test for excess errors)
FAIL: objc.dg/no-extra-load.m -fnext-runtime (test for excess errors)
ERROR: objc.dg/no-extra-load.m: error executing dg-final: couldn't open "no-extra-load.s": no such file or directory
UNRESOLVED: objc.dg/no-extra-load.m: error executing dg-final: couldn't open "no-extra-load.s": no such file or directory
FAIL: objc.dg/objc-foreach-4.m -fnext-runtime (test for excess errors)
FAIL: objc.dg/objc-foreach-5.m -fnext-runtime (test for excess errors)
ERROR: objc.dg/objc-foreach-5.m: error executing dg-final: couldn't open "objc-foreach-5.s": no such file or directory
UNRESOLVED: objc.dg/objc-foreach-5.m: error executing dg-final: couldn't open "objc-foreach-5.s": no such file or directory
XPASS: objc.dg-struct-layout-encoding-1/t026_main.m execution test
FAIL: objc.dg/property/property-2.m -fnext-runtime (test for excess errors)
WARNING: objc.dg/property/property-2.m -fnext-runtime compilation failed to produce executable
FAIL: objc.dg/property/property-3.m -fnext-runtime (test for excess errors)
WARNING: objc.dg/property/property-3.m -fnext-runtime compilation failed to produce executable
FAIL: objc.dg/torture/strings/const-cfstring-1.m -O0 -fnext-runtime (test for excess errors)
FAIL: objc.dg/torture/strings/const-cfstring-1.m -O1 -fnext-runtime (test for excess errors)
FAIL: objc.dg/torture/strings/const-cfstring-1.m -O2 -fnext-runtime (test for excess errors)
FAIL: objc.dg/torture/strings/const-cfstring-1.m -O3 -fomit-frame-pointer -fnext-runtime (test for excess errors)
FAIL: objc.dg/torture/strings/const-cfstring-1.m -O3 -g -fnext-runtime (test for excess errors)
FAIL: objc.dg/torture/strings/const-cfstring-1.m -Os -fnext-runtime (test for excess errors)
FAIL: objc.dg/torture/strings/const-cfstring-1.m -O2 -flto -fnext-runtime (test for excess errors)
FAIL: objc.dg/torture/strings/const-cfstring-1.m -O2 -fwhopr -fnext-runtime (test for excess errors)
=== objc Summary for unix/-m32 ===
# of expected passes 4929
# of unexpected failures 17
# of unexpected successes 1
# of expected failures 6
# of unresolved testcases 2
# of unsupported tests 92
Running target unix/-m64
FAIL: objc.dg/demangle-1.m -fnext-runtime execution test
FAIL: objc.dg/encode-7-next-64bit.m -fnext-runtime (test for excess errors)
WARNING: objc.dg/encode-7-next-64bit.m -fnext-runtime compilation failed to produce executable
FAIL: objc.dg/foreach-6.m -fnext-runtime (test for excess errors)
FAIL: objc.dg/foreach-7.m -fnext-runtime (test for excess errors)
FAIL: objc.dg/no-extra-load.m -fnext-runtime (test for excess errors)
ERROR: objc.dg/no-extra-load.m: error executing dg-final: couldn't open "no-extra-load.s": no such file or directory
UNRESOLVED: objc.dg/no-extra-load.m: error executing dg-final: couldn't open "no-extra-load.s": no such file or directory
FAIL: objc.dg/objc-foreach-4.m -fnext-runtime (test for excess errors)
FAIL: objc.dg/objc-foreach-5.m -fnext-runtime (test for excess errors)
ERROR: objc.dg/objc-foreach-5.m: error executing dg-final: couldn't open "objc-foreach-5.s": no such file or directory
UNRESOLVED: objc.dg/objc-foreach-5.m: error executing dg-final: couldn't open "objc-foreach-5.s": no such file or directory
XPASS: objc.dg-struct-layout-encoding-1/t026_main.m execution test
FAIL: objc.dg/property/at-property-10.m -fnext-runtime execution test
FAIL: objc.dg/property/at-property-11.m -fnext-runtime execution test
FAIL: objc.dg/property/at-property-12.m -fnext-runtime execution test
FAIL: objc.dg/property/at-property-13.m -fnext-runtime execution test
FAIL: objc.dg/property/at-property-6.m -fnext-runtime execution test
FAIL: objc.dg/property/at-property-7.m -fnext-runtime execution test
FAIL: objc.dg/property/at-property-8.m -fnext-runtime execution test
FAIL: objc.dg/property/at-property-9.m -fnext-runtime execution test
FAIL: objc.dg/property/dotsyntax-1.m -fnext-runtime execution test
FAIL: objc.dg/property/dotsyntax-2.m -fnext-runtime execution test
FAIL: objc.dg/property/fsf-property-basic.m -fnext-runtime execution test
FAIL: objc.dg/property/fsf-property-method-access.m -fnext-runtime execution test
FAIL: objc.dg/property/fsf-property-named-ivar.m -fnext-runtime execution test
FAIL: objc.dg/property/property-1.m -fnext-runtime execution test
FAIL: objc.dg/property/synthesize-2.m -fnext-runtime execution test
FAIL: objc.dg/torture/strings/const-cfstring-1.m -O0 -fnext-runtime (test for excess errors)
FAIL: objc.dg/torture/strings/const-cfstring-1.m -O1 -fnext-runtime (test for excess errors)
FAIL: objc.dg/torture/strings/const-cfstring-1.m -O2 -fnext-runtime (test for excess errors)
FAIL: objc.dg/torture/strings/const-cfstring-1.m -O3 -fomit-frame-pointer -fnext-runtime (test for excess errors)
FAIL: objc.dg/torture/strings/const-cfstring-1.m -O3 -g -fnext-runtime (test for excess errors)
FAIL: objc.dg/torture/strings/const-cfstring-1.m -Os -fnext-runtime (test for excess errors)
FAIL: objc.dg/torture/strings/const-cfstring-1.m -O2 -flto -fnext-runtime (test for excess errors)
FAIL: objc.dg/torture/strings/const-cfstring-1.m -O2 -fwhopr -fnext-runtime (test for excess errors)
=== objc Summary for unix/-m64 ===
# of expected passes 3587
# of unexpected failures 30
# of unexpected successes 1
# of expected failures 108
# of unresolved testcases 2
# of unsupported tests 100
=== objc Summary ===
# of expected passes 8516
# of unexpected failures 47
# of unexpected successes 2
# of expected failures 114
# of unresolved testcases 4
# of unsupported tests 192
/sw/src/fink.build/gcc46-4.6.0-1000/darwin_objdir/gcc/xgcc version 4.6.0 20101103 (experimental) (GCC)
=== libffi tests ===
Running target unix/-m32
=== libffi Summary for unix/-m32 ===
# of expected passes 1634
# of expected failures 10
# of unsupported tests 15
Running target unix/-m64
=== libffi Summary for unix/-m64 ===
# of expected passes 1634
# of expected failures 10
# of unsupported tests 15
=== libffi Summary ===
# of expected passes 3268
# of expected failures 20
# of unsupported tests 30
=== libgomp tests ===
Running target unix/-m32
=== libgomp Summary for unix/-m32 ===
# of expected passes 2536
# of unsupported tests 2
Running target unix/-m64
=== libgomp Summary for unix/-m64 ===
# of expected passes 2536
# of unsupported tests 2
=== libgomp Summary ===
# of expected passes 5072
# of unsupported tests 4
=== libjava tests ===
Running target unix/-m32
FAIL: PR16923.c compilation
=== libjava Summary for unix/-m32 ===
# of expected passes 2572
# of unexpected failures 1
Running target unix/-m64
=== libjava Summary for unix/-m64 ===
# of expected passes 2574
=== libjava Summary ===
# of expected passes 5146
# of unexpected failures 1
=== libstdc++ tests ===
Running target unix/-m32
FAIL: 30_threads/call_once/constexpr.cc (test for excess errors)
FAIL: 30_threads/mutex/cons/constexpr.cc (test for excess errors)
FAIL: 30_threads/once_flag/cons/constexpr.cc (test for excess errors)
=== libstdc++ Summary for unix/-m32 ===
# of expected passes 6850
# of unexpected failures 3
# of expected failures 87
# of unsupported tests 640
Running target unix/-m64
FAIL: 30_threads/call_once/constexpr.cc (test for excess errors)
FAIL: 30_threads/mutex/cons/constexpr.cc (test for excess errors)
FAIL: 30_threads/once_flag/cons/constexpr.cc (test for excess errors)
=== libstdc++ Summary for unix/-m64 ===
# of expected passes 6848
# of unexpected failures 3
# of expected failures 87
# of unsupported tests 641
=== libstdc++ Summary ===
# of expected passes 13698
# of unexpected failures 6
# of expected failures 174
# of unsupported tests 1281
Compiler version: 4.6.0 20101103 (experimental) (GCC)
Platform: x86_64-apple-darwin10.5.0
configure flags: --prefix=/sw --prefix=/sw/lib/gcc4.6 --mandir=/sw/share/man --infodir=/sw/lib/gcc4.6/info --enable-languages=c,c++,fortran,objc,obj-c++,java --with-gmp=/sw --with-libiconv-prefix=/sw --with-ppl=/sw --with-cloog=/sw --with-mpc=/sw --with-system-zlib --x-includes=/usr/X11R6/include --x-libraries=/usr/X11R6/lib --program-suffix=-fsf-4.6 --enable-checking=yes