This is the mail archive of the
gcc-testresults@gcc.gnu.org
mailing list for the GCC project.
Results for 4.5.2 20101029 (prerelease) [gcc-4_5-branch revision 166070] (GCC) testsuite on sparc-sun-solaris2.10
- From: Rainer Orth <ro at CeBiTec dot Uni-Bielefeld dot DE>
- To: gcc-testresults at gcc dot gnu dot org
- Date: Tue, 2 Nov 2010 18:50:52 +0100 (MET)
- Subject: Results for 4.5.2 20101029 (prerelease) [gcc-4_5-branch revision 166070] (GCC) testsuite on sparc-sun-solaris2.10
LAST_UPDATED: Fri Oct 29 19:51:05 UTC 2010 (revision 166070)
=== acats tests ===
=== acats Summary ===
# of expected passes 2321
# of unexpected failures 0
Native configuration is sparc-sun-solaris2.10
=== g++ tests ===
Running target unix
=== g++ Summary for unix ===
# of expected passes 22273
# of expected failures 152
# of unsupported tests 228
Running target unix/-m64
=== g++ Summary for unix/-m64 ===
# of expected passes 22234
# of expected failures 152
# of unsupported tests 229
=== g++ Summary ===
# of expected passes 44507
# of expected failures 304
# of unsupported tests 457
/var/gcc/regression/gcc-4.5-branch/10-gcc-gas/build/gcc/testsuite/g++/../../g++ version 4.5.2 20101029 (prerelease) [gcc-4_5-branch revision 166070] (GCC)
=== gcc tests ===
Running target unix
FAIL: gcc.c-torture/execute/pr38819.c execution, -O2
FAIL: gcc.c-torture/execute/pr38819.c execution, -O3 -fomit-frame-pointer
FAIL: gcc.c-torture/execute/pr38819.c execution, -O3 -fomit-frame-pointer -funroll-loops
FAIL: gcc.c-torture/execute/pr38819.c execution, -O3 -fomit-frame-pointer -funroll-all-loops -finline-functions
FAIL: gcc.c-torture/execute/pr38819.c execution, -O3 -g
FAIL: gcc.c-torture/execute/pr38819.c execution, -O2 -flto
FAIL: gcc.c-torture/execute/pr38819.c execution, -O2 -fwhopr
FAIL: gcc.dg/lto/20081201-2 c_lto_20081201-2_0.o-c_lto_20081201-2_1.o execute -O3 -fwhopr
FAIL: gcc.dg/vect/pr43430-1.c scan-tree-dump-times vect "vectorized 1 loops" 1
FAIL: gcc.dg/vect/slp-multitypes-2.c execution test
=== gcc Summary for unix ===
# of expected passes 64789
# of unexpected failures 10
# of expected failures 194
# of unsupported tests 899
Running target unix/-m64
FAIL: gcc.dg/cpp/trad/include.c (internal compiler error)
FAIL: gcc.dg/cpp/trad/include.c (test for excess errors)
FAIL: gcc.dg/lto/20081201-2 c_lto_20081201-2_0.o-c_lto_20081201-2_1.o execute -O3 -fwhopr
FAIL: gcc.dg/vect/pr43430-1.c scan-tree-dump-times vect "vectorized 1 loops" 1
=== gcc Summary for unix/-m64 ===
# of expected passes 64786
# of unexpected failures 4
# of expected failures 190
# of unsupported tests 905
=== gcc Summary ===
# of expected passes 129575
# of unexpected failures 14
# of expected failures 384
# of unsupported tests 1804
/var/gcc/regression/gcc-4.5-branch/10-gcc-gas/build/gcc/xgcc version 4.5.2 20101029 (prerelease) [gcc-4_5-branch revision 166070] (GCC)
=== gfortran tests ===
Running target unix
=== gfortran Summary for unix ===
# of expected passes 34061
# of expected failures 23
# of unsupported tests 178
Running target unix/-m64
=== gfortran Summary for unix/-m64 ===
# of expected passes 34244
# of expected failures 23
# of unsupported tests 89
=== gfortran Summary ===
# of expected passes 68305
# of expected failures 46
# of unsupported tests 267
/var/gcc/regression/gcc-4.5-branch/10-gcc-gas/build/gcc/testsuite/gfortran/../../gfortran version 4.5.2 20101029 (prerelease) [gcc-4_5-branch revision 166070] (GCC)
=== gnat tests ===
Running target unix
=== gnat Summary for unix ===
# of expected passes 761
# of expected failures 7
# of unsupported tests 3
Running target unix/-m64
=== gnat Summary for unix/-m64 ===
# of expected passes 761
# of expected failures 7
# of unsupported tests 3
=== gnat Summary ===
# of expected passes 1522
# of expected failures 14
# of unsupported tests 6
=== objc tests ===
Running target unix
=== objc Summary for unix ===
# of expected passes 1874
# of expected failures 15
# of unsupported tests 20
Running target unix/-m64
=== objc Summary for unix/-m64 ===
# of expected passes 1874
# of expected failures 15
# of unsupported tests 20
=== objc Summary ===
# of expected passes 3748
# of expected failures 30
# of unsupported tests 40
/var/gcc/regression/gcc-4.5-branch/10-gcc-gas/build/gcc/xgcc version 4.5.2 20101029 (prerelease) [gcc-4_5-branch revision 166070] (GCC)
=== libffi tests ===
Running target unix
=== libffi Summary for unix ===
# of expected passes 1634
# of expected failures 10
# of unsupported tests 15
Running target unix/-m64
=== libffi Summary for unix/-m64 ===
# of expected passes 1634
# of expected failures 10
# of unsupported tests 15
=== libffi Summary ===
# of expected passes 3268
# of expected failures 20
# of unsupported tests 30
=== libgomp tests ===
Running target unix
=== libgomp Summary for unix ===
# of expected passes 2476
# of unsupported tests 9
Running target unix/-m64
=== libgomp Summary for unix/-m64 ===
# of expected passes 2476
# of unsupported tests 9
=== libgomp Summary ===
# of expected passes 4952
# of unsupported tests 18
=== libjava tests ===
Running target unix
=== libjava Summary for unix ===
# of expected passes 2574
Running target unix/-m64
=== libjava Summary for unix/-m64 ===
# of expected passes 2574
=== libjava Summary ===
# of expected passes 5148
=== libstdc++ tests ===
Running target unix
=== libstdc++ Summary for unix ===
# of expected passes 6697
# of expected failures 93
# of unsupported tests 436
Running target unix/-m64
XPASS: 22_locale/num_put/put/char/14220.cc execution test
=== libstdc++ Summary for unix/-m64 ===
# of expected passes 6696
# of unexpected successes 1
# of expected failures 93
# of unsupported tests 436
=== libstdc++ Summary ===
# of expected passes 13393
# of unexpected successes 1
# of expected failures 186
# of unsupported tests 872
=== libstdc++ Summary ===
Compiler version: 4.5.2 20101029 (prerelease) [gcc-4_5-branch revision 166070] (GCC)
Platform: sparc-sun-solaris2.10
configure flags: --prefix=/vol/gcc --target=sparc-sun-solaris2.10 --with-as=/vol/gcc/bin/gas-2.20.1 --with-gnu-as --with-gmp=/vol/gcc --with-mpfr=/vol/gcc --with-mpc=/vol/gcc --enable-languages=all,ada
BOOT_CFLAGS=-g -O2