This is the mail archive of the
gcc-testresults@gcc.gnu.org
mailing list for the GCC project.
Results for 4.6.0 20101101 (experimental) (GCC) testsuite on x86_64-apple-darwin10.5.0
- From: Jack Howarth <howarth at bromo dot med dot uc dot edu>
- To: gcc-testresults at gcc dot gnu dot org
- Date: Tue, 2 Nov 2010 09:16:56 -0400
- Subject: Results for 4.6.0 20101101 (experimental) (GCC) testsuite on x86_64-apple-darwin10.5.0
r166156 with http://gcc.gnu.org/ml/gcc-patches/2010-10/msg02432.html,
http://gcc.gnu.org/ml/gcc-patches/2010-10/msg02668.html,
http://gcc.gnu.org/ml/gcc-patches/2010-10/msg02674.html and
Index: configure.ac
===================================================================
--- configure.ac (revision 166156)
+++ configure.ac (working copy)
@@ -1150,8 +1150,8 @@
tentative_cc="/usr/cygnus/progressive/bin/gcc"
host_makefile_frag="config/mh-lynxrs6k"
;;
- powerpc-*-darwin*)
- host_makefile_frag="config/mh-ppc-darwin"
+ *-*-darwin*)
+ host_makefile_frag="config/mh-darwin"
;;
powerpc-*-aix*)
host_makefile_frag="config/mh-ppc-aix"
Native configuration is x86_64-apple-darwin10.5.0
=== g++ tests ===
Running target unix/-m32
FAIL: g++.dg/debug/dwarf2/pubnames-1.C scan-assembler-times .section[\\t ][^\\n]*debug_pubnames 2
WARNING: g++.dg/ext/label13.C compilation failed to produce executable
FAIL: g++.dg/ext/visibility/anon6.C scan-assembler 1BIiE1cE
FAIL: g++.dg/ipa/ivinline-1.C scan-ipa-dump inline "B::foo[^\\n]*inline copy in int main"
FAIL: g++.dg/ipa/ivinline-2.C scan-ipa-dump inline "B::foo[^\\n]*inline copy in int main"
FAIL: g++.dg/ipa/ivinline-3.C scan-ipa-dump inline "B::foo[^\\n]*inline copy in int main"
FAIL: g++.dg/ipa/ivinline-4.C scan-ipa-dump inline "B::foo[^\\n]*inline copy in int main"
FAIL: g++.dg/ipa/ivinline-5.C scan-ipa-dump inline "B::foo[^\\n]*inline copy in int main"
FAIL: g++.dg/ipa/ivinline-6.C scan-ipa-dump inline "B::foo[^\\n]*inline copy in int main"
FAIL: g++.dg/ipa/ivinline-8.C scan-ipa-dump inline "B::foo[^\\n]*inline copy in int main"
FAIL: g++.dg/ipa/ivinline-8.C scan-ipa-dump inline "B::bar[^\\n]*inline copy in int main"
FAIL: g++.dg/pubtypes.C scan-assembler "A\\\\\\\\0"+[ \\t]+[#;@]+[ \\t]+external name
FAIL: g++.dg/lto/20100723-1 cp_lto_20100723-1_0.o-cp_lto_20100723-1_0.o link, -fcompare-debug -flto (internal compiler error)
UNRESOLVED: g++.dg/lto/20100723-1 cp_lto_20100723-1_0.o-cp_lto_20100723-1_0.o execute -fcompare-debug -flto
FAIL: g++.dg/lto/20100723-1 cp_lto_20100723-1_0.o-cp_lto_20100723-1_0.o link, -fcompare-debug -fwhopr (internal compiler error)
UNRESOLVED: g++.dg/lto/20100723-1 cp_lto_20100723-1_0.o-cp_lto_20100723-1_0.o execute -fcompare-debug -fwhopr
FAIL: g++.dg/torture/stackalign/eh-alloca-1.C -O3 -g execution test
FAIL: g++.dg/torture/stackalign/eh-vararg-1.C -O3 -g execution test
FAIL: g++.dg/torture/stackalign/eh-vararg-2.C -O3 -g execution test
FAIL: g++.dg/torture/stackalign/eh-alloca-1.C -O3 -g execution test
FAIL: g++.dg/torture/stackalign/eh-vararg-1.C -O3 -g execution test
FAIL: g++.dg/torture/stackalign/eh-vararg-2.C -O3 -g execution test
=== g++ Summary for unix/-m32 ===
# of expected passes 24846
# of unexpected failures 19
# of expected failures 151
# of unresolved testcases 2
# of unsupported tests 175
Running target unix/-m64
FAIL: g++.dg/debug/dwarf2/pubnames-1.C scan-assembler-times .section[\\t ][^\\n]*debug_pubnames 2
WARNING: g++.dg/ext/label13.C compilation failed to produce executable
FAIL: g++.dg/ext/visibility/anon6.C scan-assembler 1BIiE1cE
FAIL: g++.dg/ipa/ivinline-1.C scan-ipa-dump inline "B::foo[^\\n]*inline copy in int main"
FAIL: g++.dg/ipa/ivinline-2.C scan-ipa-dump inline "B::foo[^\\n]*inline copy in int main"
FAIL: g++.dg/ipa/ivinline-3.C scan-ipa-dump inline "B::foo[^\\n]*inline copy in int main"
FAIL: g++.dg/ipa/ivinline-4.C scan-ipa-dump inline "B::foo[^\\n]*inline copy in int main"
FAIL: g++.dg/ipa/ivinline-5.C scan-ipa-dump inline "B::foo[^\\n]*inline copy in int main"
FAIL: g++.dg/ipa/ivinline-6.C scan-ipa-dump inline "B::foo[^\\n]*inline copy in int main"
FAIL: g++.dg/ipa/ivinline-8.C scan-ipa-dump inline "B::foo[^\\n]*inline copy in int main"
FAIL: g++.dg/ipa/ivinline-8.C scan-ipa-dump inline "B::bar[^\\n]*inline copy in int main"
FAIL: g++.dg/pubtypes.C scan-assembler "A\\\\\\\\0"+[ \\t]+[#;@]+[ \\t]+external name
FAIL: g++.dg/lto/20100723-1 cp_lto_20100723-1_0.o-cp_lto_20100723-1_0.o link, -fcompare-debug -flto (internal compiler error)
UNRESOLVED: g++.dg/lto/20100723-1 cp_lto_20100723-1_0.o-cp_lto_20100723-1_0.o execute -fcompare-debug -flto
FAIL: g++.dg/lto/20100723-1 cp_lto_20100723-1_0.o-cp_lto_20100723-1_0.o link, -fcompare-debug -fwhopr (internal compiler error)
UNRESOLVED: g++.dg/lto/20100723-1 cp_lto_20100723-1_0.o-cp_lto_20100723-1_0.o execute -fcompare-debug -fwhopr
=== g++ Summary for unix/-m64 ===
# of expected passes 25092
# of unexpected failures 13
# of expected failures 151
# of unresolved testcases 2
# of unsupported tests 369
=== g++ Summary ===
# of expected passes 49938
# of unexpected failures 32
# of expected failures 302
# of unresolved testcases 4
# of unsupported tests 544
/sw/src/fink.build/gcc46-4.6.0-1000/darwin_objdir/gcc/testsuite/g++/../../g++ version 4.6.0 20101101 (experimental) (GCC)
=== gcc tests ===
Running target unix/-m32
FAIL: gcc.dg/tree-prof/inliner-1.c scan-tree-dump-not optimized "hot_function ..;"
XPASS: gcc.dg/tree-ssa/20040204-1.c scan-tree-dump-times optimized "link_error" 0
FAIL: gcc.target/i386/combine-mul.c scan-assembler-not 12345
=== gcc Summary for unix/-m32 ===
# of expected passes 72800
# of unexpected failures 2
# of unexpected successes 1
# of expected failures 214
# of unsupported tests 1322
Running target unix/-m64
FAIL: gcc.dg/matrix/transpose-3.c execution, -fprofile-use -fipa-matrix-reorg -fdump-ipa-matrix-reorg -O3 -fwhole-program
FAIL: gcc.dg/tree-prof/inliner-1.c scan-tree-dump-not optimized "hot_function ..;"
XPASS: gcc.dg/tree-ssa/20040204-1.c scan-tree-dump-times optimized "link_error" 0
FAIL: gcc.target/i386/combine-mul.c scan-assembler-not 12345
=== gcc Summary for unix/-m64 ===
# of expected passes 72882
# of unexpected failures 3
# of unexpected successes 1
# of expected failures 215
# of unsupported tests 1710
=== gcc Summary ===
# of expected passes 145682
# of unexpected failures 5
# of unexpected successes 2
# of expected failures 429
# of unsupported tests 3032
/sw/src/fink.build/gcc46-4.6.0-1000/darwin_objdir/gcc/xgcc version 4.6.0 20101101 (experimental) (GCC)
=== gfortran tests ===
Running target unix/-m32
XPASS: gfortran.dg/pr25923.f90 -O PR45505 (test for warnings, line 13)
XPASS: gfortran.dg/pr25923.f90 -O PR45505 (test for bogus messages, line 22)
=== gfortran Summary for unix/-m32 ===
# of expected passes 36922
# of unexpected successes 2
# of expected failures 51
# of unsupported tests 177
Running target unix/-m64
=== gfortran Summary for unix/-m64 ===
# of expected passes 37163
# of expected failures 51
# of unsupported tests 63
=== gfortran Summary ===
# of expected passes 74085
# of unexpected successes 2
# of expected failures 102
# of unsupported tests 240
/sw/src/fink.build/gcc46-4.6.0-1000/darwin_objdir/gcc/testsuite/gfortran/../../gfortran version 4.6.0 20101101 (experimental) (GCC)
=== obj-c++ tests ===
Running target unix/-m32
FAIL: obj-c++.dg/demangle-2.mm -fgnu-runtime execution test
WARNING: obj-c++.dg/try-catch-2.mm -fgnu-runtime compilation failed to produce executable
WARNING: obj-c++.dg/try-catch-9.mm -fgnu-runtime compilation failed to produce executable
FAIL: obj-c++.dg/demangle-2.mm -fnext-runtime execution test
FAIL: obj-c++.dg/encode-3.mm -fnext-runtime execution test
FAIL: obj-c++.dg/template-8.mm -fnext-runtime execution test
FAIL: obj-c++.dg/try-catch-12.mm -fnext-runtime (internal compiler error)
FAIL: obj-c++.dg/try-catch-12.mm -fnext-runtime (test for excess errors)
FAIL: obj-c++.dg/try-catch-13.mm -fnext-runtime (internal compiler error)
FAIL: obj-c++.dg/try-catch-13.mm -fnext-runtime (test for errors, line 38)
FAIL: obj-c++.dg/try-catch-13.mm -fnext-runtime (test for errors, line 53)
FAIL: obj-c++.dg/try-catch-13.mm -fnext-runtime (test for excess errors)
FAIL: obj-c++.dg/try-catch-2.mm -fnext-runtime (internal compiler error)
FAIL: obj-c++.dg/try-catch-2.mm -fnext-runtime (test for excess errors)
WARNING: obj-c++.dg/try-catch-2.mm -fnext-runtime compilation failed to produce executable
FAIL: obj-c++.dg/try-catch-7.mm -fnext-runtime (internal compiler error)
FAIL: obj-c++.dg/try-catch-7.mm -fnext-runtime (test for excess errors)
FAIL: obj-c++.dg/try-catch-9.mm -fnext-runtime (internal compiler error)
WARNING: obj-c++.dg/try-catch-9.mm -fnext-runtime compilation failed to produce executable
FAIL: obj-c++.dg/property/at-property-2.mm -fgnu-runtime (internal compiler error)
FAIL: obj-c++.dg/property/at-property-2.mm -fgnu-runtime (test for errors, line 11)
FAIL: obj-c++.dg/property/at-property-2.mm -fgnu-runtime (test for errors, line 12)
FAIL: obj-c++.dg/property/at-property-2.mm -fgnu-runtime (test for excess errors)
FAIL: obj-c++.dg/property/at-property-2.mm -fnext-runtime (internal compiler error)
FAIL: obj-c++.dg/property/at-property-2.mm -fnext-runtime (test for errors, line 11)
FAIL: obj-c++.dg/property/at-property-2.mm -fnext-runtime (test for errors, line 12)
FAIL: obj-c++.dg/property/at-property-2.mm -fnext-runtime (test for excess errors)
FAIL: obj-c++.dg/property/property-2.mm -fnext-runtime (test for excess errors)
WARNING: obj-c++.dg/property/property-2.mm -fnext-runtime compilation failed to produce executable
FAIL: obj-c++.dg/property/property-3.mm -fnext-runtime (test for excess errors)
WARNING: obj-c++.dg/property/property-3.mm -fnext-runtime compilation failed to produce executable
=== obj-c++ Summary for unix/-m32 ===
# of expected passes 1999
# of unexpected failures 25
# of expected failures 2
# of unsupported tests 76
Running target unix/-m64
FAIL: obj-c++.dg/demangle-2.mm -fgnu-runtime execution test
WARNING: obj-c++.dg/try-catch-2.mm -fgnu-runtime compilation failed to produce executable
WARNING: obj-c++.dg/try-catch-9.mm -fgnu-runtime compilation failed to produce executable
FAIL: obj-c++.dg/demangle-2.mm -fnext-runtime execution test
FAIL: obj-c++.dg/encode-3.mm -fnext-runtime execution test
FAIL: obj-c++.dg/template-8.mm -fnext-runtime execution test
FAIL: obj-c++.dg/try-catch-12.mm -fnext-runtime (internal compiler error)
FAIL: obj-c++.dg/try-catch-12.mm -fnext-runtime (test for excess errors)
FAIL: obj-c++.dg/try-catch-13.mm -fnext-runtime (internal compiler error)
FAIL: obj-c++.dg/try-catch-13.mm -fnext-runtime (test for errors, line 38)
FAIL: obj-c++.dg/try-catch-13.mm -fnext-runtime (test for errors, line 53)
FAIL: obj-c++.dg/try-catch-13.mm -fnext-runtime (test for excess errors)
FAIL: obj-c++.dg/try-catch-2.mm -fnext-runtime (test for excess errors)
WARNING: obj-c++.dg/try-catch-2.mm -fnext-runtime compilation failed to produce executable
FAIL: obj-c++.dg/try-catch-7.mm -fnext-runtime (internal compiler error)
FAIL: obj-c++.dg/try-catch-7.mm -fnext-runtime (test for excess errors)
WARNING: obj-c++.dg/try-catch-9.mm -fnext-runtime compilation failed to produce executable
FAIL: obj-c++.dg/property/at-property-2.mm -fgnu-runtime (internal compiler error)
FAIL: obj-c++.dg/property/at-property-2.mm -fgnu-runtime (test for errors, line 11)
FAIL: obj-c++.dg/property/at-property-2.mm -fgnu-runtime (test for errors, line 12)
FAIL: obj-c++.dg/property/at-property-2.mm -fgnu-runtime (test for excess errors)
FAIL: obj-c++.dg/property/at-property-10.mm -fnext-runtime execution test
FAIL: obj-c++.dg/property/at-property-11.mm -fnext-runtime execution test
FAIL: obj-c++.dg/property/at-property-12.mm -fnext-runtime execution test
FAIL: obj-c++.dg/property/at-property-13.mm -fnext-runtime execution test
FAIL: obj-c++.dg/property/at-property-2.mm -fnext-runtime (internal compiler error)
FAIL: obj-c++.dg/property/at-property-2.mm -fnext-runtime (test for errors, line 11)
FAIL: obj-c++.dg/property/at-property-2.mm -fnext-runtime (test for errors, line 12)
FAIL: obj-c++.dg/property/at-property-2.mm -fnext-runtime (test for excess errors)
FAIL: obj-c++.dg/property/at-property-6.mm -fnext-runtime execution test
FAIL: obj-c++.dg/property/at-property-7.mm -fnext-runtime execution test
FAIL: obj-c++.dg/property/at-property-8.mm -fnext-runtime execution test
FAIL: obj-c++.dg/property/at-property-9.mm -fnext-runtime execution test
FAIL: obj-c++.dg/property/fsf-property-basic.mm -fnext-runtime execution test
FAIL: obj-c++.dg/property/fsf-property-method-access.mm -fnext-runtime execution test
FAIL: obj-c++.dg/property/fsf-property-named-ivar.mm -fnext-runtime execution test
FAIL: obj-c++.dg/property/property-1.mm -fnext-runtime execution test
FAIL: obj-c++.dg/property/synthesize-2.mm -fnext-runtime execution test
=== obj-c++ Summary for unix/-m64 ===
# of expected passes 1872
# of unexpected failures 34
# of expected failures 84
# of unsupported tests 83
=== obj-c++ Summary ===
# of expected passes 3871
# of unexpected failures 59
# of expected failures 86
# of unsupported tests 159
/sw/src/fink.build/gcc46-4.6.0-1000/darwin_objdir/gcc/testsuite/obj-c++/../../g++ version 4.6.0 20101101 (experimental) (GCC)
=== objc tests ===
Running target unix/-m32
FAIL: objc.dg/demangle-1.m -fnext-runtime execution test
FAIL: objc.dg/encode-7-next.m -fnext-runtime (test for excess errors)
FAIL: objc.dg/foreach-6.m -fnext-runtime (test for excess errors)
FAIL: objc.dg/foreach-7.m -fnext-runtime (test for excess errors)
FAIL: objc.dg/no-extra-load.m -fnext-runtime (test for excess errors)
FAIL: objc.dg/objc-foreach-4.m -fnext-runtime (test for excess errors)
FAIL: objc.dg/objc-foreach-5.m -fnext-runtime (test for excess errors)
XPASS: objc.dg-struct-layout-encoding-1/t026_main.m execution test
FAIL: objc.dg/property/property-2.m -fnext-runtime (test for excess errors)
WARNING: objc.dg/property/property-2.m -fnext-runtime compilation failed to produce executable
FAIL: objc.dg/property/property-3.m -fnext-runtime (test for excess errors)
WARNING: objc.dg/property/property-3.m -fnext-runtime compilation failed to produce executable
=== objc Summary for unix/-m32 ===
# of expected passes 4911
# of unexpected failures 9
# of unexpected successes 1
# of expected failures 6
# of unsupported tests 93
Running target unix/-m64
FAIL: objc.dg/demangle-1.m -fnext-runtime execution test
FAIL: objc.dg/encode-7-next-64bit.m -fnext-runtime (test for excess errors)
WARNING: objc.dg/encode-7-next-64bit.m -fnext-runtime compilation failed to produce executable
FAIL: objc.dg/foreach-6.m -fnext-runtime (test for excess errors)
FAIL: objc.dg/foreach-7.m -fnext-runtime (test for excess errors)
FAIL: objc.dg/no-extra-load.m -fnext-runtime (test for excess errors)
FAIL: objc.dg/objc-foreach-4.m -fnext-runtime (test for excess errors)
FAIL: objc.dg/objc-foreach-5.m -fnext-runtime (test for excess errors)
XPASS: objc.dg-struct-layout-encoding-1/t026_main.m execution test
FAIL: objc.dg/property/at-property-10.m -fnext-runtime execution test
FAIL: objc.dg/property/at-property-11.m -fnext-runtime execution test
FAIL: objc.dg/property/at-property-12.m -fnext-runtime execution test
FAIL: objc.dg/property/at-property-13.m -fnext-runtime execution test
FAIL: objc.dg/property/at-property-6.m -fnext-runtime execution test
FAIL: objc.dg/property/at-property-7.m -fnext-runtime execution test
FAIL: objc.dg/property/at-property-8.m -fnext-runtime execution test
FAIL: objc.dg/property/at-property-9.m -fnext-runtime execution test
FAIL: objc.dg/property/fsf-property-basic.m -fnext-runtime execution test
FAIL: objc.dg/property/fsf-property-method-access.m -fnext-runtime execution test
FAIL: objc.dg/property/fsf-property-named-ivar.m -fnext-runtime execution test
FAIL: objc.dg/property/property-1.m -fnext-runtime execution test
FAIL: objc.dg/property/synthesize-2.m -fnext-runtime execution test
=== objc Summary for unix/-m64 ===
# of expected passes 3571
# of unexpected failures 20
# of unexpected successes 1
# of expected failures 108
# of unsupported tests 101
=== objc Summary ===
# of expected passes 8482
# of unexpected failures 29
# of unexpected successes 2
# of expected failures 114
# of unsupported tests 194
/sw/src/fink.build/gcc46-4.6.0-1000/darwin_objdir/gcc/xgcc version 4.6.0 20101101 (experimental) (GCC)
=== libffi tests ===
Running target unix/-m32
=== libffi Summary for unix/-m32 ===
# of expected passes 1634
# of expected failures 10
# of unsupported tests 15
Running target unix/-m64
=== libffi Summary for unix/-m64 ===
# of expected passes 1634
# of expected failures 10
# of unsupported tests 15
=== libffi Summary ===
# of expected passes 3268
# of expected failures 20
# of unsupported tests 30
=== libgomp tests ===
Running target unix/-m32
=== libgomp Summary for unix/-m32 ===
# of expected passes 2536
# of unsupported tests 2
Running target unix/-m64
=== libgomp Summary for unix/-m64 ===
# of expected passes 2536
# of unsupported tests 2
=== libgomp Summary ===
# of expected passes 5072
# of unsupported tests 4
=== libjava tests ===
Running target unix/-m32
FAIL: PR16923.c compilation
=== libjava Summary for unix/-m32 ===
# of expected passes 2572
# of unexpected failures 1
Running target unix/-m64
=== libjava Summary for unix/-m64 ===
# of expected passes 2574
=== libjava Summary ===
# of expected passes 5146
# of unexpected failures 1
=== libstdc++ tests ===
Running target unix/-m32
=== libstdc++ Summary for unix/-m32 ===
# of expected passes 6748
# of expected failures 82
# of unsupported tests 640
Running target unix/-m64
=== libstdc++ Summary for unix/-m64 ===
# of expected passes 6746
# of expected failures 82
# of unsupported tests 641
=== libstdc++ Summary ===
# of expected passes 13494
# of expected failures 164
# of unsupported tests 1281
Compiler version: 4.6.0 20101101 (experimental) (GCC)
Platform: x86_64-apple-darwin10.5.0
configure flags: --prefix=/sw --prefix=/sw/lib/gcc4.6 --mandir=/sw/share/man --infodir=/sw/lib/gcc4.6/info --enable-languages=c,c++,fortran,objc,obj-c++,java --with-gmp=/sw --with-libiconv-prefix=/sw --with-ppl=/sw --with-cloog=/sw --with-mpc=/sw --with-system-zlib --x-includes=/usr/X11R6/include --x-libraries=/usr/X11R6/lib --program-suffix=-fsf-4.6 --enable-checking=yes