This is the mail archive of the
gcc-testresults@gcc.gnu.org
mailing list for the GCC project.
Results for 4.6.0 20100925 (experimental) [trunk revision 164615] (GCC) testsuite on sh4-unknown-linux-gnu
- From: Kaz Kojima <kkojima at rr dot iij4u dot or dot jp>
- To: gcc-testresults at gcc dot gnu dot org
- Date: Sat, 25 Sep 2010 23:32:49 +0900
- Subject: Results for 4.6.0 20100925 (experimental) [trunk revision 164615] (GCC) testsuite on sh4-unknown-linux-gnu
Remote host: linux 2.6.22 sh4
GNU C Library version 2.7.90
LAST_UPDATED: Sat Sep 25 00:37:34 UTC 2010 (revision 164615)
Target is sh4-unknown-linux-gnu
Host is i686-pc-linux-gnu
=== g++ tests ===
Running target unix
WARNING: Assuming target board is the local machine (which is probably wrong).
FAIL: g++.dg/debug/dwarf2/icf.C scan-assembler \\\\.section.*.debug_dcall
FAIL: g++.dg/debug/dwarf2/icf.C scan-assembler New caller
FAIL: g++.dg/debug/dwarf2/icf.C scan-assembler Caller DIE offset
FAIL: g++.dg/debug/dwarf2/icf.C scan-assembler Callee DIE offset
FAIL: g++.dg/ext/attr-ifunc-1.C (test for excess errors)
FAIL: g++.dg/ext/attr-ifunc-1.C execution test
FAIL: g++.dg/ext/attr-ifunc-2.C (test for excess errors)
FAIL: g++.dg/ext/attr-ifunc-2.C execution test
FAIL: g++.dg/ext/attr-ifunc-3.C (test for excess errors)
FAIL: g++.dg/ext/attr-ifunc-3.C execution test
FAIL: g++.dg/ext/attr-ifunc-4.C (test for excess errors)
FAIL: g++.dg/ext/attr-ifunc-4.C execution test
FAIL: g++.dg/pr45056.C (test for excess errors)
FAIL: g++.dg/lto/20081109 cp_lto_20081109_0.o-cp_lto_20081109_1.o execute -O2 -fwhopr
=== g++ Summary ===
# of expected passes 23721
# of unexpected failures 14
# of expected failures 149
# of unsupported tests 233
/exp/ldroot/dodes/xsh-gcc-orig/gcc/testsuite/g++/../../g++ version 4.6.0 20100925 (experimental) [trunk revision 164615] (GCC)
Host is i686-pc-linux-gnu
=== gcc tests ===
Running target unix
WARNING: Assuming target board is the local machine (which is probably wrong).
FAIL: gcc.c-torture/execute/20040709-2.c execution, -O1
FAIL: gcc.c-torture/execute/20040709-2.c execution, -Os
FAIL: gcc.dg/attr-ifunc-1.c (test for excess errors)
FAIL: gcc.dg/attr-ifunc-1.c execution test
FAIL: gcc.dg/attr-ifunc-3.c (test for excess errors)
FAIL: gcc.dg/attr-ifunc-3.c execution test
FAIL: gcc.dg/attr-ifunc-4.c execution test
FAIL: gcc.dg/attr-ifunc-5.c (test for excess errors)
FAIL: gcc.dg/attr-ifunc-5.c execution test
FAIL: gcc.dg/cproj-fails-with-broken-glibc.c execution test
FAIL: gcc.dg/stack-usage-1.c (test for excess errors)
FAIL: gcc.dg/stack-usage-1.c scan-file foo\\t(256|264)\\tstatic
XPASS: gcc.dg/tree-ssa/20031106-3.c scan-tree-dump-times optimized "link_error" 0
XPASS: gcc.dg/tree-ssa/20040204-1.c scan-tree-dump-times optimized "link_error" 0
XPASS: gcc.dg/tree-ssa/fre-vce-1.c scan-tree-dump-times fre "sv.i" 2
=== gcc Summary ===
# of expected passes 65219
# of unexpected failures 12
# of unexpected successes 3
# of expected failures 120
# of unsupported tests 795
/exp/ldroot/dodes/xsh-gcc-orig/gcc/xgcc version 4.6.0 20100925 (experimental) [trunk revision 164615] (GCC)
Host is i686-pc-linux-gnu
=== gfortran tests ===
Running target unix
WARNING: Assuming target board is the local machine (which is probably wrong).
FAIL: gfortran.dg/allocatable_scalar_5.f90 -O0 execution test
FAIL: gfortran.dg/is_iostat_end_eor_1.f90 -O0 (internal compiler error)
FAIL: gfortran.dg/is_iostat_end_eor_1.f90 -O0 (test for excess errors)
WARNING: gfortran.dg/is_iostat_end_eor_1.f90 -O0 compilation failed to produce executable
FAIL: gfortran.dg/is_iostat_end_eor_1.f90 -O1 (internal compiler error)
FAIL: gfortran.dg/is_iostat_end_eor_1.f90 -O1 (test for excess errors)
WARNING: gfortran.dg/is_iostat_end_eor_1.f90 -O1 compilation failed to produce executable
FAIL: gfortran.dg/is_iostat_end_eor_1.f90 -O2 (internal compiler error)
FAIL: gfortran.dg/is_iostat_end_eor_1.f90 -O2 (test for excess errors)
WARNING: gfortran.dg/is_iostat_end_eor_1.f90 -O2 compilation failed to produce executable
FAIL: gfortran.dg/is_iostat_end_eor_1.f90 -O3 -fomit-frame-pointer (internal compiler error)
FAIL: gfortran.dg/is_iostat_end_eor_1.f90 -O3 -fomit-frame-pointer (test for excess errors)
WARNING: gfortran.dg/is_iostat_end_eor_1.f90 -O3 -fomit-frame-pointer compilation failed to produce executable
FAIL: gfortran.dg/is_iostat_end_eor_1.f90 -O3 -fomit-frame-pointer -funroll-loops (internal compiler error)
FAIL: gfortran.dg/is_iostat_end_eor_1.f90 -O3 -fomit-frame-pointer -funroll-loops (test for excess errors)
WARNING: gfortran.dg/is_iostat_end_eor_1.f90 -O3 -fomit-frame-pointer -funroll-loops compilation failed to produce executable
FAIL: gfortran.dg/is_iostat_end_eor_1.f90 -O3 -fomit-frame-pointer -funroll-all-loops -finline-functions (internal compiler error)
FAIL: gfortran.dg/is_iostat_end_eor_1.f90 -O3 -fomit-frame-pointer -funroll-all-loops -finline-functions (test for excess errors)
WARNING: gfortran.dg/is_iostat_end_eor_1.f90 -O3 -fomit-frame-pointer -funroll-all-loops -finline-functions compilation failed to produce executable
FAIL: gfortran.dg/is_iostat_end_eor_1.f90 -O3 -g (internal compiler error)
FAIL: gfortran.dg/is_iostat_end_eor_1.f90 -O3 -g (test for excess errors)
WARNING: gfortran.dg/is_iostat_end_eor_1.f90 -O3 -g compilation failed to produce executable
FAIL: gfortran.dg/is_iostat_end_eor_1.f90 -Os (internal compiler error)
FAIL: gfortran.dg/is_iostat_end_eor_1.f90 -Os (test for excess errors)
WARNING: gfortran.dg/is_iostat_end_eor_1.f90 -Os compilation failed to produce executable
FAIL: gfortran.dg/iso_fortran_env_1.f90 -O0 (internal compiler error)
FAIL: gfortran.dg/iso_fortran_env_1.f90 -O0 (test for excess errors)
WARNING: gfortran.dg/iso_fortran_env_1.f90 -O0 compilation failed to produce executable
FAIL: gfortran.dg/iso_fortran_env_1.f90 -O1 (internal compiler error)
FAIL: gfortran.dg/iso_fortran_env_1.f90 -O1 (test for excess errors)
WARNING: gfortran.dg/iso_fortran_env_1.f90 -O1 compilation failed to produce executable
FAIL: gfortran.dg/iso_fortran_env_1.f90 -O2 (internal compiler error)
FAIL: gfortran.dg/iso_fortran_env_1.f90 -O2 (test for excess errors)
WARNING: gfortran.dg/iso_fortran_env_1.f90 -O2 compilation failed to produce executable
FAIL: gfortran.dg/iso_fortran_env_1.f90 -O3 -fomit-frame-pointer (internal compiler error)
FAIL: gfortran.dg/iso_fortran_env_1.f90 -O3 -fomit-frame-pointer (test for excess errors)
WARNING: gfortran.dg/iso_fortran_env_1.f90 -O3 -fomit-frame-pointer compilation failed to produce executable
FAIL: gfortran.dg/iso_fortran_env_1.f90 -O3 -fomit-frame-pointer -funroll-loops (internal compiler error)
FAIL: gfortran.dg/iso_fortran_env_1.f90 -O3 -fomit-frame-pointer -funroll-loops (test for excess errors)
WARNING: gfortran.dg/iso_fortran_env_1.f90 -O3 -fomit-frame-pointer -funroll-loops compilation failed to produce executable
FAIL: gfortran.dg/iso_fortran_env_1.f90 -O3 -fomit-frame-pointer -funroll-all-loops -finline-functions (internal compiler error)
FAIL: gfortran.dg/iso_fortran_env_1.f90 -O3 -fomit-frame-pointer -funroll-all-loops -finline-functions (test for excess errors)
WARNING: gfortran.dg/iso_fortran_env_1.f90 -O3 -fomit-frame-pointer -funroll-all-loops -finline-functions compilation failed to produce executable
FAIL: gfortran.dg/iso_fortran_env_1.f90 -O3 -g (internal compiler error)
FAIL: gfortran.dg/iso_fortran_env_1.f90 -O3 -g (test for excess errors)
WARNING: gfortran.dg/iso_fortran_env_1.f90 -O3 -g compilation failed to produce executable
FAIL: gfortran.dg/iso_fortran_env_1.f90 -Os (internal compiler error)
FAIL: gfortran.dg/iso_fortran_env_1.f90 -Os (test for excess errors)
WARNING: gfortran.dg/iso_fortran_env_1.f90 -Os compilation failed to produce executable
FAIL: gfortran.dg/iso_fortran_env_2.f90 -O (internal compiler error)
FAIL: gfortran.dg/iso_fortran_env_2.f90 -O (test for excess errors)
FAIL: gfortran.dg/iso_fortran_env_3.f90 -O0 (internal compiler error)
FAIL: gfortran.dg/iso_fortran_env_3.f90 -O0 (test for excess errors)
WARNING: gfortran.dg/iso_fortran_env_3.f90 -O0 compilation failed to produce executable
FAIL: gfortran.dg/iso_fortran_env_3.f90 -O1 (internal compiler error)
FAIL: gfortran.dg/iso_fortran_env_3.f90 -O1 (test for excess errors)
WARNING: gfortran.dg/iso_fortran_env_3.f90 -O1 compilation failed to produce executable
FAIL: gfortran.dg/iso_fortran_env_3.f90 -O2 (internal compiler error)
FAIL: gfortran.dg/iso_fortran_env_3.f90 -O2 (test for excess errors)
WARNING: gfortran.dg/iso_fortran_env_3.f90 -O2 compilation failed to produce executable
FAIL: gfortran.dg/iso_fortran_env_3.f90 -O3 -fomit-frame-pointer (internal compiler error)
FAIL: gfortran.dg/iso_fortran_env_3.f90 -O3 -fomit-frame-pointer (test for excess errors)
WARNING: gfortran.dg/iso_fortran_env_3.f90 -O3 -fomit-frame-pointer compilation failed to produce executable
FAIL: gfortran.dg/iso_fortran_env_3.f90 -O3 -fomit-frame-pointer -funroll-loops (internal compiler error)
FAIL: gfortran.dg/iso_fortran_env_3.f90 -O3 -fomit-frame-pointer -funroll-loops (test for excess errors)
WARNING: gfortran.dg/iso_fortran_env_3.f90 -O3 -fomit-frame-pointer -funroll-loops compilation failed to produce executable
FAIL: gfortran.dg/iso_fortran_env_3.f90 -O3 -fomit-frame-pointer -funroll-all-loops -finline-functions (internal compiler error)
FAIL: gfortran.dg/iso_fortran_env_3.f90 -O3 -fomit-frame-pointer -funroll-all-loops -finline-functions (test for excess errors)
WARNING: gfortran.dg/iso_fortran_env_3.f90 -O3 -fomit-frame-pointer -funroll-all-loops -finline-functions compilation failed to produce executable
FAIL: gfortran.dg/iso_fortran_env_3.f90 -O3 -g (internal compiler error)
FAIL: gfortran.dg/iso_fortran_env_3.f90 -O3 -g (test for excess errors)
WARNING: gfortran.dg/iso_fortran_env_3.f90 -O3 -g compilation failed to produce executable
FAIL: gfortran.dg/iso_fortran_env_3.f90 -Os (internal compiler error)
FAIL: gfortran.dg/iso_fortran_env_3.f90 -Os (test for excess errors)
WARNING: gfortran.dg/iso_fortran_env_3.f90 -Os compilation failed to produce executable
FAIL: gfortran.dg/iso_fortran_env_4.f90 -O (internal compiler error)
FAIL: gfortran.dg/iso_fortran_env_4.f90 -O (test for errors, line 7)
FAIL: gfortran.dg/iso_fortran_env_4.f90 -O (test for errors, line 12)
FAIL: gfortran.dg/iso_fortran_env_4.f90 -O (test for excess errors)
FAIL: gfortran.dg/iso_fortran_env_5.f90 -O (internal compiler error)
FAIL: gfortran.dg/iso_fortran_env_5.f90 -O (test for excess errors)
FAIL: gfortran.dg/iso_fortran_env_5.f90 -O scan-tree-dump-times original "abort" 0: dump file does not exist
FAIL: gfortran.dg/iso_fortran_env_7.f90 -O (internal compiler error)
FAIL: gfortran.dg/iso_fortran_env_7.f90 -O (test for excess errors)
FAIL: gfortran.dg/nearest_1.f90 -O0 execution test
FAIL: gfortran.dg/nearest_1.f90 -O1 execution test
FAIL: gfortran.dg/nearest_1.f90 -O2 execution test
FAIL: gfortran.dg/nearest_1.f90 -O3 -fomit-frame-pointer execution test
FAIL: gfortran.dg/nearest_1.f90 -O3 -fomit-frame-pointer -funroll-loops execution test
FAIL: gfortran.dg/nearest_1.f90 -O3 -fomit-frame-pointer -funroll-all-loops -finline-functions execution test
FAIL: gfortran.dg/nearest_1.f90 -O3 -g execution test
FAIL: gfortran.dg/nearest_1.f90 -Os execution test
XPASS: gfortran.dg/pr25923.f90 -O PR45505 (test for warnings, line 13)
XPASS: gfortran.dg/pr25923.f90 -O PR45505 (test for bogus messages, line 22)
FAIL: gfortran.dg/read_eof_all.f90 -O0 (internal compiler error)
FAIL: gfortran.dg/read_eof_all.f90 -O0 (test for excess errors)
WARNING: gfortran.dg/read_eof_all.f90 -O0 compilation failed to produce executable
FAIL: gfortran.dg/read_eof_all.f90 -O1 (internal compiler error)
FAIL: gfortran.dg/read_eof_all.f90 -O1 (test for excess errors)
WARNING: gfortran.dg/read_eof_all.f90 -O1 compilation failed to produce executable
FAIL: gfortran.dg/read_eof_all.f90 -O2 (internal compiler error)
FAIL: gfortran.dg/read_eof_all.f90 -O2 (test for excess errors)
WARNING: gfortran.dg/read_eof_all.f90 -O2 compilation failed to produce executable
FAIL: gfortran.dg/read_eof_all.f90 -O3 -fomit-frame-pointer (internal compiler error)
FAIL: gfortran.dg/read_eof_all.f90 -O3 -fomit-frame-pointer (test for excess errors)
WARNING: gfortran.dg/read_eof_all.f90 -O3 -fomit-frame-pointer compilation failed to produce executable
FAIL: gfortran.dg/read_eof_all.f90 -O3 -fomit-frame-pointer -funroll-loops (internal compiler error)
FAIL: gfortran.dg/read_eof_all.f90 -O3 -fomit-frame-pointer -funroll-loops (test for excess errors)
WARNING: gfortran.dg/read_eof_all.f90 -O3 -fomit-frame-pointer -funroll-loops compilation failed to produce executable
FAIL: gfortran.dg/read_eof_all.f90 -O3 -fomit-frame-pointer -funroll-all-loops -finline-functions (internal compiler error)
FAIL: gfortran.dg/read_eof_all.f90 -O3 -fomit-frame-pointer -funroll-all-loops -finline-functions (test for excess errors)
WARNING: gfortran.dg/read_eof_all.f90 -O3 -fomit-frame-pointer -funroll-all-loops -finline-functions compilation failed to produce executable
FAIL: gfortran.dg/read_eof_all.f90 -O3 -g (internal compiler error)
FAIL: gfortran.dg/read_eof_all.f90 -O3 -g (test for excess errors)
WARNING: gfortran.dg/read_eof_all.f90 -O3 -g compilation failed to produce executable
FAIL: gfortran.dg/read_eof_all.f90 -Os (internal compiler error)
FAIL: gfortran.dg/read_eof_all.f90 -Os (test for excess errors)
WARNING: gfortran.dg/read_eof_all.f90 -Os compilation failed to produce executable
FAIL: gfortran.dg/use_3.f90 -O (internal compiler error)
FAIL: gfortran.dg/use_3.f90 -O (test for excess errors)
FAIL: gfortran.dg/use_rename_6.f90 -O (internal compiler error)
FAIL: gfortran.dg/use_rename_6.f90 -O (test for excess errors)
FAIL: gfortran.dg/use_rename_6.f90 -O scan-tree-dump-times original "shall_not_be_there" 0: dump file does not exist
=== gfortran Summary ===
# of expected passes 35584
# of unexpected failures 89
# of unexpected successes 2
# of expected failures 39
# of unsupported tests 345
/exp/ldroot/dodes/xsh-gcc-orig/gcc/testsuite/gfortran/../../gfortran version 4.6.0 20100925 (experimental) [trunk revision 164615] (GCC)
Host is i686-pc-linux-gnu
=== objc tests ===
Running target unix
WARNING: Assuming target board is the local machine (which is probably wrong).
=== objc Summary ===
# of expected passes 2051
# of expected failures 15
# of unsupported tests 20
/exp/ldroot/dodes/xsh-gcc-orig/gcc/xgcc version 4.6.0 20100925 (experimental) [trunk revision 164615] (GCC)
Host is sh4-unknown-linux-gnu
=== libffi tests ===
Running target unix
WARNING: Assuming target board is the local machine (which is probably wrong).
=== libffi Summary ===
# of expected passes 1624
# of expected failures 10
# of unsupported tests 15
Host is sh4-unknown-linux-gnu
=== libgomp tests ===
Running target unix
WARNING: Assuming target board is the local machine (which is probably wrong).
FAIL: libgomp.c/pr24455.c (test for excess errors)
FAIL: libgomp.c++/pr24455.C -O0 (test for excess errors)
FAIL: libgomp.c++/pr24455.C -O1 (test for excess errors)
FAIL: libgomp.c++/pr24455.C -O2 (test for excess errors)
FAIL: libgomp.c++/pr24455.C -O3 -fomit-frame-pointer (test for excess errors)
FAIL: libgomp.c++/pr24455.C -O3 -fomit-frame-pointer -funroll-loops (test for excess errors)
FAIL: libgomp.c++/pr24455.C -O3 -fomit-frame-pointer -funroll-all-loops -finline-functions (test for excess errors)
FAIL: libgomp.c++/pr24455.C -O3 -g (test for excess errors)
FAIL: libgomp.c++/pr24455.C -Os (test for excess errors)
=== libgomp Summary ===
# of expected passes 2471
# of unexpected failures 9
# of unsupported tests 7
Host is sh4-unknown-linux-gnu
=== libjava tests ===
Running target unix
WARNING: Assuming target board is the local machine (which is probably wrong).
=== libjava Summary ===
# of expected passes 2405
# of untested testcases 4
Host is sh4-unknown-linux-gnu
=== libmudflap tests ===
Running target unix
WARNING: Assuming target board is the local machine (which is probably wrong).
FAIL: libmudflap.c/pass49-frag.c execution test
FAIL: libmudflap.c/pass49-frag.c output pattern test
FAIL: libmudflap.c/pass49-frag.c execution test
FAIL: libmudflap.c/pass49-frag.c output pattern test
FAIL: libmudflap.c/pass49-frag.c (-static) execution test
FAIL: libmudflap.c/pass49-frag.c (-static) output pattern test
FAIL: libmudflap.c/pass49-frag.c (-static) execution test
FAIL: libmudflap.c/pass49-frag.c (-static) output pattern test
FAIL: libmudflap.c/pass49-frag.c (-O2) execution test
FAIL: libmudflap.c/pass49-frag.c (-O2) output pattern test
FAIL: libmudflap.c/pass49-frag.c (-O2) execution test
FAIL: libmudflap.c/pass49-frag.c (-O2) output pattern test
FAIL: libmudflap.c/pass49-frag.c (-O3) execution test
FAIL: libmudflap.c/pass49-frag.c (-O3) output pattern test
FAIL: libmudflap.c/pass49-frag.c (-O3) execution test
FAIL: libmudflap.c/pass49-frag.c (-O3) output pattern test
FAIL: libmudflap.c++/pass41-frag.cxx execution test
FAIL: libmudflap.c++/pass55-frag.cxx execution test
FAIL: libmudflap.c++/pass41-frag.cxx (-static) execution test
FAIL: libmudflap.c++/pass55-frag.cxx (-static) execution test
FAIL: libmudflap.c++/pass55-frag.cxx ( -O) execution test
FAIL: libmudflap.c++/pass41-frag.cxx (-O2) execution test
FAIL: libmudflap.c++/pass55-frag.cxx (-O2) execution test
FAIL: libmudflap.c++/pass41-frag.cxx (-O3) execution test
FAIL: libmudflap.c++/pass55-frag.cxx (-O3) execution test
=== libmudflap Summary ===
# of expected passes 1869
# of unexpected failures 25
Host is sh4-unknown-linux-gnu
=== libstdc++ tests ===
Running target unix
WARNING: Assuming target board is the local machine (which is probably wrong).
FAIL: 22_locale/num_get/get/wchar_t/4.cc execution test
=== libstdc++ Summary ===
# of expected passes 6972
# of unexpected failures 1
# of expected failures 83
# of unsupported tests 478
Compiler version: 4.6.0 20100925 (experimental) [trunk revision 164615] (GCC)
Platform: sh4-unknown-linux-gnu
configure flags: --host=i686-pc-linux-gnu --target=sh4-unknown-linux-gnu --enable-lto --enable-shared --enable-threads=posix --enable-clocale=gnu --enable-libgcj --with-ld=/usr/local/bin/sh4-unknown-linux-gnu-ld --with-as=/usr/local/bin/sh4-unknown-linux-gnu-as --with-sysroot=/exp/ldroot --with-mpfr=/opt2/i686-pc-linux-gnu --with-mpc=/opt2/i686-pc-linux-gnu --with-libelf=/opt2/i686-pc-linux-gnu --with-ppl=no --enable-languages=c,c++,fortran,java,objc