This is the mail archive of the gcc-testresults@gcc.gnu.org mailing list for the GCC project.
Index Nav: | [Date Index] [Subject Index] [Author Index] [Thread Index] | |
---|---|---|
Message Nav: | [Date Prev] [Date Next] | [Thread Prev] [Thread Next] |
Other format: | [Raw text] |
Native configuration is i686-pc-linux-gnu === gcc tests === Running target unix FAIL: gcc.target/i386/pr45234.c (internal compiler error) FAIL: gcc.target/i386/pr45234.c (test for excess errors) === gcc Summary === # of expected passes 58438 # of unexpected failures 2 # of expected failures 193 # of unsupported tests 461 /export/build/gnu/gcc-4.4/build-i686-linux/gcc/xgcc version 4.4.5 20100922 (prerelease) (GCC) === gfortran tests === Running target unix === gfortran Summary === # of expected passes 30294 # of expected failures 13 # of unsupported tests 108 /export/build/gnu/gcc-4.4/build-i686-linux/gcc/testsuite/gfortran/../../gfortran version 4.4.5 20100922 (prerelease) (GCC) === g++ tests === Running target unix === g++ Summary === # of expected passes 20288 # of expected failures 157 # of unsupported tests 101 /export/build/gnu/gcc-4.4/build-i686-linux/gcc/testsuite/g++/../../g++ version 4.4.5 20100922 (prerelease) (GCC) === objc tests === Running target unix === objc Summary === # of expected passes 1874 # of expected failures 7 # of unsupported tests 24 /export/build/gnu/gcc-4.4/build-i686-linux/gcc/xgcc version 4.4.5 20100922 (prerelease) (GCC) === libffi tests === Running target unix === libffi Summary === # of expected passes 1389 # of unsupported tests 10 === libgomp tests === Running target unix === libgomp Summary === # of expected passes 2476 === libjava tests === Running target unix === libjava Summary === # of expected passes 2574 === libmudflap tests === Running target unix FAIL: libmudflap.c++/pass41-frag.cxx execution test FAIL: libmudflap.c++/pass41-frag.cxx ( -O) execution test FAIL: libmudflap.c++/pass41-frag.cxx (-O2) execution test FAIL: libmudflap.c++/pass41-frag.cxx (-O3) execution test FAIL: libmudflap.cth/pass39-frag.c (-O3) (rerun 19) execution test FAIL: libmudflap.cth/pass39-frag.c (-O3) (rerun 19) output pattern test === libmudflap Summary === # of expected passes 1421 # of unexpected failures 6 === libstdc++ tests === Running target unix === libstdc++ Summary === # of expected passes 6510 # of expected failures 80 # of unsupported tests 18 Compiler version: 4.4.5 20100922 (prerelease) (GCC) Platform: i686-pc-linux-gnu configure flags: --enable-clocale=gnu --with-system-zlib --with-demangler-in-ld --enable-shared --enable-threads=posix --enable-haifa --prefix=/usr/gcc-4.4.5 --with-local-prefix=/usr/local
Index Nav: | [Date Index] [Subject Index] [Author Index] [Thread Index] | |
---|---|---|
Message Nav: | [Date Prev] [Date Next] | [Thread Prev] [Thread Next] |