This is the mail archive of the
gcc-testresults@gcc.gnu.org
mailing list for the GCC project.
Results for 4.6.0 20100914 (experimental) [trunk revision 164288] (GCC) testsuite on i686-pc-linux-gnu
- From: hjl at gnu-3 dot sc dot intel dot com (H.J. Lu (ia32-AVX SDE))
- To: gcc-testresults at gcc dot gnu dot org
- Date: Wed, 15 Sep 2010 01:34:39 -0700 (PDT)
- Subject: Results for 4.6.0 20100914 (experimental) [trunk revision 164288] (GCC) testsuite on i686-pc-linux-gnu
LAST_UPDATED: Tue Sep 14 22:44:50 UTC 2010 (revision 164288)
Native configuration is i686-pc-linux-gnu
=== gcc tests ===
Running target emx-avx-sim
FAIL: gcc.c-torture/compile/limits-exprparen.c -O0 (internal compiler error)
FAIL: gcc.c-torture/compile/limits-exprparen.c -O0 (test for excess errors)
FAIL: gcc.c-torture/compile/limits-exprparen.c -O1 (internal compiler error)
FAIL: gcc.c-torture/compile/limits-exprparen.c -O1 (test for excess errors)
FAIL: gcc.c-torture/compile/limits-exprparen.c -O2 (internal compiler error)
FAIL: gcc.c-torture/compile/limits-exprparen.c -O2 (test for excess errors)
FAIL: gcc.c-torture/compile/limits-exprparen.c -O3 -fomit-frame-pointer (internal compiler error)
FAIL: gcc.c-torture/compile/limits-exprparen.c -O3 -fomit-frame-pointer (test for excess errors)
FAIL: gcc.c-torture/compile/limits-exprparen.c -O3 -g (internal compiler error)
FAIL: gcc.c-torture/compile/limits-exprparen.c -O3 -g (test for excess errors)
FAIL: gcc.c-torture/compile/limits-exprparen.c -Os (internal compiler error)
FAIL: gcc.c-torture/compile/limits-exprparen.c -Os (test for excess errors)
FAIL: gcc.c-torture/compile/limits-exprparen.c -O2 -flto (internal compiler error)
FAIL: gcc.c-torture/compile/limits-exprparen.c -O2 -flto (test for excess errors)
FAIL: gcc.c-torture/compile/limits-exprparen.c -O2 -fwhopr (internal compiler error)
FAIL: gcc.c-torture/compile/limits-exprparen.c -O2 -fwhopr (test for excess errors)
FAIL: gcc.dg/attr-ifunc-1.c execution test
FAIL: gcc.dg/attr-ifunc-3.c execution test
FAIL: gcc.dg/attr-ifunc-4.c execution test
FAIL: gcc.dg/attr-ifunc-5.c execution test
FAIL: gcc.dg/cproj-fails-with-broken-glibc.c execution test
XPASS: gcc.dg/tree-ssa/20031106-3.c scan-tree-dump-times optimized "link_error" 0
XPASS: gcc.dg/tree-ssa/20040204-1.c scan-tree-dump-times optimized "link_error" 0
XPASS: gcc.dg/tree-ssa/fre-vce-1.c scan-tree-dump-times fre "sv.i" 2
FAIL: gcc.dg/tree-ssa/gen-vect-11b.c scan-tree-dump-times vect "vectorized 0 loops" 1
FAIL: gcc.dg/tree-ssa/gen-vect-11c.c scan-tree-dump-times vect "vectorized 0 loops" 1
FAIL: gcc.misc-tests/i386-pf-none-1.c scan-assembler-not fetch
FAIL: gcc.misc-tests/i386-pf-none-1.c scan-assembler-not fetch
FAIL: gcc.misc-tests/i386-pf-none-1.c scan-assembler-not fetch
FAIL: gcc.misc-tests/i386-pf-none-1.c scan-assembler-not fetch
FAIL: gcc.misc-tests/i386-pf-none-1.c scan-assembler-not fetch
FAIL: gcc.misc-tests/i386-pf-none-1.c scan-assembler-not fetch
FAIL: gcc.misc-tests/i386-pf-none-1.c scan-assembler-not fetch
FAIL: gcc.misc-tests/i386-pf-none-1.c scan-assembler-not fetch
FAIL: gcc.misc-tests/i386-pf-none-1.c scan-assembler-not fetch
FAIL: gcc.misc-tests/i386-pf-none-1.c scan-assembler-not fetch
FAIL: gcc.misc-tests/i386-pf-none-1.c scan-assembler-not fetch
FAIL: gcc.misc-tests/i386-pf-none-1.c scan-assembler-not fetch
FAIL: gcc.misc-tests/i386-pf-none-1.c scan-assembler-not fetch
FAIL: gcc.misc-tests/i386-pf-none-1.c scan-assembler-not fetch
FAIL: gcc.misc-tests/i386-pf-3dnow-1.c scan-assembler-not prefetchnta
FAIL: gcc.misc-tests/i386-pf-3dnow-1.c scan-assembler-not prefetcht
FAIL: gcc.misc-tests/i386-pf-3dnow-1.c scan-assembler-not prefetchnta
FAIL: gcc.misc-tests/i386-pf-3dnow-1.c scan-assembler-not prefetcht
FAIL: gcc.misc-tests/i386-pf-3dnow-1.c scan-assembler-not prefetchnta
FAIL: gcc.misc-tests/i386-pf-3dnow-1.c scan-assembler-not prefetcht
FAIL: gcc.target/i386/387-7.c scan-assembler fsincos
FAIL: gcc.target/i386/387-8.c scan-assembler fptan
FAIL: gcc.target/i386/387-9.c scan-assembler fsincos
FAIL: gcc.target/i386/387-9.c scan-assembler-not call
FAIL: gcc.target/i386/avx-vaddsubpd-1.c execution test
FAIL: gcc.target/i386/avx-vaddsubpd-256-1.c execution test
FAIL: gcc.target/i386/avx-vaddsubps-1.c execution test
FAIL: gcc.target/i386/avx-vaddsubps-256-1.c execution test
FAIL: gcc.target/i386/defines-1.c (test for excess errors)
FAIL: gcc.target/i386/funcspec-1.c scan-assembler fsubs[ \\t]
FAIL: gcc.target/i386/funcspec-10.c scan-assembler-not cmov
FAIL: gcc.target/i386/funcspec-8.c (test for errors, line 28)
FAIL: gcc.target/i386/funcspec-8.c (test for errors, line 47)
FAIL: gcc.target/i386/funcspec-8.c (test for errors, line 66)
FAIL: gcc.target/i386/funcspec-8.c (test for errors, line 85)
FAIL: gcc.target/i386/funcspec-8.c (test for errors, line 104)
FAIL: gcc.target/i386/funcspec-8.c (test for errors, line 123)
FAIL: gcc.target/i386/funcspec-8.c (test for errors, line 142)
FAIL: gcc.target/i386/funcspec-8.c (test for errors, line 161)
FAIL: gcc.target/i386/funcspec-8.c (test for excess errors)
FAIL: gcc.target/i386/incoming-9.c scan-assembler-not andl[\\\\t ]*\\\\\$-16,[\\\\t ]*%esp
FAIL: gcc.target/i386/isa-1.c execution test
FAIL: gcc.target/i386/isa-10.c execution test
FAIL: gcc.target/i386/isa-11.c execution test
FAIL: gcc.target/i386/isa-12.c execution test
FAIL: gcc.target/i386/isa-13.c execution test
FAIL: gcc.target/i386/isa-14.c execution test
FAIL: gcc.target/i386/isa-4.c execution test
FAIL: gcc.target/i386/isa-5.c execution test
FAIL: gcc.target/i386/isa-6.c execution test
FAIL: gcc.target/i386/isa-7.c execution test
FAIL: gcc.target/i386/isa-9.c execution test
FAIL: gcc.target/i386/parity-1.c scan-assembler setnp
FAIL: gcc.target/i386/parity-2.c scan-assembler setnp
FAIL: gcc.target/i386/pr38824.c scan-assembler-not addps[^\\\\n]*%[er]
FAIL: gcc.target/i386/pr39162.c (test for warnings, line 7)
FAIL: gcc.target/i386/sse-19.c scan-assembler punpcklbw
FAIL: gcc.target/i386/sse-5.c (test for warnings, line 8)
FAIL: gcc.target/i386/sse3-addsubpd.c execution test
FAIL: gcc.target/i386/sse3-addsubps.c execution test
FAIL: gcc.target/i386/ssefn-1.c scan-assembler-not movsd
FAIL: gcc.target/i386/ssefn-1.c scan-assembler-not mulsd
FAIL: gcc.target/i386/sseregparm-2.c (test for errors, line 7)
FAIL: gcc.target/i386/sseregparm-2.c (test for errors, line 8)
FAIL: gcc.target/i386/sseregparm-8.c (test for errors, line 13)
FAIL: gcc.target/i386/sseregparm-8.c (test for errors, line 14)
FAIL: gcc.target/i386/sseregparm-8.c (test for errors, line 15)
FAIL: gcc.target/i386/sseregparm-8.c (test for errors, line 16)
FAIL: gcc.target/i386/vecinit-1.c scan-assembler-not xor
FAIL: gcc.target/i386/vecinit-2.c scan-assembler-not xor
FAIL: gcc.target/i386/xorps-sse.c scan-assembler xorps[ \\t]
=== gcc Summary ===
# of expected passes 73978
# of unexpected failures 94
# of unexpected successes 3
# of expected failures 203
# of unsupported tests 624
/export/build/gnu/gcc-avx/build-i686-linux/gcc/xgcc version 4.6.0 20100914 (experimental) [trunk revision 164288] (GCC)
=== gfortran tests ===
Running target emx-avx-sim
WARNING: program timed out.
FAIL: gfortran.dg/vect/fast-math-pr38968.f90 execution test
=== gfortran Summary ===
# of expected passes 36511
# of unexpected failures 1
# of expected failures 41
# of unsupported tests 170
/export/build/gnu/gcc-avx/build-i686-linux/gcc/testsuite/gfortran/../../gfortran version 4.6.0 20100914 (experimental) [trunk revision 164288] (GCC)
=== g++ tests ===
Running target emx-avx-sim
FAIL: g++.dg/ext/attr-ifunc-1.C execution test
FAIL: g++.dg/ext/attr-ifunc-2.C execution test
FAIL: g++.dg/ext/attr-ifunc-3.C execution test
FAIL: g++.dg/ext/attr-ifunc-4.C execution test
WARNING: program timed out.
=== g++ Summary ===
# of expected passes 24886
# of unexpected failures 4
# of expected failures 149
# of unsupported tests 121
/export/build/gnu/gcc-avx/build-i686-linux/gcc/testsuite/g++/../../g++ version 4.6.0 20100914 (experimental) [trunk revision 164288] (GCC)
=== objc tests ===
Running target emx-avx-sim
=== objc Summary ===
# of expected passes 2038
# of expected failures 7
# of unsupported tests 20
/export/build/gnu/gcc-avx/build-i686-linux/gcc/xgcc version 4.6.0 20100914 (experimental) [trunk revision 164288] (GCC)
=== libffi tests ===
Running target emx-avx-sim
=== libffi Summary ===
# of expected passes 1624
# of expected failures 10
# of unsupported tests 15
=== libgomp tests ===
Running target emx-avx-sim
=== libgomp Summary ===
# of expected passes 2494
=== libjava tests ===
Running target emx-avx-sim
FAIL: Array_3 execution - source compiled test
FAIL: Array_3 -findirect-dispatch execution - source compiled test
FAIL: Array_3 -O3 -findirect-dispatch execution - source compiled test
=== libjava Summary ===
# of expected passes 2568
# of unexpected failures 3
# of untested testcases 3
=== libmudflap tests ===
Running target emx-avx-sim
FAIL: libmudflap.c/pass49-frag.c execution test
FAIL: libmudflap.c/pass49-frag.c output pattern test
FAIL: libmudflap.c/pass49-frag.c execution test
FAIL: libmudflap.c/pass49-frag.c output pattern test
FAIL: libmudflap.c/pass49-frag.c (-static) execution test
FAIL: libmudflap.c/pass49-frag.c (-static) output pattern test
FAIL: libmudflap.c/pass49-frag.c (-static) execution test
FAIL: libmudflap.c/pass49-frag.c (-static) output pattern test
FAIL: libmudflap.c/pass49-frag.c (-O2) execution test
FAIL: libmudflap.c/pass49-frag.c (-O2) output pattern test
FAIL: libmudflap.c/pass49-frag.c (-O2) execution test
FAIL: libmudflap.c/pass49-frag.c (-O2) output pattern test
FAIL: libmudflap.c/pass49-frag.c (-O3) execution test
FAIL: libmudflap.c/pass49-frag.c (-O3) output pattern test
FAIL: libmudflap.c/pass49-frag.c (-O3) execution test
FAIL: libmudflap.c/pass49-frag.c (-O3) output pattern test
FAIL: libmudflap.c++/pass41-frag.cxx execution test
FAIL: libmudflap.c++/pass41-frag.cxx (-static) execution test
FAIL: libmudflap.c++/pass41-frag.cxx (-O2) execution test
FAIL: libmudflap.c++/pass41-frag.cxx (-O3) execution test
=== libmudflap Summary ===
# of expected passes 1874
# of unexpected failures 20
=== libstdc++ tests ===
Running target emx-avx-sim
FAIL: 21_strings/basic_string/cons/char/1.cc execution test
FAIL: 21_strings/basic_string/cons/wchar_t/1.cc execution test
FAIL: 21_strings/basic_string/init-list.cc execution test
FAIL: 21_strings/basic_string/insert/char/1.cc execution test
FAIL: 21_strings/basic_string/insert/wchar_t/1.cc execution test
FAIL: 22_locale/locale/cons/12438.cc execution test
FAIL: 23_containers/map/init-list.cc execution test
FAIL: 23_containers/multimap/init-list.cc execution test
FAIL: 23_containers/multiset/init-list.cc execution test
FAIL: 23_containers/set/init-list.cc execution test
FAIL: 23_containers/unordered_map/init-list.cc execution test
FAIL: 23_containers/unordered_multimap/init-list.cc execution test
FAIL: 23_containers/unordered_multiset/init-list.cc execution test
FAIL: 23_containers/unordered_set/init-list.cc execution test
FAIL: 26_numerics/valarray/init-list.cc execution test
FAIL: 27_io/ios_base/storage/1.cc execution test
FAIL: 27_io/ios_base/storage/2.cc execution test
FAIL: 27_io/ios_base/storage/3.cc execution test
FAIL: abi/demangle/regression/cw-13.cc execution test
FAIL: ext/pb_ds/regression/list_update_no_data_map_rand.cc execution test
FAIL: ext/vstring/init-list.cc execution test
=== libstdc++ Summary ===
# of expected passes 7908
# of unexpected failures 21
# of expected failures 85
# of unsupported tests 90
Compiler version: 4.6.0 20100914 (experimental) [trunk revision 164288] (GCC)
Platform: i686-pc-linux-gnu
configure flags: --enable-clocale=gnu --with-system-zlib --enable-checking=assert -with-plugin-ld=ld.gold --enable-gold --with-demangler-in-ld --enable-shared --enable-threads=posix --enable-haifa --prefix=/usr/gcc-4.5-avx --with-local-prefix=/usr/local --with-fpmath=sse