This is the mail archive of the
gcc-testresults@gcc.gnu.org
mailing list for the GCC project.
Results for 4.4.5 20100910 (prerelease) [gcc-4_4-branch revision 164202] (GCC) testsuite on powerpc64-unknown-linux-gnu
- From: Pat Haugen <pthaugen at us dot ibm dot com>
- To: gcc-testresults at gcc dot gnu dot org
- Date: Fri, 10 Sep 2010 19:40:48 -0700
- Subject: Results for 4.4.5 20100910 (prerelease) [gcc-4_4-branch revision 164202] (GCC) testsuite on powerpc64-unknown-linux-gnu
Linux 2.6.16.46-0.4-ppc64 ppc64
GNU C Library development release version 2.4 (20070330)
GNU ld (GNU Binutils) 2.20
GNU assembler (GNU Binutils) 2.20
GNU Make 3.80
DejaGnu:
Expect version is 5.43.0
Tcl version is 8.4
Framework version is 1.4.4
32-bit biarch default32
LAST_UPDATED: Fri Sep 10 18:27:43 UTC 2010 (revision 164202)
Native configuration is powerpc64-unknown-linux-gnu
=== gcc tests ===
Running target unix/-m32
FAIL: gcc.c-torture/execute/pr40386.c compilation, -O0
UNRESOLVED: gcc.c-torture/execute/pr40386.c execution, -O0
FAIL: gcc.c-torture/execute/pr40386.c compilation, -O1
UNRESOLVED: gcc.c-torture/execute/pr40386.c execution, -O1
FAIL: gcc.c-torture/execute/pr40386.c compilation, -O2
UNRESOLVED: gcc.c-torture/execute/pr40386.c execution, -O2
FAIL: gcc.c-torture/execute/pr40386.c compilation, -O3 -fomit-frame-pointer
UNRESOLVED: gcc.c-torture/execute/pr40386.c execution, -O3 -fomit-frame-pointer
FAIL: gcc.c-torture/execute/pr40386.c compilation, -O3 -g
UNRESOLVED: gcc.c-torture/execute/pr40386.c execution, -O3 -g
FAIL: gcc.c-torture/execute/pr40386.c compilation, -Os
UNRESOLVED: gcc.c-torture/execute/pr40386.c execution, -Os
FAIL: gcc.dg/redecl-1.c (test for warnings, line 97)
FAIL: gcc.dg/redecl-1.c (test for excess errors)
FAIL: gcc.dg/tree-ssa/pr42585.c scan-tree-dump-times optimized "struct _fat_ptr _ans" 0
FAIL: gcc.dg/tree-ssa/pr42585.c scan-tree-dump-times optimized "struct _fat_ptr _T2" 0
=== gcc Summary for unix/-m32 ===
# of expected passes 54810
# of unexpected failures 10
# of expected failures 191
# of unresolved testcases 6
# of unsupported tests 569
Running target unix/-m64
FAIL: gcc.c-torture/execute/pr40386.c compilation, -O0
UNRESOLVED: gcc.c-torture/execute/pr40386.c execution, -O0
FAIL: gcc.c-torture/execute/pr40386.c compilation, -O1
UNRESOLVED: gcc.c-torture/execute/pr40386.c execution, -O1
FAIL: gcc.c-torture/execute/pr40386.c compilation, -O2
UNRESOLVED: gcc.c-torture/execute/pr40386.c execution, -O2
FAIL: gcc.c-torture/execute/pr40386.c compilation, -O3 -fomit-frame-pointer
UNRESOLVED: gcc.c-torture/execute/pr40386.c execution, -O3 -fomit-frame-pointer
FAIL: gcc.c-torture/execute/pr40386.c compilation, -O3 -g
UNRESOLVED: gcc.c-torture/execute/pr40386.c execution, -O3 -g
FAIL: gcc.c-torture/execute/pr40386.c compilation, -Os
UNRESOLVED: gcc.c-torture/execute/pr40386.c execution, -Os
FAIL: gcc.dg/c99-vla-jump-3.c (test for errors, line 299)
FAIL: gcc.dg/c99-vla-jump-3.c (test for errors, line 300)
FAIL: gcc.dg/c99-vla-jump-3.c (test for errors, line 301)
FAIL: gcc.dg/c99-vla-jump-3.c (test for errors, line 302)
FAIL: gcc.dg/c99-vla-jump-3.c (test for excess errors)
FAIL: gcc.dg/tree-ssa/pr42585.c scan-tree-dump-times optimized "struct _fat_ptr _ans" 0
FAIL: gcc.dg/tree-ssa/pr42585.c scan-tree-dump-times optimized "struct _fat_ptr _T2" 0
=== gcc Summary for unix/-m64 ===
# of expected passes 54653
# of unexpected failures 13
# of expected failures 195
# of unresolved testcases 6
# of unsupported tests 634
=== gcc Summary ===
# of expected passes 109463
# of unexpected failures 23
# of expected failures 386
# of unresolved testcases 12
# of unsupported tests 1203
/home/gccbuild/build/nightly/build-gcc-4.4/gcc/xgcc version 4.4.5 20100910 (prerelease) [gcc-4_4-branch revision 164202] (GCC)
=== gfortran tests ===
Running target unix/-m32
XPASS: gfortran.dg/default_format_denormal_2.f90 -O0 execution test
XPASS: gfortran.dg/default_format_denormal_2.f90 -O1 execution test
XPASS: gfortran.dg/default_format_denormal_2.f90 -O2 execution test
XPASS: gfortran.dg/default_format_denormal_2.f90 -O3 -fomit-frame-pointer execution test
XPASS: gfortran.dg/default_format_denormal_2.f90 -O3 -fomit-frame-pointer -funroll-loops execution test
XPASS: gfortran.dg/default_format_denormal_2.f90 -O3 -fomit-frame-pointer -funroll-all-loops -finline-functions execution test
XPASS: gfortran.dg/default_format_denormal_2.f90 -O3 -g execution test
XPASS: gfortran.dg/default_format_denormal_2.f90 -Os execution test
=== gfortran Summary for unix/-m32 ===
# of expected passes 30215
# of unexpected successes 8
# of expected failures 26
# of unsupported tests 127
Running target unix/-m64
XPASS: gfortran.dg/default_format_denormal_2.f90 -O0 execution test
XPASS: gfortran.dg/default_format_denormal_2.f90 -O1 execution test
XPASS: gfortran.dg/default_format_denormal_2.f90 -O2 execution test
XPASS: gfortran.dg/default_format_denormal_2.f90 -O3 -fomit-frame-pointer execution test
XPASS: gfortran.dg/default_format_denormal_2.f90 -O3 -fomit-frame-pointer -funroll-loops execution test
XPASS: gfortran.dg/default_format_denormal_2.f90 -O3 -fomit-frame-pointer -funroll-all-loops -finline-functions execution test
XPASS: gfortran.dg/default_format_denormal_2.f90 -O3 -g execution test
XPASS: gfortran.dg/default_format_denormal_2.f90 -Os execution test
=== gfortran Summary for unix/-m64 ===
# of expected passes 30380
# of unexpected successes 8
# of expected failures 26
# of unsupported tests 46
=== gfortran Summary ===
# of expected passes 60595
# of unexpected successes 16
# of expected failures 52
# of unsupported tests 173
/home/gccbuild/build/nightly/build-gcc-4.4/gcc/testsuite/gfortran/../../gfortran version 4.4.5 20100910 (prerelease) [gcc-4_4-branch revision 164202] (GCC)
=== g++ tests ===
Running target unix/-m32
=== g++ Summary for unix/-m32 ===
# of expected passes 19772
# of expected failures 157
# of unsupported tests 140
Running target unix/-m64
=== g++ Summary for unix/-m64 ===
# of expected passes 19738
# of expected failures 157
# of unsupported tests 142
=== g++ Summary ===
# of expected passes 39510
# of expected failures 314
# of unsupported tests 282
/home/gccbuild/build/nightly/build-gcc-4.4/gcc/testsuite/g++/../../g++ version 4.4.5 20100910 (prerelease) [gcc-4_4-branch revision 164202] (GCC)
=== obj-c++ tests ===
Running target unix/-m32
WARNING: obj-c++.dg/lookup-2.mm compilation failed to produce executable
WARNING: obj-c++.dg/try-catch-2.mm compilation failed to produce executable
WARNING: obj-c++.dg/try-catch-9.mm compilation failed to produce executable
=== obj-c++ Summary for unix/-m32 ===
# of expected passes 438
# of expected failures 10
# of unsupported tests 13
Running target unix/-m64
WARNING: obj-c++.dg/lookup-2.mm compilation failed to produce executable
WARNING: obj-c++.dg/try-catch-2.mm compilation failed to produce executable
WARNING: obj-c++.dg/try-catch-9.mm compilation failed to produce executable
=== obj-c++ Summary for unix/-m64 ===
# of expected passes 427
# of expected failures 21
# of unsupported tests 13
=== obj-c++ Summary ===
# of expected passes 865
# of expected failures 31
# of unsupported tests 26
/home/gccbuild/build/nightly/build-gcc-4.4/gcc/testsuite/obj-c++/../../g++ version 4.4.5 20100910 (prerelease) [gcc-4_4-branch revision 164202] (GCC)
=== objc tests ===
Running target unix/-m32
=== objc Summary for unix/-m32 ===
# of expected passes 1866
# of expected failures 15
# of unsupported tests 24
Running target unix/-m64
=== objc Summary for unix/-m64 ===
# of expected passes 1866
# of expected failures 15
# of unsupported tests 24
=== objc Summary ===
# of expected passes 3732
# of expected failures 30
# of unsupported tests 48
/home/gccbuild/build/nightly/build-gcc-4.4/gcc/xgcc version 4.4.5 20100910 (prerelease) [gcc-4_4-branch revision 164202] (GCC)
=== libgomp tests ===
Running target unix/-m32
=== libgomp Summary for unix/-m32 ===
# of expected passes 2476
Running target unix/-m64
=== libgomp Summary for unix/-m64 ===
# of expected passes 2476
=== libgomp Summary ===
# of expected passes 4952
=== libmudflap tests ===
Running target unix/-m32
FAIL: libmudflap.c++/pass41-frag.cxx execution test
FAIL: libmudflap.c++/pass41-frag.cxx (-static) execution test
FAIL: libmudflap.c++/pass41-frag.cxx ( -O) execution test
FAIL: libmudflap.c++/pass41-frag.cxx (-O2) execution test
FAIL: libmudflap.c++/pass41-frag.cxx (-O3) execution test
=== libmudflap Summary for unix/-m32 ===
# of expected passes 1889
# of unexpected failures 5
Running target unix/-m64
FAIL: libmudflap.c++/pass41-frag.cxx execution test
FAIL: libmudflap.c++/pass41-frag.cxx (-static) execution test
FAIL: libmudflap.c++/pass41-frag.cxx ( -O) execution test
FAIL: libmudflap.c++/pass41-frag.cxx (-O2) execution test
FAIL: libmudflap.c++/pass41-frag.cxx (-O3) execution test
=== libmudflap Summary for unix/-m64 ===
# of expected passes 1889
# of unexpected failures 5
=== libmudflap Summary ===
# of expected passes 3778
# of unexpected failures 10
=== libstdc++ tests ===
Running target unix/-m32
FAIL: abi_check
=== libstdc++ Summary for unix/-m32 ===
# of expected passes 6506
# of unexpected failures 1
# of expected failures 80
# of unsupported tests 15
Running target unix/-m64
XPASS: 26_numerics/complex/13450.cc execution test
XPASS: 26_numerics/complex/complex_value.cc execution test
XPASS: 26_numerics/complex/pow.cc execution test
=== libstdc++ Summary for unix/-m64 ===
# of expected passes 6504
# of unexpected successes 3
# of expected failures 80
# of unsupported tests 15
=== libstdc++ Summary ===
# of expected passes 13010
# of unexpected failures 1
# of unexpected successes 3
# of expected failures 160
# of unsupported tests 30
Compiler version: 4.4.5 20100910 (prerelease) [gcc-4_4-branch revision 164202] (GCC)
Platform: powerpc64-unknown-linux-gnu
configure flags: --prefix=/opt/gcc-nightly/4.4-20100910 --build=powerpc64-linux --host=powerpc64-linux --target=powerpc64-linux --with-cpu=default32 --with-as=/opt/gcc-nightly/binutils-2.20/bin/as --with-ld=/opt/gcc-nightly/binutils-2.20/bin/ld --enable-threads=posix --enable-shared --enable-__cxa_atexit --enable-languages=c,c++,fortran,objc,obj-c++ --with-long-double-128 --enable-secureplt --enable-checking --disable-alsa --with-gmp=/opt/gcc-nightly/gmp-mpfr --with-mpfr=/opt/gcc-nightly/gmp-mpfr