This is the mail archive of the
gcc-testresults@gcc.gnu.org
mailing list for the GCC project.
Results for 4.6.0 20100903 (experimental) (GCC) testsuite on sparc-sun-solaris2.11
- From: Rainer Orth <ro at CeBiTec dot Uni-Bielefeld dot DE>
- To: gcc-testresults at gcc dot gnu dot org
- Date: Wed, 8 Sep 2010 20:11:54 +0200 (MEST)
- Subject: Results for 4.6.0 20100903 (experimental) (GCC) testsuite on sparc-sun-solaris2.11
=== acats tests ===
FAIL: c34005a
FAIL: c52103x
FAIL: c52104x
FAIL: c52104y
FAIL: cb1010a
FAIL: cb1010c
FAIL: cb1010d
=== acats Summary ===
# of expected passes 2314
# of unexpected failures 7
Native configuration is sparc-sun-solaris2.11
=== g++ tests ===
Running target unix
FAIL: g++.dg/lto/20081109 cp_lto_20081109_0.o-cp_lto_20081109_1.o execute -O2 -fwhopr
=== g++ Summary for unix ===
# of expected passes 23634
# of unexpected failures 1
# of expected failures 150
# of unsupported tests 234
Running target unix/-m64
FAIL: g++.dg/lto/20081109 cp_lto_20081109_0.o-cp_lto_20081109_1.o execute -O2 -fwhopr
=== g++ Summary for unix/-m64 ===
# of expected passes 24246
# of unexpected failures 1
# of expected failures 150
# of unsupported tests 231
=== g++ Summary ===
# of expected passes 47880
# of unexpected failures 2
# of expected failures 300
# of unsupported tests 465
/var/gcc/regression/trunk/11-gcc/build/gcc/testsuite/g++/../../g++ version 4.6.0 20100903 (experimental) (GCC)
=== gcc tests ===
Running target unix
WARNING: program timed out.
FAIL: gcc.c-torture/compile/limits-fnargs.c -O2 (test for excess errors)
WARNING: program timed out.
FAIL: gcc.c-torture/compile/limits-fnargs.c -O3 -fomit-frame-pointer (test for excess errors)
WARNING: program timed out.
FAIL: gcc.c-torture/compile/limits-fnargs.c -O3 -g (test for excess errors)
WARNING: program timed out.
FAIL: gcc.c-torture/compile/limits-fnargs.c -O2 -flto (test for excess errors)
WARNING: program timed out.
FAIL: gcc.c-torture/compile/limits-fnargs.c -O2 -fwhopr (test for excess errors)
FAIL: gcc.dg/cpp/pragma-float-const-decimal64-1.c (test for warnings, line 4)
FAIL: gcc.dg/nodfp-1.c reject decimal float (test for errors, line 4)
FAIL: gcc.dg/nodfp-1.c reject decimal float (test for errors, line 5)
FAIL: gcc.dg/nodfp-1.c reject decimal float (test for errors, line 6)
FAIL: gcc.dg/tree-prof/bb-reorg.c compilation, -fprofile-use -D_PROFILE_USE (internal compiler error)
UNRESOLVED: gcc.dg/tree-prof/bb-reorg.c execution, -fprofile-use -D_PROFILE_USE
XPASS: gcc.dg/tree-ssa/20031106-3.c scan-tree-dump-times optimized "link_error" 0
XPASS: gcc.dg/tree-ssa/20040204-1.c scan-tree-dump-times optimized "link_error" 0
XPASS: gcc.dg/tree-ssa/fre-vce-1.c scan-tree-dump-times fre "sv.i" 2
FAIL: gcc.dg/tree-ssa/predcom-1.c (test for excess errors)
WARNING: gcc.dg/tree-ssa/predcom-1.c compilation failed to produce executable
FAIL: gcc.dg/tree-ssa/predcom-1.c scan-tree-dump-times pcom "Unrolling 2 times." 2
FAIL: gcc.dg/tree-ssa/predcom-1.c scan-tree-dump-times pcom "looparound ref" 1
FAIL: gcc.dg/tree-ssa/predcom-2.c (test for excess errors)
WARNING: gcc.dg/tree-ssa/predcom-2.c compilation failed to produce executable
FAIL: gcc.dg/tree-ssa/predcom-2.c scan-tree-dump-times pcom "Unrolling 2 times." 2
FAIL: gcc.dg/tree-ssa/predcom-3.c (internal compiler error)
FAIL: gcc.dg/tree-ssa/predcom-3.c (test for excess errors)
FAIL: gcc.dg/tree-ssa/predcom-4.c (test for excess errors)
WARNING: gcc.dg/tree-ssa/predcom-4.c compilation failed to produce executable
FAIL: gcc.dg/tree-ssa/predcom-5.c (test for excess errors)
WARNING: gcc.dg/tree-ssa/predcom-5.c compilation failed to produce executable
XPASS: gcc.dg/vect/vect-peel-1.c scan-tree-dump-times vect "vectorized 1 loops" 2
XPASS: gcc.dg/vect/vect-peel-1.c scan-tree-dump-times vect "Alignment of access forced using peeling" 1
XPASS: gcc.dg/vect/vect-peel-2.c scan-tree-dump-times vect "vectorized 1 loops" 2
FAIL: gcc.dg/vect/vect-peel-3.c scan-tree-dump-times vect "vectorized 1 loops" 2
FAIL: gcc.dg/vect/vect-peel-3.c scan-tree-dump-times vect "Vectorizing an unaligned access" 1
FAIL: gcc.dg/vect/vect-peel-4.c scan-tree-dump-times vect "Vectorizing an unaligned access" 1
XPASS: gcc.dg/vect/vect-vfa-slp.c scan-tree-dump-times vect "vectorized 1 loops" 1
XPASS: gcc.dg/vect/slp-23.c scan-tree-dump-times vect "vectorizing stmts using SLP" 1
XPASS: gcc.dg/vect/slp-35.c scan-tree-dump-times vect "vectorized 1 loops" 1
XPASS: gcc.dg/vect/slp-35.c scan-tree-dump-times vect "vectorizing stmts using SLP" 1
FAIL: gcc.dg/vect/slp-reduc-3.c scan-tree-dump-times vect "vectorizing stmts using SLP" 1
FAIL: gcc.dg/vect/slp-reduc-6.c scan-tree-dump-times vect "vectorized 1 loops" 2
FAIL: gcc.dg/vect/no-section-anchors-vect-64.c scan-tree-dump-times vect "Alignment of access forced using peeling" 2
XPASS: gcc.dg/vect/no-tree-pre-slp-29.c scan-tree-dump-times vect "vectorized 1 loops" 2
XPASS: gcc.dg/vect/no-tree-pre-slp-29.c scan-tree-dump-times vect "vectorizing stmts using SLP" 2
=== gcc Summary for unix ===
# of expected passes 66053
# of unexpected failures 25
# of unexpected successes 12
# of expected failures 223
# of unresolved testcases 1
# of unsupported tests 924
Running target unix/-m64
WARNING: program timed out.
FAIL: gcc.c-torture/compile/limits-fnargs.c -O3 -g (test for excess errors)
FAIL: gcc.c-torture/execute/990326-1.c execution, -Os
FAIL: gcc.c-torture/execute/pr31448.c execution, -O2
FAIL: gcc.c-torture/execute/pr31448.c execution, -O3 -fomit-frame-pointer
FAIL: gcc.c-torture/execute/pr31448.c execution, -O3 -g
FAIL: gcc.c-torture/execute/pr31448.c execution, -O2 -flto
FAIL: gcc.c-torture/execute/pr31448.c execution, -O2 -fwhopr
FAIL: gcc.dg/cpp/pragma-float-const-decimal64-1.c (test for warnings, line 4)
FAIL: gcc.dg/cpp/trad/include.c (internal compiler error)
FAIL: gcc.dg/cpp/trad/include.c (test for excess errors)
FAIL: gcc.dg/nodfp-1.c reject decimal float (test for errors, line 4)
FAIL: gcc.dg/nodfp-1.c reject decimal float (test for errors, line 5)
FAIL: gcc.dg/nodfp-1.c reject decimal float (test for errors, line 6)
XPASS: gcc.dg/tree-ssa/20031106-3.c scan-tree-dump-times optimized "link_error" 0
XPASS: gcc.dg/tree-ssa/20040204-1.c scan-tree-dump-times optimized "link_error" 0
XPASS: gcc.dg/tree-ssa/fre-vce-1.c scan-tree-dump-times fre "sv.i" 2
XPASS: gcc.dg/vect/pr33804.c scan-tree-dump-times vect "vectorized 1 loops" 1
XPASS: gcc.dg/vect/pr33804.c scan-tree-dump-times vect "vectorizing stmts using SLP" 1
XPASS: gcc.dg/vect/vect-peel-1.c scan-tree-dump-times vect "vectorized 1 loops" 2
XPASS: gcc.dg/vect/vect-peel-1.c scan-tree-dump-times vect "Alignment of access forced using peeling" 1
XPASS: gcc.dg/vect/vect-peel-2.c scan-tree-dump-times vect "vectorized 1 loops" 2
FAIL: gcc.dg/vect/vect-peel-3.c scan-tree-dump-times vect "vectorized 1 loops" 2
FAIL: gcc.dg/vect/vect-peel-3.c scan-tree-dump-times vect "Vectorizing an unaligned access" 1
FAIL: gcc.dg/vect/vect-peel-4.c scan-tree-dump-times vect "Vectorizing an unaligned access" 1
XPASS: gcc.dg/vect/vect-vfa-slp.c scan-tree-dump-times vect "vectorized 1 loops" 1
XPASS: gcc.dg/vect/slp-23.c scan-tree-dump-times vect "vectorizing stmts using SLP" 1
XPASS: gcc.dg/vect/slp-24.c scan-tree-dump-times vect "vectorized 1 loops" 1
XPASS: gcc.dg/vect/slp-24.c scan-tree-dump-times vect "vectorizing stmts using SLP" 2
XPASS: gcc.dg/vect/slp-35.c scan-tree-dump-times vect "vectorized 1 loops" 1
XPASS: gcc.dg/vect/slp-35.c scan-tree-dump-times vect "vectorizing stmts using SLP" 1
FAIL: gcc.dg/vect/slp-reduc-3.c scan-tree-dump-times vect "vectorizing stmts using SLP" 1
FAIL: gcc.dg/vect/slp-reduc-6.c scan-tree-dump-times vect "vectorized 1 loops" 2
FAIL: gcc.dg/vect/no-section-anchors-vect-64.c scan-tree-dump-times vect "Alignment of access forced using peeling" 2
XPASS: gcc.dg/vect/no-tree-pre-slp-29.c scan-tree-dump-times vect "vectorized 1 loops" 2
XPASS: gcc.dg/vect/no-tree-pre-slp-29.c scan-tree-dump-times vect "vectorizing stmts using SLP" 2
=== gcc Summary for unix/-m64 ===
# of expected passes 66698
# of unexpected failures 19
# of unexpected successes 16
# of expected failures 215
# of unsupported tests 928
=== gcc Summary ===
# of expected passes 132751
# of unexpected failures 44
# of unexpected successes 28
# of expected failures 438
# of unresolved testcases 1
# of unsupported tests 1852
/var/gcc/regression/trunk/11-gcc/build/gcc/xgcc version 4.6.0 20100903 (experimental) (GCC)
=== gfortran tests ===
Running target unix
FAIL: gfortran.dg/array_constructor_33.f90 -O (test for excess errors)
FAIL: gfortran.dg/dummy_procedure_1.f90 -O (test for errors, line 40)
FAIL: gfortran.dg/pr25923.f90 -O (test for warnings, line 13)
FAIL: gfortran.dg/pr25923.f90 -O (test for excess errors)
WARNING: program timed out.
=== gfortran Summary for unix ===
# of expected passes 36010
# of unexpected failures 4
# of expected failures 41
# of unsupported tests 182
Running target unix/-m64
FAIL: gfortran.dg/dummy_procedure_1.f90 -O (test for errors, line 40)
FAIL: gfortran.fortran-torture/execute/forall_7.f90 execution, -O2 -fomit-frame-pointer -finline-functions -funroll-loops
=== gfortran Summary for unix/-m64 ===
# of expected passes 36211
# of unexpected failures 2
# of expected failures 41
# of unsupported tests 85
=== gfortran Summary ===
# of expected passes 72221
# of unexpected failures 6
# of expected failures 82
# of unsupported tests 267
/var/gcc/regression/trunk/11-gcc/build/gcc/testsuite/gfortran/../../gfortran version 4.6.0 20100903 (experimental) (GCC)
=== gnat tests ===
Running target unix
FAIL: gnat.dg/null_pointer_deref2.adb execution test
FAIL: gnat.dg/stack_check1.adb execution test
FAIL: gnat.dg/stack_check2.adb execution test
=== gnat Summary for unix ===
# of expected passes 813
# of unexpected failures 3
# of expected failures 10
# of unsupported tests 6
Running target unix/-m64
FAIL: gnat.dg/null_pointer_deref2.adb execution test
FAIL: gnat.dg/stack_check1.adb execution test
FAIL: gnat.dg/stack_check2.adb execution test
=== gnat Summary for unix/-m64 ===
# of expected passes 813
# of unexpected failures 3
# of expected failures 10
# of unsupported tests 6
=== gnat Summary ===
# of expected passes 1626
# of unexpected failures 6
# of expected failures 20
# of unsupported tests 12
=== objc tests ===
Running target unix
=== objc Summary for unix ===
# of expected passes 1999
# of expected failures 15
# of unsupported tests 20
Running target unix/-m64
=== objc Summary for unix/-m64 ===
# of expected passes 1999
# of expected failures 15
# of unsupported tests 20
=== objc Summary ===
# of expected passes 3998
# of expected failures 30
# of unsupported tests 40
/var/gcc/regression/trunk/11-gcc/build/gcc/xgcc version 4.6.0 20100903 (experimental) (GCC)
=== libffi tests ===
Running target unix
=== libffi Summary for unix ===
# of expected passes 1624
# of expected failures 10
# of unsupported tests 15
Running target unix/-m64
=== libffi Summary for unix/-m64 ===
# of expected passes 1624
# of expected failures 10
# of unsupported tests 15
=== libffi Summary ===
# of expected passes 3248
# of expected failures 20
# of unsupported tests 30
=== libgomp tests ===
Running target unix
=== libgomp Summary for unix ===
# of expected passes 2476
# of unsupported tests 9
Running target unix/-m64
=== libgomp Summary for unix/-m64 ===
# of expected passes 2476
# of unsupported tests 9
=== libgomp Summary ===
# of expected passes 4952
# of unsupported tests 18
=== libjava tests ===
Running target unix
FAIL: TestClosureGC run
FAIL: Array_3 execution - source compiled test
FAIL: Array_3 -findirect-dispatch execution - source compiled test
FAIL: Array_3 -O3 execution - source compiled test
FAIL: Array_3 -O3 -findirect-dispatch execution - source compiled test
FAIL: Invoke_1 execution - source compiled test
FAIL: Invoke_1 -findirect-dispatch execution - source compiled test
FAIL: Invoke_1 -O3 execution - source compiled test
FAIL: Invoke_1 -O3 -findirect-dispatch execution - source compiled test
FAIL: PR218 execution - source compiled test
FAIL: PR218 -O3 execution - source compiled test
FAIL: StackTrace2 execution - source compiled test
FAIL: StackTrace2 -findirect-dispatch execution - source compiled test
FAIL: StackTrace2 -O3 execution - source compiled test
FAIL: StackTrace2 -O3 -findirect-dispatch execution - source compiled test
FAIL: Throw_2 execution - source compiled test
FAIL: Throw_2 -findirect-dispatch execution - source compiled test
FAIL: Throw_2 -O3 execution - source compiled test
FAIL: Throw_2 -O3 -findirect-dispatch execution - source compiled test
FAIL: Throw_3 execution - source compiled test
FAIL: Throw_3 -findirect-dispatch execution - source compiled test
FAIL: Throw_3 -O3 execution - source compiled test
FAIL: Throw_3 -O3 -findirect-dispatch execution - source compiled test
FAIL: pr83 -findirect-dispatch execution - source compiled test
FAIL: pr83 -O3 -findirect-dispatch execution - source compiled test
=== libjava Summary for unix ===
# of expected passes 2525
# of unexpected failures 25
# of untested testcases 25
Running target unix/-m64
FAIL: TestClosureGC run
FAIL: Array_3 execution - source compiled test
FAIL: Array_3 -findirect-dispatch execution - source compiled test
FAIL: Array_3 -O3 execution - source compiled test
FAIL: Array_3 -O3 -findirect-dispatch execution - source compiled test
FAIL: Invoke_1 execution - source compiled test
FAIL: Invoke_1 -findirect-dispatch execution - source compiled test
FAIL: Invoke_1 -O3 execution - source compiled test
FAIL: Invoke_1 -O3 -findirect-dispatch execution - source compiled test
FAIL: PR218 execution - source compiled test
FAIL: PR218 -O3 execution - source compiled test
FAIL: StackTrace2 execution - source compiled test
FAIL: StackTrace2 -findirect-dispatch execution - source compiled test
FAIL: StackTrace2 -O3 execution - source compiled test
FAIL: StackTrace2 -O3 -findirect-dispatch execution - source compiled test
FAIL: Throw_2 execution - source compiled test
FAIL: Throw_2 -findirect-dispatch execution - source compiled test
FAIL: Throw_2 -O3 execution - source compiled test
FAIL: Throw_2 -O3 -findirect-dispatch execution - source compiled test
FAIL: Throw_3 execution - source compiled test
FAIL: Throw_3 -findirect-dispatch execution - source compiled test
FAIL: Throw_3 -O3 execution - source compiled test
FAIL: Throw_3 -O3 -findirect-dispatch execution - source compiled test
FAIL: pr83 -findirect-dispatch execution - source compiled test
FAIL: pr83 -O3 -findirect-dispatch execution - source compiled test
=== libjava Summary for unix/-m64 ===
# of expected passes 2525
# of unexpected failures 25
# of untested testcases 25
=== libjava Summary ===
# of expected passes 5050
# of unexpected failures 50
# of untested testcases 50
=== libstdc++ tests ===
Running target unix
XPASS: 28_regex/07_traits/char/isctype.cc execution test
FAIL: 30_threads/async/42819.cc execution test
FAIL: 30_threads/async/any.cc execution test
FAIL: 30_threads/async/async.cc execution test
FAIL: 30_threads/async/sync.cc execution test
FAIL: 30_threads/call_once/39909.cc execution test
FAIL: 30_threads/call_once/call_once1.cc execution test
FAIL: 30_threads/future/members/get.cc execution test
FAIL: 30_threads/future/members/get2.cc execution test
FAIL: 30_threads/future/members/valid.cc execution test
FAIL: 30_threads/future/members/wait.cc execution test
FAIL: 30_threads/future/members/wait_for.cc execution test
FAIL: 30_threads/future/members/wait_until.cc execution test
FAIL: 30_threads/packaged_task/members/get_future.cc execution test
FAIL: 30_threads/packaged_task/members/invoke.cc execution test
FAIL: 30_threads/packaged_task/members/invoke2.cc execution test
FAIL: 30_threads/packaged_task/members/invoke3.cc execution test
FAIL: 30_threads/packaged_task/members/invoke4.cc execution test
FAIL: 30_threads/packaged_task/members/invoke5.cc execution test
FAIL: 30_threads/packaged_task/members/reset2.cc execution test
FAIL: 30_threads/promise/cons/move.cc execution test
FAIL: 30_threads/promise/cons/move_assign.cc execution test
FAIL: 30_threads/promise/members/get_future.cc execution test
FAIL: 30_threads/promise/members/set_exception.cc execution test
FAIL: 30_threads/promise/members/set_exception2.cc execution test
FAIL: 30_threads/promise/members/set_value.cc execution test
FAIL: 30_threads/promise/members/set_value2.cc execution test
FAIL: 30_threads/promise/members/set_value3.cc execution test
FAIL: 30_threads/promise/members/swap.cc execution test
FAIL: 30_threads/shared_future/members/get.cc execution test
FAIL: 30_threads/shared_future/members/get2.cc execution test
FAIL: 30_threads/shared_future/members/valid.cc execution test
FAIL: 30_threads/shared_future/members/wait.cc execution test
FAIL: 30_threads/shared_future/members/wait_for.cc execution test
FAIL: 30_threads/shared_future/members/wait_until.cc execution test
=== libstdc++ Summary for unix ===
# of expected passes 7070
# of unexpected failures 34
# of unexpected successes 1
# of expected failures 159
# of unsupported tests 366
Running target unix/-m64
FAIL: 26_numerics/random/mt19937_64.cc execution test
XPASS: 28_regex/07_traits/char/isctype.cc execution test
=== libstdc++ Summary for unix/-m64 ===
# of expected passes 7103
# of unexpected failures 1
# of unexpected successes 1
# of expected failures 159
# of unsupported tests 366
=== libstdc++ Summary ===
# of expected passes 14173
# of unexpected failures 35
# of unexpected successes 2
# of expected failures 318
# of unsupported tests 732
=== libstdc++ Summary ===
Compiler version: 4.6.0 20100903 (experimental) (GCC)
Platform: sparc-sun-solaris2.11
configure flags: --prefix=/vol/gcc --target=sparc-sun-solaris2.11 --with-gmp=/vol/gcc --with-mpfr=/vol/gcc --with-mpc=/vol/gcc --enable-languages=all,ada
BOOT_CFLAGS=-g -O2