This is the mail archive of the
gcc-testresults@gcc.gnu.org
mailing list for the GCC project.
Results for 4.6.0 20100903 (experimental) (GCC) testsuite on i386-pc-solaris2.11
- From: Rainer Orth <ro at CeBiTec dot Uni-Bielefeld dot DE>
- To: gcc-testresults at gcc dot gnu dot org
- Date: Wed, 8 Sep 2010 20:07:22 +0200 (MEST)
- Subject: Results for 4.6.0 20100903 (experimental) (GCC) testsuite on i386-pc-solaris2.11
=== acats tests ===
=== acats Summary ===
# of expected passes 2321
# of unexpected failures 0
Native configuration is i386-pc-solaris2.11
=== g++ tests ===
Running target unix
FAIL: g++.dg/compat/decimal/pass-1 cp_compat_x_tst.o-cp_compat_y_tst.o link
UNRESOLVED: g++.dg/compat/decimal/pass-1 cp_compat_x_tst.o-cp_compat_y_tst.o execute
FAIL: g++.dg/compat/decimal/pass-2 cp_compat_x_tst.o-cp_compat_y_tst.o link
UNRESOLVED: g++.dg/compat/decimal/pass-2 cp_compat_x_tst.o-cp_compat_y_tst.o execute
FAIL: g++.dg/compat/decimal/pass-3 cp_compat_x_tst.o-cp_compat_y_tst.o link
UNRESOLVED: g++.dg/compat/decimal/pass-3 cp_compat_x_tst.o-cp_compat_y_tst.o execute
FAIL: g++.dg/compat/decimal/pass-4 cp_compat_x_tst.o-cp_compat_y_tst.o link
UNRESOLVED: g++.dg/compat/decimal/pass-4 cp_compat_x_tst.o-cp_compat_y_tst.o execute
FAIL: g++.dg/compat/decimal/pass-5 cp_compat_x_tst.o-cp_compat_y_tst.o link
UNRESOLVED: g++.dg/compat/decimal/pass-5 cp_compat_x_tst.o-cp_compat_y_tst.o execute
FAIL: g++.dg/compat/decimal/pass-6 cp_compat_x_tst.o-cp_compat_y_tst.o link
UNRESOLVED: g++.dg/compat/decimal/pass-6 cp_compat_x_tst.o-cp_compat_y_tst.o execute
FAIL: g++.dg/compat/decimal/return-1 cp_compat_x_tst.o-cp_compat_y_tst.o link
UNRESOLVED: g++.dg/compat/decimal/return-1 cp_compat_x_tst.o-cp_compat_y_tst.o execute
FAIL: g++.dg/compat/decimal/return-2 cp_compat_x_tst.o-cp_compat_y_tst.o link
UNRESOLVED: g++.dg/compat/decimal/return-2 cp_compat_x_tst.o-cp_compat_y_tst.o execute
FAIL: g++.dg/compat/decimal/return-3 cp_compat_x_tst.o-cp_compat_y_tst.o link
UNRESOLVED: g++.dg/compat/decimal/return-3 cp_compat_x_tst.o-cp_compat_y_tst.o execute
FAIL: g++.dg/compat/decimal/return-4 cp_compat_x_tst.o-cp_compat_y_tst.o link
UNRESOLVED: g++.dg/compat/decimal/return-4 cp_compat_x_tst.o-cp_compat_y_tst.o execute
FAIL: g++.dg/compat/decimal/return-5 cp_compat_x_tst.o-cp_compat_y_tst.o link
UNRESOLVED: g++.dg/compat/decimal/return-5 cp_compat_x_tst.o-cp_compat_y_tst.o execute
FAIL: g++.dg/compat/decimal/return-6 cp_compat_x_tst.o-cp_compat_y_tst.o link
UNRESOLVED: g++.dg/compat/decimal/return-6 cp_compat_x_tst.o-cp_compat_y_tst.o execute
FAIL: c-c++-common/dfp/func-vararg-mixed-2.c (test for excess errors)
WARNING: c-c++-common/dfp/func-vararg-mixed-2.c compilation failed to produce executable
FAIL: c-c++-common/dfp/pr36800.c (test for excess errors)
WARNING: c-c++-common/dfp/pr36800.c compilation failed to produce executable
FAIL: c-c++-common/dfp/pr39034.c (test for excess errors)
WARNING: c-c++-common/dfp/pr39034.c compilation failed to produce executable
FAIL: c-c++-common/dfp/pr39035.c (test for excess errors)
WARNING: c-c++-common/dfp/pr39035.c compilation failed to produce executable
=== g++ Summary for unix ===
# of expected passes 24589
# of unexpected failures 16
# of expected failures 150
# of unresolved testcases 12
# of unsupported tests 157
Running target unix/-m64
FAIL: g++.dg/compat/decimal/pass-1 cp_compat_x_tst.o-cp_compat_y_tst.o link
UNRESOLVED: g++.dg/compat/decimal/pass-1 cp_compat_x_tst.o-cp_compat_y_tst.o execute
FAIL: g++.dg/compat/decimal/pass-2 cp_compat_x_tst.o-cp_compat_y_tst.o link
UNRESOLVED: g++.dg/compat/decimal/pass-2 cp_compat_x_tst.o-cp_compat_y_tst.o execute
FAIL: g++.dg/compat/decimal/pass-3 cp_compat_x_tst.o-cp_compat_y_tst.o link
UNRESOLVED: g++.dg/compat/decimal/pass-3 cp_compat_x_tst.o-cp_compat_y_tst.o execute
FAIL: g++.dg/compat/decimal/pass-4 cp_compat_x_tst.o-cp_compat_y_tst.o link
UNRESOLVED: g++.dg/compat/decimal/pass-4 cp_compat_x_tst.o-cp_compat_y_tst.o execute
FAIL: g++.dg/compat/decimal/pass-5 cp_compat_x_tst.o-cp_compat_y_tst.o link
UNRESOLVED: g++.dg/compat/decimal/pass-5 cp_compat_x_tst.o-cp_compat_y_tst.o execute
FAIL: g++.dg/compat/decimal/pass-6 cp_compat_x_tst.o-cp_compat_y_tst.o link
UNRESOLVED: g++.dg/compat/decimal/pass-6 cp_compat_x_tst.o-cp_compat_y_tst.o execute
FAIL: g++.dg/compat/decimal/return-1 cp_compat_x_tst.o-cp_compat_y_tst.o link
UNRESOLVED: g++.dg/compat/decimal/return-1 cp_compat_x_tst.o-cp_compat_y_tst.o execute
FAIL: g++.dg/compat/decimal/return-2 cp_compat_x_tst.o-cp_compat_y_tst.o link
UNRESOLVED: g++.dg/compat/decimal/return-2 cp_compat_x_tst.o-cp_compat_y_tst.o execute
FAIL: g++.dg/compat/decimal/return-3 cp_compat_x_tst.o-cp_compat_y_tst.o link
UNRESOLVED: g++.dg/compat/decimal/return-3 cp_compat_x_tst.o-cp_compat_y_tst.o execute
FAIL: g++.dg/compat/decimal/return-4 cp_compat_x_tst.o-cp_compat_y_tst.o link
UNRESOLVED: g++.dg/compat/decimal/return-4 cp_compat_x_tst.o-cp_compat_y_tst.o execute
FAIL: g++.dg/compat/decimal/return-5 cp_compat_x_tst.o-cp_compat_y_tst.o link
UNRESOLVED: g++.dg/compat/decimal/return-5 cp_compat_x_tst.o-cp_compat_y_tst.o execute
FAIL: g++.dg/compat/decimal/return-6 cp_compat_x_tst.o-cp_compat_y_tst.o link
UNRESOLVED: g++.dg/compat/decimal/return-6 cp_compat_x_tst.o-cp_compat_y_tst.o execute
FAIL: c-c++-common/dfp/pr36800.c (test for excess errors)
WARNING: c-c++-common/dfp/pr36800.c compilation failed to produce executable
FAIL: c-c++-common/dfp/pr39034.c (test for excess errors)
WARNING: c-c++-common/dfp/pr39034.c compilation failed to produce executable
FAIL: c-c++-common/dfp/pr39035.c (test for excess errors)
WARNING: c-c++-common/dfp/pr39035.c compilation failed to produce executable
FAIL: g++.dg/tls/static-1.C execution test
=== g++ Summary for unix/-m64 ===
# of expected passes 24825
# of unexpected failures 16
# of expected failures 150
# of unresolved testcases 12
# of unsupported tests 354
=== g++ Summary ===
# of expected passes 49414
# of unexpected failures 32
# of expected failures 300
# of unresolved testcases 24
# of unsupported tests 511
/var/gcc/regression/trunk/11-gcc-gas/build/gcc/testsuite/g++/../../g++ version 4.6.0 20100903 (experimental) (GCC)
=== gcc tests ===
Running target unix
FAIL: c-c++-common/dfp/func-vararg-mixed-2.c (test for excess errors)
WARNING: c-c++-common/dfp/func-vararg-mixed-2.c compilation failed to produce executable
FAIL: c-c++-common/dfp/pr36800.c (test for excess errors)
WARNING: c-c++-common/dfp/pr36800.c compilation failed to produce executable
FAIL: c-c++-common/dfp/pr39034.c (test for excess errors)
WARNING: c-c++-common/dfp/pr39034.c compilation failed to produce executable
FAIL: c-c++-common/dfp/pr39035.c (test for excess errors)
WARNING: c-c++-common/dfp/pr39035.c compilation failed to produce executable
XPASS: gcc.dg/tree-ssa/20031106-3.c scan-tree-dump-times optimized "link_error" 0
XPASS: gcc.dg/tree-ssa/20040204-1.c scan-tree-dump-times optimized "link_error" 0
XPASS: gcc.dg/tree-ssa/fre-vce-1.c scan-tree-dump-times fre "sv.i" 2
FAIL: gcc.target/i386/abi-2.c scan-assembler-times ymm0 1
FAIL: gcc.target/i386/avx-vmovntdq-256-1.c -Wl,-M,/vol/gcc/src/hg/trunk/local/gcc/testsuite/gcc.target/i386/clearcap.map (test for excess errors)
WARNING: gcc.target/i386/avx-vmovntdq-256-1.c -Wl,-M,/vol/gcc/src/hg/trunk/local/gcc/testsuite/gcc.target/i386/clearcap.map compilation failed to produce executable
FAIL: gcc.target/i386/avx-vmovntpd-256-1.c -Wl,-M,/vol/gcc/src/hg/trunk/local/gcc/testsuite/gcc.target/i386/clearcap.map (test for excess errors)
WARNING: gcc.target/i386/avx-vmovntpd-256-1.c -Wl,-M,/vol/gcc/src/hg/trunk/local/gcc/testsuite/gcc.target/i386/clearcap.map compilation failed to produce executable
FAIL: gcc.target/i386/avx-vmovntps-256-1.c -Wl,-M,/vol/gcc/src/hg/trunk/local/gcc/testsuite/gcc.target/i386/clearcap.map (test for excess errors)
WARNING: gcc.target/i386/avx-vmovntps-256-1.c -Wl,-M,/vol/gcc/src/hg/trunk/local/gcc/testsuite/gcc.target/i386/clearcap.map compilation failed to produce executable
FAIL: gcc.target/i386/pr22076.c scan-assembler-times movq 3
FAIL: gcc.target/i386/pr22076.c scan-assembler-not movl
FAIL: gcc.target/i386/pr32065-2.c -Wl,-M,/vol/gcc/src/hg/trunk/local/gcc/testsuite/gcc.target/i386/clearcap.map (test for excess errors)
WARNING: gcc.target/i386/pr32065-2.c -Wl,-M,/vol/gcc/src/hg/trunk/local/gcc/testsuite/gcc.target/i386/clearcap.map compilation failed to produce executable
XPASS: gcc.target/i386/push-1.c scan-assembler-not movups
=== gcc Summary for unix ===
# of expected passes 73562
# of unexpected failures 11
# of unexpected successes 4
# of expected failures 202
# of unsupported tests 715
Running target unix/-m64
FAIL: gcc.dg/cpp/trad/include.c (internal compiler error)
FAIL: gcc.dg/cpp/trad/include.c (test for excess errors)
FAIL: c-c++-common/dfp/pr36800.c (test for excess errors)
WARNING: c-c++-common/dfp/pr36800.c compilation failed to produce executable
FAIL: c-c++-common/dfp/pr39034.c (test for excess errors)
WARNING: c-c++-common/dfp/pr39034.c compilation failed to produce executable
FAIL: c-c++-common/dfp/pr39035.c (test for excess errors)
WARNING: c-c++-common/dfp/pr39035.c compilation failed to produce executable
XPASS: gcc.dg/tree-ssa/20031106-3.c scan-tree-dump-times optimized "link_error" 0
XPASS: gcc.dg/tree-ssa/20040204-1.c scan-tree-dump-times optimized "link_error" 0
XPASS: gcc.dg/tree-ssa/fre-vce-1.c scan-tree-dump-times fre "sv.i" 2
FAIL: gcc.target/i386/avx-vmovntdq-256-1.c -Wl,-M,/vol/gcc/src/hg/trunk/local/gcc/testsuite/gcc.target/i386/clearcap.map (test for excess errors)
WARNING: gcc.target/i386/avx-vmovntdq-256-1.c -Wl,-M,/vol/gcc/src/hg/trunk/local/gcc/testsuite/gcc.target/i386/clearcap.map compilation failed to produce executable
FAIL: gcc.target/i386/avx-vmovntpd-256-1.c -Wl,-M,/vol/gcc/src/hg/trunk/local/gcc/testsuite/gcc.target/i386/clearcap.map (test for excess errors)
WARNING: gcc.target/i386/avx-vmovntpd-256-1.c -Wl,-M,/vol/gcc/src/hg/trunk/local/gcc/testsuite/gcc.target/i386/clearcap.map compilation failed to produce executable
FAIL: gcc.target/i386/avx-vmovntps-256-1.c -Wl,-M,/vol/gcc/src/hg/trunk/local/gcc/testsuite/gcc.target/i386/clearcap.map (test for excess errors)
WARNING: gcc.target/i386/avx-vmovntps-256-1.c -Wl,-M,/vol/gcc/src/hg/trunk/local/gcc/testsuite/gcc.target/i386/clearcap.map compilation failed to produce executable
FAIL: gcc.target/i386/pr32065-2.c -Wl,-M,/vol/gcc/src/hg/trunk/local/gcc/testsuite/gcc.target/i386/clearcap.map (test for excess errors)
WARNING: gcc.target/i386/pr32065-2.c -Wl,-M,/vol/gcc/src/hg/trunk/local/gcc/testsuite/gcc.target/i386/clearcap.map compilation failed to produce executable
=== gcc Summary for unix/-m64 ===
# of expected passes 73738
# of unexpected failures 9
# of unexpected successes 3
# of expected failures 202
# of unsupported tests 1083
=== gcc Summary ===
# of expected passes 147300
# of unexpected failures 20
# of unexpected successes 7
# of expected failures 404
# of unsupported tests 1798
/var/gcc/regression/trunk/11-gcc-gas/build/gcc/xgcc version 4.6.0 20100903 (experimental) (GCC)
=== gfortran tests ===
Running target unix
FAIL: gfortran.dg/dummy_procedure_1.f90 -O (test for errors, line 40)
FAIL: gfortran.dg/float128_1.f90 -O (test for excess errors)
FAIL: gfortran.dg/float128_1.f90 -O scan-tree-dump original "sqrtq": dump file does not exist
FAIL: gfortran.dg/float128_1.f90 -O scan-tree-dump original "cabsq": dump file does not exist
FAIL: gfortran.dg/float128_1.f90 -O scan-tree-dump original "cosl": dump file does not exist
FAIL: gfortran.dg/pr25923.f90 -O (test for warnings, line 13)
FAIL: gfortran.dg/pr25923.f90 -O (test for excess errors)
=== gfortran Summary for unix ===
# of expected passes 36073
# of unexpected failures 7
# of expected failures 39
# of unsupported tests 154
Running target unix/-m64
FAIL: gfortran.dg/dummy_procedure_1.f90 -O (test for errors, line 40)
FAIL: gfortran.dg/float128_1.f90 -O (test for excess errors)
FAIL: gfortran.dg/float128_1.f90 -O scan-tree-dump original "sqrtq": dump file does not exist
FAIL: gfortran.dg/float128_1.f90 -O scan-tree-dump original "cabsq": dump file does not exist
FAIL: gfortran.dg/float128_1.f90 -O scan-tree-dump original "cosl": dump file does not exist
=== gfortran Summary for unix/-m64 ===
# of expected passes 36244
# of unexpected failures 5
# of expected failures 39
# of unsupported tests 78
=== gfortran Summary ===
# of expected passes 72317
# of unexpected failures 12
# of expected failures 78
# of unsupported tests 232
/var/gcc/regression/trunk/11-gcc-gas/build/gcc/testsuite/gfortran/../../gfortran version 4.6.0 20100903 (experimental) (GCC)
=== gnat tests ===
Running target unix
=== gnat Summary for unix ===
# of expected passes 817
# of expected failures 10
# of unsupported tests 5
Running target unix/-m64
=== gnat Summary for unix/-m64 ===
# of expected passes 817
# of expected failures 10
# of unsupported tests 5
=== gnat Summary ===
# of expected passes 1634
# of expected failures 20
# of unsupported tests 10
=== objc tests ===
Running target unix
=== objc Summary for unix ===
# of expected passes 2007
# of expected failures 7
# of unsupported tests 20
Running target unix/-m64
=== objc Summary for unix/-m64 ===
# of expected passes 1999
# of expected failures 15
# of unsupported tests 20
=== objc Summary ===
# of expected passes 4006
# of expected failures 22
# of unsupported tests 40
/var/gcc/regression/trunk/11-gcc-gas/build/gcc/xgcc version 4.6.0 20100903 (experimental) (GCC)
=== libffi tests ===
Running target unix
=== libffi Summary for unix ===
# of expected passes 1624
# of expected failures 10
# of unsupported tests 15
Running target unix/-m64
=== libffi Summary for unix/-m64 ===
# of expected passes 1624
# of expected failures 10
# of unsupported tests 15
=== libffi Summary ===
# of expected passes 3248
# of expected failures 20
# of unsupported tests 30
=== libgomp tests ===
Running target unix
=== libgomp Summary for unix ===
# of expected passes 2490
# of unsupported tests 2
Running target unix/-m64
FAIL: libgomp.c/copyin-3.c execution test
FAIL: libgomp.c/nqueens-1.c execution test
FAIL: libgomp.c/pr24455.c execution test
FAIL: libgomp.c++/ctor-10.C -O0 execution test
FAIL: libgomp.c++/ctor-10.C -O1 execution test
FAIL: libgomp.c++/ctor-10.C -O2 execution test
FAIL: libgomp.c++/ctor-10.C -O3 -fomit-frame-pointer execution test
FAIL: libgomp.c++/ctor-10.C -O3 -fomit-frame-pointer -funroll-loops execution test
FAIL: libgomp.c++/ctor-10.C -O3 -fomit-frame-pointer -funroll-all-loops -finline-functions execution test
FAIL: libgomp.c++/ctor-10.C -O3 -g execution test
FAIL: libgomp.c++/ctor-10.C -Os execution test
FAIL: libgomp.c++/pr24455.C -O0 execution test
FAIL: libgomp.c++/pr24455.C -O1 execution test
FAIL: libgomp.c++/pr24455.C -O2 execution test
FAIL: libgomp.c++/pr24455.C -O3 -fomit-frame-pointer execution test
FAIL: libgomp.c++/pr24455.C -O3 -fomit-frame-pointer -funroll-loops execution test
FAIL: libgomp.c++/pr24455.C -O3 -fomit-frame-pointer -funroll-all-loops -finline-functions execution test
FAIL: libgomp.c++/pr24455.C -O3 -g execution test
FAIL: libgomp.c++/pr24455.C -Os execution test
=== libgomp Summary for unix/-m64 ===
# of expected passes 2471
# of unexpected failures 19
# of unsupported tests 2
=== libgomp Summary ===
# of expected passes 4961
# of unexpected failures 19
# of unsupported tests 4
=== libjava tests ===
Running target unix
=== libjava Summary for unix ===
# of expected passes 2574
Running target unix/-m64
FAIL: PR16923 run
=== libjava Summary for unix/-m64 ===
# of expected passes 2573
# of unexpected failures 1
# of untested testcases 1
=== libjava Summary ===
# of expected passes 5147
# of unexpected failures 1
# of untested testcases 1
=== libstdc++ tests ===
Running target unix
XPASS: 28_regex/07_traits/char/isctype.cc execution test
FAIL: decimal/binary-arith.cc (test for excess errors)
WARNING: decimal/binary-arith.cc compilation failed to produce executable
FAIL: decimal/comparison.cc (test for excess errors)
WARNING: decimal/comparison.cc compilation failed to produce executable
FAIL: decimal/compound-assignment-memfunc.cc (test for excess errors)
WARNING: decimal/compound-assignment-memfunc.cc compilation failed to produce executable
FAIL: decimal/compound-assignment.cc (test for excess errors)
WARNING: decimal/compound-assignment.cc compilation failed to produce executable
FAIL: decimal/make-decimal.cc (test for excess errors)
WARNING: decimal/make-decimal.cc compilation failed to produce executable
FAIL: decimal/unary-arith.cc (test for excess errors)
WARNING: decimal/unary-arith.cc compilation failed to produce executable
=== libstdc++ Summary for unix ===
# of expected passes 7316
# of unexpected failures 6
# of unexpected successes 1
# of expected failures 161
# of unsupported tests 350
Running target unix/-m64
XPASS: 28_regex/07_traits/char/isctype.cc execution test
FAIL: decimal/binary-arith.cc (test for excess errors)
WARNING: decimal/binary-arith.cc compilation failed to produce executable
FAIL: decimal/comparison.cc (test for excess errors)
WARNING: decimal/comparison.cc compilation failed to produce executable
FAIL: decimal/compound-assignment-memfunc.cc (test for excess errors)
WARNING: decimal/compound-assignment-memfunc.cc compilation failed to produce executable
FAIL: decimal/compound-assignment.cc (test for excess errors)
WARNING: decimal/compound-assignment.cc compilation failed to produce executable
FAIL: decimal/make-decimal.cc (test for excess errors)
WARNING: decimal/make-decimal.cc compilation failed to produce executable
FAIL: decimal/unary-arith.cc (test for excess errors)
WARNING: decimal/unary-arith.cc compilation failed to produce executable
=== libstdc++ Summary for unix/-m64 ===
# of expected passes 7316
# of unexpected failures 6
# of unexpected successes 1
# of expected failures 161
# of unsupported tests 350
=== libstdc++ Summary ===
# of expected passes 14632
# of unexpected failures 12
# of unexpected successes 2
# of expected failures 322
# of unsupported tests 700
=== libstdc++ Summary ===
Compiler version: 4.6.0 20100903 (experimental) (GCC)
Platform: i386-pc-solaris2.11
configure flags: --prefix=/vol/gcc --target=i386-pc-solaris2.11 --with-as=/usr/sfw/bin/gas --with-gnu-as --with-gmp=/vol/gcc --with-mpfr=/vol/gcc --with-mpc=/vol/gcc --enable-languages=all,ada
BOOT_CFLAGS=-g -O2