This is the mail archive of the
gcc-testresults@gcc.gnu.org
mailing list for the GCC project.
Results for 4.6.0 20100907 (experimental) (GCC) testsuite on sparc-sun-solaris2.10
- From: botcazou at eu dot adacore dot com (Eric Botcazou)
- To: gcc-testresults at gcc dot gnu dot org
- Date: Wed, 8 Sep 2010 02:07:13 +0200 (CEST)
- Subject: Results for 4.6.0 20100907 (experimental) (GCC) testsuite on sparc-sun-solaris2.10
=== acats tests ===
FAIL: c390011
FAIL: c41303v
FAIL: c460004
FAIL: c460005
=== acats Summary ===
# of expected passes 2317
# of unexpected failures 4
Native configuration is sparc-sun-solaris2.10
=== g++ tests ===
Running target unix
FAIL: g++.dg/lto/20081109 cp_lto_20081109_0.o-cp_lto_20081109_1.o execute -O2 -fwhopr
FAIL: g++.dg/lto/20090303 cp_lto_20090303_0.o-cp_lto_20090303_0.o execute -fwhopr
=== g++ Summary ===
# of expected passes 23680
# of unexpected failures 2
# of expected failures 150
# of unsupported tests 235
/nfs/nile/nile.build/botcazou/gcc-head/sparc-sun-solaris2.10/gcc/testsuite/g++/../../g++ version 4.6.0 20100907 for GNAT Pro 6.4.0w (20100906) (GCC)
=== gcc tests ===
Running target unix
XPASS: gcc.dg/tree-ssa/20031106-3.c scan-tree-dump-times optimized "link_error" 0
XPASS: gcc.dg/tree-ssa/20040204-1.c scan-tree-dump-times optimized "link_error" 0
XPASS: gcc.dg/tree-ssa/fre-vce-1.c scan-tree-dump-times fre "sv.i" 2
XPASS: gcc.dg/vect/vect-peel-1.c scan-tree-dump-times vect "vectorized 1 loops" 2
XPASS: gcc.dg/vect/vect-peel-1.c scan-tree-dump-times vect "Alignment of access forced using peeling" 1
XPASS: gcc.dg/vect/vect-peel-2.c scan-tree-dump-times vect "vectorized 1 loops" 2
FAIL: gcc.dg/vect/vect-peel-3.c scan-tree-dump-times vect "vectorized 1 loops" 2
XPASS: gcc.dg/vect/vect-vfa-slp.c scan-tree-dump-times vect "vectorized 1 loops" 1
XPASS: gcc.dg/vect/slp-23.c scan-tree-dump-times vect "vectorizing stmts using SLP" 1
XPASS: gcc.dg/vect/slp-35.c scan-tree-dump-times vect "vectorized 1 loops" 1
XPASS: gcc.dg/vect/slp-35.c scan-tree-dump-times vect "vectorizing stmts using SLP" 1
FAIL: gcc.dg/vect/slp-reduc-3.c scan-tree-dump-times vect "vectorizing stmts using SLP" 1
FAIL: gcc.dg/vect/slp-reduc-6.c scan-tree-dump-times vect "vectorized 1 loops" 2
FAIL: gcc.dg/vect/no-section-anchors-vect-64.c scan-tree-dump-times vect "Alignment of access forced using peeling" 2
XPASS: gcc.dg/vect/no-tree-pre-slp-29.c scan-tree-dump-times vect "vectorized 1 loops" 2
XPASS: gcc.dg/vect/no-tree-pre-slp-29.c scan-tree-dump-times vect "vectorizing stmts using SLP" 2
=== gcc Summary ===
# of expected passes 66034
# of unexpected failures 4
# of unexpected successes 12
# of expected failures 225
# of unsupported tests 919
/nfs/nile/nile.build/botcazou/gcc-head/sparc-sun-solaris2.10/gcc/xgcc version 4.6.0 20100907 for GNAT Pro 6.4.0w (20100906) (GCC)
=== gfortran tests ===
Running target unix
FAIL: gfortran.dg/pr25923.f90 -O (test for warnings, line 13)
FAIL: gfortran.dg/pr25923.f90 -O (test for excess errors)
=== gfortran Summary ===
# of expected passes 36064
# of unexpected failures 2
# of expected failures 41
# of unsupported tests 188
/nfs/nile/nile.build/botcazou/gcc-head/sparc-sun-solaris2.10/gcc/testsuite/gfortran/../../gfortran version 4.6.0 20100907 for GNAT Pro 6.4.0w (20100906) (GCC)
=== gnat tests ===
Running target unix
=== gnat Summary ===
# of expected passes 818
# of expected failures 10
# of unsupported tests 5
=== obj-c++ tests ===
Running target unix
WARNING: obj-c++.dg/lookup-2.mm -fgnu-runtime compilation failed to produce executable
WARNING: obj-c++.dg/try-catch-2.mm -fgnu-runtime compilation failed to produce executable
WARNING: obj-c++.dg/try-catch-9.mm -fgnu-runtime compilation failed to produce executable
=== obj-c++ Summary ===
# of expected passes 566
# of expected failures 3
# of unsupported tests 15
/nfs/nile/nile.build/botcazou/gcc-head/sparc-sun-solaris2.10/gcc/testsuite/obj-c++/../../g++ version 4.6.0 20100907 for GNAT Pro 6.4.0w (20100906) (GCC)
=== objc tests ===
Running target unix
=== objc Summary ===
# of expected passes 1999
# of expected failures 15
# of unsupported tests 20
/nfs/nile/nile.build/botcazou/gcc-head/sparc-sun-solaris2.10/gcc/xgcc version 4.6.0 20100907 for GNAT Pro 6.4.0w (20100906) (GCC)
=== libgomp tests ===
Running target unix
=== libgomp Summary ===
# of expected passes 2476
# of unsupported tests 9
=== libstdc++ tests ===
Running target unix
FAIL: 22_locale/num_put/put/wchar_t/14220.cc execution test
XPASS: 28_regex/07_traits/char/isctype.cc execution test
FAIL: tr1/6_containers/unordered_map/requirements/iterator_null_neg.cc (test for errors, line 26)
FAIL: tr1/6_containers/unordered_map/requirements/iterator_null_neg.cc (test for errors, line 27)
FAIL: tr1/6_containers/unordered_map/requirements/iterator_null_neg.cc (test for excess errors)
FAIL: tr1/6_containers/unordered_set/requirements/iterator_null_neg.cc (test for errors, line 26)
FAIL: tr1/6_containers/unordered_set/requirements/iterator_null_neg.cc (test for errors, line 27)
FAIL: tr1/6_containers/unordered_set/requirements/iterator_null_neg.cc (test for excess errors)
=== libstdc++ Summary ===
# of expected passes 6663
# of unexpected failures 7
# of unexpected successes 1
# of expected failures 80
# of unsupported tests 637
=== libstdc++ Summary ===
Compiler version: 4.6.0 20100907 for GNAT Pro 6.4.0w (20100906) (GCC)
Platform: sparc-sun-solaris2.10
configure flags: --prefix=/nile.build/botcazou/gcc-head/install_sparc --with-as=/nile.build/botcazou/gcc-head/install_sparc/bin/as --with-gmp=/nile.build/botcazou/support/sparc --with-mpfr=/nile.build/botcazou/support/sparc --with-mpc=/nile.build/botcazou/support/sparc --with-libelf=/nile.build/botcazou/support/sparc --enable-languages=c,c++,objc,obj-c++,fortran,ada --disable-libstdcxx-pch --disable-nls
BOOT_CFLAGS=-g -O2