This is the mail archive of the
gcc-testresults@gcc.gnu.org
mailing list for the GCC project.
Results for 4.6.0 20100904 (experimental) (GCC) testsuite on i386-unknown-freebsd8.1
- From: Gerald Pfeifer <pfeifer at sputnik1 dot dbai dot tuwien dot ac dot at>
- To: gcc-testresults at gcc dot gnu dot org
- Date: Sun, 5 Sep 2010 01:36:11 +0200 (CEST)
- Subject: Results for 4.6.0 20100904 (experimental) (GCC) testsuite on i386-unknown-freebsd8.1
Native configuration is i386-unknown-freebsd8.1
=== g++ tests ===
Running target unix
FAIL: g++.dg/compat/decimal/pass-1 cp_compat_x_tst.o-cp_compat_y_tst.o link
UNRESOLVED: g++.dg/compat/decimal/pass-1 cp_compat_x_tst.o-cp_compat_y_tst.o execute
FAIL: g++.dg/compat/decimal/pass-2 cp_compat_x_tst.o-cp_compat_y_tst.o link
UNRESOLVED: g++.dg/compat/decimal/pass-2 cp_compat_x_tst.o-cp_compat_y_tst.o execute
FAIL: g++.dg/compat/decimal/pass-3 cp_compat_x_tst.o-cp_compat_y_tst.o link
UNRESOLVED: g++.dg/compat/decimal/pass-3 cp_compat_x_tst.o-cp_compat_y_tst.o execute
FAIL: g++.dg/compat/decimal/pass-4 cp_compat_x_tst.o-cp_compat_y_tst.o link
UNRESOLVED: g++.dg/compat/decimal/pass-4 cp_compat_x_tst.o-cp_compat_y_tst.o execute
FAIL: g++.dg/compat/decimal/pass-5 cp_compat_x_tst.o-cp_compat_y_tst.o link
UNRESOLVED: g++.dg/compat/decimal/pass-5 cp_compat_x_tst.o-cp_compat_y_tst.o execute
FAIL: g++.dg/compat/decimal/pass-6 cp_compat_x_tst.o-cp_compat_y_tst.o link
UNRESOLVED: g++.dg/compat/decimal/pass-6 cp_compat_x_tst.o-cp_compat_y_tst.o execute
FAIL: g++.dg/compat/decimal/return-1 cp_compat_x_tst.o-cp_compat_y_tst.o link
UNRESOLVED: g++.dg/compat/decimal/return-1 cp_compat_x_tst.o-cp_compat_y_tst.o execute
FAIL: g++.dg/compat/decimal/return-2 cp_compat_x_tst.o-cp_compat_y_tst.o link
UNRESOLVED: g++.dg/compat/decimal/return-2 cp_compat_x_tst.o-cp_compat_y_tst.o execute
FAIL: g++.dg/compat/decimal/return-3 cp_compat_x_tst.o-cp_compat_y_tst.o link
UNRESOLVED: g++.dg/compat/decimal/return-3 cp_compat_x_tst.o-cp_compat_y_tst.o execute
FAIL: g++.dg/compat/decimal/return-4 cp_compat_x_tst.o-cp_compat_y_tst.o link
UNRESOLVED: g++.dg/compat/decimal/return-4 cp_compat_x_tst.o-cp_compat_y_tst.o execute
FAIL: g++.dg/compat/decimal/return-5 cp_compat_x_tst.o-cp_compat_y_tst.o link
UNRESOLVED: g++.dg/compat/decimal/return-5 cp_compat_x_tst.o-cp_compat_y_tst.o execute
FAIL: g++.dg/compat/decimal/return-6 cp_compat_x_tst.o-cp_compat_y_tst.o link
UNRESOLVED: g++.dg/compat/decimal/return-6 cp_compat_x_tst.o-cp_compat_y_tst.o execute
FAIL: c-c++-common/dfp/func-vararg-mixed-2.c (test for excess errors)
WARNING: c-c++-common/dfp/func-vararg-mixed-2.c compilation failed to produce executable
FAIL: c-c++-common/dfp/pr36800.c (test for excess errors)
WARNING: c-c++-common/dfp/pr36800.c compilation failed to produce executable
FAIL: c-c++-common/dfp/pr39034.c (test for excess errors)
WARNING: c-c++-common/dfp/pr39034.c compilation failed to produce executable
FAIL: c-c++-common/dfp/pr39035.c (test for excess errors)
WARNING: c-c++-common/dfp/pr39035.c compilation failed to produce executable
FAIL: c-c++-common/Wconversion-real.c (test for warnings, line 27)
FAIL: c-c++-common/Wconversion-real.c (test for warnings, line 28)
UNRESOLVED: attribute_plugin.c compilation, -I. -I/usr/test/gcc/gcc/testsuite -I/usr/test/gcc/gcc/testsuite/../../gcc -I/usr/nabil-files/pfeifer/OBJ-0904-1740/gcc/testsuite/g++/../../../gcc -I/usr/test/gcc/gcc/testsuite/../../include -I/usr/test/gcc/gcc/testsuite/../../libcpp/include -I/usr/local/include -I/usr/nabil-files/pfeifer/OBJ-0904-1740/gcc/testsuite/g++/../../../intl -DIN_GCC -fPIC -shared
UNRESOLVED: pragma_plugin.c compilation, -I. -I/usr/test/gcc/gcc/testsuite -I/usr/test/gcc/gcc/testsuite/../../gcc -I/usr/nabil-files/pfeifer/OBJ-0904-1740/gcc/testsuite/g++/../../../gcc -I/usr/test/gcc/gcc/testsuite/../../include -I/usr/test/gcc/gcc/testsuite/../../libcpp/include -I/usr/local/include -I/usr/nabil-files/pfeifer/OBJ-0904-1740/gcc/testsuite/g++/../../../intl -DIN_GCC -fPIC -shared
UNRESOLVED: selfassign.c compilation, -I. -I/usr/test/gcc/gcc/testsuite -I/usr/test/gcc/gcc/testsuite/../../gcc -I/usr/nabil-files/pfeifer/OBJ-0904-1740/gcc/testsuite/g++/../../../gcc -I/usr/test/gcc/gcc/testsuite/../../include -I/usr/test/gcc/gcc/testsuite/../../libcpp/include -I/usr/local/include -I/usr/nabil-files/pfeifer/OBJ-0904-1740/gcc/testsuite/g++/../../../intl -O -DIN_GCC -fPIC -shared
UNRESOLVED: dumb_plugin.c compilation, -I. -I/usr/test/gcc/gcc/testsuite -I/usr/test/gcc/gcc/testsuite/../../gcc -I/usr/nabil-files/pfeifer/OBJ-0904-1740/gcc/testsuite/g++/../../../gcc -I/usr/test/gcc/gcc/testsuite/../../include -I/usr/test/gcc/gcc/testsuite/../../libcpp/include -I/usr/local/include -I/usr/nabil-files/pfeifer/OBJ-0904-1740/gcc/testsuite/g++/../../../intl -DIN_GCC -fPIC -shared
UNRESOLVED: header_plugin.c compilation, -I. -I/usr/test/gcc/gcc/testsuite -I/usr/test/gcc/gcc/testsuite/../../gcc -I/usr/nabil-files/pfeifer/OBJ-0904-1740/gcc/testsuite/g++/../../../gcc -I/usr/test/gcc/gcc/testsuite/../../include -I/usr/test/gcc/gcc/testsuite/../../libcpp/include -I/usr/local/include -I/usr/nabil-files/pfeifer/OBJ-0904-1740/gcc/testsuite/g++/../../../intl -DIN_GCC -fPIC -shared
FAIL: g++.old-deja/g++.other/init18.C execution test
FAIL: g++.old-deja/g++.other/init19.C execution test
=== g++ Summary ===
# of expected passes 23565
# of unexpected failures 20
# of expected failures 147
# of unresolved testcases 17
# of unsupported tests 147
/usr/nabil-files/pfeifer/OBJ-0904-1740/gcc/testsuite/g++/../../g++ version 4.6.0 20100904 (experimental) (GCC)
=== gcc tests ===
Running target unix
FAIL: gcc.c-torture/execute/conversion.c execution, -O0
FAIL: gcc.c-torture/execute/conversion.c execution, -O1
FAIL: gcc.c-torture/execute/ieee/copysign1.c execution, -O1
FAIL: gcc.c-torture/execute/ieee/copysign1.c execution, -O2
FAIL: gcc.c-torture/execute/ieee/copysign1.c execution, -O3 -fomit-frame-pointer
FAIL: gcc.c-torture/execute/ieee/copysign1.c execution, -O3 -fomit-frame-pointer -funroll-loops
FAIL: gcc.c-torture/execute/ieee/copysign1.c execution, -O3 -fomit-frame-pointer -funroll-all-loops -finline-functions
FAIL: gcc.c-torture/execute/ieee/copysign1.c execution, -O3 -g
FAIL: gcc.c-torture/execute/ieee/copysign2.c execution, -O1
FAIL: c-c++-common/dfp/func-vararg-mixed-2.c (test for excess errors)
WARNING: c-c++-common/dfp/func-vararg-mixed-2.c compilation failed to produce executable
FAIL: c-c++-common/dfp/pr36800.c (test for excess errors)
WARNING: c-c++-common/dfp/pr36800.c compilation failed to produce executable
FAIL: c-c++-common/dfp/pr39034.c (test for excess errors)
WARNING: c-c++-common/dfp/pr39034.c compilation failed to produce executable
FAIL: c-c++-common/dfp/pr39035.c (test for excess errors)
WARNING: c-c++-common/dfp/pr39035.c compilation failed to produce executable
FAIL: gcc.dg/nest.c execution test
FAIL: gcc.dg/nested-func-4.c execution test
FAIL: gcc.dg/pr32450.c execution test
FAIL: gcc.dg/pr43643.c execution test
FAIL: gcc.dg/uninit-pred-7_a.c bogus warning (test for bogus messages, line 26)
FAIL: gcc.dg/uninit-pred-8_a.c bogus warning (test for bogus messages, line 26)
FAIL: gcc.dg/utf-array-short-wchar.c (test for errors, line 39)
FAIL: gcc.dg/utf-array-short-wchar.c (test for errors, line 41)
FAIL: gcc.dg/utf-array-short-wchar.c (test for excess errors)
FAIL: c-c++-common/Wconversion-real.c -Wc++-compat (test for warnings, line 27)
FAIL: c-c++-common/Wconversion-real.c -Wc++-compat (test for warnings, line 28)
UNRESOLVED: selfassign.c compilation, -I. -I/usr/test/gcc/gcc/testsuite -I/usr/test/gcc/gcc/testsuite/../../gcc -I/usr/nabil-files/pfeifer/OBJ-0904-1740/gcc/testsuite/gcc/../../../gcc -I/usr/test/gcc/gcc/testsuite/../../include -I/usr/test/gcc/gcc/testsuite/../../libcpp/include -I/usr/local/include -I/usr/nabil-files/pfeifer/OBJ-0904-1740/gcc/testsuite/gcc/../../../intl -O -DIN_GCC -fPIC -shared
UNRESOLVED: ggcplug.c compilation, -I. -I/usr/test/gcc/gcc/testsuite -I/usr/test/gcc/gcc/testsuite/../../gcc -I/usr/nabil-files/pfeifer/OBJ-0904-1740/gcc/testsuite/gcc/../../../gcc -I/usr/test/gcc/gcc/testsuite/../../include -I/usr/test/gcc/gcc/testsuite/../../libcpp/include -I/usr/local/include -I/usr/nabil-files/pfeifer/OBJ-0904-1740/gcc/testsuite/gcc/../../../intl -O -DIN_GCC -fPIC -shared
UNRESOLVED: one_time_plugin.c compilation, -I. -I/usr/test/gcc/gcc/testsuite -I/usr/test/gcc/gcc/testsuite/../../gcc -I/usr/nabil-files/pfeifer/OBJ-0904-1740/gcc/testsuite/gcc/../../../gcc -I/usr/test/gcc/gcc/testsuite/../../include -I/usr/test/gcc/gcc/testsuite/../../libcpp/include -I/usr/local/include -I/usr/nabil-files/pfeifer/OBJ-0904-1740/gcc/testsuite/gcc/../../../intl -DIN_GCC -fPIC -shared
UNRESOLVED: start_unit_plugin.c compilation, -I. -I/usr/test/gcc/gcc/testsuite -I/usr/test/gcc/gcc/testsuite/../../gcc -I/usr/nabil-files/pfeifer/OBJ-0904-1740/gcc/testsuite/gcc/../../../gcc -I/usr/test/gcc/gcc/testsuite/../../include -I/usr/test/gcc/gcc/testsuite/../../libcpp/include -I/usr/local/include -I/usr/nabil-files/pfeifer/OBJ-0904-1740/gcc/testsuite/gcc/../../../intl -DIN_GCC -fPIC -shared
UNRESOLVED: finish_unit_plugin.c compilation, -I. -I/usr/test/gcc/gcc/testsuite -I/usr/test/gcc/gcc/testsuite/../../gcc -I/usr/nabil-files/pfeifer/OBJ-0904-1740/gcc/testsuite/gcc/../../../gcc -I/usr/test/gcc/gcc/testsuite/../../include -I/usr/test/gcc/gcc/testsuite/../../libcpp/include -I/usr/local/include -I/usr/nabil-files/pfeifer/OBJ-0904-1740/gcc/testsuite/gcc/../../../intl -DIN_GCC -fPIC -shared
FAIL: gcc.dg/torture/fp-int-convert-float.c -O0 execution test
FAIL: gcc.dg/torture/fp-int-convert-float.c -O1 execution test
FAIL: gcc.dg/torture/fp-int-convert-float.c -O2 execution test
FAIL: gcc.dg/torture/fp-int-convert-float.c -O3 -fomit-frame-pointer execution test
FAIL: gcc.dg/torture/fp-int-convert-float.c -O3 -g execution test
FAIL: gcc.dg/torture/fp-int-convert-float.c -Os execution test
FAIL: gcc.dg/torture/fp-int-convert-float80.c -O0 execution test
FAIL: gcc.dg/torture/fp-int-convert-float80.c -O1 execution test
FAIL: gcc.dg/torture/fp-int-convert-float80.c -O2 execution test
FAIL: gcc.dg/torture/fp-int-convert-float80.c -O3 -fomit-frame-pointer execution test
FAIL: gcc.dg/torture/fp-int-convert-float80.c -O3 -g execution test
FAIL: gcc.dg/torture/fp-int-convert-float80.c -Os execution test
FAIL: gcc.dg/torture/fp-int-convert-long-double.c -O0 execution test
FAIL: gcc.dg/torture/fp-int-convert-long-double.c -O1 execution test
FAIL: gcc.dg/torture/fp-int-convert-long-double.c -O2 execution test
FAIL: gcc.dg/torture/fp-int-convert-long-double.c -O3 -fomit-frame-pointer execution test
FAIL: gcc.dg/torture/fp-int-convert-long-double.c -O3 -g execution test
FAIL: gcc.dg/torture/fp-int-convert-long-double.c -Os execution test
XPASS: gcc.dg/tree-ssa/20031106-3.c scan-tree-dump-times optimized "link_error" 0
XPASS: gcc.dg/tree-ssa/20040204-1.c scan-tree-dump-times optimized "link_error" 0
XPASS: gcc.dg/tree-ssa/fre-vce-1.c scan-tree-dump-times fre "sv.i" 2
FAIL: gcc.target/i386/combine-mul.c scan-assembler-not 12345
FAIL: gcc.target/i386/excess-precision-1.c execution test
FAIL: gcc.target/i386/excess-precision-3.c execution test
FAIL: gcc.target/i386/pr32065-2.c (test for excess errors)
WARNING: gcc.target/i386/pr32065-2.c compilation failed to produce executable
FAIL: gcc.target/i386/pr36578-1.c execution test
FAIL: gcc.target/i386/pr36578-2.c execution test
FAIL: gcc.target/i386/pr38240.c (internal compiler error)
FAIL: gcc.target/i386/pr38240.c (test for excess errors)
=== gcc Summary ===
# of expected passes 61553
# of unexpected failures 50
# of unexpected successes 3
# of expected failures 203
# of unresolved testcases 5
# of unsupported tests 1239
/usr/nabil-files/pfeifer/OBJ-0904-1740/gcc/xgcc version 4.6.0 20100904 (experimental) (GCC)
=== gfortran tests ===
Running target unix
FAIL: gfortran.dg/float128_1.f90 -O (test for excess errors)
FAIL: gfortran.dg/float128_1.f90 -O scan-tree-dump original "sqrtq": dump file does not exist
FAIL: gfortran.dg/float128_1.f90 -O scan-tree-dump original "cabsq": dump file does not exist
FAIL: gfortran.dg/float128_1.f90 -O scan-tree-dump original "cosl": dump file does not exist
=== gfortran Summary ===
# of expected passes 35713
# of unexpected failures 4
# of expected failures 39
# of unsupported tests 283
/usr/nabil-files/pfeifer/OBJ-0904-1740/gcc/testsuite/gfortran/../../gfortran version 4.6.0 20100904 (experimental) (GCC)
=== objc tests ===
Running target unix
=== objc Summary ===
# of expected passes 1975
# of expected failures 7
# of unsupported tests 20
/usr/nabil-files/pfeifer/OBJ-0904-1740/gcc/xgcc version 4.6.0 20100904 (experimental) (GCC)
=== libgomp tests ===
Running target unix
FAIL: libgomp.fortran/condinc2.f -O (test for excess errors)
WARNING: libgomp.fortran/condinc2.f -O compilation failed to produce executable
FAIL: libgomp.fortran/condinc4.f90 -O (test for excess errors)
WARNING: libgomp.fortran/condinc4.f90 -O compilation failed to produce executable
FAIL: libgomp.fortran/omp_cond2.f -O (test for excess errors)
WARNING: libgomp.fortran/omp_cond2.f -O compilation failed to produce executable
FAIL: libgomp.fortran/omp_cond4.F90 -O (test for excess errors)
WARNING: libgomp.fortran/omp_cond4.F90 -O compilation failed to produce executable
=== libgomp Summary ===
# of expected passes 2482
# of unexpected failures 4
# of unsupported tests 2
=== libmudflap tests ===
Running target unix
FAIL: libmudflap.c/pass49-frag.c execution test
FAIL: libmudflap.c/pass49-frag.c output pattern test
FAIL: libmudflap.c/pass49-frag.c execution test
FAIL: libmudflap.c/pass49-frag.c output pattern test
FAIL: libmudflap.c/pass49-frag.c (-static) execution test
FAIL: libmudflap.c/pass49-frag.c (-static) output pattern test
FAIL: libmudflap.c/pass49-frag.c (-static) execution test
FAIL: libmudflap.c/pass49-frag.c (-static) output pattern test
FAIL: libmudflap.c/pass49-frag.c (-O2) execution test
FAIL: libmudflap.c/pass49-frag.c (-O2) output pattern test
FAIL: libmudflap.c/pass49-frag.c (-O2) execution test
FAIL: libmudflap.c/pass49-frag.c (-O2) output pattern test
FAIL: libmudflap.c/pass49-frag.c (-O3) execution test
FAIL: libmudflap.c/pass49-frag.c (-O3) output pattern test
FAIL: libmudflap.c/pass49-frag.c (-O3) execution test
FAIL: libmudflap.c/pass49-frag.c (-O3) output pattern test
FAIL: libmudflap.c++/pass41-frag.cxx execution test
FAIL: libmudflap.c++/pass41-frag.cxx (-static) execution test
FAIL: libmudflap.c++/pass41-frag.cxx (-O2) execution test
FAIL: libmudflap.c++/pass41-frag.cxx (-O3) execution test
FAIL: libmudflap.cth/pass37-frag.c execution test
FAIL: libmudflap.cth/pass37-frag.c output pattern test
FAIL: libmudflap.cth/pass37-frag.c (rerun 1) execution test
FAIL: libmudflap.cth/pass37-frag.c (rerun 1) output pattern test
FAIL: libmudflap.cth/pass37-frag.c (rerun 2) execution test
FAIL: libmudflap.cth/pass37-frag.c (rerun 2) output pattern test
FAIL: libmudflap.cth/pass37-frag.c (rerun 3) execution test
FAIL: libmudflap.cth/pass37-frag.c (rerun 3) output pattern test
FAIL: libmudflap.cth/pass37-frag.c (rerun 4) execution test
FAIL: libmudflap.cth/pass37-frag.c (rerun 4) output pattern test
FAIL: libmudflap.cth/pass37-frag.c (rerun 5) execution test
FAIL: libmudflap.cth/pass37-frag.c (rerun 5) output pattern test
FAIL: libmudflap.cth/pass37-frag.c (rerun 6) execution test
FAIL: libmudflap.cth/pass37-frag.c (rerun 6) output pattern test
FAIL: libmudflap.cth/pass37-frag.c (rerun 7) execution test
FAIL: libmudflap.cth/pass37-frag.c (rerun 7) output pattern test
FAIL: libmudflap.cth/pass37-frag.c (rerun 8) execution test
FAIL: libmudflap.cth/pass37-frag.c (rerun 8) output pattern test
FAIL: libmudflap.cth/pass37-frag.c (rerun 9) execution test
FAIL: libmudflap.cth/pass37-frag.c (rerun 9) output pattern test
FAIL: libmudflap.cth/pass37-frag.c (rerun 10) execution test
FAIL: libmudflap.cth/pass37-frag.c (rerun 10) output pattern test
FAIL: libmudflap.cth/pass37-frag.c (rerun 11) execution test
FAIL: libmudflap.cth/pass37-frag.c (rerun 11) output pattern test
FAIL: libmudflap.cth/pass37-frag.c (rerun 12) execution test
FAIL: libmudflap.cth/pass37-frag.c (rerun 12) output pattern test
FAIL: libmudflap.cth/pass37-frag.c (rerun 13) execution test
FAIL: libmudflap.cth/pass37-frag.c (rerun 13) output pattern test
FAIL: libmudflap.cth/pass37-frag.c (rerun 14) execution test
FAIL: libmudflap.cth/pass37-frag.c (rerun 14) output pattern test
FAIL: libmudflap.cth/pass37-frag.c (rerun 15) execution test
FAIL: libmudflap.cth/pass37-frag.c (rerun 15) output pattern test
FAIL: libmudflap.cth/pass37-frag.c (rerun 16) execution test
FAIL: libmudflap.cth/pass37-frag.c (rerun 16) output pattern test
FAIL: libmudflap.cth/pass37-frag.c (rerun 17) execution test
FAIL: libmudflap.cth/pass37-frag.c (rerun 17) output pattern test
FAIL: libmudflap.cth/pass37-frag.c (rerun 18) execution test
FAIL: libmudflap.cth/pass37-frag.c (rerun 18) output pattern test
FAIL: libmudflap.cth/pass37-frag.c (rerun 19) execution test
FAIL: libmudflap.cth/pass37-frag.c (rerun 19) output pattern test
FAIL: libmudflap.cth/pass39-frag.c execution test
FAIL: libmudflap.cth/pass39-frag.c output pattern test
FAIL: libmudflap.cth/pass39-frag.c (rerun 1) execution test
FAIL: libmudflap.cth/pass39-frag.c (rerun 1) output pattern test
FAIL: libmudflap.cth/pass39-frag.c (rerun 2) execution test
FAIL: libmudflap.cth/pass39-frag.c (rerun 2) output pattern test
FAIL: libmudflap.cth/pass39-frag.c (rerun 3) execution test
FAIL: libmudflap.cth/pass39-frag.c (rerun 3) output pattern test
FAIL: libmudflap.cth/pass39-frag.c (rerun 4) execution test
FAIL: libmudflap.cth/pass39-frag.c (rerun 4) output pattern test
FAIL: libmudflap.cth/pass39-frag.c (rerun 5) execution test
FAIL: libmudflap.cth/pass39-frag.c (rerun 5) output pattern test
FAIL: libmudflap.cth/pass39-frag.c (rerun 6) execution test
FAIL: libmudflap.cth/pass39-frag.c (rerun 6) output pattern test
FAIL: libmudflap.cth/pass39-frag.c (rerun 7) execution test
FAIL: libmudflap.cth/pass39-frag.c (rerun 7) output pattern test
FAIL: libmudflap.cth/pass39-frag.c (rerun 8) execution test
FAIL: libmudflap.cth/pass39-frag.c (rerun 8) output pattern test
FAIL: libmudflap.cth/pass39-frag.c (rerun 9) execution test
FAIL: libmudflap.cth/pass39-frag.c (rerun 9) output pattern test
FAIL: libmudflap.cth/pass39-frag.c (rerun 10) execution test
FAIL: libmudflap.cth/pass39-frag.c (rerun 10) output pattern test
FAIL: libmudflap.cth/pass39-frag.c (rerun 11) execution test
FAIL: libmudflap.cth/pass39-frag.c (rerun 11) output pattern test
FAIL: libmudflap.cth/pass39-frag.c (rerun 12) execution test
FAIL: libmudflap.cth/pass39-frag.c (rerun 12) output pattern test
FAIL: libmudflap.cth/pass39-frag.c (rerun 13) execution test
FAIL: libmudflap.cth/pass39-frag.c (rerun 13) output pattern test
FAIL: libmudflap.cth/pass39-frag.c (rerun 14) execution test
FAIL: libmudflap.cth/pass39-frag.c (rerun 14) output pattern test
FAIL: libmudflap.cth/pass39-frag.c (rerun 15) execution test
FAIL: libmudflap.cth/pass39-frag.c (rerun 15) output pattern test
FAIL: libmudflap.cth/pass39-frag.c (rerun 16) execution test
FAIL: libmudflap.cth/pass39-frag.c (rerun 16) output pattern test
FAIL: libmudflap.cth/pass39-frag.c (rerun 17) execution test
FAIL: libmudflap.cth/pass39-frag.c (rerun 17) output pattern test
FAIL: libmudflap.cth/pass39-frag.c (rerun 18) execution test
FAIL: libmudflap.cth/pass39-frag.c (rerun 18) output pattern test
FAIL: libmudflap.cth/pass39-frag.c (rerun 19) execution test
FAIL: libmudflap.cth/pass39-frag.c (rerun 19) output pattern test
FAIL: libmudflap.cth/pass59-frag.c execution test
FAIL: libmudflap.cth/pass59-frag.c output pattern test
FAIL: libmudflap.cth/pass37-frag.c (-O2) execution test
FAIL: libmudflap.cth/pass37-frag.c (-O2) output pattern test
FAIL: libmudflap.cth/pass37-frag.c (-O2) (rerun 1) execution test
FAIL: libmudflap.cth/pass37-frag.c (-O2) (rerun 1) output pattern test
FAIL: libmudflap.cth/pass37-frag.c (-O2) (rerun 2) execution test
FAIL: libmudflap.cth/pass37-frag.c (-O2) (rerun 2) output pattern test
FAIL: libmudflap.cth/pass37-frag.c (-O2) (rerun 3) execution test
FAIL: libmudflap.cth/pass37-frag.c (-O2) (rerun 3) output pattern test
FAIL: libmudflap.cth/pass37-frag.c (-O2) (rerun 4) execution test
FAIL: libmudflap.cth/pass37-frag.c (-O2) (rerun 4) output pattern test
FAIL: libmudflap.cth/pass37-frag.c (-O2) (rerun 5) execution test
FAIL: libmudflap.cth/pass37-frag.c (-O2) (rerun 5) output pattern test
FAIL: libmudflap.cth/pass37-frag.c (-O2) (rerun 6) execution test
FAIL: libmudflap.cth/pass37-frag.c (-O2) (rerun 6) output pattern test
FAIL: libmudflap.cth/pass37-frag.c (-O2) (rerun 7) execution test
FAIL: libmudflap.cth/pass37-frag.c (-O2) (rerun 7) output pattern test
FAIL: libmudflap.cth/pass37-frag.c (-O2) (rerun 8) execution test
FAIL: libmudflap.cth/pass37-frag.c (-O2) (rerun 8) output pattern test
FAIL: libmudflap.cth/pass37-frag.c (-O2) (rerun 9) execution test
FAIL: libmudflap.cth/pass37-frag.c (-O2) (rerun 9) output pattern test
FAIL: libmudflap.cth/pass37-frag.c (-O2) (rerun 10) execution test
FAIL: libmudflap.cth/pass37-frag.c (-O2) (rerun 10) output pattern test
FAIL: libmudflap.cth/pass37-frag.c (-O2) (rerun 11) execution test
FAIL: libmudflap.cth/pass37-frag.c (-O2) (rerun 11) output pattern test
FAIL: libmudflap.cth/pass37-frag.c (-O2) (rerun 12) execution test
FAIL: libmudflap.cth/pass37-frag.c (-O2) (rerun 12) output pattern test
FAIL: libmudflap.cth/pass37-frag.c (-O2) (rerun 13) execution test
FAIL: libmudflap.cth/pass37-frag.c (-O2) (rerun 13) output pattern test
FAIL: libmudflap.cth/pass37-frag.c (-O2) (rerun 14) execution test
FAIL: libmudflap.cth/pass37-frag.c (-O2) (rerun 14) output pattern test
FAIL: libmudflap.cth/pass37-frag.c (-O2) (rerun 15) execution test
FAIL: libmudflap.cth/pass37-frag.c (-O2) (rerun 15) output pattern test
FAIL: libmudflap.cth/pass37-frag.c (-O2) (rerun 16) execution test
FAIL: libmudflap.cth/pass37-frag.c (-O2) (rerun 16) output pattern test
FAIL: libmudflap.cth/pass37-frag.c (-O2) (rerun 17) execution test
FAIL: libmudflap.cth/pass37-frag.c (-O2) (rerun 17) output pattern test
FAIL: libmudflap.cth/pass37-frag.c (-O2) (rerun 18) execution test
FAIL: libmudflap.cth/pass37-frag.c (-O2) (rerun 18) output pattern test
FAIL: libmudflap.cth/pass37-frag.c (-O2) (rerun 19) execution test
FAIL: libmudflap.cth/pass37-frag.c (-O2) (rerun 19) output pattern test
FAIL: libmudflap.cth/pass39-frag.c (-O2) execution test
FAIL: libmudflap.cth/pass39-frag.c (-O2) output pattern test
FAIL: libmudflap.cth/pass39-frag.c (-O2) (rerun 1) execution test
FAIL: libmudflap.cth/pass39-frag.c (-O2) (rerun 1) output pattern test
FAIL: libmudflap.cth/pass39-frag.c (-O2) (rerun 2) execution test
FAIL: libmudflap.cth/pass39-frag.c (-O2) (rerun 2) output pattern test
FAIL: libmudflap.cth/pass39-frag.c (-O2) (rerun 3) execution test
FAIL: libmudflap.cth/pass39-frag.c (-O2) (rerun 3) output pattern test
FAIL: libmudflap.cth/pass39-frag.c (-O2) (rerun 4) execution test
FAIL: libmudflap.cth/pass39-frag.c (-O2) (rerun 4) output pattern test
FAIL: libmudflap.cth/pass39-frag.c (-O2) (rerun 5) execution test
FAIL: libmudflap.cth/pass39-frag.c (-O2) (rerun 5) output pattern test
FAIL: libmudflap.cth/pass39-frag.c (-O2) (rerun 6) execution test
FAIL: libmudflap.cth/pass39-frag.c (-O2) (rerun 6) output pattern test
FAIL: libmudflap.cth/pass39-frag.c (-O2) (rerun 7) execution test
FAIL: libmudflap.cth/pass39-frag.c (-O2) (rerun 7) output pattern test
FAIL: libmudflap.cth/pass39-frag.c (-O2) (rerun 8) execution test
FAIL: libmudflap.cth/pass39-frag.c (-O2) (rerun 8) output pattern test
FAIL: libmudflap.cth/pass39-frag.c (-O2) (rerun 9) execution test
FAIL: libmudflap.cth/pass39-frag.c (-O2) (rerun 9) output pattern test
FAIL: libmudflap.cth/pass39-frag.c (-O2) (rerun 10) execution test
FAIL: libmudflap.cth/pass39-frag.c (-O2) (rerun 10) output pattern test
FAIL: libmudflap.cth/pass39-frag.c (-O2) (rerun 11) execution test
FAIL: libmudflap.cth/pass39-frag.c (-O2) (rerun 11) output pattern test
FAIL: libmudflap.cth/pass39-frag.c (-O2) (rerun 12) execution test
FAIL: libmudflap.cth/pass39-frag.c (-O2) (rerun 12) output pattern test
FAIL: libmudflap.cth/pass39-frag.c (-O2) (rerun 13) execution test
FAIL: libmudflap.cth/pass39-frag.c (-O2) (rerun 13) output pattern test
FAIL: libmudflap.cth/pass39-frag.c (-O2) (rerun 14) execution test
FAIL: libmudflap.cth/pass39-frag.c (-O2) (rerun 14) output pattern test
FAIL: libmudflap.cth/pass39-frag.c (-O2) (rerun 15) execution test
FAIL: libmudflap.cth/pass39-frag.c (-O2) (rerun 15) output pattern test
FAIL: libmudflap.cth/pass39-frag.c (-O2) (rerun 16) execution test
FAIL: libmudflap.cth/pass39-frag.c (-O2) (rerun 16) output pattern test
FAIL: libmudflap.cth/pass39-frag.c (-O2) (rerun 17) execution test
FAIL: libmudflap.cth/pass39-frag.c (-O2) (rerun 17) output pattern test
FAIL: libmudflap.cth/pass39-frag.c (-O2) (rerun 18) execution test
FAIL: libmudflap.cth/pass39-frag.c (-O2) (rerun 18) output pattern test
FAIL: libmudflap.cth/pass39-frag.c (-O2) (rerun 19) execution test
FAIL: libmudflap.cth/pass39-frag.c (-O2) (rerun 19) output pattern test
FAIL: libmudflap.cth/pass59-frag.c (-O2) execution test
FAIL: libmudflap.cth/pass59-frag.c (-O2) output pattern test
FAIL: libmudflap.cth/pass37-frag.c (-O3) execution test
FAIL: libmudflap.cth/pass37-frag.c (-O3) output pattern test
FAIL: libmudflap.cth/pass37-frag.c (-O3) (rerun 1) execution test
FAIL: libmudflap.cth/pass37-frag.c (-O3) (rerun 1) output pattern test
FAIL: libmudflap.cth/pass37-frag.c (-O3) (rerun 2) execution test
FAIL: libmudflap.cth/pass37-frag.c (-O3) (rerun 2) output pattern test
FAIL: libmudflap.cth/pass37-frag.c (-O3) (rerun 3) execution test
FAIL: libmudflap.cth/pass37-frag.c (-O3) (rerun 3) output pattern test
FAIL: libmudflap.cth/pass37-frag.c (-O3) (rerun 4) execution test
FAIL: libmudflap.cth/pass37-frag.c (-O3) (rerun 4) output pattern test
FAIL: libmudflap.cth/pass37-frag.c (-O3) (rerun 5) execution test
FAIL: libmudflap.cth/pass37-frag.c (-O3) (rerun 5) output pattern test
FAIL: libmudflap.cth/pass37-frag.c (-O3) (rerun 6) execution test
FAIL: libmudflap.cth/pass37-frag.c (-O3) (rerun 6) output pattern test
FAIL: libmudflap.cth/pass37-frag.c (-O3) (rerun 7) execution test
FAIL: libmudflap.cth/pass37-frag.c (-O3) (rerun 7) output pattern test
FAIL: libmudflap.cth/pass37-frag.c (-O3) (rerun 8) execution test
FAIL: libmudflap.cth/pass37-frag.c (-O3) (rerun 8) output pattern test
FAIL: libmudflap.cth/pass37-frag.c (-O3) (rerun 9) execution test
FAIL: libmudflap.cth/pass37-frag.c (-O3) (rerun 9) output pattern test
FAIL: libmudflap.cth/pass37-frag.c (-O3) (rerun 10) execution test
FAIL: libmudflap.cth/pass37-frag.c (-O3) (rerun 10) output pattern test
FAIL: libmudflap.cth/pass37-frag.c (-O3) (rerun 11) execution test
FAIL: libmudflap.cth/pass37-frag.c (-O3) (rerun 11) output pattern test
FAIL: libmudflap.cth/pass37-frag.c (-O3) (rerun 12) execution test
FAIL: libmudflap.cth/pass37-frag.c (-O3) (rerun 12) output pattern test
FAIL: libmudflap.cth/pass37-frag.c (-O3) (rerun 13) execution test
FAIL: libmudflap.cth/pass37-frag.c (-O3) (rerun 13) output pattern test
FAIL: libmudflap.cth/pass37-frag.c (-O3) (rerun 14) execution test
FAIL: libmudflap.cth/pass37-frag.c (-O3) (rerun 14) output pattern test
FAIL: libmudflap.cth/pass37-frag.c (-O3) (rerun 15) execution test
FAIL: libmudflap.cth/pass37-frag.c (-O3) (rerun 15) output pattern test
FAIL: libmudflap.cth/pass37-frag.c (-O3) (rerun 16) execution test
FAIL: libmudflap.cth/pass37-frag.c (-O3) (rerun 16) output pattern test
FAIL: libmudflap.cth/pass37-frag.c (-O3) (rerun 17) execution test
FAIL: libmudflap.cth/pass37-frag.c (-O3) (rerun 17) output pattern test
FAIL: libmudflap.cth/pass37-frag.c (-O3) (rerun 18) execution test
FAIL: libmudflap.cth/pass37-frag.c (-O3) (rerun 18) output pattern test
FAIL: libmudflap.cth/pass37-frag.c (-O3) (rerun 19) execution test
FAIL: libmudflap.cth/pass37-frag.c (-O3) (rerun 19) output pattern test
FAIL: libmudflap.cth/pass39-frag.c (-O3) execution test
FAIL: libmudflap.cth/pass39-frag.c (-O3) output pattern test
FAIL: libmudflap.cth/pass39-frag.c (-O3) (rerun 1) execution test
FAIL: libmudflap.cth/pass39-frag.c (-O3) (rerun 1) output pattern test
FAIL: libmudflap.cth/pass39-frag.c (-O3) (rerun 2) execution test
FAIL: libmudflap.cth/pass39-frag.c (-O3) (rerun 2) output pattern test
FAIL: libmudflap.cth/pass39-frag.c (-O3) (rerun 3) execution test
FAIL: libmudflap.cth/pass39-frag.c (-O3) (rerun 3) output pattern test
FAIL: libmudflap.cth/pass39-frag.c (-O3) (rerun 4) execution test
FAIL: libmudflap.cth/pass39-frag.c (-O3) (rerun 4) output pattern test
FAIL: libmudflap.cth/pass39-frag.c (-O3) (rerun 5) execution test
FAIL: libmudflap.cth/pass39-frag.c (-O3) (rerun 5) output pattern test
FAIL: libmudflap.cth/pass39-frag.c (-O3) (rerun 6) execution test
FAIL: libmudflap.cth/pass39-frag.c (-O3) (rerun 6) output pattern test
FAIL: libmudflap.cth/pass39-frag.c (-O3) (rerun 7) execution test
FAIL: libmudflap.cth/pass39-frag.c (-O3) (rerun 7) output pattern test
FAIL: libmudflap.cth/pass39-frag.c (-O3) (rerun 8) execution test
FAIL: libmudflap.cth/pass39-frag.c (-O3) (rerun 8) output pattern test
FAIL: libmudflap.cth/pass39-frag.c (-O3) (rerun 9) execution test
FAIL: libmudflap.cth/pass39-frag.c (-O3) (rerun 9) output pattern test
FAIL: libmudflap.cth/pass39-frag.c (-O3) (rerun 10) execution test
FAIL: libmudflap.cth/pass39-frag.c (-O3) (rerun 10) output pattern test
FAIL: libmudflap.cth/pass39-frag.c (-O3) (rerun 11) execution test
FAIL: libmudflap.cth/pass39-frag.c (-O3) (rerun 11) output pattern test
FAIL: libmudflap.cth/pass39-frag.c (-O3) (rerun 12) execution test
FAIL: libmudflap.cth/pass39-frag.c (-O3) (rerun 12) output pattern test
FAIL: libmudflap.cth/pass39-frag.c (-O3) (rerun 13) execution test
FAIL: libmudflap.cth/pass39-frag.c (-O3) (rerun 13) output pattern test
FAIL: libmudflap.cth/pass39-frag.c (-O3) (rerun 14) execution test
FAIL: libmudflap.cth/pass39-frag.c (-O3) (rerun 14) output pattern test
FAIL: libmudflap.cth/pass39-frag.c (-O3) (rerun 15) execution test
FAIL: libmudflap.cth/pass39-frag.c (-O3) (rerun 15) output pattern test
FAIL: libmudflap.cth/pass39-frag.c (-O3) (rerun 16) execution test
FAIL: libmudflap.cth/pass39-frag.c (-O3) (rerun 16) output pattern test
FAIL: libmudflap.cth/pass39-frag.c (-O3) (rerun 17) execution test
FAIL: libmudflap.cth/pass39-frag.c (-O3) (rerun 17) output pattern test
FAIL: libmudflap.cth/pass39-frag.c (-O3) (rerun 18) execution test
FAIL: libmudflap.cth/pass39-frag.c (-O3) (rerun 18) output pattern test
FAIL: libmudflap.cth/pass39-frag.c (-O3) (rerun 19) execution test
FAIL: libmudflap.cth/pass39-frag.c (-O3) (rerun 19) output pattern test
FAIL: libmudflap.cth/pass59-frag.c (-O3) execution test
FAIL: libmudflap.cth/pass59-frag.c (-O3) output pattern test
=== libmudflap Summary ===
# of expected passes 1628
# of unexpected failures 266
=== libstdc++ tests ===
Running target unix
FAIL: 26_numerics/headers/cmath/c99_classification_macros_c.cc (test for excess errors)
FAIL: 27_io/basic_istream/extractors_arithmetic/char/12.cc execution test
FAIL: 27_io/basic_istream/extractors_arithmetic/wchar_t/12.cc execution test
FAIL: 27_io/objects/wchar_t/9662.cc execution test
FAIL: decimal/binary-arith.cc (test for excess errors)
WARNING: decimal/binary-arith.cc compilation failed to produce executable
FAIL: decimal/comparison.cc (test for excess errors)
WARNING: decimal/comparison.cc compilation failed to produce executable
FAIL: decimal/compound-assignment-memfunc.cc (test for excess errors)
WARNING: decimal/compound-assignment-memfunc.cc compilation failed to produce executable
FAIL: decimal/compound-assignment.cc (test for excess errors)
WARNING: decimal/compound-assignment.cc compilation failed to produce executable
FAIL: decimal/make-decimal.cc (test for excess errors)
WARNING: decimal/make-decimal.cc compilation failed to produce executable
FAIL: decimal/unary-arith.cc (test for excess errors)
WARNING: decimal/unary-arith.cc compilation failed to produce executable
=== libstdc++ Summary ===
# of expected passes 7018
# of unexpected failures 10
# of expected failures 82
# of unsupported tests 542
Compiler version: 4.6.0 20100904 (experimental) (GCC)
Platform: i386-unknown-freebsd8.1
configure flags: --prefix=/files/pfeifer/gcc --disable-libgcj --disable-lto