This is the mail archive of the gcc-testresults@gcc.gnu.org mailing list for the GCC project.


Index Nav: [Date Index] [Subject Index] [Author Index] [Thread Index]
Message Nav: [Date Prev] [Date Next] [Thread Prev] [Thread Next]
Other format: [Raw text]

Results for 4.4.5 20100830 (prerelease) [gcc-4_4-branch revision 163646] (GCC) testsuite on ia64-unknown-linux-gnu


LAST_UPDATED: Mon Aug 30 14:53:32 UTC 2010 (revision 163646)

Native configuration is ia64-unknown-linux-gnu

		=== gcc tests ===


Running target unix
FAIL: gcc.c-torture/compile/pr34966.c  -O1  (internal compiler error)
FAIL: gcc.c-torture/compile/pr34966.c  -O1  (test for excess errors)
FAIL: gcc.c-torture/compile/pr34966.c  -O2  (internal compiler error)
FAIL: gcc.c-torture/compile/pr34966.c  -O2  (test for excess errors)
FAIL: gcc.c-torture/compile/pr34966.c  -O3 -fomit-frame-pointer  (internal compiler error)
FAIL: gcc.c-torture/compile/pr34966.c  -O3 -fomit-frame-pointer  (test for excess errors)
FAIL: gcc.c-torture/compile/pr34966.c  -O3 -g  (internal compiler error)
FAIL: gcc.c-torture/compile/pr34966.c  -O3 -g  (test for excess errors)
FAIL: gcc.c-torture/compile/pr34966.c  -Os  (internal compiler error)
FAIL: gcc.c-torture/compile/pr34966.c  -Os  (test for excess errors)
FAIL: gcc.dg/debug/dwarf2/inline2.c scan-assembler-times byte.*?0x3.*? DW_AT_inline 3
FAIL: gcc.dg/O16384.c (internal compiler error)
FAIL: gcc.dg/O16384.c (test for excess errors)
FAIL: gcc.dg/builtin-apply4.c execution test
FAIL: gcc.dg/builtins-36.c (internal compiler error)
FAIL: gcc.dg/builtins-36.c (test for excess errors)
FAIL: gcc.dg/builtins-62.c (internal compiler error)
FAIL: gcc.dg/builtins-62.c (test for excess errors)
FAIL: gcc.dg/builtins-62.c scan-tree-dump-times optimized "cexpi" 3
FAIL: gcc.dg/pr37106-1.c (internal compiler error)
FAIL: gcc.dg/pr37106-1.c (test for excess errors)
FAIL: gcc.dg/pr43562.c (internal compiler error)
FAIL: gcc.dg/pr43562.c (test for excess errors)
XPASS: gcc.dg/tree-ssa/loop-1.c scan-assembler-times foo 5
FAIL: gcc.dg/tree-ssa/loop-31.c scan-tree-dump-times optimized " \\+ 2" 1
FAIL: gcc.target/ia64/fptr-1.c execution test

		=== gcc Summary ===

# of expected passes		51096
# of unexpected failures	25
# of unexpected successes	1
# of expected failures		244
# of unsupported tests		513
/export/build/gnu/gcc-4.4/build-ia64-linux/gcc/xgcc  version 4.4.5 20100830 (prerelease) [gcc-4_4-branch revision 163646] (GCC) 

		=== gfortran tests ===


Running target unix
FAIL: gfortran.dg/pr35662.f90  -O0  (internal compiler error)
FAIL: gfortran.dg/pr35662.f90  -O0  (test for excess errors)
WARNING: gfortran.dg/pr35662.f90  -O0  compilation failed to produce executable
FAIL: gfortran.dg/pr35662.f90  -O1  (internal compiler error)
FAIL: gfortran.dg/pr35662.f90  -O1  (test for excess errors)
WARNING: gfortran.dg/pr35662.f90  -O1  compilation failed to produce executable
FAIL: gfortran.dg/pr35662.f90  -O2  (internal compiler error)
FAIL: gfortran.dg/pr35662.f90  -O2  (test for excess errors)
WARNING: gfortran.dg/pr35662.f90  -O2  compilation failed to produce executable
FAIL: gfortran.dg/pr35662.f90  -O3 -fomit-frame-pointer  (internal compiler error)
FAIL: gfortran.dg/pr35662.f90  -O3 -fomit-frame-pointer  (test for excess errors)
WARNING: gfortran.dg/pr35662.f90  -O3 -fomit-frame-pointer  compilation failed to produce executable
FAIL: gfortran.dg/pr35662.f90  -O3 -fomit-frame-pointer -funroll-loops  (internal compiler error)
FAIL: gfortran.dg/pr35662.f90  -O3 -fomit-frame-pointer -funroll-loops  (test for excess errors)
WARNING: gfortran.dg/pr35662.f90  -O3 -fomit-frame-pointer -funroll-loops  compilation failed to produce executable
FAIL: gfortran.dg/pr35662.f90  -O3 -fomit-frame-pointer -funroll-all-loops -finline-functions  (internal compiler error)
FAIL: gfortran.dg/pr35662.f90  -O3 -fomit-frame-pointer -funroll-all-loops -finline-functions  (test for excess errors)
WARNING: gfortran.dg/pr35662.f90  -O3 -fomit-frame-pointer -funroll-all-loops -finline-functions  compilation failed to produce executable
FAIL: gfortran.dg/pr35662.f90  -O3 -g  (internal compiler error)
FAIL: gfortran.dg/pr35662.f90  -O3 -g  (test for excess errors)
WARNING: gfortran.dg/pr35662.f90  -O3 -g  compilation failed to produce executable
FAIL: gfortran.dg/pr35662.f90  -Os  (internal compiler error)
FAIL: gfortran.dg/pr35662.f90  -Os  (test for excess errors)
WARNING: gfortran.dg/pr35662.f90  -Os  compilation failed to produce executable
FAIL: gfortran.dg/gomp/pr43836.f90  -O  (internal compiler error)
FAIL: gfortran.dg/gomp/pr43836.f90  -O  (test for excess errors)

		=== gfortran Summary ===

# of expected passes		30361
# of unexpected failures	18
# of expected failures		17
# of unsupported tests		29
/export/build/gnu/gcc-4.4/build-ia64-linux/gcc/testsuite/gfortran/../../gfortran  version 4.4.5 20100830 (prerelease) [gcc-4_4-branch revision 163646] (GCC) 

		=== g++ tests ===


Running target unix

		=== g++ Summary ===

# of expected passes		18902
# of expected failures		157
# of unsupported tests		161
/export/build/gnu/gcc-4.4/build-ia64-linux/gcc/testsuite/g++/../../g++  version 4.4.5 20100830 (prerelease) [gcc-4_4-branch revision 163646] (GCC) 

		=== objc tests ===


Running target unix

		=== objc Summary ===

# of expected passes		1864
# of expected failures		15
# of unsupported tests		25
/export/build/gnu/gcc-4.4/build-ia64-linux/gcc/xgcc  version 4.4.5 20100830 (prerelease) [gcc-4_4-branch revision 163646] (GCC) 

		=== libffi tests ===


Running target unix

		=== libffi Summary ===

# of expected passes		1389
# of unsupported tests		10
		=== libgomp tests ===


Running target unix
FAIL: libgomp.fortran/vla1.f90  -O3 -fomit-frame-pointer  (internal compiler error)
FAIL: libgomp.fortran/vla1.f90  -O3 -fomit-frame-pointer  (test for excess errors)
WARNING: libgomp.fortran/vla1.f90  -O3 -fomit-frame-pointer  compilation failed to produce executable
FAIL: libgomp.fortran/vla1.f90  -O3 -g  (internal compiler error)
FAIL: libgomp.fortran/vla1.f90  -O3 -g  (test for excess errors)
WARNING: libgomp.fortran/vla1.f90  -O3 -g  compilation failed to produce executable

		=== libgomp Summary ===

# of expected passes		2472
# of unexpected failures	4
		=== libjava tests ===


Running target unix
FAIL: getlocalvartable output
WARNING: program timed out.
FAIL: Thread_Alive -findirect-dispatch execution - source compiled test
FAIL: Throw_3 -O3 output - source compiled test
FAIL: Throw_3 -O3 -findirect-dispatch output - source compiled test

		=== libjava Summary ===

# of expected passes		2569
# of unexpected failures	4
# of untested testcases		1
		=== libmudflap tests ===


Running target unix
FAIL: libmudflap.c++/pass41-frag.cxx execution test
FAIL: libmudflap.c++/pass41-frag.cxx (-static) execution test
FAIL: libmudflap.c++/pass41-frag.cxx ( -O) execution test
FAIL: libmudflap.c++/pass41-frag.cxx (-O2) execution test
FAIL: libmudflap.c++/pass41-frag.cxx (-O3) execution test

		=== libmudflap Summary ===

# of expected passes		1889
# of unexpected failures	5
		=== libstdc++ tests ===


Running target unix
FAIL: 26_numerics/complex/13450.cc (test for excess errors)
WARNING: 26_numerics/complex/13450.cc compilation failed to produce executable
FAIL: tr1/5_numerical_facilities/special_functions/09_cyl_bessel_j/check_nan.cc (test for excess errors)
WARNING: tr1/5_numerical_facilities/special_functions/09_cyl_bessel_j/check_nan.cc compilation failed to produce executable
FAIL: tr1/5_numerical_facilities/special_functions/09_cyl_bessel_j/check_value.cc (test for excess errors)
WARNING: tr1/5_numerical_facilities/special_functions/09_cyl_bessel_j/check_value.cc compilation failed to produce executable
FAIL: tr1/5_numerical_facilities/special_functions/11_cyl_neumann/check_nan.cc (test for excess errors)
WARNING: tr1/5_numerical_facilities/special_functions/11_cyl_neumann/check_nan.cc compilation failed to produce executable
FAIL: tr1/5_numerical_facilities/special_functions/11_cyl_neumann/check_value.cc (test for excess errors)
WARNING: tr1/5_numerical_facilities/special_functions/11_cyl_neumann/check_value.cc compilation failed to produce executable

		=== libstdc++ Summary ===

# of expected passes		6497
# of unexpected failures	5
# of expected failures		80
# of unsupported tests		15

Compiler version: 4.4.5 20100830 (prerelease) [gcc-4_4-branch revision 163646] (GCC) 
Platform: ia64-unknown-linux-gnu
configure flags: --enable-clocale=gnu --with-system-zlib --with-demangler-in-ld --enable-shared --enable-threads=posix --enable-haifa --prefix=/usr/gcc-4.4 --with-local-prefix=/usr/local


Index Nav: [Date Index] [Subject Index] [Author Index] [Thread Index]
Message Nav: [Date Prev] [Date Next] [Thread Prev] [Thread Next]