This is the mail archive of the gcc-testresults@gcc.gnu.org mailing list for the GCC project.


Index Nav: [Date Index] [Subject Index] [Author Index] [Thread Index]
Message Nav: [Date Prev] [Date Next] [Thread Prev] [Thread Next]
Other format: [Raw text]

Results for 4.4.5 20100830 (prerelease) [gcc-4_4-branch revision 163646] (GCC) testsuite on x86_64-unknown-linux-gnu


LAST_UPDATED: Mon Aug 30 14:53:32 UTC 2010 (revision 163646)

Native configuration is x86_64-unknown-linux-gnu

		=== gcc tests ===


Running target unix/-m32
FAIL: gcc.c-torture/compile/limits-exprparen.c  -O0  (test for excess errors)
FAIL: gcc.c-torture/compile/limits-exprparen.c  -O1  (test for excess errors)
FAIL: gcc.c-torture/compile/limits-exprparen.c  -O2  (test for excess errors)
FAIL: gcc.c-torture/compile/limits-exprparen.c  -O3 -fomit-frame-pointer  (test for excess errors)
FAIL: gcc.c-torture/compile/limits-exprparen.c  -O3 -g  (test for excess errors)
FAIL: gcc.c-torture/compile/limits-exprparen.c  -Os  (test for excess errors)
FAIL: gcc.c-torture/compile/pr34966.c  -O1  (internal compiler error)
FAIL: gcc.c-torture/compile/pr34966.c  -O1  (test for excess errors)
FAIL: gcc.c-torture/compile/pr34966.c  -O2  (internal compiler error)
FAIL: gcc.c-torture/compile/pr34966.c  -O2  (test for excess errors)
FAIL: gcc.c-torture/compile/pr34966.c  -O3 -fomit-frame-pointer  (internal compiler error)
FAIL: gcc.c-torture/compile/pr34966.c  -O3 -fomit-frame-pointer  (test for excess errors)
FAIL: gcc.c-torture/compile/pr34966.c  -O3 -g  (internal compiler error)
FAIL: gcc.c-torture/compile/pr34966.c  -O3 -g  (test for excess errors)
FAIL: gcc.c-torture/compile/pr34966.c  -Os  (internal compiler error)
FAIL: gcc.c-torture/compile/pr34966.c  -Os  (test for excess errors)
FAIL: gcc.dg/builtins-36.c (internal compiler error)
FAIL: gcc.dg/builtins-36.c (test for excess errors)
FAIL: gcc.dg/builtins-62.c (internal compiler error)
FAIL: gcc.dg/builtins-62.c (test for excess errors)
FAIL: gcc.dg/builtins-62.c scan-tree-dump-times optimized "cexpi" 3
FAIL: gcc.target/i386/387-7.c (internal compiler error)
FAIL: gcc.target/i386/387-7.c (test for excess errors)
ERROR: gcc.target/i386/387-7.c: error executing dg-final: couldn't open "387-7.s": no such file or directory
UNRESOLVED: gcc.target/i386/387-7.c: error executing dg-final: couldn't open "387-7.s": no such file or directory
FAIL: gcc.target/i386/387-9.c (internal compiler error)
FAIL: gcc.target/i386/387-9.c (test for excess errors)
ERROR: gcc.target/i386/387-9.c: error executing dg-final: couldn't open "387-9.s": no such file or directory
UNRESOLVED: gcc.target/i386/387-9.c: error executing dg-final: couldn't open "387-9.s": no such file or directory

		=== gcc Summary for unix/-m32 ===

# of expected passes		58233
# of unexpected failures	25
# of expected failures		191
# of unresolved testcases	2
# of unsupported tests		447

Running target unix
FAIL: gcc.c-torture/compile/limits-exprparen.c  -O0  (test for excess errors)
FAIL: gcc.c-torture/compile/limits-exprparen.c  -O1  (test for excess errors)
FAIL: gcc.c-torture/compile/limits-exprparen.c  -O2  (test for excess errors)
FAIL: gcc.c-torture/compile/limits-exprparen.c  -O3 -fomit-frame-pointer  (test for excess errors)
FAIL: gcc.c-torture/compile/limits-exprparen.c  -O3 -g  (test for excess errors)
FAIL: gcc.c-torture/compile/limits-exprparen.c  -Os  (test for excess errors)
FAIL: gcc.c-torture/compile/pr34966.c  -O1  (internal compiler error)
FAIL: gcc.c-torture/compile/pr34966.c  -O1  (test for excess errors)
FAIL: gcc.c-torture/compile/pr34966.c  -O2  (internal compiler error)
FAIL: gcc.c-torture/compile/pr34966.c  -O2  (test for excess errors)
FAIL: gcc.c-torture/compile/pr34966.c  -O3 -fomit-frame-pointer  (internal compiler error)
FAIL: gcc.c-torture/compile/pr34966.c  -O3 -fomit-frame-pointer  (test for excess errors)
FAIL: gcc.c-torture/compile/pr34966.c  -O3 -g  (internal compiler error)
FAIL: gcc.c-torture/compile/pr34966.c  -O3 -g  (test for excess errors)
FAIL: gcc.c-torture/compile/pr34966.c  -Os  (internal compiler error)
FAIL: gcc.c-torture/compile/pr34966.c  -Os  (test for excess errors)
FAIL: gcc.dg/builtins-36.c (internal compiler error)
FAIL: gcc.dg/builtins-36.c (test for excess errors)
FAIL: gcc.dg/builtins-62.c (internal compiler error)
FAIL: gcc.dg/builtins-62.c (test for excess errors)
FAIL: gcc.dg/builtins-62.c scan-tree-dump-times optimized "cexpi" 3
FAIL: gcc.dg/tree-prof/bb-reorg.c compilation,  -fprofile-use -D_PROFILE_USE
UNRESOLVED: gcc.dg/tree-prof/bb-reorg.c execution,    -fprofile-use -D_PROFILE_USE
FAIL: gcc.dg/tree-prof/pr34999.c compilation,  -fprofile-use -D_PROFILE_USE
UNRESOLVED: gcc.dg/tree-prof/pr34999.c execution,    -fprofile-use -D_PROFILE_USE

		=== gcc Summary for unix ===

# of expected passes		57882
# of unexpected failures	23
# of expected failures		190
# of unresolved testcases	2
# of unsupported tests		735

		=== gcc Summary ===

# of expected passes		116115
# of unexpected failures	48
# of expected failures		381
# of unresolved testcases	4
# of unsupported tests		1182
/export/build/gnu/gcc-4.4/build-x86_64-linux/gcc/xgcc  version 4.4.5 20100830 (prerelease) [gcc-4_4-branch revision 163646] (GCC) 

		=== gfortran tests ===


Running target unix/-m32
FAIL: gfortran.dg/pr35662.f90  -O0  (internal compiler error)
FAIL: gfortran.dg/pr35662.f90  -O0  (test for excess errors)
WARNING: gfortran.dg/pr35662.f90  -O0  compilation failed to produce executable
FAIL: gfortran.dg/pr35662.f90  -O1  (internal compiler error)
FAIL: gfortran.dg/pr35662.f90  -O1  (test for excess errors)
WARNING: gfortran.dg/pr35662.f90  -O1  compilation failed to produce executable
FAIL: gfortran.dg/pr35662.f90  -O2  (internal compiler error)
FAIL: gfortran.dg/pr35662.f90  -O2  (test for excess errors)
WARNING: gfortran.dg/pr35662.f90  -O2  compilation failed to produce executable
FAIL: gfortran.dg/pr35662.f90  -O3 -fomit-frame-pointer  (internal compiler error)
FAIL: gfortran.dg/pr35662.f90  -O3 -fomit-frame-pointer  (test for excess errors)
WARNING: gfortran.dg/pr35662.f90  -O3 -fomit-frame-pointer  compilation failed to produce executable
FAIL: gfortran.dg/pr35662.f90  -O3 -fomit-frame-pointer -funroll-loops  (internal compiler error)
FAIL: gfortran.dg/pr35662.f90  -O3 -fomit-frame-pointer -funroll-loops  (test for excess errors)
WARNING: gfortran.dg/pr35662.f90  -O3 -fomit-frame-pointer -funroll-loops  compilation failed to produce executable
FAIL: gfortran.dg/pr35662.f90  -O3 -fomit-frame-pointer -funroll-all-loops -finline-functions  (internal compiler error)
FAIL: gfortran.dg/pr35662.f90  -O3 -fomit-frame-pointer -funroll-all-loops -finline-functions  (test for excess errors)
WARNING: gfortran.dg/pr35662.f90  -O3 -fomit-frame-pointer -funroll-all-loops -finline-functions  compilation failed to produce executable
FAIL: gfortran.dg/pr35662.f90  -O3 -g  (internal compiler error)
FAIL: gfortran.dg/pr35662.f90  -O3 -g  (test for excess errors)
WARNING: gfortran.dg/pr35662.f90  -O3 -g  compilation failed to produce executable
FAIL: gfortran.dg/pr35662.f90  -Os  (internal compiler error)
FAIL: gfortran.dg/pr35662.f90  -Os  (test for excess errors)
WARNING: gfortran.dg/pr35662.f90  -Os  compilation failed to produce executable

		=== gfortran Summary for unix/-m32 ===

# of expected passes		30265
# of unexpected failures	16
# of expected failures		9
# of unsupported tests		105

Running target unix
FAIL: gfortran.dg/pr35662.f90  -O0  (internal compiler error)
FAIL: gfortran.dg/pr35662.f90  -O0  (test for excess errors)
WARNING: gfortran.dg/pr35662.f90  -O0  compilation failed to produce executable
FAIL: gfortran.dg/pr35662.f90  -O1  (internal compiler error)
FAIL: gfortran.dg/pr35662.f90  -O1  (test for excess errors)
WARNING: gfortran.dg/pr35662.f90  -O1  compilation failed to produce executable
FAIL: gfortran.dg/pr35662.f90  -O2  (internal compiler error)
FAIL: gfortran.dg/pr35662.f90  -O2  (test for excess errors)
WARNING: gfortran.dg/pr35662.f90  -O2  compilation failed to produce executable
FAIL: gfortran.dg/pr35662.f90  -O3 -fomit-frame-pointer  (internal compiler error)
FAIL: gfortran.dg/pr35662.f90  -O3 -fomit-frame-pointer  (test for excess errors)
WARNING: gfortran.dg/pr35662.f90  -O3 -fomit-frame-pointer  compilation failed to produce executable
FAIL: gfortran.dg/pr35662.f90  -O3 -fomit-frame-pointer -funroll-loops  (internal compiler error)
FAIL: gfortran.dg/pr35662.f90  -O3 -fomit-frame-pointer -funroll-loops  (test for excess errors)
WARNING: gfortran.dg/pr35662.f90  -O3 -fomit-frame-pointer -funroll-loops  compilation failed to produce executable
FAIL: gfortran.dg/pr35662.f90  -O3 -fomit-frame-pointer -funroll-all-loops -finline-functions  (internal compiler error)
FAIL: gfortran.dg/pr35662.f90  -O3 -fomit-frame-pointer -funroll-all-loops -finline-functions  (test for excess errors)
WARNING: gfortran.dg/pr35662.f90  -O3 -fomit-frame-pointer -funroll-all-loops -finline-functions  compilation failed to produce executable
FAIL: gfortran.dg/pr35662.f90  -O3 -g  (internal compiler error)
FAIL: gfortran.dg/pr35662.f90  -O3 -g  (test for excess errors)
WARNING: gfortran.dg/pr35662.f90  -O3 -g  compilation failed to produce executable
FAIL: gfortran.dg/pr35662.f90  -Os  (internal compiler error)
FAIL: gfortran.dg/pr35662.f90  -Os  (test for excess errors)
WARNING: gfortran.dg/pr35662.f90  -Os  compilation failed to produce executable

		=== gfortran Summary for unix ===

# of expected passes		30394
# of unexpected failures	16
# of expected failures		9
# of unsupported tests		44

		=== gfortran Summary ===

# of expected passes		60659
# of unexpected failures	32
# of expected failures		18
# of unsupported tests		149
/export/build/gnu/gcc-4.4/build-x86_64-linux/gcc/testsuite/gfortran/../../gfortran  version 4.4.5 20100830 (prerelease) [gcc-4_4-branch revision 163646] (GCC) 

		=== g++ tests ===


Running target unix/-m32

		=== g++ Summary for unix/-m32 ===

# of expected passes		20267
# of expected failures		157
# of unsupported tests		101

Running target unix

		=== g++ Summary for unix ===

# of expected passes		19948
# of expected failures		157
# of unsupported tests		253

		=== g++ Summary ===

# of expected passes		40215
# of expected failures		314
# of unsupported tests		354
/export/build/gnu/gcc-4.4/build-x86_64-linux/gcc/testsuite/g++/../../g++  version 4.4.5 20100830 (prerelease) [gcc-4_4-branch revision 163646] (GCC) 

		=== objc tests ===


Running target unix/-m32

		=== objc Summary for unix/-m32 ===

# of expected passes		1874
# of expected failures		7
# of unsupported tests		24

Running target unix

		=== objc Summary for unix ===

# of expected passes		1866
# of expected failures		15
# of unsupported tests		24

		=== objc Summary ===

# of expected passes		3740
# of expected failures		22
# of unsupported tests		48
/export/build/gnu/gcc-4.4/build-x86_64-linux/gcc/xgcc  version 4.4.5 20100830 (prerelease) [gcc-4_4-branch revision 163646] (GCC) 

		=== libffi tests ===


Running target unix/-m32

		=== libffi Summary for unix/-m32 ===

# of expected passes		1389
# of unsupported tests		10

Running target unix

		=== libffi Summary for unix ===

# of expected passes		1389
# of unsupported tests		10

		=== libffi Summary ===

# of expected passes		2778
# of unsupported tests		20
		=== libgomp tests ===


Running target unix/-m32

		=== libgomp Summary for unix/-m32 ===

# of expected passes		2476

Running target unix

		=== libgomp Summary for unix ===

# of expected passes		2476

		=== libgomp Summary ===

# of expected passes		4952
		=== libjava tests ===


Running target unix/-m32

		=== libjava Summary for unix/-m32 ===

# of expected passes		2574

Running target unix

		=== libjava Summary for unix ===

# of expected passes		2574

		=== libjava Summary ===

# of expected passes		5148
		=== libmudflap tests ===


Running target unix/-m32
FAIL: libmudflap.c++/pass41-frag.cxx execution test
FAIL: libmudflap.c++/pass41-frag.cxx (-static) execution test
FAIL: libmudflap.c++/pass41-frag.cxx ( -O) execution test
FAIL: libmudflap.c++/pass41-frag.cxx (-O2) execution test
FAIL: libmudflap.c++/pass41-frag.cxx (-O3) execution test

		=== libmudflap Summary for unix/-m32 ===

# of expected passes		1889
# of unexpected failures	5

Running target unix
FAIL: libmudflap.c++/pass41-frag.cxx execution test
FAIL: libmudflap.c++/pass41-frag.cxx (-static) execution test
FAIL: libmudflap.c++/pass41-frag.cxx ( -O) execution test
FAIL: libmudflap.c++/pass41-frag.cxx (-O2) execution test
FAIL: libmudflap.c++/pass41-frag.cxx (-O3) execution test

		=== libmudflap Summary for unix ===

# of expected passes		1889
# of unexpected failures	5

		=== libmudflap Summary ===

# of expected passes		3778
# of unexpected failures	10
		=== libstdc++ tests ===


Running target unix/-m32
FAIL: 26_numerics/complex/13450.cc (test for excess errors)
WARNING: 26_numerics/complex/13450.cc compilation failed to produce executable
FAIL: tr1/5_numerical_facilities/special_functions/09_cyl_bessel_j/check_nan.cc (test for excess errors)
WARNING: tr1/5_numerical_facilities/special_functions/09_cyl_bessel_j/check_nan.cc compilation failed to produce executable
FAIL: tr1/5_numerical_facilities/special_functions/09_cyl_bessel_j/check_value.cc (test for excess errors)
WARNING: tr1/5_numerical_facilities/special_functions/09_cyl_bessel_j/check_value.cc compilation failed to produce executable
FAIL: tr1/5_numerical_facilities/special_functions/11_cyl_neumann/check_nan.cc (test for excess errors)
WARNING: tr1/5_numerical_facilities/special_functions/11_cyl_neumann/check_nan.cc compilation failed to produce executable
FAIL: tr1/5_numerical_facilities/special_functions/11_cyl_neumann/check_value.cc (test for excess errors)
WARNING: tr1/5_numerical_facilities/special_functions/11_cyl_neumann/check_value.cc compilation failed to produce executable

		=== libstdc++ Summary for unix/-m32 ===

# of expected passes		6488
# of unexpected failures	5
# of expected failures		80
# of unsupported tests		20

Running target unix
FAIL: 26_numerics/complex/13450.cc (test for excess errors)
WARNING: 26_numerics/complex/13450.cc compilation failed to produce executable
FAIL: tr1/5_numerical_facilities/special_functions/09_cyl_bessel_j/check_nan.cc (test for excess errors)
WARNING: tr1/5_numerical_facilities/special_functions/09_cyl_bessel_j/check_nan.cc compilation failed to produce executable
FAIL: tr1/5_numerical_facilities/special_functions/09_cyl_bessel_j/check_value.cc (test for excess errors)
WARNING: tr1/5_numerical_facilities/special_functions/09_cyl_bessel_j/check_value.cc compilation failed to produce executable
FAIL: tr1/5_numerical_facilities/special_functions/11_cyl_neumann/check_nan.cc (test for excess errors)
WARNING: tr1/5_numerical_facilities/special_functions/11_cyl_neumann/check_nan.cc compilation failed to produce executable
FAIL: tr1/5_numerical_facilities/special_functions/11_cyl_neumann/check_value.cc (test for excess errors)
WARNING: tr1/5_numerical_facilities/special_functions/11_cyl_neumann/check_value.cc compilation failed to produce executable

		=== libstdc++ Summary for unix ===

# of expected passes		6497
# of unexpected failures	5
# of expected failures		80
# of unsupported tests		15

		=== libstdc++ Summary ===

# of expected passes		12985
# of unexpected failures	10
# of expected failures		160
# of unsupported tests		35

Compiler version: 4.4.5 20100830 (prerelease) [gcc-4_4-branch revision 163646] (GCC) 
Platform: x86_64-unknown-linux-gnu
configure flags: --enable-clocale=gnu --with-system-zlib --with-demangler-in-ld --enable-shared --enable-threads=posix --enable-haifa --prefix=/usr/gcc-4.4 --with-local-prefix=/usr/local


Index Nav: [Date Index] [Subject Index] [Author Index] [Thread Index]
Message Nav: [Date Prev] [Date Next] [Thread Prev] [Thread Next]