This is the mail archive of the gcc-testresults@gcc.gnu.org mailing list for the GCC project.


Index Nav: [Date Index] [Subject Index] [Author Index] [Thread Index]
Message Nav: [Date Prev] [Date Next] [Thread Prev] [Thread Next]
Other format: [Raw text]

Results for 4.4.5 20100827 (prerelease) (GCC) testsuite on i386-pc-solaris2.9


		=== acats tests ===

		=== acats Summary ===
# of expected passes		2315
# of unexpected failures	0
Native configuration is i386-pc-solaris2.9

		=== g++ tests ===


Running target unix
FAIL: g++.dg/debug/dwarf2/pubnames-1.C scan-assembler-times "main".*external name 1
FAIL: g++.dg/debug/dwarf2/typedef1.C scan-assembler-times DW_AT_name: "foo<1u>" 1
FAIL: g++.dg/debug/dwarf2/typedef1.C scan-assembler-times DW_AT_name: "typedef foo<1u>::type type" 1
FAIL: g++.dg/warn/miss-format-1.C printf attribute warning (test for warnings, line 17)
FAIL: g++.dg/warn/miss-format-1.C printf attribute warning 2 (test for warnings, line 42)
FAIL: g++.old-deja/g++.other/headers1.C (test for excess errors)
WARNING: g++.old-deja/g++.other/headers1.C compilation failed to produce executable

		=== g++ Summary ===

# of expected passes		19905
# of unexpected failures	6
# of expected failures		158
# of unsupported tests		213
/var/gcc/regression/gcc-4.4-branch/9-gcc/build/gcc/testsuite/g++/../../g++  version 4.4.5 20100827 (prerelease) (GCC) 

		=== gcc tests ===


Running target unix
FAIL: gcc.c-torture/compile/pr38789.c  -O0  (test for excess errors)
FAIL: gcc.c-torture/compile/pr38789.c  -O1  (test for excess errors)
FAIL: gcc.c-torture/compile/pr38789.c  -O2  (test for excess errors)
FAIL: gcc.c-torture/compile/pr38789.c  -O3 -fomit-frame-pointer  (test for excess errors)
FAIL: gcc.c-torture/compile/pr38789.c  -O3 -g  (test for excess errors)
FAIL: gcc.c-torture/compile/pr38789.c  -Os  (test for excess errors)
FAIL: gcc.c-torture/execute/990127-2.c execution,  -O2 
FAIL: gcc.c-torture/execute/990127-2.c execution,  -Os 
FAIL: gcc.dg/torture/pr41555.c  -O0  (test for excess errors)
WARNING: gcc.dg/torture/pr41555.c  -O0  compilation failed to produce executable
FAIL: gcc.dg/torture/pr41555.c  -O1  (test for excess errors)
WARNING: gcc.dg/torture/pr41555.c  -O1  compilation failed to produce executable
FAIL: gcc.dg/torture/pr41555.c  -O2  (test for excess errors)
WARNING: gcc.dg/torture/pr41555.c  -O2  compilation failed to produce executable
FAIL: gcc.dg/torture/pr41555.c  -O3 -fomit-frame-pointer  (test for excess errors)
WARNING: gcc.dg/torture/pr41555.c  -O3 -fomit-frame-pointer  compilation failed to produce executable
FAIL: gcc.dg/torture/pr41555.c  -O3 -fomit-frame-pointer -funroll-loops  (test for excess errors)
WARNING: gcc.dg/torture/pr41555.c  -O3 -fomit-frame-pointer -funroll-loops  compilation failed to produce executable
FAIL: gcc.dg/torture/pr41555.c  -O3 -fomit-frame-pointer -funroll-all-loops -finline-functions  (test for excess errors)
WARNING: gcc.dg/torture/pr41555.c  -O3 -fomit-frame-pointer -funroll-all-loops -finline-functions  compilation failed to produce executable
FAIL: gcc.dg/torture/pr41555.c  -O3 -g  (test for excess errors)
WARNING: gcc.dg/torture/pr41555.c  -O3 -g  compilation failed to produce executable
FAIL: gcc.dg/torture/pr41555.c  -Os  (test for excess errors)
WARNING: gcc.dg/torture/pr41555.c  -Os  compilation failed to produce executable
XPASS: gcc.dg/tree-ssa/20040204-1.c scan-tree-dump-times optimized "link_error" 0
FAIL: gcc.target/i386/abi-2.c scan-assembler-times ymm0 1
FAIL: gcc.target/i386/pr22076.c scan-assembler-times movq 3
FAIL: gcc.target/i386/pr22076.c scan-assembler-not movl
FAIL: gcc.target/i386/pr37191.c -Wl,-M,/vol/gcc/src/hg/gcc-4.4-branch/local/gcc/testsuite/gcc.target/i386/clearcap.map (test for excess errors)
FAIL: gcc.target/i386/pr41963.c -Wl,-M,/vol/gcc/src/hg/gcc-4.4-branch/local/gcc/testsuite/gcc.target/i386/clearcap.map (test for excess errors)
FAIL: gcc.target/i386/reload-1.c -Wl,-M,/vol/gcc/src/hg/gcc-4.4-branch/local/gcc/testsuite/gcc.target/i386/clearcap.map (test for excess errors)
FAIL: gcc.target/i386/reload-1.c -Wl,-M,/vol/gcc/src/hg/gcc-4.4-branch/local/gcc/testsuite/gcc.target/i386/clearcap.map scan-rtl-dump-not csa "deleted 1 dead insns": dump file does not exist

		=== gcc Summary ===

# of expected passes		55676
# of unexpected failures	23
# of unexpected successes	1
# of expected failures		189
# of unsupported tests		1210
/var/gcc/regression/gcc-4.4-branch/9-gcc/build/gcc/xgcc  version 4.4.5 20100827 (prerelease) (GCC) 

		=== gfortran tests ===


Running target unix

		=== gfortran Summary ===

# of expected passes		29891
# of expected failures		9
# of unsupported tests		276
/var/gcc/regression/gcc-4.4-branch/9-gcc/build/gcc/testsuite/gfortran/../../gfortran  version 4.4.5 20100827 (prerelease) (GCC) 

		=== gnat tests ===


Running target unix

		=== gnat Summary ===

# of expected passes		617
# of expected failures		6
# of unsupported tests		1
		=== objc tests ===


Running target unix

		=== objc Summary ===

# of expected passes		1874
# of expected failures		7
# of unsupported tests		24
/var/gcc/regression/gcc-4.4-branch/9-gcc/build/gcc/xgcc  version 4.4.5 20100827 (prerelease) (GCC) 

		=== libffi tests ===


Running target unix

		=== libffi Summary ===

# of expected passes		1389
# of unsupported tests		10
		=== libgomp tests ===


Running target unix

		=== libgomp Summary ===

# of expected passes		2472
# of unsupported tests		2
		=== libjava tests ===


Running target unix
FAIL: InvokeInterface execution - source compiled test
FAIL: InvokeInterface -O3 execution - source compiled test
FAIL: Throw_2 execution - source compiled test
FAIL: Throw_2 -findirect-dispatch execution - source compiled test
FAIL: Throw_2 -O3 execution - source compiled test
FAIL: Throw_2 -O3 -findirect-dispatch execution - source compiled test

		=== libjava Summary ===

# of expected passes		2562
# of unexpected failures	6
# of untested testcases		6
		=== libstdc++ tests ===


Running target unix
FAIL: 22_locale/num_put/put/char/14220.cc execution test
FAIL: 22_locale/num_put/put/wchar_t/14220.cc execution test
FAIL: 27_io/basic_istream/extractors_arithmetic/char/12.cc execution test
FAIL: 27_io/basic_istream/extractors_arithmetic/wchar_t/12.cc execution test
FAIL: ext/enc_filebuf/char/13598.cc execution test

		=== libstdc++ Summary ===

# of expected passes		5464
# of unexpected failures	5
# of expected failures		71
# of unsupported tests		546

		=== libstdc++ Summary ===


Compiler version: 4.4.5 20100827 (prerelease) (GCC) 
Platform: i386-pc-solaris2.9
configure flags: --prefix=/vol/gcc --target=i386-pc-solaris2.9 --with-gmp=/vol/gcc --with-mpfr=/vol/gcc --with-mpc=/vol/gcc --enable-languages=all,ada
BOOT_CFLAGS=-g -O2


Index Nav: [Date Index] [Subject Index] [Author Index] [Thread Index]
Message Nav: [Date Prev] [Date Next] [Thread Prev] [Thread Next]