This is the mail archive of the gcc-testresults@gcc.gnu.org mailing list for the GCC project.


Index Nav: [Date Index] [Subject Index] [Author Index] [Thread Index]
Message Nav: [Date Prev] [Date Next] [Thread Prev] [Thread Next]
Other format: [Raw text]

Results for 4.4.5 20100827 (prerelease) (GCC) testsuite on sparc-sun-solaris2.11


		=== acats tests ===

		=== acats Summary ===
# of expected passes		2315
# of unexpected failures	0
Native configuration is sparc-sun-solaris2.11

		=== g++ tests ===


Running target unix

		=== g++ Summary for unix ===

# of expected passes		19569
# of expected failures		158
# of unsupported tests		189

Running target unix/-m64

		=== g++ Summary for unix/-m64 ===

# of expected passes		19536
# of expected failures		158
# of unsupported tests		190

		=== g++ Summary ===

# of expected passes		39105
# of expected failures		316
# of unsupported tests		379
/var/gcc/regression/gcc-4.4-branch/11-gcc-gas/build/gcc/testsuite/g++/../../g++  version 4.4.5 20100827 (prerelease) (GCC) 

		=== gcc tests ===


Running target unix
FAIL: gcc.c-torture/execute/pr38819.c execution,  -O2 
FAIL: gcc.c-torture/execute/pr38819.c execution,  -O3 -fomit-frame-pointer 
FAIL: gcc.c-torture/execute/pr38819.c execution,  -O3 -fomit-frame-pointer -funroll-loops 
FAIL: gcc.c-torture/execute/pr38819.c execution,  -O3 -fomit-frame-pointer -funroll-all-loops -finline-functions 
FAIL: gcc.c-torture/execute/pr38819.c execution,  -O3 -g 
FAIL: gcc.dg/debug/dwarf2/inline2.c scan-assembler-times \\(DIE \\(.*?\\) DW_TAG_inlined_subroutine 6
FAIL: gcc.dg/debug/dwarf2/inline2.c scan-assembler-times \\(DIE \\(.*?\\) DW_TAG_lexical_block 6
FAIL: gcc.dg/vect/vect-35.c scan-tree-dump-times vect "vectorized 1 loops" 1
FAIL: gcc.dg/vect/slp-multitypes-2.c execution test

		=== gcc Summary for unix ===

# of expected passes		51742
# of unexpected failures	9
# of expected failures		223
# of unsupported tests		682

Running target unix/-m64
FAIL: gcc.dg/cpp/trad/include.c -fno-show-column (internal compiler error)
FAIL: gcc.dg/cpp/trad/include.c -fno-show-column (test for excess errors)
FAIL: gcc.dg/debug/dwarf2/inline2.c scan-assembler-times \\(DIE \\(.*?\\) DW_TAG_inlined_subroutine 6
FAIL: gcc.dg/debug/dwarf2/inline2.c scan-assembler-times \\(DIE \\(.*?\\) DW_TAG_lexical_block 6

		=== gcc Summary for unix/-m64 ===

# of expected passes		51737
# of unexpected failures	4
# of expected failures		219
# of unsupported tests		690

		=== gcc Summary ===

# of expected passes		103479
# of unexpected failures	13
# of expected failures		442
# of unsupported tests		1372
/var/gcc/regression/gcc-4.4-branch/11-gcc-gas/build/gcc/xgcc  version 4.4.5 20100827 (prerelease) (GCC) 

		=== gfortran tests ===


Running target unix

		=== gfortran Summary for unix ===

# of expected passes		30195
# of expected failures		11
# of unsupported tests		146

Running target unix/-m64

		=== gfortran Summary for unix/-m64 ===

# of expected passes		30360
# of expected failures		11
# of unsupported tests		65

		=== gfortran Summary ===

# of expected passes		60555
# of expected failures		22
# of unsupported tests		211
/var/gcc/regression/gcc-4.4-branch/11-gcc-gas/build/gcc/testsuite/gfortran/../../gfortran  version 4.4.5 20100827 (prerelease) (GCC) 

		=== gnat tests ===


Running target unix

		=== gnat Summary for unix ===

# of expected passes		618
# of expected failures		6
# of unsupported tests		1

Running target unix/-m64

		=== gnat Summary for unix/-m64 ===

# of expected passes		618
# of expected failures		6
# of unsupported tests		1

		=== gnat Summary ===

# of expected passes		1236
# of expected failures		12
# of unsupported tests		2
		=== objc tests ===


Running target unix

		=== objc Summary for unix ===

# of expected passes		1866
# of expected failures		15
# of unsupported tests		24

Running target unix/-m64

		=== objc Summary for unix/-m64 ===

# of expected passes		1866
# of expected failures		15
# of unsupported tests		24

		=== objc Summary ===

# of expected passes		3732
# of expected failures		30
# of unsupported tests		48
/var/gcc/regression/gcc-4.4-branch/11-gcc-gas/build/gcc/xgcc  version 4.4.5 20100827 (prerelease) (GCC) 

		=== libffi tests ===


Running target unix

		=== libffi Summary for unix ===

# of expected passes		1389
# of unsupported tests		10

Running target unix/-m64

		=== libffi Summary for unix/-m64 ===

# of expected passes		1389
# of unsupported tests		10

		=== libffi Summary ===

# of expected passes		2778
# of unsupported tests		20
		=== libgomp tests ===


Running target unix

		=== libgomp Summary for unix ===

# of expected passes		2458
# of unsupported tests		9

Running target unix/-m64

		=== libgomp Summary for unix/-m64 ===

# of expected passes		2458
# of unsupported tests		9

		=== libgomp Summary ===

# of expected passes		4916
# of unsupported tests		18
		=== libjava tests ===


Running target unix
FAIL: events output

		=== libjava Summary for unix ===

# of expected passes		2573
# of unexpected failures	1

Running target unix/-m64

		=== libjava Summary for unix/-m64 ===

# of expected passes		2574

		=== libjava Summary ===

# of expected passes		5147
# of unexpected failures	1
		=== libstdc++ tests ===


Running target unix
XPASS: 27_io/basic_istream/extractors_arithmetic/char/12.cc execution test
XPASS: 27_io/basic_istream/extractors_arithmetic/wchar_t/12.cc execution test

		=== libstdc++ Summary for unix ===

# of expected passes		5775
# of unexpected successes	2
# of expected failures		79
# of unsupported tests		387

Running target unix/-m64
XPASS: 27_io/basic_istream/extractors_arithmetic/char/12.cc execution test
XPASS: 27_io/basic_istream/extractors_arithmetic/wchar_t/12.cc execution test

		=== libstdc++ Summary for unix/-m64 ===

# of expected passes		5775
# of unexpected successes	2
# of expected failures		79
# of unsupported tests		387

		=== libstdc++ Summary ===

# of expected passes		11550
# of unexpected successes	4
# of expected failures		158
# of unsupported tests		774

		=== libstdc++ Summary ===


Compiler version: 4.4.5 20100827 (prerelease) (GCC) 
Platform: sparc-sun-solaris2.11
configure flags: --prefix=/vol/gcc --target=sparc-sun-solaris2.11 --with-as=/usr/sfw/bin/gas --with-gnu-as --with-gmp=/vol/gcc --with-mpfr=/vol/gcc --with-mpc=/vol/gcc --enable-languages=all,ada
BOOT_CFLAGS=-g -O2


Index Nav: [Date Index] [Subject Index] [Author Index] [Thread Index]
Message Nav: [Date Prev] [Date Next] [Thread Prev] [Thread Next]