This is the mail archive of the gcc-testresults@gcc.gnu.org mailing list for the GCC project.


Index Nav: [Date Index] [Subject Index] [Author Index] [Thread Index]
Message Nav: [Date Prev] [Date Next] [Thread Prev] [Thread Next]
Other format: [Raw text]

Results for 4.4.5 20100830 (prerelease) (GCC) testsuite on i686-pc-linux-gnu


Native configuration is i686-pc-linux-gnu

		=== gcc tests ===


Running target unix
FAIL: gcc.c-torture/compile/pr34966.c  -O1  (internal compiler error)
FAIL: gcc.c-torture/compile/pr34966.c  -O1  (test for excess errors)
FAIL: gcc.c-torture/compile/pr34966.c  -O2  (internal compiler error)
FAIL: gcc.c-torture/compile/pr34966.c  -O2  (test for excess errors)
FAIL: gcc.c-torture/compile/pr34966.c  -O3 -fomit-frame-pointer  (internal compiler error)
FAIL: gcc.c-torture/compile/pr34966.c  -O3 -fomit-frame-pointer  (test for excess errors)
FAIL: gcc.c-torture/compile/pr34966.c  -O3 -g  (internal compiler error)
FAIL: gcc.c-torture/compile/pr34966.c  -O3 -g  (test for excess errors)
FAIL: gcc.c-torture/compile/pr34966.c  -Os  (internal compiler error)
FAIL: gcc.c-torture/compile/pr34966.c  -Os  (test for excess errors)
FAIL: gcc.dg/builtins-36.c (internal compiler error)
FAIL: gcc.dg/builtins-36.c (test for excess errors)
FAIL: gcc.dg/builtins-62.c (internal compiler error)
FAIL: gcc.dg/builtins-62.c (test for excess errors)
FAIL: gcc.dg/builtins-62.c scan-tree-dump-times optimized "cexpi" 3
FAIL: gcc.target/i386/387-7.c (internal compiler error)
FAIL: gcc.target/i386/387-7.c (test for excess errors)
ERROR: gcc.target/i386/387-7.c: error executing dg-final: couldn't open "387-7.s": no such file or directory
UNRESOLVED: gcc.target/i386/387-7.c: error executing dg-final: couldn't open "387-7.s": no such file or directory
FAIL: gcc.target/i386/387-9.c (internal compiler error)
FAIL: gcc.target/i386/387-9.c (test for excess errors)
ERROR: gcc.target/i386/387-9.c: error executing dg-final: couldn't open "387-9.s": no such file or directory
UNRESOLVED: gcc.target/i386/387-9.c: error executing dg-final: couldn't open "387-9.s": no such file or directory

		=== gcc Summary ===

# of expected passes		58324
# of unexpected failures	19
# of expected failures		193
# of unresolved testcases	2
# of unsupported tests		455
/export/build/gnu/gcc-4.4/build-i686-linux/gcc/xgcc  version 4.4.5 20100830 (prerelease) (GCC) 

		=== gfortran tests ===


Running target unix
FAIL: gfortran.dg/pr35662.f90  -O0  (internal compiler error)
FAIL: gfortran.dg/pr35662.f90  -O0  (test for excess errors)
WARNING: gfortran.dg/pr35662.f90  -O0  compilation failed to produce executable
FAIL: gfortran.dg/pr35662.f90  -O1  (internal compiler error)
FAIL: gfortran.dg/pr35662.f90  -O1  (test for excess errors)
WARNING: gfortran.dg/pr35662.f90  -O1  compilation failed to produce executable
FAIL: gfortran.dg/pr35662.f90  -O2  (internal compiler error)
FAIL: gfortran.dg/pr35662.f90  -O2  (test for excess errors)
WARNING: gfortran.dg/pr35662.f90  -O2  compilation failed to produce executable
FAIL: gfortran.dg/pr35662.f90  -O3 -fomit-frame-pointer  (internal compiler error)
FAIL: gfortran.dg/pr35662.f90  -O3 -fomit-frame-pointer  (test for excess errors)
WARNING: gfortran.dg/pr35662.f90  -O3 -fomit-frame-pointer  compilation failed to produce executable
FAIL: gfortran.dg/pr35662.f90  -O3 -fomit-frame-pointer -funroll-loops  (internal compiler error)
FAIL: gfortran.dg/pr35662.f90  -O3 -fomit-frame-pointer -funroll-loops  (test for excess errors)
WARNING: gfortran.dg/pr35662.f90  -O3 -fomit-frame-pointer -funroll-loops  compilation failed to produce executable
FAIL: gfortran.dg/pr35662.f90  -O3 -fomit-frame-pointer -funroll-all-loops -finline-functions  (internal compiler error)
FAIL: gfortran.dg/pr35662.f90  -O3 -fomit-frame-pointer -funroll-all-loops -finline-functions  (test for excess errors)
WARNING: gfortran.dg/pr35662.f90  -O3 -fomit-frame-pointer -funroll-all-loops -finline-functions  compilation failed to produce executable
FAIL: gfortran.dg/pr35662.f90  -O3 -g  (internal compiler error)
FAIL: gfortran.dg/pr35662.f90  -O3 -g  (test for excess errors)
WARNING: gfortran.dg/pr35662.f90  -O3 -g  compilation failed to produce executable
FAIL: gfortran.dg/pr35662.f90  -Os  (internal compiler error)
FAIL: gfortran.dg/pr35662.f90  -Os  (test for excess errors)
WARNING: gfortran.dg/pr35662.f90  -Os  compilation failed to produce executable

		=== gfortran Summary ===

# of expected passes		30276
# of unexpected failures	16
# of expected failures		13
# of unsupported tests		108
/export/build/gnu/gcc-4.4/build-i686-linux/gcc/testsuite/gfortran/../../gfortran  version 4.4.5 20100830 (prerelease) (GCC) 

		=== g++ tests ===


Running target unix

		=== g++ Summary ===

# of expected passes		20272
# of expected failures		157
# of unsupported tests		100
/export/build/gnu/gcc-4.4/build-i686-linux/gcc/testsuite/g++/../../g++  version 4.4.5 20100830 (prerelease) (GCC) 

		=== objc tests ===


Running target unix

		=== objc Summary ===

# of expected passes		1874
# of expected failures		7
# of unsupported tests		24
/export/build/gnu/gcc-4.4/build-i686-linux/gcc/xgcc  version 4.4.5 20100830 (prerelease) (GCC) 

		=== libffi tests ===


Running target unix

		=== libffi Summary ===

# of expected passes		1389
# of unsupported tests		10
		=== libgomp tests ===


Running target unix

		=== libgomp Summary ===

# of expected passes		2476
		=== libjava tests ===


Running target unix

		=== libjava Summary ===

# of expected passes		2574
		=== libmudflap tests ===


Running target unix
FAIL: libmudflap.c++/pass41-frag.cxx execution test
FAIL: libmudflap.c++/pass41-frag.cxx ( -O) execution test
FAIL: libmudflap.c++/pass41-frag.cxx (-O2) execution test
FAIL: libmudflap.c++/pass41-frag.cxx (-O3) execution test
FAIL: libmudflap.cth/pass39-frag.c (rerun 13) execution test
FAIL: libmudflap.cth/pass39-frag.c (rerun 13) output pattern test

		=== libmudflap Summary ===

# of expected passes		1421
# of unexpected failures	6
		=== libstdc++ tests ===


Running target unix
FAIL: 26_numerics/complex/13450.cc (test for excess errors)
WARNING: 26_numerics/complex/13450.cc compilation failed to produce executable
FAIL: tr1/5_numerical_facilities/special_functions/09_cyl_bessel_j/check_nan.cc (test for excess errors)
WARNING: tr1/5_numerical_facilities/special_functions/09_cyl_bessel_j/check_nan.cc compilation failed to produce executable
FAIL: tr1/5_numerical_facilities/special_functions/09_cyl_bessel_j/check_value.cc (test for excess errors)
WARNING: tr1/5_numerical_facilities/special_functions/09_cyl_bessel_j/check_value.cc compilation failed to produce executable
FAIL: tr1/5_numerical_facilities/special_functions/11_cyl_neumann/check_nan.cc (test for excess errors)
WARNING: tr1/5_numerical_facilities/special_functions/11_cyl_neumann/check_nan.cc compilation failed to produce executable
FAIL: tr1/5_numerical_facilities/special_functions/11_cyl_neumann/check_value.cc (test for excess errors)
WARNING: tr1/5_numerical_facilities/special_functions/11_cyl_neumann/check_value.cc compilation failed to produce executable

		=== libstdc++ Summary ===

# of expected passes		6500
# of unexpected failures	5
# of expected failures		80
# of unsupported tests		18

Compiler version: 4.4.5 20100830 (prerelease) (GCC) 
Platform: i686-pc-linux-gnu
configure flags: --enable-clocale=gnu --with-system-zlib --with-demangler-in-ld --enable-shared --enable-threads=posix --enable-haifa --prefix=/usr/gcc-4.4.5 --with-local-prefix=/usr/local


Index Nav: [Date Index] [Subject Index] [Author Index] [Thread Index]
Message Nav: [Date Prev] [Date Next] [Thread Prev] [Thread Next]