This is the mail archive of the gcc-testresults@gcc.gnu.org mailing list for the GCC project.


Index Nav: [Date Index] [Subject Index] [Author Index] [Thread Index]
Message Nav: [Date Prev] [Date Next] [Thread Prev] [Thread Next]
Other format: [Raw text]

Results for 4.5.2 20100821 (prerelease) [gcc-4_5-branch revision 163445] (GCC) testsuite on hppa2.0w-hp-hpux11.11


		=== acats tests ===

		=== acats Summary ===
# of expected passes		2321
# of unexpected failures	0
Native configuration is hppa2.0w-hp-hpux11.11

		=== g++ tests ===


Running target unix
WARNING: g++.dg/ext/label13.C compilation failed to produce executable

		=== g++ Summary ===

# of expected passes		20079
# of expected failures		152
# of unsupported tests		299
/mnt/gnu/gcc/objdir-test/gcc/testsuite/g++/../../g++  version 4.5.2 20100821 (prerelease) [gcc-4_5-branch revision 163445] (GCC) 

		=== gcc tests ===


Running target unix
WARNING: program timed out.

		=== gcc Summary ===

# of expected passes		52438
# of expected failures		87
# of unsupported tests		763
/mnt/gnu/gcc/objdir-test/gcc/xgcc  version 4.5.2 20100821 (prerelease) [gcc-4_5-branch revision 163445] (GCC) 

		=== gfortran tests ===


Running target unix
FAIL: gfortran.dg/pr41928.f90  -O  (internal compiler error)
FAIL: gfortran.dg/pr41928.f90  -O  (test for excess errors)

		=== gfortran Summary ===

# of expected passes		32956
# of unexpected failures	2
# of expected failures		20
# of unsupported tests		306
/mnt/gnu/gcc/objdir-test/gcc/testsuite/gfortran/../../gfortran  version 4.5.2 20100821 (prerelease) [gcc-4_5-branch revision 163445] (GCC) 

		=== gnat tests ===


Running target unix

		=== gnat Summary ===

# of expected passes		759
# of expected failures		7
# of unsupported tests		2
		=== obj-c++ tests ===


Running target unix
WARNING: obj-c++.dg/lookup-2.mm -fgnu-runtime compilation failed to produce executable
WARNING: obj-c++.dg/try-catch-2.mm -fgnu-runtime compilation failed to produce executable
WARNING: obj-c++.dg/try-catch-9.mm -fgnu-runtime compilation failed to produce executable

		=== obj-c++ Summary ===

# of expected passes		438
# of expected failures		3
# of unsupported tests		15
/mnt/gnu/gcc/objdir-test/gcc/testsuite/obj-c++/../../g++  version 4.5.2 20100821 (prerelease) [gcc-4_5-branch revision 163445] (GCC) 

		=== objc tests ===


Running target unix

		=== objc Summary ===

# of expected passes		1868
# of expected failures		15
# of unsupported tests		23
/mnt/gnu/gcc/objdir-test/gcc/xgcc  version 4.5.2 20100821 (prerelease) [gcc-4_5-branch revision 163445] (GCC) 

		=== libffi tests ===


Running target unix

		=== libffi Summary ===

# of expected passes		1624
# of expected failures		10
# of unsupported tests		15
		=== libgomp tests ===


Running target unix

		=== libgomp Summary ===

# of expected passes		2476
# of unsupported tests		9
		=== libjava tests ===


Running target unix
FAIL: LargeFile execution - source compiled test
FAIL: LargeFile -findirect-dispatch execution - source compiled test
FAIL: LargeFile -O3 execution - source compiled test
FAIL: LargeFile -O3 -findirect-dispatch execution - source compiled test
FAIL: PR5057 output - source compiled test
FAIL: nested_with_ctor -O3 -findirect-dispatch output - source compiled test

		=== libjava Summary ===

# of expected passes		2564
# of unexpected failures	6
# of untested testcases		4
		=== libstdc++ tests ===


Running target unix

		=== libstdc++ Summary ===

# of expected passes		6334
# of expected failures		89
# of unsupported tests		616

Compiler version: 4.5.2 20100821 (prerelease) [gcc-4_5-branch revision 163445] (GCC) 
Platform: hppa2.0w-hp-hpux11.11
configure flags:Test Run By dave on Sat Aug 21 23:31:50 EDT 2010


Index Nav: [Date Index] [Subject Index] [Author Index] [Thread Index]
Message Nav: [Date Prev] [Date Next] [Thread Prev] [Thread Next]