This is the mail archive of the gcc-testresults@gcc.gnu.org mailing list for the GCC project.


Index Nav: [Date Index] [Subject Index] [Author Index] [Thread Index]
Message Nav: [Date Prev] [Date Next] [Thread Prev] [Thread Next]
Other format: [Raw text]

Results for 4.5.2 20100819 (prerelease) [gcc-4_5-branch revision 163374] (GCC) testsuite on hppa2.0w-hp-hpux11.11


		=== acats tests ===
FAIL:	c9a011b

		=== acats Summary ===
# of expected passes		2320
# of unexpected failures	1
Native configuration is hppa2.0w-hp-hpux11.11

		=== g++ tests ===


Running target unix
WARNING: g++.dg/ext/label13.C compilation failed to produce executable

		=== g++ Summary ===

# of expected passes		20079
# of expected failures		152
# of unsupported tests		299
/mnt/gnu/gcc/objdir-test/gcc/testsuite/g++/../../g++  version 4.5.2 20100819 (prerelease) [gcc-4_5-branch revision 163374] (GCC) 

		=== gcc tests ===


Running target unix
WARNING: program timed out.

		=== gcc Summary ===

# of expected passes		52438
# of expected failures		87
# of unsupported tests		763
/mnt/gnu/gcc/objdir-test/gcc/xgcc  version 4.5.2 20100819 (prerelease) [gcc-4_5-branch revision 163374] (GCC) 

		=== gfortran tests ===


Running target unix
FAIL: gfortran.dg/pr41928.f90  -O  (internal compiler error)
FAIL: gfortran.dg/pr41928.f90  -O  (test for excess errors)
FAIL: gfortran.dg/gomp/appendix-a/a.35.4.f90  -O   (test for warnings, line 11)
FAIL: gfortran.dg/gomp/appendix-a/a.35.4.f90  -O  (test for excess errors)
FAIL: gfortran.dg/gomp/appendix-a/a.35.6.f90  -O   (test for warnings, line 9)
FAIL: gfortran.dg/gomp/appendix-a/a.35.6.f90  -O  (test for excess errors)

		=== gfortran Summary ===

# of expected passes		32952
# of unexpected failures	6
# of expected failures		20
# of unsupported tests		306
/mnt/gnu/gcc/objdir-test/gcc/testsuite/gfortran/../../gfortran  version 4.5.2 20100819 (prerelease) [gcc-4_5-branch revision 163374] (GCC) 

		=== gnat tests ===


Running target unix

		=== gnat Summary ===

# of expected passes		759
# of expected failures		7
# of unsupported tests		2
		=== obj-c++ tests ===


Running target unix
WARNING: obj-c++.dg/lookup-2.mm -fgnu-runtime compilation failed to produce executable
WARNING: obj-c++.dg/try-catch-2.mm -fgnu-runtime compilation failed to produce executable
WARNING: obj-c++.dg/try-catch-9.mm -fgnu-runtime compilation failed to produce executable

		=== obj-c++ Summary ===

# of expected passes		438
# of expected failures		3
# of unsupported tests		15
/mnt/gnu/gcc/objdir-test/gcc/testsuite/obj-c++/../../g++  version 4.5.2 20100819 (prerelease) [gcc-4_5-branch revision 163374] (GCC) 

		=== objc tests ===


Running target unix

		=== objc Summary ===

# of expected passes		1868
# of expected failures		15
# of unsupported tests		23
/mnt/gnu/gcc/objdir-test/gcc/xgcc  version 4.5.2 20100819 (prerelease) [gcc-4_5-branch revision 163374] (GCC) 

		=== libffi tests ===


Running target unix

		=== libffi Summary ===

# of expected passes		1624
# of expected failures		10
# of unsupported tests		15
		=== libgomp tests ===


Running target unix
FAIL: libgomp.fortran/vla4.f90  -O0   (test for warnings, line 97)
FAIL: libgomp.fortran/vla4.f90  -O0  (test for excess errors)
FAIL: libgomp.fortran/vla4.f90  -O1   (test for warnings, line 97)
FAIL: libgomp.fortran/vla4.f90  -O1  (test for excess errors)
FAIL: libgomp.fortran/vla4.f90  -O2   (test for warnings, line 97)
FAIL: libgomp.fortran/vla4.f90  -O2  (test for excess errors)
FAIL: libgomp.fortran/vla4.f90  -O3 -fomit-frame-pointer   (test for warnings, line 97)
FAIL: libgomp.fortran/vla4.f90  -O3 -fomit-frame-pointer  (test for excess errors)
FAIL: libgomp.fortran/vla4.f90  -O3 -fomit-frame-pointer -funroll-loops   (test for warnings, line 97)
FAIL: libgomp.fortran/vla4.f90  -O3 -fomit-frame-pointer -funroll-loops  (test for excess errors)
FAIL: libgomp.fortran/vla4.f90  -O3 -fomit-frame-pointer -funroll-all-loops -finline-functions   (test for warnings, line 97)
FAIL: libgomp.fortran/vla4.f90  -O3 -fomit-frame-pointer -funroll-all-loops -finline-functions  (test for excess errors)
FAIL: libgomp.fortran/vla4.f90  -O3 -g   (test for warnings, line 97)
FAIL: libgomp.fortran/vla4.f90  -O3 -g  (test for excess errors)
FAIL: libgomp.fortran/vla4.f90  -Os   (test for warnings, line 97)
FAIL: libgomp.fortran/vla4.f90  -Os  (test for excess errors)
FAIL: libgomp.fortran/vla5.f90  -O0   (test for warnings, line 69)
FAIL: libgomp.fortran/vla5.f90  -O0  (test for excess errors)
FAIL: libgomp.fortran/vla5.f90  -O1   (test for warnings, line 69)
FAIL: libgomp.fortran/vla5.f90  -O1  (test for excess errors)
FAIL: libgomp.fortran/vla5.f90  -O2   (test for warnings, line 69)
FAIL: libgomp.fortran/vla5.f90  -O2  (test for excess errors)
FAIL: libgomp.fortran/vla5.f90  -O3 -fomit-frame-pointer   (test for warnings, line 69)
FAIL: libgomp.fortran/vla5.f90  -O3 -fomit-frame-pointer  (test for excess errors)
FAIL: libgomp.fortran/vla5.f90  -O3 -fomit-frame-pointer -funroll-loops   (test for warnings, line 69)
FAIL: libgomp.fortran/vla5.f90  -O3 -fomit-frame-pointer -funroll-loops  (test for excess errors)
FAIL: libgomp.fortran/vla5.f90  -O3 -fomit-frame-pointer -funroll-all-loops -finline-functions   (test for warnings, line 69)
FAIL: libgomp.fortran/vla5.f90  -O3 -fomit-frame-pointer -funroll-all-loops -finline-functions  (test for excess errors)
FAIL: libgomp.fortran/vla5.f90  -O3 -g   (test for warnings, line 69)
FAIL: libgomp.fortran/vla5.f90  -O3 -g  (test for excess errors)
FAIL: libgomp.fortran/vla5.f90  -Os   (test for warnings, line 69)
FAIL: libgomp.fortran/vla5.f90  -Os  (test for excess errors)

		=== libgomp Summary ===

# of expected passes		2444
# of unexpected failures	32
# of unsupported tests		9
		=== libjava tests ===


Running target unix
FAIL: LargeFile execution - source compiled test
FAIL: LargeFile -findirect-dispatch execution - source compiled test
FAIL: LargeFile -O3 execution - source compiled test
FAIL: LargeFile -O3 -findirect-dispatch execution - source compiled test

		=== libjava Summary ===

# of expected passes		2566
# of unexpected failures	4
# of untested testcases		4
		=== libstdc++ tests ===


Running target unix

		=== libstdc++ Summary ===

# of expected passes		6334
# of expected failures		89
# of unsupported tests		616

Compiler version: 4.5.2 20100819 (prerelease) [gcc-4_5-branch revision 163374] (GCC) 
Platform: hppa2.0w-hp-hpux11.11
configure flags:Test Run By dave on Thu Aug 19 21:07:11 EDT 2010


Index Nav: [Date Index] [Subject Index] [Author Index] [Thread Index]
Message Nav: [Date Prev] [Date Next] [Thread Prev] [Thread Next]